CRAN Package Check Results for Package smart

Last updated on 2015-04-27 23:47:39.

Flavor Version Tinstall Tcheck Ttotal Status Flags
r-devel-linux-x86_64-debian-clang 1.0.1 2.72 40.50 43.21 OK
r-devel-linux-x86_64-debian-gcc 1.0.1 3.92 40.65 44.57 OK
r-devel-linux-x86_64-fedora-clang 1.0.1 89.19 OK
r-devel-linux-x86_64-fedora-gcc 1.0.1 85.01 OK
r-devel-osx-x86_64-clang 1.0.1 76.86 OK
r-devel-windows-ix86+x86_64 1.0.1 8.00 65.00 73.00 OK
r-patched-linux-x86_64 1.0.1 2.69 40.56 43.26 OK
r-patched-solaris-sparc 1.0.1 526.00 OK
r-patched-solaris-x86 1.0.1 120.70 OK
r-release-linux-x86_64 1.0.1 2.64 40.07 42.71 OK
r-release-osx-x86_64-mavericks 1.0.1 OK
r-release-osx-x86_64-snowleopard 1.0.1 ERROR
r-release-windows-ix86+x86_64 1.0.1 11.00 90.00 101.00 OK
r-oldrel-windows-ix86+x86_64 1.0.1 12.00 81.00 93.00 OK

Check Details

Version: 1.0.1
Check: package dependencies
Result: ERROR
    Packages required but not available: ‘PMA’ ‘igraph’
    
    Package suggested but not available for checking: ‘huge’
    
    See section ‘The DESCRIPTION file’ in the ‘Writing R Extensions’
    manual.
Flavor: r-release-osx-x86_64-snowleopard