CRAN Package Check Results for Package smart

Last updated on 2017-04-24 10:47:45.

Flavor Version Tinstall Tcheck Ttotal Status Flags
r-devel-linux-x86_64-debian-clang 1.0.1 2.52 42.47 44.98 NOTE
r-devel-linux-x86_64-debian-gcc 1.0.1 2.57 42.70 45.27 NOTE
r-devel-linux-x86_64-fedora-clang 1.0.1 117.14 NOTE --no-stop-on-test-error
r-devel-linux-x86_64-fedora-gcc 1.0.1 98.43 NOTE --no-stop-on-test-error
r-devel-windows-ix86+x86_64 1.0.1 11.00 82.00 93.00 NOTE
r-patched-linux-x86_64 1.0.1 2.66 44.71 47.37 NOTE
r-patched-solaris-sparc 1.0.1 574.30 NOTE
r-patched-solaris-x86 1.0.1 133.50 NOTE
r-release-linux-x86_64 1.0.1 2.53 42.85 45.38 NOTE
r-release-windows-ix86+x86_64 1.0.1 9.00 80.00 89.00 NOTE
r-release-osx-x86_64 1.0.1 ERROR
r-oldrel-windows-ix86+x86_64 1.0.1 7.00 64.00 71.00 NOTE
r-oldrel-osx-x86_64 1.0.1 NOTE

Check Details

Version: 1.0.1
Check: R code for possible problems
Result: NOTE
    TCA: no visible global function definition for ‘cov2cor’
    TCA: no visible global function definition for ‘flush.console’
    TCE: no visible global function definition for ‘cov2cor’
    TCE: no visible global function definition for ‘flush.console’
    gnsc.heatmap: no visible binding for global variable ‘dist’
    gnsc.heatmap: no visible binding for global variable ‘hclust’
    gnsc.heatmap: no visible global function definition for ‘par’
    gnsc.heatmap: no visible global function definition for ‘median’
    gnsc.heatmap: no visible global function definition for
     ‘order.dendrogram’
    gnsc.heatmap: no visible global function definition for ‘as.dendrogram’
    gnsc.heatmap: no visible global function definition for ‘reorder’
    gnsc.heatmap: no visible binding for global variable ‘sd’
    gnsc.heatmap: no visible global function definition for ‘image’
    gnsc.heatmap: no visible global function definition for ‘axis’
    gnsc.heatmap: no visible global function definition for ‘mtext’
    gnsc.heatmap: no visible global function definition for ‘title’
    gnsc.icov: no visible global function definition for ‘cov’
    gnsc.icov: no visible global function definition for ‘median’
    gnsc.train: no visible binding for global variable ‘sd’
    plot.TCA: no visible global function definition for ‘plot’
    plot.TCA: no visible global function definition for ‘par’
    plot.TCE: no visible global function definition for ‘par’
    plot.TCE: no visible global function definition for ‘plot’
    plot.TCE: no visible global function definition for ‘lines’
    plot.gnsc: no visible global function definition for ‘par’
    plot.gnsc: no visible global function definition for ‘plot’
    plot.gnsccv: no visible global function definition for ‘par’
    plot.gnsccv: no visible global function definition for ‘plot’
    smart.npn: no visible global function definition for ‘qnorm’
    smart.npn: no visible global function definition for ‘sd’
    smart.npn: no visible global function definition for ‘cor’
    Undefined global functions or variables:
     as.dendrogram axis cor cov cov2cor dist flush.console hclust image
     lines median mtext order.dendrogram par plot qnorm reorder sd title
    Consider adding
     importFrom("graphics", "axis", "image", "lines", "mtext", "par",
     "plot", "title")
     importFrom("stats", "as.dendrogram", "cor", "cov", "cov2cor", "dist",
     "hclust", "median", "order.dendrogram", "qnorm", "reorder",
     "sd")
     importFrom("utils", "flush.console")
    to your NAMESPACE file.
Flavors: r-devel-linux-x86_64-debian-clang, r-devel-linux-x86_64-debian-gcc, r-devel-windows-ix86+x86_64, r-patched-linux-x86_64, r-patched-solaris-sparc, r-patched-solaris-x86, r-release-linux-x86_64, r-release-windows-ix86+x86_64, r-oldrel-windows-ix86+x86_64, r-oldrel-osx-x86_64

Version: 1.0.1
Flags: --no-stop-on-test-error
Check: R code for possible problems
Result: NOTE
    TCA: no visible global function definition for ‘cov2cor’
    TCA: no visible global function definition for ‘flush.console’
    TCE: no visible global function definition for ‘cov2cor’
    TCE: no visible global function definition for ‘flush.console’
    gnsc.heatmap: no visible binding for global variable ‘dist’
    gnsc.heatmap: no visible binding for global variable ‘hclust’
    gnsc.heatmap: no visible global function definition for ‘par’
    gnsc.heatmap: no visible global function definition for ‘median’
    gnsc.heatmap: no visible global function definition for
     ‘order.dendrogram’
    gnsc.heatmap: no visible global function definition for ‘as.dendrogram’
    gnsc.heatmap: no visible global function definition for ‘reorder’
    gnsc.heatmap: no visible binding for global variable ‘sd’
    gnsc.heatmap: no visible global function definition for ‘image’
    gnsc.heatmap: no visible global function definition for ‘axis’
    gnsc.heatmap: no visible global function definition for ‘mtext’
    gnsc.heatmap: no visible global function definition for ‘title’
    gnsc.icov: no visible global function definition for ‘cov’
    gnsc.icov: no visible global function definition for ‘median’
    gnsc.train: no visible binding for global variable ‘sd’
    plot.TCA: no visible global function definition for ‘plot’
    plot.TCA: no visible global function definition for ‘par’
    plot.TCE: no visible global function definition for ‘par’
    plot.TCE: no visible global function definition for ‘plot’
    plot.TCE: no visible global function definition for ‘lines’
    plot.gnsc: no visible global function definition for ‘par’
    plot.gnsc: no visible global function definition for ‘plot’
    plot.gnsccv: no visible global function definition for ‘par’
    plot.gnsccv: no visible global function definition for ‘plot’
    smart.npn: no visible global function definition for ‘qnorm’
    smart.npn: no visible global function definition for ‘sd’
    smart.npn: no visible global function definition for ‘cor’
    Undefined global functions or variables:
     as.dendrogram axis cor cov cov2cor dist flush.console hclust image
     lines median mtext order.dendrogram par plot qnorm reorder sd title
    Consider adding
     importFrom("graphics", "axis", "image", "lines", "mtext", "par",
     "plot", "title")
     importFrom("stats", "as.dendrogram", "cor", "cov", "cov2cor", "dist",
     "hclust", "median", "order.dendrogram", "qnorm", "reorder",
     "sd")
     importFrom("utils", "flush.console")
    to your NAMESPACE file.
Flavors: r-devel-linux-x86_64-fedora-clang, r-devel-linux-x86_64-fedora-gcc

Version: 1.0.1
Check: package dependencies
Result: ERROR
    Package required but not available: ‘PMA’
    
    See section ‘The DESCRIPTION file’ in the ‘Writing R Extensions’
    manual.
Flavor: r-release-osx-x86_64