CRAN Package Check Results for Package smart

Last updated on 2015-05-25 02:47:37.

Flavor Version Tinstall Tcheck Ttotal Status Flags
r-devel-linux-x86_64-debian-clang 1.0.1 2.65 41.08 43.73 OK
r-devel-linux-x86_64-debian-gcc 1.0.1 2.62 41.29 43.91 OK
r-devel-linux-x86_64-fedora-clang 1.0.1 88.67 OK
r-devel-linux-x86_64-fedora-gcc 1.0.1 86.44 OK
r-devel-osx-x86_64-clang 1.0.1 76.74 OK
r-devel-windows-ix86+x86_64 1.0.1 8.00 63.00 71.00 OK
r-patched-linux-x86_64 1.0.1 2.71 39.72 42.43 OK
r-patched-solaris-sparc 1.0.1 554.20 OK
r-patched-solaris-x86 1.0.1 121.70 OK
r-release-linux-x86_64 1.0.1 2.60 40.50 43.10 OK
r-release-osx-x86_64-mavericks 1.0.1 OK
r-release-osx-x86_64-snowleopard 1.0.1 ERROR
r-release-windows-ix86+x86_64 1.0.1 10.00 58.00 68.00 OK
r-oldrel-windows-ix86+x86_64 1.0.1 12.00 72.00 84.00 OK

Check Details

Version: 1.0.1
Check: package dependencies
Result: ERROR
    Package required but not available: ‘PMA’
    
    See section ‘The DESCRIPTION file’ in the ‘Writing R Extensions’
    manual.
Flavor: r-release-osx-x86_64-snowleopard