CRAN Package Check Results for Package smart

Last updated on 2015-07-02 17:47:44.

Flavor Version Tinstall Tcheck Ttotal Status Flags
r-devel-linux-x86_64-debian-clang 1.0.1 2.84 43.65 46.48 NOTE
r-devel-linux-x86_64-debian-gcc 1.0.1 2.64 40.22 42.86 NOTE
r-devel-linux-x86_64-fedora-clang 1.0.1 86.15 NOTE
r-devel-linux-x86_64-fedora-gcc 1.0.1 81.86 NOTE
r-devel-osx-x86_64-clang 1.0.1 66.85 OK
r-devel-windows-ix86+x86_64 1.0.1 10.00 61.00 71.00 NOTE
r-patched-linux-x86_64 1.0.1 2.74 40.12 42.86 OK
r-patched-solaris-sparc 1.0.1 554.20 OK
r-patched-solaris-x86 1.0.1 123.00 OK
r-release-linux-x86_64 1.0.1 2.69 40.16 42.85 OK
r-release-osx-x86_64-mavericks 1.0.1 OK
r-release-windows-ix86+x86_64 1.0.1 9.00 59.00 68.00 OK
r-oldrel-windows-ix86+x86_64 1.0.1 17.00 76.00 93.00 OK

Check Details

Version: 1.0.1
Check: R code for possible problems
Result: NOTE
    TCA: no visible global function definition for ‘cov2cor’
    TCA: no visible global function definition for ‘flush.console’
    TCE: no visible global function definition for ‘cov2cor’
    TCE: no visible global function definition for ‘flush.console’
    gnsc.heatmap: no visible binding for global variable ‘dist’
    gnsc.heatmap: no visible binding for global variable ‘hclust’
    gnsc.heatmap: no visible global function definition for ‘par’
    gnsc.heatmap: no visible global function definition for ‘median’
    gnsc.heatmap: no visible global function definition for
     ‘order.dendrogram’
    gnsc.heatmap: no visible global function definition for ‘as.dendrogram’
    gnsc.heatmap: no visible global function definition for ‘reorder’
    gnsc.heatmap: no visible binding for global variable ‘sd’
    gnsc.heatmap: no visible global function definition for ‘image’
    gnsc.heatmap: no visible global function definition for ‘axis’
    gnsc.heatmap: no visible global function definition for ‘mtext’
    gnsc.heatmap: no visible global function definition for ‘title’
    gnsc.icov: no visible global function definition for ‘cov’
    gnsc.icov: no visible global function definition for ‘median’
    gnsc.train: no visible binding for global variable ‘sd’
    plot.TCA: no visible global function definition for ‘plot’
    plot.TCA: no visible global function definition for ‘par’
    plot.TCE: no visible global function definition for ‘par’
    plot.TCE: no visible global function definition for ‘plot’
    plot.TCE: no visible global function definition for ‘lines’
    plot.gnsc: no visible global function definition for ‘par’
    plot.gnsc: no visible global function definition for ‘plot’
    plot.gnsccv: no visible global function definition for ‘par’
    plot.gnsccv: no visible global function definition for ‘plot’
    smart.npn: no visible global function definition for ‘qnorm’
    smart.npn: no visible global function definition for ‘sd’
    smart.npn: no visible global function definition for ‘cor’
Flavors: r-devel-linux-x86_64-debian-clang, r-devel-linux-x86_64-debian-gcc, r-devel-windows-ix86+x86_64

Version: 1.0.1
Check: R code for possible problems
Result: NOTE
    TCA: no visible global function definition for ‘cov2cor’
    TCA: no visible global function definition for ‘flush.console’
    TCE: no visible global function definition for ‘cov2cor’
    TCE: no visible global function definition for ‘flush.console’
    gnsc.heatmap: no visible binding for global variable ‘dist’
    gnsc.heatmap: no visible binding for global variable ‘hclust’
    gnsc.heatmap: no visible global function definition for ‘par’
    gnsc.heatmap: no visible global function definition for ‘median’
    gnsc.heatmap: no visible global function definition for
     ‘order.dendrogram’
    gnsc.heatmap: no visible global function definition for ‘as.dendrogram’
    gnsc.heatmap: no visible global function definition for ‘reorder’
    gnsc.heatmap: no visible binding for global variable ‘sd’
    gnsc.heatmap: no visible global function definition for ‘image’
    gnsc.heatmap: no visible global function definition for ‘axis’
    gnsc.heatmap: no visible global function definition for ‘mtext’
    gnsc.heatmap: no visible global function definition for ‘title’
    gnsc.icov: no visible global function definition for ‘cov’
    gnsc.icov: no visible global function definition for ‘median’
    gnsc.train: no visible binding for global variable ‘sd’
    plot.TCA: no visible global function definition for ‘plot’
    plot.TCA: no visible global function definition for ‘par’
    plot.TCE: no visible global function definition for ‘par’
    plot.TCE: no visible global function definition for ‘plot’
    plot.TCE: no visible global function definition for ‘lines’
    plot.gnsc: no visible global function definition for ‘par’
    plot.gnsc: no visible global function definition for ‘plot’
    plot.gnsccv: no visible global function definition for ‘par’
    plot.gnsccv: no visible global function definition for ‘plot’
    smart.npn: no visible global function definition for ‘qnorm’
    smart.npn: no visible global function definition for ‘sd’
    smart.npn: no visible global function definition for ‘cor’
    Undefined global functions or variables:
     as.dendrogram axis cor cov cov2cor dist flush.console hclust image
     lines median mtext order.dendrogram par plot qnorm reorder sd title
Flavors: r-devel-linux-x86_64-fedora-clang, r-devel-linux-x86_64-fedora-gcc