CRAN Package Check Results for Package smart

Last updated on 2014-04-23 12:48:28.

Flavor Version Tinstall Tcheck Ttotal Status Flags
r-devel-linux-x86_64-debian-clang 1.0.1 4.11 51.85 55.96 OK
r-devel-linux-x86_64-debian-gcc 1.0.1 4.08 51.65 55.73 OK
r-devel-linux-x86_64-fedora-clang 1.0.1 124.21 OK
r-devel-linux-x86_64-fedora-gcc 1.0.1 119.98 OK
r-devel-osx-x86_64-clang 1.0.1 103.50 OK
r-devel-osx-x86_64-gcc 1.0.1 ERROR
r-devel-windows-ix86+x86_64 1.0.1 10.00 70.00 80.00 OK
r-patched-linux-x86_64 1.0.1 4.17 51.32 55.49 OK
r-patched-solaris-sparc 1.0.1 669.70 OK
r-patched-solaris-x86 1.0.1 163.90 OK
r-release-linux-ix86 1.0.1 6.00 82.00 88.00 OK
r-release-linux-x86_64 1.0.1 4.15 51.32 55.47 OK
r-release-osx-x86_64-mavericks 1.0.1 ERROR
r-release-osx-x86_64-snowleopard 1.0.1 ERROR
r-release-windows-ix86+x86_64 1.0.1 12.00 76.00 88.00 OK
r-oldrel-windows-ix86+x86_64 1.0.1 10.00 73.00 83.00 OK

Check Details

Version: 1.0.1
Check: package dependencies
Result: ERROR
    Packages required but not available: ‘PMA’ ‘igraph’
    
    Package suggested but not available for checking: ‘huge’
    
    See the information on DESCRIPTION files in the chapter ‘Creating R
    packages’ of the ‘Writing R Extensions’ manual.
Flavor: r-devel-osx-x86_64-gcc

Version: 1.0.1
Check: package dependencies
Result: ERROR
    Package required but not available: ‘PMA’
    
    See the information on DESCRIPTION files in the chapter ‘Creating R
    packages’ of the ‘Writing R Extensions’ manual.
Flavors: r-release-osx-x86_64-mavericks, r-release-osx-x86_64-snowleopard