CRAN Package Check Results for Package smart

Last updated on 2015-08-28 08:47:14.

Flavor Version Tinstall Tcheck Ttotal Status Flags
r-devel-linux-x86_64-debian-clang 1.0.1 2.67 39.42 42.09 NOTE
r-devel-linux-x86_64-debian-gcc 1.0.1 2.60 39.05 41.65 NOTE
r-devel-linux-x86_64-fedora-clang 1.0.1 84.16 NOTE
r-devel-linux-x86_64-fedora-gcc 1.0.1 79.40 NOTE
r-devel-osx-x86_64-clang 1.0.1 71.21 OK
r-devel-windows-ix86+x86_64 1.0.1 13.00 96.00 109.00 NOTE
r-patched-linux-x86_64 1.0.1 2.69 41.37 44.06 OK
r-patched-solaris-sparc 1.0.1 586.70 OK
r-patched-solaris-x86 1.0.1 125.10 OK
r-release-linux-x86_64 1.0.1 2.68 42.32 45.00 OK
r-release-osx-x86_64-mavericks 1.0.1 OK
r-release-windows-ix86+x86_64 1.0.1 13.00 102.00 115.00 OK
r-oldrel-windows-ix86+x86_64 1.0.1 23.00 126.00 149.00 OK

Check Details

Version: 1.0.1
Check: R code for possible problems
Result: NOTE
    TCA: no visible global function definition for ‘cov2cor’
    TCA: no visible global function definition for ‘flush.console’
    TCE: no visible global function definition for ‘cov2cor’
    TCE: no visible global function definition for ‘flush.console’
    gnsc.heatmap: no visible binding for global variable ‘dist’
    gnsc.heatmap: no visible binding for global variable ‘hclust’
    gnsc.heatmap: no visible global function definition for ‘par’
    gnsc.heatmap: no visible global function definition for ‘median’
    gnsc.heatmap: no visible global function definition for
     ‘order.dendrogram’
    gnsc.heatmap: no visible global function definition for ‘as.dendrogram’
    gnsc.heatmap: no visible global function definition for ‘reorder’
    gnsc.heatmap: no visible binding for global variable ‘sd’
    gnsc.heatmap: no visible global function definition for ‘image’
    gnsc.heatmap: no visible global function definition for ‘axis’
    gnsc.heatmap: no visible global function definition for ‘mtext’
    gnsc.heatmap: no visible global function definition for ‘title’
    gnsc.icov: no visible global function definition for ‘cov’
    gnsc.icov: no visible global function definition for ‘median’
    gnsc.train: no visible binding for global variable ‘sd’
    plot.TCA: no visible global function definition for ‘plot’
    plot.TCA: no visible global function definition for ‘par’
    plot.TCE: no visible global function definition for ‘par’
    plot.TCE: no visible global function definition for ‘plot’
    plot.TCE: no visible global function definition for ‘lines’
    plot.gnsc: no visible global function definition for ‘par’
    plot.gnsc: no visible global function definition for ‘plot’
    plot.gnsccv: no visible global function definition for ‘par’
    plot.gnsccv: no visible global function definition for ‘plot’
    smart.npn: no visible global function definition for ‘qnorm’
    smart.npn: no visible global function definition for ‘sd’
    smart.npn: no visible global function definition for ‘cor’
    Undefined global functions or variables:
     as.dendrogram axis cor cov cov2cor dist flush.console hclust image
     lines median mtext order.dendrogram par plot qnorm reorder sd title
    Consider adding
     importFrom("graphics", "axis", "image", "lines", "mtext", "par",
     "plot", "title")
     importFrom("stats", "as.dendrogram", "cor", "cov", "cov2cor", "dist",
     "hclust", "median", "order.dendrogram", "qnorm", "reorder",
     "sd")
     importFrom("utils", "flush.console")
    to your NAMESPACE.
Flavors: r-devel-linux-x86_64-debian-clang, r-devel-linux-x86_64-debian-gcc, r-devel-linux-x86_64-fedora-clang, r-devel-linux-x86_64-fedora-gcc, r-devel-windows-ix86+x86_64