CRAN Package Check Results for Package smartR

Last updated on 2019-04-19 12:47:55 CEST.

Flavor Version Tinstall Tcheck Ttotal Status Flags
r-devel-linux-x86_64-debian-clang 0.62.0 42.71 247.30 290.01 OK
r-devel-linux-x86_64-debian-gcc 0.62.0 33.76 187.06 220.82 OK
r-devel-linux-x86_64-fedora-clang 0.62.0 345.80 OK
r-devel-linux-x86_64-fedora-gcc 0.62.0 319.16 OK
r-devel-windows-ix86+x86_64 0.62.0 105.00 352.00 457.00 OK
r-patched-linux-x86_64 0.62.0 38.97 233.75 272.72 OK
r-patched-solaris-x86 0.62.0 569.50 OK
r-release-linux-x86_64 0.62.0 31.33 239.39 270.72 OK
r-release-windows-ix86+x86_64 0.62.0 56.00 253.00 309.00 OK
r-release-osx-x86_64 0.62.0 ERROR
r-oldrel-windows-ix86+x86_64 0.62.0 55.00 359.00 414.00 OK
r-oldrel-osx-x86_64 0.62.0 ERROR

Check Details

Version: 0.62.0
Check: package dependencies
Result: ERROR
    Package required but not available: ‘gWidgets2RGtk2’
    
    See section ‘The DESCRIPTION file’ in the ‘Writing R Extensions’
    manual.
Flavors: r-release-osx-x86_64, r-oldrel-osx-x86_64