CRAN Package Check Results for Package smartR

Last updated on 2019-02-23 08:53:34 CET.

Flavor Version Tinstall Tcheck Ttotal Status Flags
r-devel-linux-x86_64-debian-clang 0.62.0 31.76 245.74 277.50 OK
r-devel-linux-x86_64-debian-gcc 0.62.0 28.36 186.76 215.12 OK
r-devel-linux-x86_64-fedora-clang 0.62.0 259.01 OK
r-devel-linux-x86_64-fedora-gcc 0.62.0 314.58 OK
r-devel-windows-ix86+x86_64 0.62.0 71.00 324.00 395.00 OK
r-patched-linux-x86_64 0.62.0 31.42 234.72 266.14 OK
r-patched-solaris-x86 0.62.0 589.00 OK
r-release-linux-x86_64 0.62.0 OK
r-release-windows-ix86+x86_64 0.62.0 66.00 445.00 511.00 OK
r-release-osx-x86_64 0.62.0 ERROR
r-oldrel-windows-ix86+x86_64 0.62.0 35.00 291.00 326.00 OK
r-oldrel-osx-x86_64 0.62.0 ERROR

Check Details

Version: 0.62.0
Check: package dependencies
Result: ERROR
    Package required but not available: ‘gWidgets2RGtk2’
    
    See section ‘The DESCRIPTION file’ in the ‘Writing R Extensions’
    manual.
Flavors: r-release-osx-x86_64, r-oldrel-osx-x86_64