CRAN Package Check Results for Package smatr

Last updated on 2015-04-20 02:48:47.

Flavor Version Tinstall Tcheck Ttotal Status Flags
r-devel-linux-x86_64-debian-clang 3.4-3 1.08 19.64 20.72 NOTE
r-devel-linux-x86_64-debian-gcc 3.4-3 1.31 19.12 20.42 NOTE
r-devel-linux-x86_64-fedora-clang 3.4-3 41.50 NOTE
r-devel-linux-x86_64-fedora-gcc 3.4-3 37.60 NOTE
r-devel-osx-x86_64-clang 3.4-3 41.26 NOTE
r-devel-windows-ix86+x86_64 3.4-3 6.00 29.00 35.00 NOTE
r-patched-linux-x86_64 3.4-3 1.03 19.30 20.32 NOTE
r-patched-solaris-sparc 3.4-3 240.50 NOTE
r-patched-solaris-x86 3.4-3 51.00 NOTE
r-release-linux-x86_64 3.4-3 1.06 17.84 18.89 NOTE
r-release-osx-x86_64-mavericks 3.4-3 NOTE
r-release-osx-x86_64-snowleopard 3.4-3 NOTE
r-release-windows-ix86+x86_64 3.4-3 3.00 26.00 29.00 NOTE
r-oldrel-windows-ix86+x86_64 3.4-3 3.00 41.00 44.00 NOTE

Check Details

Version: 3.4-3
Check: dependencies in R code
Result: NOTE
    Package in Depends field not imported from: ‘plyr’
     These packages need to be imported from (in the NAMESPACE file)
     for when this namespace is loaded but not attached.
Flavors: r-devel-linux-x86_64-debian-clang, r-devel-linux-x86_64-debian-gcc, r-devel-linux-x86_64-fedora-clang, r-devel-linux-x86_64-fedora-gcc, r-devel-osx-x86_64-clang, r-devel-windows-ix86+x86_64, r-patched-linux-x86_64, r-patched-solaris-sparc, r-patched-solaris-x86, r-release-linux-x86_64, r-release-osx-x86_64-mavericks, r-release-osx-x86_64-snowleopard, r-release-windows-ix86+x86_64, r-oldrel-windows-ix86+x86_64

Version: 3.4-3
Check: S3 generic/method consistency
Result: NOTE
    Found the following apparent S3 methods exported but not registered:
     fitted.sma
    See section ‘Registering S3 methods’ in the ‘Writing R Extensions’
    manual.
Flavors: r-devel-linux-x86_64-debian-clang, r-devel-linux-x86_64-debian-gcc, r-devel-linux-x86_64-fedora-clang, r-devel-linux-x86_64-fedora-gcc, r-devel-osx-x86_64-clang, r-patched-linux-x86_64, r-release-linux-x86_64

Version: 3.4-3
Check: R code for possible problems
Result: NOTE
    fitted.sma: no visible global function definition for ‘join’
Flavors: r-devel-linux-x86_64-debian-clang, r-devel-linux-x86_64-debian-gcc, r-devel-linux-x86_64-fedora-clang, r-devel-linux-x86_64-fedora-gcc, r-devel-osx-x86_64-clang, r-devel-windows-ix86+x86_64, r-patched-linux-x86_64, r-patched-solaris-sparc, r-patched-solaris-x86, r-release-linux-x86_64, r-release-osx-x86_64-mavericks, r-release-osx-x86_64-snowleopard, r-release-windows-ix86+x86_64, r-oldrel-windows-ix86+x86_64