CRAN Package Check Results for Package smatr

Last updated on 2014-07-23 13:47:58.

Flavor Version Tinstall Tcheck Ttotal Status Flags
r-devel-linux-x86_64-debian-clang 3.4-3 1.27 21.26 22.53 NOTE
r-devel-linux-x86_64-debian-gcc 3.4-3 1.33 21.03 22.36 NOTE
r-devel-linux-x86_64-fedora-clang 3.4-3 46.60 NOTE
r-devel-linux-x86_64-fedora-gcc 3.4-3 43.52 NOTE
r-devel-osx-x86_64-clang 3.4-3 42.63 NOTE
r-devel-windows-ix86+x86_64 3.4-3 4.00 29.00 33.00 NOTE
r-patched-linux-x86_64 3.4-3 1.24 20.94 22.18 NOTE
r-patched-solaris-sparc 3.4-3 255.50 NOTE
r-patched-solaris-x86 3.4-3 58.40 NOTE
r-release-linux-ix86 3.4-3 1.70 28.05 29.74 NOTE
r-release-linux-x86_64 3.4-3 1.94 20.85 22.78 NOTE
r-release-osx-x86_64-mavericks 3.4-3 NOTE
r-release-osx-x86_64-snowleopard 3.4-3 OK
r-release-windows-ix86+x86_64 3.4-3 4.00 32.00 36.00 NOTE
r-oldrel-windows-ix86+x86_64 3.4-3 5.00 33.00 38.00 NOTE

Check Details

Version: 3.4-3
Check: dependencies in R code
Result: NOTE
    Package in Depends field not imported from: ‘plyr’
     These packages need to be imported from (in the NAMESPACE file)
     for when this namespace is loaded but not attached.
    See the information on DESCRIPTION files in the chapter ‘Creating R
    packages’ of the ‘Writing R Extensions’ manual.
Flavors: r-devel-linux-x86_64-debian-clang, r-devel-linux-x86_64-debian-gcc, r-devel-linux-x86_64-fedora-clang, r-devel-linux-x86_64-fedora-gcc, r-devel-osx-x86_64-clang, r-devel-windows-ix86+x86_64, r-patched-linux-x86_64, r-patched-solaris-sparc, r-patched-solaris-x86, r-release-linux-ix86, r-release-linux-x86_64, r-release-osx-x86_64-mavericks, r-release-windows-ix86+x86_64, r-oldrel-windows-ix86+x86_64