CRAN Package Check Results for Package smatr

Last updated on 2015-08-27 23:47:12.

Flavor Version Tinstall Tcheck Ttotal Status Flags
r-devel-linux-x86_64-debian-clang 3.4-3 0.95 18.25 19.20 NOTE
r-devel-linux-x86_64-debian-gcc 3.4-3 0.94 18.18 19.12 NOTE
r-devel-linux-x86_64-fedora-clang 3.4-3 36.73 NOTE
r-devel-linux-x86_64-fedora-gcc 3.4-3 34.42 NOTE
r-devel-osx-x86_64-clang 3.4-3 35.16 NOTE
r-devel-windows-ix86+x86_64 3.4-3 6.00 58.00 64.00 NOTE
r-patched-linux-x86_64 3.4-3 1.39 19.46 20.85 NOTE
r-patched-solaris-sparc 3.4-3 260.20 NOTE
r-patched-solaris-x86 3.4-3 53.20 NOTE
r-release-linux-x86_64 3.4-3 1.01 19.70 20.72 NOTE
r-release-osx-x86_64-mavericks 3.4-3 NOTE
r-release-windows-ix86+x86_64 3.4-3 5.00 49.00 54.00 NOTE
r-oldrel-windows-ix86+x86_64 3.4-3 6.00 39.00 45.00 NOTE

Check Details

Version: 3.4-3
Check: dependencies in R code
Result: NOTE
    Package in Depends field not imported from: ‘plyr’
     These packages need to be imported from (in the NAMESPACE file)
     for when this namespace is loaded but not attached.
Flavors: r-devel-linux-x86_64-debian-clang, r-devel-linux-x86_64-debian-gcc, r-devel-linux-x86_64-fedora-clang, r-devel-linux-x86_64-fedora-gcc, r-devel-osx-x86_64-clang, r-devel-windows-ix86+x86_64, r-patched-linux-x86_64, r-patched-solaris-sparc, r-patched-solaris-x86, r-release-linux-x86_64, r-release-osx-x86_64-mavericks, r-release-windows-ix86+x86_64, r-oldrel-windows-ix86+x86_64

Version: 3.4-3
Check: S3 generic/method consistency
Result: NOTE
    Found the following apparent S3 methods exported but not registered:
     fitted.sma
    See section ‘Registering S3 methods’ in the ‘Writing R Extensions’
    manual.
Flavors: r-devel-linux-x86_64-debian-clang, r-devel-linux-x86_64-debian-gcc, r-devel-linux-x86_64-fedora-clang, r-devel-linux-x86_64-fedora-gcc, r-devel-osx-x86_64-clang, r-patched-linux-x86_64, r-patched-solaris-sparc, r-patched-solaris-x86, r-release-linux-x86_64

Version: 3.4-3
Check: R code for possible problems
Result: NOTE
    alpha.fun: no visible global function definition for ‘qchisq’
    alpha.fun: no visible global function definition for ‘pchisq’
    com.ci: no visible global function definition for ‘uniroot’
    com.ci: no visible global function definition for ‘str’
    elev.com: no visible global function definition for ‘pchisq’
    elev.com: no visible global function definition for ‘var’
    elev.com: no visible global function definition for ‘qchisq’
    elev.com: no visible global function definition for ‘qt’
    elev.test: no visible global function definition for ‘qf’
    elev.test: no visible global function definition for ‘pchisq’
    elev.test: no visible global function definition for ‘var’
    elev.test: no visible global function definition for ‘pt’
    fitted.sma: no visible global function definition for ‘model.frame’
    fitted.sma: no visible global function definition for ‘coef’
    fitted.sma: no visible global function definition for ‘join’
    gamma.fun: no visible global function definition for ‘qchisq’
    gamma.fun: no visible global function definition for ‘pchisq’
    huber.M: no visible global function definition for ‘pchisq’
    huber.M: no visible global function definition for ‘qchisq’
    huber.M: no visible global function definition for ‘cov’
    line.cis: no visible global function definition for ‘na.omit’
    line.cis: no visible global function definition for ‘qf’
    line.cis: no visible global function definition for ‘pchisq’
    line.cis: no visible global function definition for ‘var’
    logLik.sma: no visible global function definition for ‘cov’
    meas.est: no visible global function definition for ‘var’
    multcompmatrix: no visible global function definition for ‘combn’
    nicePlot: no visible global function definition for ‘par’
    nicePlot: no visible global function definition for ‘plot’
    nicePlot: no visible global function definition for ‘box’
    nicePlot: no visible global function definition for ‘mtext’
    plot.sma: no visible global function definition for ‘par’
    plot.sma : make.transparent: no visible global function definition for
     ‘col2rgb’
    plot.sma : make.transparent: no visible global function definition for
     ‘rgb’
    plot.sma: no visible global function definition for ‘plot’
    plot.sma: no visible global function definition for ‘points’
    plot.sma: no visible global function definition for ‘curve’
    plot.sma: no visible global function definition for ‘qqnorm’
    plot.sma: no visible global function definition for ‘qqline’
    residuals.sma: no visible global function definition for ‘fitted’
    robust.factor: no visible global function definition for ‘pchisq’
    shift.com: no visible global function definition for ‘pchisq’
    shift.com: no visible global function definition for ‘var’
    slope.com: no visible global function definition for ‘pchisq’
    slope.com: no visible global function definition for ‘cov’
    slope.com: no visible global function definition for ‘qchisq’
    slope.test: no visible global function definition for ‘qf’
    slope.test: no visible global function definition for ‘pchisq’
    slope.test: no visible global function definition for ‘cov’
    slope.test: no visible global function definition for ‘pf’
    sma: no visible global function definition for ‘cor’
    sma: no visible global function definition for ‘cor.test’
    sma: no visible global function definition for ‘pf’
    sma: no visible global function definition for ‘combn’
    Undefined global functions or variables:
     box coef col2rgb combn cor cor.test cov curve fitted join model.frame
     mtext na.omit par pchisq pf plot points pt qchisq qf qqline qqnorm qt
     rgb str uniroot var
    Consider adding
     importFrom("grDevices", "col2rgb", "rgb")
     importFrom("graphics", "box", "curve", "mtext", "par", "plot",
     "points")
     importFrom("stats", "coef", "cor", "cor.test", "cov", "fitted",
     "model.frame", "na.omit", "pchisq", "pf", "pt", "qchisq",
     "qf", "qqline", "qqnorm", "qt", "uniroot", "var")
     importFrom("utils", "combn", "str")
    to your NAMESPACE.
Flavors: r-devel-linux-x86_64-debian-clang, r-devel-linux-x86_64-debian-gcc, r-devel-linux-x86_64-fedora-clang, r-devel-linux-x86_64-fedora-gcc, r-devel-windows-ix86+x86_64

Version: 3.4-3
Check: R code for possible problems
Result: NOTE
    fitted.sma: no visible global function definition for ‘join’
    Undefined global functions or variables:
     join
Flavor: r-devel-osx-x86_64-clang

Version: 3.4-3
Check: R code for possible problems
Result: NOTE
    fitted.sma: no visible global function definition for ‘join’
Flavors: r-patched-linux-x86_64, r-patched-solaris-sparc, r-patched-solaris-x86, r-release-linux-x86_64, r-release-osx-x86_64-mavericks, r-release-windows-ix86+x86_64, r-oldrel-windows-ix86+x86_64