CRAN Package Check Results for Package smatr

Last updated on 2015-05-25 11:48:35.

Flavor Version Tinstall Tcheck Ttotal Status Flags
r-devel-linux-x86_64-debian-clang 3.4-3 1.04 20.28 21.32 NOTE
r-devel-linux-x86_64-debian-gcc 3.4-3 1.02 19.97 20.99 NOTE
r-devel-linux-x86_64-fedora-clang 3.4-3 39.55 NOTE
r-devel-linux-x86_64-fedora-gcc 3.4-3 38.52 NOTE
r-devel-osx-x86_64-clang 3.4-3 41.63 NOTE
r-devel-windows-ix86+x86_64 3.4-3 3.00 31.00 34.00 NOTE
r-patched-linux-x86_64 3.4-3 1.05 19.20 20.24 NOTE
r-patched-solaris-sparc 3.4-3 255.60 NOTE
r-patched-solaris-x86 3.4-3 51.50 NOTE
r-release-linux-x86_64 3.4-3 1.11 19.30 20.41 NOTE
r-release-osx-x86_64-mavericks 3.4-3 NOTE
r-release-osx-x86_64-snowleopard 3.4-3 NOTE
r-release-windows-ix86+x86_64 3.4-3 5.00 32.00 37.00 NOTE
r-oldrel-windows-ix86+x86_64 3.4-3 5.00 31.00 36.00 NOTE

Check Details

Version: 3.4-3
Check: dependencies in R code
Result: NOTE
    Package in Depends field not imported from: ‘plyr’
     These packages need to be imported from (in the NAMESPACE file)
     for when this namespace is loaded but not attached.
Flavors: r-devel-linux-x86_64-debian-clang, r-devel-linux-x86_64-debian-gcc, r-devel-linux-x86_64-fedora-clang, r-devel-linux-x86_64-fedora-gcc, r-devel-osx-x86_64-clang, r-devel-windows-ix86+x86_64, r-patched-linux-x86_64, r-patched-solaris-sparc, r-patched-solaris-x86, r-release-linux-x86_64, r-release-osx-x86_64-mavericks, r-release-osx-x86_64-snowleopard, r-release-windows-ix86+x86_64, r-oldrel-windows-ix86+x86_64

Version: 3.4-3
Check: S3 generic/method consistency
Result: NOTE
    Found the following apparent S3 methods exported but not registered:
     fitted.sma
    See section ‘Registering S3 methods’ in the ‘Writing R Extensions’
    manual.
Flavors: r-devel-linux-x86_64-debian-clang, r-devel-linux-x86_64-debian-gcc, r-devel-linux-x86_64-fedora-clang, r-devel-linux-x86_64-fedora-gcc, r-devel-osx-x86_64-clang, r-patched-linux-x86_64, r-patched-solaris-sparc, r-patched-solaris-x86, r-release-linux-x86_64

Version: 3.4-3
Check: R code for possible problems
Result: NOTE
    fitted.sma: no visible global function definition for ‘join’
Flavors: r-devel-linux-x86_64-debian-clang, r-devel-linux-x86_64-debian-gcc, r-devel-linux-x86_64-fedora-clang, r-devel-linux-x86_64-fedora-gcc, r-devel-osx-x86_64-clang, r-devel-windows-ix86+x86_64, r-patched-linux-x86_64, r-patched-solaris-sparc, r-patched-solaris-x86, r-release-linux-x86_64, r-release-osx-x86_64-mavericks, r-release-osx-x86_64-snowleopard, r-release-windows-ix86+x86_64, r-oldrel-windows-ix86+x86_64