CRAN Package Check Results for Package smatr

Last updated on 2015-01-26 19:48:33.

Flavor Version Tinstall Tcheck Ttotal Status Flags
r-devel-linux-x86_64-debian-clang 3.4-3 1.14 20.41 21.56 NOTE
r-devel-linux-x86_64-debian-gcc 3.4-3 1.10 19.99 21.09 NOTE
r-devel-linux-x86_64-fedora-clang 3.4-3 45.40 NOTE
r-devel-linux-x86_64-fedora-gcc 3.4-3 43.07 NOTE
r-devel-osx-x86_64-clang 3.4-3 46.23 NOTE
r-devel-windows-ix86+x86_64 3.4-3 6.00 30.00 36.00 NOTE
r-patched-linux-x86_64 3.4-3 1.23 22.22 23.45 NOTE
r-patched-solaris-sparc 3.4-3 273.30 NOTE
r-patched-solaris-x86 3.4-3 61.10 NOTE
r-release-linux-ix86 3.4-3 1.59 28.26 29.85 NOTE
r-release-linux-x86_64 3.4-3 1.22 21.73 22.94 NOTE
r-release-osx-x86_64-mavericks 3.4-3 NOTE
r-release-osx-x86_64-snowleopard 3.4-3 OK
r-release-windows-ix86+x86_64 3.4-3 5.00 35.00 40.00 NOTE
r-oldrel-windows-ix86+x86_64 3.4-3 7.00 37.00 44.00 NOTE

Check Details

Version: 3.4-3
Check: dependencies in R code
Result: NOTE
    Package in Depends field not imported from: ‘plyr’
     These packages need to be imported from (in the NAMESPACE file)
     for when this namespace is loaded but not attached.
Flavors: r-devel-linux-x86_64-debian-clang, r-devel-linux-x86_64-debian-gcc, r-devel-linux-x86_64-fedora-clang, r-devel-linux-x86_64-fedora-gcc, r-devel-osx-x86_64-clang, r-devel-windows-ix86+x86_64

Version: 3.4-3
Check: R code for possible problems
Result: NOTE
    fitted.sma: no visible global function definition for ‘join’
Flavors: r-devel-linux-x86_64-debian-clang, r-devel-linux-x86_64-debian-gcc, r-devel-linux-x86_64-fedora-clang, r-devel-linux-x86_64-fedora-gcc, r-devel-osx-x86_64-clang, r-devel-windows-ix86+x86_64, r-patched-linux-x86_64, r-patched-solaris-sparc, r-patched-solaris-x86, r-release-linux-ix86, r-release-linux-x86_64, r-release-osx-x86_64-mavericks, r-release-windows-ix86+x86_64

Version: 3.4-3
Check: S3 generic/method consistency
Result: NOTE
    Found the following apparent S3 methods exported but not registered:
     fitted.sma
    See section ‘Registering S3 methods’ in the ‘Writing R Extensions’
    manual.
Flavors: r-devel-linux-x86_64-fedora-clang, r-devel-linux-x86_64-fedora-gcc, r-devel-osx-x86_64-clang

Version: 3.4-3
Check: dependencies in R code
Result: NOTE
    Package in Depends field not imported from: ‘plyr’
     These packages need to be imported from (in the NAMESPACE file)
     for when this namespace is loaded but not attached.
    See the information on DESCRIPTION files in the chapter ‘Creating R
    packages’ of the ‘Writing R Extensions’ manual.
Flavors: r-patched-linux-x86_64, r-patched-solaris-sparc, r-patched-solaris-x86, r-release-linux-ix86, r-release-linux-x86_64, r-release-osx-x86_64-mavericks, r-release-windows-ix86+x86_64, r-oldrel-windows-ix86+x86_64