CRAN Package Check Results for Package smatr

Last updated on 2014-04-20 03:47:36.

Flavor Version Tinstall Tcheck Ttotal Status Flags
r-devel-linux-x86_64-debian-clang 3.4-3 1.33 21.67 23.00 NOTE
r-devel-linux-x86_64-debian-gcc 3.4-3 1.32 22.04 23.36 NOTE
r-devel-linux-x86_64-fedora-clang 3.4-3 45.56 NOTE
r-devel-linux-x86_64-fedora-gcc 3.4-3 42.89 NOTE
r-devel-macosx-x86_64-clang 3.4-3 42.48 NOTE
r-devel-macosx-x86_64-gcc 3.4-3 NOTE
r-devel-windows-ix86+x86_64 3.4-3 4.00 31.00 35.00 NOTE
r-patched-linux-x86_64 3.4-3 1.35 21.71 23.06 NOTE
r-patched-solaris-sparc 3.4-3 255.50 NOTE
r-patched-solaris-x86 3.4-3 57.80 NOTE
r-release-linux-ix86 NOTE
r-release-linux-x86_64 3.4-3 1.34 22.00 23.34 NOTE
r-release-macosx-x86_64 3.4-3 OK
r-release-windows-ix86+x86_64 3.4-3 5.00 33.00 38.00 NOTE
r-oldrel-windows-ix86+x86_64 3.4-3 4.00 30.00 34.00 NOTE

Check Details

Version: 3.4-3
Check: dependencies in R code
Result: NOTE
    Package in Depends field not imported from: ‘plyr’
     These packages need to be imported from (in the NAMESPACE file)
     for when this namespace is loaded but not attached.
    See the information on DESCRIPTION files in the chapter ‘Creating R
    packages’ of the ‘Writing R Extensions’ manual.
Flavors: r-devel-linux-x86_64-debian-clang, r-devel-linux-x86_64-debian-gcc, r-devel-linux-x86_64-fedora-clang, r-devel-linux-x86_64-fedora-gcc, r-devel-macosx-x86_64-clang, r-devel-macosx-x86_64-gcc, r-devel-windows-ix86+x86_64, r-patched-linux-x86_64, r-patched-solaris-sparc, r-patched-solaris-x86, r-release-linux-ix86, r-release-linux-x86_64, r-release-windows-ix86+x86_64, r-oldrel-windows-ix86+x86_64