CRAN Package Check Results for Package smatr

Last updated on 2014-09-03 05:47:54.

Flavor Version Tinstall Tcheck Ttotal Status Flags
r-devel-linux-x86_64-debian-clang 3.4-3 1.25 20.04 21.28 NOTE
r-devel-linux-x86_64-debian-gcc 3.4-3 1.19 20.03 21.22 NOTE
r-devel-linux-x86_64-fedora-clang 3.4-3 43.89 NOTE
r-devel-linux-x86_64-fedora-gcc 3.4-3 41.61 NOTE
r-devel-osx-x86_64-clang 3.4-3 39.86 NOTE
r-devel-windows-ix86+x86_64 3.4-3 4.00 31.00 35.00 NOTE
r-patched-linux-x86_64 3.4-3 1.30 21.05 22.35 NOTE
r-patched-solaris-sparc 3.4-3 250.90 NOTE
r-patched-solaris-x86 3.4-3 59.30 NOTE
r-release-linux-ix86 3.4-3 1.69 28.33 30.02 NOTE
r-release-linux-x86_64 3.4-3 1.27 21.41 22.68 NOTE
r-release-osx-x86_64-mavericks 3.4-3 NOTE
r-release-osx-x86_64-snowleopard 3.4-3 OK
r-release-windows-ix86+x86_64 3.4-3 4.00 32.00 36.00 NOTE
r-oldrel-windows-ix86+x86_64 3.4-3 4.00 31.00 35.00 NOTE

Check Details

Version: 3.4-3
Check: dependencies in R code
Result: NOTE
    Package in Depends field not imported from: ‘plyr’
     These packages need to be imported from (in the NAMESPACE file)
     for when this namespace is loaded but not attached.
    See the information on DESCRIPTION files in the chapter ‘Creating R
    packages’ of the ‘Writing R Extensions’ manual.
Flavors: r-devel-linux-x86_64-debian-clang, r-devel-linux-x86_64-debian-gcc, r-devel-linux-x86_64-fedora-clang, r-devel-linux-x86_64-fedora-gcc, r-devel-osx-x86_64-clang, r-devel-windows-ix86+x86_64, r-patched-linux-x86_64, r-patched-solaris-sparc, r-patched-solaris-x86, r-release-linux-ix86, r-release-linux-x86_64, r-release-osx-x86_64-mavericks, r-release-windows-ix86+x86_64, r-oldrel-windows-ix86+x86_64

Version: 3.4-3
Check: R code for possible problems
Result: NOTE
    fitted.sma: no visible global function definition for ‘join’
Flavors: r-devel-linux-x86_64-debian-clang, r-devel-linux-x86_64-debian-gcc, r-devel-linux-x86_64-fedora-clang, r-devel-linux-x86_64-fedora-gcc, r-devel-osx-x86_64-clang, r-devel-windows-ix86+x86_64