CRAN Package Check Results for Package smbinning

Last updated on 2018-02-24 08:49:23 CET.

Flavor Version Tinstall Tcheck Ttotal Status Flags
r-devel-linux-x86_64-debian-clang 0.6 7.25 104.06 111.31 OK
r-devel-linux-x86_64-debian-gcc 0.6 6.11 79.64 85.75 OK
r-devel-linux-x86_64-fedora-clang 0.6 133.86 OK
r-devel-linux-x86_64-fedora-gcc 0.6 136.30 OK
r-devel-windows-ix86+x86_64 0.5 3.00 4.00 7.00 OK
r-patched-linux-x86_64 0.6 4.93 106.88 111.81 OK
r-patched-solaris-x86 0.6 177.60 OK
r-release-linux-x86_64 0.6 5.73 106.90 112.63 OK
r-release-windows-ix86+x86_64 0.5 15.00 141.00 156.00 OK
r-release-osx-x86_64 0.6 OK
r-oldrel-windows-ix86+x86_64 0.4 13.00 172.00 185.00 OK
r-oldrel-osx-x86_64 0.5 ERROR

Check Details

Version: 0.5
Check: whether package can be installed
Result: ERROR
    Installation failed.
Flavor: r-oldrel-osx-x86_64