CRAN Package Check Results for Package smcUtils

Last updated on 2014-07-26 11:52:28.

Flavor Version Tinstall Tcheck Ttotal Status Flags
r-devel-linux-x86_64-debian-clang 0.2.2 0.94 10.39 11.33 OK
r-devel-linux-x86_64-debian-gcc 0.2.2 0.96 10.22 11.19 OK
r-devel-linux-x86_64-fedora-clang 0.2.2 23.50 NOTE
r-devel-linux-x86_64-fedora-gcc 0.2.2 22.03 NOTE
r-devel-osx-x86_64-clang 0.2.2 25.24 OK
r-devel-windows-ix86+x86_64 0.2.2 5.00 22.00 27.00 OK
r-patched-linux-x86_64 0.2.2 0.98 10.33 11.31 OK
r-patched-solaris-sparc 0.2.2 133.80 OK
r-patched-solaris-x86 0.2.2 33.80 OK
r-release-linux-ix86 0.2.2 1.46 16.66 18.12 OK
r-release-linux-x86_64 0.2.2 0.99 10.65 11.64 OK
r-release-osx-x86_64-mavericks 0.2.2 OK
r-release-windows-ix86+x86_64 0.2.2 5.00 24.00 29.00 OK
r-oldrel-windows-ix86+x86_64 0.2.2 6.00 23.00 29.00 OK

Check Details

Version: 0.2.2
Check: Rd line widths
Result: NOTE
    Rd file 'resampling.Rd':
     \usage lines wider than 90 characters:
     residual.resample( weights, num.samples = length(weights), engine="R", rrf = "stratified")
    
    These lines will be truncated in the PDF manual.
Flavors: r-devel-linux-x86_64-fedora-clang, r-devel-linux-x86_64-fedora-gcc