CRAN Package Check Results for Package smcUtils

Last updated on 2015-03-27 12:48:44.

Flavor Version Tinstall Tcheck Ttotal Status Flags
r-devel-linux-x86_64-debian-clang 0.2.2 1.00 10.18 11.19 NOTE
r-devel-linux-x86_64-debian-gcc 0.2.2 0.96 9.86 10.83 NOTE
r-devel-linux-x86_64-fedora-clang 0.2.2 21.42 NOTE
r-devel-linux-x86_64-fedora-gcc 0.2.2 20.83 NOTE
r-devel-osx-x86_64-clang 0.2.2 28.03 OK
r-prerel-windows-ix86+x86_64 0.2.2 7.00 23.00 30.00 OK
r-prerel-linux-x86_64 0.2.2 1.00 10.08 11.08 NOTE
r-prerel-solaris-sparc 0.2.2 122.80 OK
r-prerel-solaris-x86 0.2.2 30.30 OK
r-release-linux-x86_64 0.2.2 1.02 10.93 11.94 NOTE
r-release-osx-x86_64-mavericks 0.2.2 OK
r-release-windows-ix86+x86_64 0.2.2 6.00 24.00 30.00 OK
r-oldrel-windows-ix86+x86_64 0.2.2 6.00 27.00 33.00 OK

Check Details

Version: 0.2.2
Check: Rd line widths
Result: NOTE
    Rd file 'resampling.Rd':
     \usage lines wider than 90 characters:
     residual.resample( weights, num.samples = length(weights), engine="R", rrf = "stratified")
    
    These lines will be truncated in the PDF manual.
Flavors: r-devel-linux-x86_64-debian-clang, r-devel-linux-x86_64-debian-gcc, r-devel-linux-x86_64-fedora-clang, r-devel-linux-x86_64-fedora-gcc, r-prerel-linux-x86_64, r-release-linux-x86_64