CRAN Package Check Results for Package smcUtils

Last updated on 2014-09-20 03:48:53.

Flavor Version Tinstall Tcheck Ttotal Status Flags
r-devel-linux-x86_64-debian-clang 0.2.2 1.00 10.24 11.24 NOTE
r-devel-linux-x86_64-debian-gcc 0.2.2 0.93 9.90 10.83 NOTE
r-devel-linux-x86_64-fedora-clang 0.2.2 21.85 NOTE
r-devel-linux-x86_64-fedora-gcc 0.2.2 20.38 NOTE
r-devel-osx-x86_64-clang 0.2.2 26.28 OK
r-devel-windows-ix86+x86_64 0.2.2 5.00 21.00 26.00 OK
r-patched-linux-x86_64 0.2.2 0.93 10.64 11.57 NOTE
r-patched-solaris-sparc 0.2.2 143.40 OK
r-patched-solaris-x86 0.2.2 34.80 OK
r-release-linux-ix86 0.2.2 1.48 17.05 18.52 OK
r-release-linux-x86_64 0.2.2 1.01 11.18 12.19 NOTE
r-release-osx-x86_64-mavericks 0.2.2 OK
r-release-windows-ix86+x86_64 0.2.2 5.00 23.00 28.00 OK
r-oldrel-windows-ix86+x86_64 0.2.2 5.00 23.00 28.00 OK

Check Details

Version: 0.2.2
Check: Rd line widths
Result: NOTE
    Rd file 'resampling.Rd':
     \usage lines wider than 90 characters:
     residual.resample( weights, num.samples = length(weights), engine="R", rrf = "stratified")
    
    These lines will be truncated in the PDF manual.
Flavors: r-devel-linux-x86_64-debian-clang, r-devel-linux-x86_64-debian-gcc, r-devel-linux-x86_64-fedora-clang, r-devel-linux-x86_64-fedora-gcc, r-patched-linux-x86_64, r-release-linux-x86_64