CRAN Package Check Results for Package smcUtils

Last updated on 2015-01-31 20:46:59.

Flavor Version Tinstall Tcheck Ttotal Status Flags
r-devel-linux-x86_64-debian-clang 0.2.2 1.01 10.15 11.16 NOTE
r-devel-linux-x86_64-debian-gcc 0.2.2 1.00 9.46 10.46 NOTE
r-devel-linux-x86_64-fedora-clang 0.2.2 23.97 NOTE
r-devel-linux-x86_64-fedora-gcc 0.2.2 22.48 NOTE
r-devel-osx-x86_64-clang 0.2.2 26.29 OK
r-devel-windows-ix86+x86_64 0.2.2 9.00 21.00 30.00 OK
r-patched-linux-x86_64 0.2.2 1.08 10.87 11.95 NOTE
r-patched-solaris-sparc 0.2.2 129.20 OK
r-patched-solaris-x86 0.2.2 36.10 OK
r-release-linux-ix86 0.2.2 1.49 17.01 18.50 NOTE
r-release-linux-x86_64 0.2.2 1.01 10.82 11.83 NOTE
r-release-osx-x86_64-mavericks 0.2.2 OK
r-release-windows-ix86+x86_64 0.2.2 6.00 25.00 31.00 OK
r-oldrel-windows-ix86+x86_64 0.2.2 6.00 24.00 30.00 OK

Check Details

Version: 0.2.2
Check: Rd line widths
Result: NOTE
    Rd file 'resampling.Rd':
     \usage lines wider than 90 characters:
     residual.resample( weights, num.samples = length(weights), engine="R", rrf = "stratified")
    
    These lines will be truncated in the PDF manual.
Flavors: r-devel-linux-x86_64-debian-clang, r-devel-linux-x86_64-debian-gcc, r-devel-linux-x86_64-fedora-clang, r-devel-linux-x86_64-fedora-gcc, r-patched-linux-x86_64, r-release-linux-ix86, r-release-linux-x86_64