CRAN Package Check Results for Package smcUtils

Last updated on 2014-10-25 11:48:48.

Flavor Version Tinstall Tcheck Ttotal Status Flags
r-devel-linux-x86_64-debian-clang 0.2.2 1.07 11.33 12.40 NOTE
r-devel-linux-x86_64-debian-gcc 0.2.2 1.05 10.86 11.91 NOTE
r-devel-linux-x86_64-fedora-clang 0.2.2 23.29 NOTE
r-devel-linux-x86_64-fedora-gcc 0.2.2 21.06 NOTE
r-devel-osx-x86_64-clang 0.2.2 25.95 OK
r-devel-windows-ix86+x86_64 0.2.2 5.00 22.00 27.00 OK
r-patched-linux-x86_64 0.2.2 1.07 10.46 11.53 NOTE
r-patched-solaris-sparc 0.2.2 143.40 OK
r-patched-solaris-x86 0.2.2 34.40 OK
r-release-linux-ix86 0.2.2 1.47 17.12 18.59 OK
r-release-linux-x86_64 0.2.2 0.99 11.28 12.27 NOTE
r-release-osx-x86_64-mavericks 0.2.2 OK
r-release-windows-ix86+x86_64 0.2.2 5.00 22.00 27.00 OK
r-oldrel-windows-ix86+x86_64 0.2.2 6.00 24.00 30.00 OK

Check Details

Version: 0.2.2
Check: Rd line widths
Result: NOTE
    Rd file 'resampling.Rd':
     \usage lines wider than 90 characters:
     residual.resample( weights, num.samples = length(weights), engine="R", rrf = "stratified")
    
    These lines will be truncated in the PDF manual.
Flavors: r-devel-linux-x86_64-debian-clang, r-devel-linux-x86_64-debian-gcc, r-devel-linux-x86_64-fedora-clang, r-devel-linux-x86_64-fedora-gcc, r-patched-linux-x86_64, r-release-linux-x86_64