CRAN Package Check Results for Package smcUtils

Last updated on 2017-01-24 23:50:12.

Flavor Version Tinstall Tcheck Ttotal Status Flags
r-devel-linux-x86_64-debian-clang 0.2.2 1.34 12.91 14.26 NOTE
r-devel-linux-x86_64-debian-gcc 0.2.2 1.10 12.52 13.62 NOTE
r-devel-linux-x86_64-fedora-clang 0.2.2 22.18 NOTE --no-stop-on-test-error
r-devel-linux-x86_64-fedora-gcc 0.2.2 21.34 NOTE --no-stop-on-test-error
r-devel-macos-x86_64-clang 0.2.2 20.20 NOTE --no-stop-on-test-error
r-devel-windows-ix86+x86_64 0.2.2 6.00 46.00 52.00 NOTE
r-patched-linux-x86_64 0.2.2 1.00 11.41 12.42 NOTE
r-patched-solaris-sparc 0.2.2 118.40 NOTE
r-patched-solaris-x86 0.2.2 26.60 NOTE
r-release-linux-x86_64 0.2.2 1.03 10.95 11.98 NOTE
r-release-osx-x86_64-mavericks 0.2.2 NOTE
r-release-windows-ix86+x86_64 0.2.2 9.00 43.00 52.00 NOTE
r-oldrel-windows-ix86+x86_64 0.2.2 17.00 41.00 58.00 OK

Check Details

Version: 0.2.2
Check: R code for possible problems
Result: NOTE
    branching.resample: no visible global function definition for ‘rbinom’
    cov.weights: no visible global function definition for ‘var’
    inverse.cdf.weights: no visible global function definition for ‘runif’
    multinomial.resample: no visible global function definition for ‘runif’
    stratified.resample: no visible global function definition for ‘runif’
    systematic.resample: no visible global function definition for ‘runif’
    Undefined global functions or variables:
     rbinom runif var
    Consider adding
     importFrom("stats", "rbinom", "runif", "var")
    to your NAMESPACE file.
Flavors: r-devel-linux-x86_64-debian-clang, r-devel-linux-x86_64-debian-gcc, r-devel-windows-ix86+x86_64, r-patched-linux-x86_64, r-patched-solaris-sparc, r-patched-solaris-x86, r-release-linux-x86_64, r-release-osx-x86_64-mavericks, r-release-windows-ix86+x86_64

Version: 0.2.2
Check: Rd line widths
Result: NOTE
    Rd file 'resampling.Rd':
     \usage lines wider than 90 characters:
     residual.resample( weights, num.samples = length(weights), engine="R", rrf = "stratified")
    
    These lines will be truncated in the PDF manual.
Flavors: r-devel-linux-x86_64-debian-clang, r-devel-linux-x86_64-debian-gcc, r-patched-linux-x86_64, r-release-linux-x86_64

Version: 0.2.2
Flags: --no-stop-on-test-error
Check: R code for possible problems
Result: NOTE
    branching.resample: no visible global function definition for ‘rbinom’
    cov.weights: no visible global function definition for ‘var’
    inverse.cdf.weights: no visible global function definition for ‘runif’
    multinomial.resample: no visible global function definition for ‘runif’
    stratified.resample: no visible global function definition for ‘runif’
    systematic.resample: no visible global function definition for ‘runif’
    Undefined global functions or variables:
     rbinom runif var
    Consider adding
     importFrom("stats", "rbinom", "runif", "var")
    to your NAMESPACE file.
Flavors: r-devel-linux-x86_64-fedora-clang, r-devel-linux-x86_64-fedora-gcc, r-devel-macos-x86_64-clang

Version: 0.2.2
Flags: --no-stop-on-test-error
Check: Rd line widths
Result: NOTE
    Rd file 'resampling.Rd':
     \usage lines wider than 90 characters:
     residual.resample( weights, num.samples = length(weights), engine="R", rrf = "stratified")
    
    These lines will be truncated in the PDF manual.
Flavors: r-devel-linux-x86_64-fedora-clang, r-devel-linux-x86_64-fedora-gcc