CRAN Package Check Results for Package smcUtils

Last updated on 2016-07-29 03:48:24.

Flavor Version Tinstall Tcheck Ttotal Status Flags
r-devel-linux-x86_64-debian-clang 0.2.2 1.38 12.47 13.85 NOTE
r-devel-linux-x86_64-debian-gcc 0.2.2 1.38 10.09 11.47 NOTE
r-devel-linux-x86_64-fedora-clang 0.2.2 20.35 NOTE
r-devel-linux-x86_64-fedora-gcc 0.2.2 17.53 NOTE
r-devel-osx-x86_64-clang 0.2.2 17.85 NOTE
r-devel-windows-ix86+x86_64 0.2.2 8.00 29.00 37.00 NOTE
r-patched-linux-x86_64 0.2.2 1.21 12.37 13.58 NOTE
r-patched-solaris-sparc 0.2.2 116.90 NOTE
r-patched-solaris-x86 0.2.2 26.30 NOTE
r-release-linux-x86_64 0.2.2 1.16 12.87 14.03 NOTE
r-release-osx-x86_64-mavericks 0.2.2 NOTE
r-release-windows-ix86+x86_64 0.2.2 8.00 31.00 39.00 NOTE
r-oldrel-windows-ix86+x86_64 0.2.2 9.00 38.00 47.00 OK

Check Details

Version: 0.2.2
Check: R code for possible problems
Result: NOTE
    branching.resample: no visible global function definition for ‘rbinom’
    cov.weights: no visible global function definition for ‘var’
    inverse.cdf.weights: no visible global function definition for ‘runif’
    multinomial.resample: no visible global function definition for ‘runif’
    stratified.resample: no visible global function definition for ‘runif’
    systematic.resample: no visible global function definition for ‘runif’
    Undefined global functions or variables:
     rbinom runif var
    Consider adding
     importFrom("stats", "rbinom", "runif", "var")
    to your NAMESPACE file.
Flavors: r-devel-linux-x86_64-debian-clang, r-devel-linux-x86_64-debian-gcc, r-devel-linux-x86_64-fedora-clang, r-devel-linux-x86_64-fedora-gcc, r-devel-osx-x86_64-clang, r-devel-windows-ix86+x86_64, r-patched-linux-x86_64, r-patched-solaris-sparc, r-patched-solaris-x86, r-release-linux-x86_64, r-release-osx-x86_64-mavericks, r-release-windows-ix86+x86_64

Version: 0.2.2
Check: Rd line widths
Result: NOTE
    Rd file 'resampling.Rd':
     \usage lines wider than 90 characters:
     residual.resample( weights, num.samples = length(weights), engine="R", rrf = "stratified")
    
    These lines will be truncated in the PDF manual.
Flavors: r-devel-linux-x86_64-debian-clang, r-devel-linux-x86_64-debian-gcc, r-devel-linux-x86_64-fedora-clang, r-devel-linux-x86_64-fedora-gcc, r-patched-linux-x86_64, r-release-linux-x86_64