CRAN Package Check Results for Package smcUtils

Last updated on 2015-05-26 06:47:08.

Flavor Version Tinstall Tcheck Ttotal Status Flags
r-devel-linux-x86_64-debian-clang 0.2.2 1.05 10.52 11.57 NOTE
r-devel-linux-x86_64-debian-gcc 0.2.2 1.00 11.00 12.00 NOTE
r-devel-linux-x86_64-fedora-clang 0.2.2 20.94 NOTE
r-devel-linux-x86_64-fedora-gcc 0.2.2 18.76 NOTE
r-devel-osx-x86_64-clang 0.2.2 24.53 OK
r-devel-windows-ix86+x86_64 0.2.2 7.00 25.00 32.00 OK
r-patched-linux-x86_64 0.2.2 1.03 10.30 11.33 NOTE
r-patched-solaris-sparc 0.2.2 121.00 OK
r-patched-solaris-x86 0.2.2 30.00 OK
r-release-linux-x86_64 0.2.2 0.99 9.73 10.72 NOTE
r-release-osx-x86_64-mavericks 0.2.2 OK
r-release-osx-x86_64-snowleopard 0.2.2 NOTE
r-release-windows-ix86+x86_64 0.2.2 6.00 24.00 30.00 OK
r-oldrel-windows-ix86+x86_64 0.2.2 7.00 24.00 31.00 OK

Check Details

Version: 0.2.2
Check: Rd line widths
Result: NOTE
    Rd file 'resampling.Rd':
     \usage lines wider than 90 characters:
     residual.resample( weights, num.samples = length(weights), engine="R", rrf = "stratified")
    
    These lines will be truncated in the PDF manual.
Flavors: r-devel-linux-x86_64-debian-clang, r-devel-linux-x86_64-debian-gcc, r-devel-linux-x86_64-fedora-clang, r-devel-linux-x86_64-fedora-gcc, r-patched-linux-x86_64, r-release-linux-x86_64

Version: 0.2.2
Check: package dependencies
Result: NOTE
    Package suggested but not available for checking: ‘Hmisc’
Flavor: r-release-osx-x86_64-snowleopard