CRAN Package Check Results for Package smcUtils

Last updated on 2014-08-28 00:47:13.

Flavor Version Tinstall Tcheck Ttotal Status Flags
r-devel-linux-x86_64-debian-clang 0.2.2 0.91 9.81 10.72 OK
r-devel-linux-x86_64-debian-gcc 0.2.2 0.95 10.58 11.53 OK
r-devel-linux-x86_64-fedora-clang 0.2.2 22.12 NOTE
r-devel-linux-x86_64-fedora-gcc 0.2.2 20.84 NOTE
r-devel-osx-x86_64-clang 0.2.2 23.93 OK
r-devel-windows-ix86+x86_64 0.2.2 6.00 22.00 28.00 OK
r-patched-linux-x86_64 0.2.2 1.00 10.54 11.54 OK
r-patched-solaris-sparc 0.2.2 143.40 OK
r-patched-solaris-x86 0.2.2 33.70 OK
r-release-linux-ix86 0.2.2 1.47 17.58 19.05 OK
r-release-linux-x86_64 0.2.2 1.01 11.03 12.04 OK
r-release-osx-x86_64-mavericks 0.2.2 OK
r-release-windows-ix86+x86_64 0.2.2 5.00 25.00 30.00 OK
r-oldrel-windows-ix86+x86_64 0.2.2 5.00 25.00 30.00 OK

Check Details

Version: 0.2.2
Check: Rd line widths
Result: NOTE
    Rd file 'resampling.Rd':
     \usage lines wider than 90 characters:
     residual.resample( weights, num.samples = length(weights), engine="R", rrf = "stratified")
    
    These lines will be truncated in the PDF manual.
Flavors: r-devel-linux-x86_64-fedora-clang, r-devel-linux-x86_64-fedora-gcc