CRAN Package Check Results for Package smcUtils

Last updated on 2015-07-29 21:47:06.

Flavor Version Tinstall Tcheck Ttotal Status Flags
r-devel-linux-x86_64-debian-clang 0.2.2 1.00 10.06 11.06 NOTE
r-devel-linux-x86_64-debian-gcc 0.2.2 0.93 9.67 10.60 NOTE
r-devel-linux-x86_64-fedora-clang 0.2.2 19.93 NOTE
r-devel-linux-x86_64-fedora-gcc 0.2.2 18.90 NOTE
r-devel-osx-x86_64-clang 0.2.2 18.84 OK
r-devel-windows-ix86+x86_64 0.2.2 8.00 24.00 32.00 NOTE
r-patched-linux-x86_64 0.2.2 0.95 10.38 11.32 NOTE
r-patched-solaris-sparc 0.2.2 144.40 OK
r-patched-solaris-x86 0.2.2 30.10 OK
r-release-linux-x86_64 0.2.2 1.04 10.50 11.54 NOTE
r-release-osx-x86_64-mavericks 0.2.2 OK
r-release-windows-ix86+x86_64 0.2.2 7.00 23.00 30.00 OK
r-oldrel-windows-ix86+x86_64 0.2.2 8.00 25.00 33.00 OK

Check Details

Version: 0.2.2
Check: R code for possible problems
Result: NOTE
    branching.resample: no visible global function definition for ‘rbinom’
    cov.weights: no visible global function definition for ‘var’
    inverse.cdf.weights: no visible global function definition for ‘runif’
    multinomial.resample: no visible global function definition for ‘runif’
    stratified.resample: no visible global function definition for ‘runif’
    systematic.resample: no visible global function definition for ‘runif’
    Undefined global functions or variables:
     rbinom runif var
    Consider adding
     importFrom("stats", "rbinom", "runif", "var")
    to your NAMESPACE.
Flavors: r-devel-linux-x86_64-debian-clang, r-devel-linux-x86_64-debian-gcc, r-devel-linux-x86_64-fedora-clang, r-devel-linux-x86_64-fedora-gcc, r-devel-windows-ix86+x86_64

Version: 0.2.2
Check: Rd line widths
Result: NOTE
    Rd file 'resampling.Rd':
     \usage lines wider than 90 characters:
     residual.resample( weights, num.samples = length(weights), engine="R", rrf = "stratified")
    
    These lines will be truncated in the PDF manual.
Flavors: r-devel-linux-x86_64-debian-clang, r-devel-linux-x86_64-debian-gcc, r-devel-linux-x86_64-fedora-clang, r-devel-linux-x86_64-fedora-gcc, r-patched-linux-x86_64, r-release-linux-x86_64