CRAN Package Check Results for Package smcUtils

Last updated on 2014-04-23 17:47:54.

Flavor Version Tinstall Tcheck Ttotal Status Flags
r-devel-linux-x86_64-debian-clang 0.2.2 1.03 11.21 12.24 OK
r-devel-linux-x86_64-debian-gcc 0.2.2 1.02 11.14 12.16 OK
r-devel-linux-x86_64-fedora-clang 0.2.2 23.40 NOTE
r-devel-linux-x86_64-fedora-gcc 0.2.2 22.06 NOTE
r-devel-osx-x86_64-clang 0.2.2 25.95 OK
r-devel-osx-x86_64-gcc 0.2.2 NOTE
r-devel-windows-ix86+x86_64 0.2.2 5.00 22.00 27.00 OK
r-patched-linux-x86_64 0.2.2 0.99 10.74 11.72 OK
r-patched-solaris-sparc 0.2.2 133.80 OK
r-patched-solaris-x86 0.2.2 34.20 OK
r-release-linux-ix86 0.2.2 2.00 25.00 27.00 OK
r-release-linux-x86_64 0.2.2 0.98 11.22 12.20 OK
r-release-osx-x86_64-mavericks 0.2.2 WARN
r-release-windows-ix86+x86_64 0.2.2 5.00 23.00 28.00 OK
r-oldrel-windows-ix86+x86_64 0.2.2 5.00 22.00 27.00 OK

Check Details

Version: 0.2.2
Check: Rd line widths
Result: NOTE
    Rd file 'resampling.Rd':
     \usage lines wider than 90 characters:
     residual.resample( weights, num.samples = length(weights), engine="R", rrf = "stratified")
    
    These lines will be truncated in the PDF manual.
Flavors: r-devel-linux-x86_64-fedora-clang, r-devel-linux-x86_64-fedora-gcc

Version: 0.2.2
Check: package dependencies
Result: NOTE
    Package suggested but not available for checking: ‘Hmisc’
Flavor: r-devel-osx-x86_64-gcc

Version: 0.2.2
Check: PDF version of manual
Result: WARNING
    LaTeX errors when creating PDF version.
    This typically indicates Rd problems.
    LaTeX errors found:
    ! LaTeX Error: File `upquote.sty' not found.
    
    Type X to quit or <RETURN> to proceed,
    or enter new name. (Default extension: sty)
    
    74160ec1/Rd2.tex:8: ==> Fatal error occurred, no output PDF file produced!
Flavor: r-release-osx-x86_64-mavericks