CRAN Package Check Results for Package smcUtils

Last updated on 2015-02-26 23:47:56.

Flavor Version Tinstall Tcheck Ttotal Status Flags
r-devel-linux-x86_64-debian-clang 0.2.2 0.99 10.58 11.57 NOTE
r-devel-linux-x86_64-debian-gcc 0.2.2 0.99 9.92 10.91 NOTE
r-devel-linux-x86_64-fedora-clang 0.2.2 21.07 NOTE
r-devel-linux-x86_64-fedora-gcc 0.2.2 21.70 NOTE
r-devel-osx-x86_64-clang 0.2.2 24.49 OK
r-devel-windows-ix86+x86_64 0.2.2 8.00 22.00 30.00 OK
r-patched-linux-x86_64 0.2.2 1.02 10.88 11.90 NOTE
r-patched-solaris-sparc 0.2.2 129.20 OK
r-patched-solaris-x86 0.2.2 34.30 OK
r-release-linux-ix86 0.2.2 1.48 21.98 23.46 NOTE
r-release-linux-x86_64 0.2.2 1.03 0.26 1.29 OK
r-release-osx-x86_64-mavericks 0.2.2 OK
r-release-windows-ix86+x86_64 0.2.2 7.00 24.00 31.00 OK
r-oldrel-windows-ix86+x86_64 0.2.2 6.00 27.00 33.00 OK

Check Details

Version: 0.2.2
Check: Rd line widths
Result: NOTE
    Rd file 'resampling.Rd':
     \usage lines wider than 90 characters:
     residual.resample( weights, num.samples = length(weights), engine="R", rrf = "stratified")
    
    These lines will be truncated in the PDF manual.
Flavors: r-devel-linux-x86_64-debian-clang, r-devel-linux-x86_64-debian-gcc, r-devel-linux-x86_64-fedora-clang, r-devel-linux-x86_64-fedora-gcc, r-patched-linux-x86_64, r-release-linux-ix86