CRAN Package Check Results for Package smcure

Last updated on 2015-04-28 11:48:38.

Flavor Version Tinstall Tcheck Ttotal Status Flags
r-devel-linux-x86_64-debian-clang 2.0 0.62 11.09 11.71 NOTE
r-devel-linux-x86_64-debian-gcc 2.0 0.60 11.02 11.62 NOTE
r-devel-linux-x86_64-fedora-clang 2.0 22.96 NOTE
r-devel-linux-x86_64-fedora-gcc 2.0 21.54 NOTE
r-devel-osx-x86_64-clang 2.0 25.46 NOTE
r-devel-windows-ix86+x86_64 2.0 3.00 19.00 22.00 NOTE
r-patched-linux-x86_64 2.0 0.64 11.05 11.69 NOTE
r-patched-solaris-sparc 2.0 130.50 NOTE
r-patched-solaris-x86 2.0 33.00 NOTE
r-release-linux-x86_64 2.0 0.60 11.18 11.78 NOTE
r-release-osx-x86_64-mavericks 2.0 NOTE
r-release-osx-x86_64-snowleopard 2.0 NOTE
r-release-windows-ix86+x86_64 2.0 2.00 22.00 24.00 NOTE
r-oldrel-windows-ix86+x86_64 2.0 5.00 23.00 28.00 NOTE

Check Details

Version: 2.0
Check: DESCRIPTION meta-information
Result: NOTE
    Malformed Description field: should contain one or more complete sentences.
Flavors: r-devel-linux-x86_64-debian-clang, r-devel-linux-x86_64-debian-gcc, r-devel-linux-x86_64-fedora-clang, r-devel-linux-x86_64-fedora-gcc, r-devel-osx-x86_64-clang, r-devel-windows-ix86+x86_64, r-patched-linux-x86_64, r-patched-solaris-sparc, r-patched-solaris-x86, r-release-linux-x86_64, r-release-osx-x86_64-mavericks, r-release-osx-x86_64-snowleopard, r-release-windows-ix86+x86_64

Version: 2.0
Check: dependencies in R code
Result: NOTE
    Package in Depends field not imported from: ‘survival’
     These packages need to be imported from (in the NAMESPACE file)
     for when this namespace is loaded but not attached.
Flavors: r-devel-linux-x86_64-debian-clang, r-devel-linux-x86_64-debian-gcc, r-devel-linux-x86_64-fedora-clang, r-devel-linux-x86_64-fedora-gcc, r-devel-osx-x86_64-clang, r-devel-windows-ix86+x86_64, r-patched-linux-x86_64, r-patched-solaris-sparc, r-patched-solaris-x86, r-release-linux-x86_64, r-release-osx-x86_64-mavericks, r-release-osx-x86_64-snowleopard, r-release-windows-ix86+x86_64, r-oldrel-windows-ix86+x86_64

Version: 2.0
Check: R code for possible problems
Result: NOTE
    em: no visible global function definition for ‘coxph’
    smcure: no visible global function definition for ‘coxph’
    smcure: no visible global function definition for ‘survreg’
Flavors: r-devel-linux-x86_64-debian-clang, r-devel-linux-x86_64-debian-gcc, r-devel-linux-x86_64-fedora-clang, r-devel-linux-x86_64-fedora-gcc, r-devel-osx-x86_64-clang, r-devel-windows-ix86+x86_64, r-patched-linux-x86_64, r-patched-solaris-sparc, r-patched-solaris-x86, r-release-linux-x86_64, r-release-osx-x86_64-mavericks, r-release-osx-x86_64-snowleopard, r-release-windows-ix86+x86_64, r-oldrel-windows-ix86+x86_64