CRAN Package Check Results for Package smcure

Last updated on 2015-08-02 23:48:21.

Flavor Version Tinstall Tcheck Ttotal Status Flags
r-devel-linux-x86_64-debian-clang 2.0 0.68 11.84 12.51 NOTE
r-devel-linux-x86_64-debian-gcc 2.0 0.58 11.27 11.85 NOTE
r-devel-linux-x86_64-fedora-clang 2.0 23.44 NOTE
r-devel-linux-x86_64-fedora-gcc 2.0 21.88 NOTE
r-devel-osx-x86_64-clang 2.0 23.05 NOTE
r-devel-windows-ix86+x86_64 2.0 3.00 22.00 25.00 NOTE
r-patched-linux-x86_64 2.0 0.61 11.98 12.59 NOTE
r-patched-solaris-sparc 2.0 163.10 NOTE
r-patched-solaris-x86 2.0 35.70 NOTE
r-release-linux-x86_64 2.0 0.78 11.79 12.57 NOTE
r-release-osx-x86_64-mavericks 2.0 NOTE
r-release-windows-ix86+x86_64 2.0 5.00 22.00 27.00 NOTE
r-oldrel-windows-ix86+x86_64 2.0 6.00 25.00 31.00 NOTE

Check Details

Version: 2.0
Check: DESCRIPTION meta-information
Result: NOTE
    Malformed Description field: should contain one or more complete sentences.
Flavors: r-devel-linux-x86_64-debian-clang, r-devel-linux-x86_64-debian-gcc, r-devel-linux-x86_64-fedora-clang, r-devel-linux-x86_64-fedora-gcc, r-devel-osx-x86_64-clang, r-devel-windows-ix86+x86_64, r-patched-linux-x86_64, r-patched-solaris-sparc, r-patched-solaris-x86, r-release-linux-x86_64, r-release-osx-x86_64-mavericks, r-release-windows-ix86+x86_64

Version: 2.0
Check: dependencies in R code
Result: NOTE
    Package in Depends field not imported from: ‘survival’
     These packages need to be imported from (in the NAMESPACE file)
     for when this namespace is loaded but not attached.
Flavors: r-devel-linux-x86_64-debian-clang, r-devel-linux-x86_64-debian-gcc, r-devel-linux-x86_64-fedora-clang, r-devel-linux-x86_64-fedora-gcc, r-devel-osx-x86_64-clang, r-devel-windows-ix86+x86_64, r-patched-linux-x86_64, r-patched-solaris-sparc, r-patched-solaris-x86, r-release-linux-x86_64, r-release-osx-x86_64-mavericks, r-release-windows-ix86+x86_64, r-oldrel-windows-ix86+x86_64

Version: 2.0
Check: R code for possible problems
Result: NOTE
    em: no visible global function definition for ‘coxph’
    em: no visible global function definition for ‘optim’
    plotpredictsmcure: no visible global function definition for ‘plot’
    plotpredictsmcure: no visible global function definition for ‘matplot’
    plotpredictsmcure: no visible global function definition for ‘lines’
    smcure: no visible binding for global variable ‘na.omit’
    smcure: no visible global function definition for ‘model.frame’
    smcure: no visible global function definition for ‘model.extract’
    smcure: no visible global function definition for ‘model.matrix’
    smcure: no visible global function definition for ‘coxph’
    smcure: no visible global function definition for ‘survreg’
    smcure: no visible binding for global variable ‘var’
    smcure: no visible global function definition for ‘pnorm’
    Undefined global functions or variables:
     coxph lines matplot model.extract model.frame model.matrix na.omit
     optim plot pnorm survreg var
    Consider adding
     importFrom("graphics", "lines", "matplot", "plot")
     importFrom("stats", "model.extract", "model.frame", "model.matrix",
     "na.omit", "optim", "pnorm", "var")
    to your NAMESPACE.
Flavors: r-devel-linux-x86_64-debian-clang, r-devel-linux-x86_64-debian-gcc, r-devel-linux-x86_64-fedora-clang, r-devel-linux-x86_64-fedora-gcc, r-devel-windows-ix86+x86_64

Version: 2.0
Check: R code for possible problems
Result: NOTE
    em: no visible global function definition for ‘coxph’
    smcure: no visible global function definition for ‘coxph’
    smcure: no visible global function definition for ‘survreg’
    Undefined global functions or variables:
     coxph survreg
Flavor: r-devel-osx-x86_64-clang

Version: 2.0
Check: R code for possible problems
Result: NOTE
    em: no visible global function definition for ‘coxph’
    smcure: no visible global function definition for ‘coxph’
    smcure: no visible global function definition for ‘survreg’
Flavors: r-patched-linux-x86_64, r-patched-solaris-sparc, r-patched-solaris-x86, r-release-linux-x86_64, r-release-osx-x86_64-mavericks, r-release-windows-ix86+x86_64, r-oldrel-windows-ix86+x86_64