CRAN Package Check Results for Package smcure

Last updated on 2014-10-31 08:47:18.

Flavor Version Tinstall Tcheck Ttotal Status Flags
r-devel-linux-x86_64-debian-clang 2.0 1.17 12.31 13.48 NOTE
r-devel-linux-x86_64-debian-gcc 2.0 0.67 12.19 12.86 NOTE
r-devel-linux-x86_64-fedora-clang 2.0 25.38 NOTE
r-devel-linux-x86_64-fedora-gcc 2.0 24.38 NOTE
r-devel-osx-x86_64-clang 2.0 27.06 NOTE
r-devel-windows-ix86+x86_64 2.0 3.00 21.00 24.00 NOTE
r-patched-linux-x86_64 2.0 0.69 12.68 13.37 NOTE
r-patched-solaris-sparc 2.0 145.20 NOTE
r-patched-solaris-x86 2.0 36.70 NOTE
r-release-linux-ix86 2.0 0.96 18.28 19.23 NOTE
r-release-linux-x86_64 2.0 0.66 12.04 12.70 NOTE
r-release-osx-x86_64-mavericks 2.0 NOTE
r-release-osx-x86_64-snowleopard 2.0 OK
r-release-windows-ix86+x86_64 2.0 4.00 28.00 32.00 NOTE
r-oldrel-windows-ix86+x86_64 2.0 3.00 22.00 25.00 NOTE

Check Details

Version: 2.0
Check: dependencies in R code
Result: NOTE
    Package in Depends field not imported from: ‘survival’
     These packages need to be imported from (in the NAMESPACE file)
     for when this namespace is loaded but not attached.
    See the information on DESCRIPTION files in the chapter ‘Creating R
    packages’ of the ‘Writing R Extensions’ manual.
Flavors: r-devel-linux-x86_64-debian-clang, r-devel-linux-x86_64-debian-gcc, r-devel-linux-x86_64-fedora-clang, r-devel-linux-x86_64-fedora-gcc, r-devel-osx-x86_64-clang, r-devel-windows-ix86+x86_64, r-patched-linux-x86_64, r-patched-solaris-sparc, r-patched-solaris-x86, r-release-linux-ix86, r-release-linux-x86_64, r-release-osx-x86_64-mavericks, r-release-windows-ix86+x86_64, r-oldrel-windows-ix86+x86_64

Version: 2.0
Check: R code for possible problems
Result: NOTE
    em: no visible global function definition for ‘coxph’
    smcure: no visible global function definition for ‘coxph’
    smcure: no visible global function definition for ‘survreg’
Flavors: r-devel-linux-x86_64-debian-clang, r-devel-linux-x86_64-debian-gcc, r-devel-linux-x86_64-fedora-clang, r-devel-linux-x86_64-fedora-gcc, r-devel-osx-x86_64-clang, r-devel-windows-ix86+x86_64, r-patched-linux-x86_64, r-patched-solaris-sparc, r-patched-solaris-x86