CRAN Package Check Results for Package smcure

Last updated on 2015-01-30 08:51:36.

Flavor Version Tinstall Tcheck Ttotal Status Flags
r-devel-linux-x86_64-debian-clang 2.0 0.64 11.75 12.39 NOTE
r-devel-linux-x86_64-debian-gcc 2.0 0.81 11.32 12.14 NOTE
r-devel-linux-x86_64-fedora-clang 2.0 26.30 NOTE
r-devel-linux-x86_64-fedora-gcc 2.0 25.63 NOTE
r-devel-osx-x86_64-clang 2.0 28.31 NOTE
r-devel-windows-ix86+x86_64 2.0 4.00 22.00 26.00 NOTE
r-patched-linux-x86_64 2.0 0.69 12.27 12.96 NOTE
r-patched-solaris-sparc 2.0 146.90 NOTE
r-patched-solaris-x86 2.0 37.60 NOTE
r-release-linux-ix86 2.0 0.99 18.16 19.15 NOTE
r-release-linux-x86_64 2.0 0.70 12.20 12.90 NOTE
r-release-osx-x86_64-mavericks 2.0 NOTE
r-release-osx-x86_64-snowleopard 2.0 OK
r-release-windows-ix86+x86_64 2.0 3.00 29.00 32.00 NOTE
r-oldrel-windows-ix86+x86_64 2.0 3.00 22.00 25.00 NOTE

Check Details

Version: 2.0
Check: dependencies in R code
Result: NOTE
    Package in Depends field not imported from: ‘survival’
     These packages need to be imported from (in the NAMESPACE file)
     for when this namespace is loaded but not attached.
Flavors: r-devel-linux-x86_64-debian-clang, r-devel-linux-x86_64-debian-gcc, r-devel-linux-x86_64-fedora-clang, r-devel-linux-x86_64-fedora-gcc, r-devel-osx-x86_64-clang, r-devel-windows-ix86+x86_64

Version: 2.0
Check: R code for possible problems
Result: NOTE
    em: no visible global function definition for ‘coxph’
    smcure: no visible global function definition for ‘coxph’
    smcure: no visible global function definition for ‘survreg’
Flavors: r-devel-linux-x86_64-debian-clang, r-devel-linux-x86_64-debian-gcc, r-devel-linux-x86_64-fedora-clang, r-devel-linux-x86_64-fedora-gcc, r-devel-osx-x86_64-clang, r-devel-windows-ix86+x86_64, r-patched-linux-x86_64, r-patched-solaris-sparc, r-patched-solaris-x86, r-release-linux-ix86, r-release-linux-x86_64, r-release-osx-x86_64-mavericks, r-release-windows-ix86+x86_64

Version: 2.0
Check: dependencies in R code
Result: NOTE
    Package in Depends field not imported from: ‘survival’
     These packages need to be imported from (in the NAMESPACE file)
     for when this namespace is loaded but not attached.
    See the information on DESCRIPTION files in the chapter ‘Creating R
    packages’ of the ‘Writing R Extensions’ manual.
Flavors: r-patched-linux-x86_64, r-patched-solaris-sparc, r-patched-solaris-x86, r-release-linux-ix86, r-release-linux-x86_64, r-release-osx-x86_64-mavericks, r-release-windows-ix86+x86_64, r-oldrel-windows-ix86+x86_64