CRAN Package Check Results for Package smd

Last updated on 2024-06-14 02:54:18 CEST.

Flavor Version Tinstall Tcheck Ttotal Status Flags
r-devel-linux-x86_64-debian-clang 0.7.0 3.10 35.91 39.01 OK
r-devel-linux-x86_64-debian-gcc 0.7.0 2.31 24.58 26.89 ERROR
r-devel-linux-x86_64-fedora-clang 0.7.0 52.09 OK
r-devel-linux-x86_64-fedora-gcc 0.7.0 61.09 OK
r-devel-windows-x86_64 0.7.0 3.00 50.00 53.00 OK
r-patched-linux-x86_64 0.7.0 3.13 34.98 38.11 OK
r-release-linux-x86_64 0.7.0 3.02 34.74 37.76 OK
r-release-macos-arm64 0.7.0 27.00 OK
r-release-macos-x86_64 0.7.0 35.00 OK
r-release-windows-x86_64 0.7.0 4.00 53.00 57.00 OK
r-oldrel-macos-arm64 0.7.0 32.00 OK
r-oldrel-macos-x86_64 0.7.0 62.00 OK
r-oldrel-windows-x86_64 0.7.0 3.00 52.00 55.00 OK

Check Details

Version: 0.7.0
Check: package dependencies
Result: NOTE Packages suggested but not available for checking: 'testthat', 'tableone', 'dplyr', 'purrr' Flavor: r-devel-linux-x86_64-debian-gcc

Version: 0.7.0
Check: tests
Result: ERROR Running ‘testthat.R’ [0s/1s] Running the tests in ‘tests/testthat.R’ failed. Complete output: > library(testthat) Error in library(testthat) : there is no package called 'testthat' Execution halted Flavor: r-devel-linux-x86_64-debian-gcc

Version: 0.7.0
Check: re-building of vignette outputs
Result: ERROR Error(s) in re-building vignettes: ... --- re-building ‘smd_usage.Rmd’ using rmarkdown Quitting from lines 137-144 [dplyr] (smd_usage.Rmd) Error: processing vignette 'smd_usage.Rmd' failed with diagnostics: there is no package called 'dplyr' --- failed re-building ‘smd_usage.Rmd’ SUMMARY: processing the following file failed: ‘smd_usage.Rmd’ Error: Vignette re-building failed. Execution halted Flavor: r-devel-linux-x86_64-debian-gcc