CRAN Package Check Results for Package smdc

Last updated on 2016-12-06 12:48:26.

Flavor Version Tinstall Tcheck Ttotal Status Flags
r-devel-linux-x86_64-debian-clang 0.0.2 0.72 14.05 14.77 NOTE
r-devel-linux-x86_64-debian-gcc 0.0.2 0.68 14.30 14.98 NOTE
r-devel-linux-x86_64-fedora-clang 0.0.2 25.26 NOTE --no-stop-on-test-error
r-devel-linux-x86_64-fedora-gcc 0.0.2 24.61 NOTE --no-stop-on-test-error
r-devel-macos-x86_64-clang 0.0.2 23.70 NOTE
r-devel-windows-ix86+x86_64 0.0.2 4.00 33.00 37.00 NOTE
r-patched-linux-x86_64 0.0.2 0.69 11.97 12.66 NOTE
r-patched-solaris-sparc 0.0.2 122.00 NOTE
r-patched-solaris-x86 0.0.2 27.70 NOTE
r-release-linux-x86_64 0.0.2 0.64 11.88 12.53 NOTE
r-release-osx-x86_64-mavericks 0.0.2 NOTE
r-release-windows-ix86+x86_64 0.0.2 6.00 44.00 50.00 NOTE
r-oldrel-windows-ix86+x86_64 0.0.2 4.00 31.00 35.00 NOTE

Check Details

Version: 0.0.2
Check: DESCRIPTION meta-information
Result: NOTE
    Deprecated license: BSD
Flavors: r-devel-linux-x86_64-debian-clang, r-devel-linux-x86_64-debian-gcc, r-devel-macos-x86_64-clang, r-patched-linux-x86_64, r-patched-solaris-sparc, r-patched-solaris-x86, r-release-linux-x86_64, r-release-osx-x86_64-mavericks

Version: 0.0.2
Check: dependencies in R code
Result: NOTE
    'library' or 'require' call to ‘proxy’ which was already attached by Depends.
     Please remove these calls from your code.
    Packages in Depends field not imported from:
     ‘proxy’ ‘tm’
     These packages need to be imported from (in the NAMESPACE file)
     for when this namespace is loaded but not attached.
Flavors: r-devel-linux-x86_64-debian-clang, r-devel-linux-x86_64-debian-gcc, r-devel-macos-x86_64-clang, r-devel-windows-ix86+x86_64, r-patched-linux-x86_64, r-patched-solaris-sparc, r-patched-solaris-x86, r-release-linux-x86_64, r-release-osx-x86_64-mavericks, r-release-windows-ix86+x86_64, r-oldrel-windows-ix86+x86_64

Version: 0.0.2
Check: R code for possible problems
Result: NOTE
    normalize: no visible binding for global variable ‘sd’
    simDic: no visible global function definition for ‘simil’
    simDoc: no visible global function definition for ‘simil’
    Undefined global functions or variables:
     sd simil
    Consider adding
     importFrom("stats", "sd")
    to your NAMESPACE file.
Flavors: r-devel-linux-x86_64-debian-clang, r-devel-linux-x86_64-debian-gcc, r-devel-macos-x86_64-clang, r-devel-windows-ix86+x86_64, r-patched-linux-x86_64, r-patched-solaris-sparc, r-patched-solaris-x86, r-release-linux-x86_64, r-release-osx-x86_64-mavericks, r-release-windows-ix86+x86_64

Version: 0.0.2
Check: Rd line widths
Result: NOTE
    Rd file 'simDic.Rd':
     \usage lines wider than 90 characters:
     simDic(docMatrix1, docMatrix2, scoreDict, breaks = seq(-1, 1, length = 11), norm = FALSE, method = "cosine", scoreFunc = mean)
    
    These lines will be truncated in the PDF manual.
Flavors: r-devel-linux-x86_64-debian-clang, r-devel-linux-x86_64-debian-gcc, r-patched-linux-x86_64, r-release-linux-x86_64

Version: 0.0.2
Flags: --no-stop-on-test-error
Check: DESCRIPTION meta-information
Result: NOTE
    Deprecated license: BSD
Flavors: r-devel-linux-x86_64-fedora-clang, r-devel-linux-x86_64-fedora-gcc

Version: 0.0.2
Flags: --no-stop-on-test-error
Check: dependencies in R code
Result: NOTE
    'library' or 'require' call to ‘proxy’ which was already attached by Depends.
     Please remove these calls from your code.
    Packages in Depends field not imported from:
     ‘proxy’ ‘tm’
     These packages need to be imported from (in the NAMESPACE file)
     for when this namespace is loaded but not attached.
Flavors: r-devel-linux-x86_64-fedora-clang, r-devel-linux-x86_64-fedora-gcc

Version: 0.0.2
Flags: --no-stop-on-test-error
Check: R code for possible problems
Result: NOTE
    normalize: no visible binding for global variable ‘sd’
    simDic: no visible global function definition for ‘simil’
    simDoc: no visible global function definition for ‘simil’
    Undefined global functions or variables:
     sd simil
    Consider adding
     importFrom("stats", "sd")
    to your NAMESPACE file.
Flavors: r-devel-linux-x86_64-fedora-clang, r-devel-linux-x86_64-fedora-gcc

Version: 0.0.2
Flags: --no-stop-on-test-error
Check: Rd line widths
Result: NOTE
    Rd file 'simDic.Rd':
     \usage lines wider than 90 characters:
     simDic(docMatrix1, docMatrix2, scoreDict, breaks = seq(-1, 1, length = 11), norm = FALSE, method = "cosine", scoreFunc = mean)
    
    These lines will be truncated in the PDF manual.
Flavors: r-devel-linux-x86_64-fedora-clang, r-devel-linux-x86_64-fedora-gcc

Version: 0.0.2
Check: R code for possible problems
Result: NOTE
    simDic: no visible global function definition for 'simil'
    simDoc: no visible global function definition for 'simil'
Flavor: r-oldrel-windows-ix86+x86_64