CRAN Package Check Results for Package smdc

Last updated on 2017-10-18 02:47:27.

Flavor Version Tinstall Tcheck Ttotal Status Flags
r-devel-linux-x86_64-debian-clang 0.0.2 1.07 19.57 20.64 NOTE
r-devel-linux-x86_64-debian-gcc 0.0.2 1.08 17.98 19.06 NOTE
r-devel-linux-x86_64-fedora-clang 0.0.2 31.65 NOTE
r-devel-linux-x86_64-fedora-gcc 0.0.2 30.65 NOTE
r-devel-windows-ix86+x86_64 0.0.2 4.00 50.00 54.00 NOTE
r-patched-linux-x86_64 0.0.2 0.95 18.14 19.09 NOTE
r-patched-solaris-x86 0.0.2 49.90 NOTE
r-release-linux-x86_64 0.0.2 0.92 17.93 18.85 NOTE
r-release-windows-ix86+x86_64 0.0.2 6.00 37.00 43.00 NOTE
r-release-osx-x86_64 0.0.2 NOTE
r-oldrel-windows-ix86+x86_64 0.0.2 3.00 45.00 48.00 NOTE
r-oldrel-osx-x86_64 0.0.2 NOTE

Check Details

Version: 0.0.2
Check: DESCRIPTION meta-information
Result: NOTE
    Deprecated license: BSD
Flavors: r-devel-linux-x86_64-debian-clang, r-devel-linux-x86_64-debian-gcc, r-devel-linux-x86_64-fedora-clang, r-devel-linux-x86_64-fedora-gcc, r-patched-linux-x86_64, r-patched-solaris-x86, r-release-linux-x86_64, r-release-osx-x86_64, r-oldrel-osx-x86_64

Version: 0.0.2
Check: dependencies in R code
Result: NOTE
    'library' or 'require' call to ‘proxy’ which was already attached by Depends.
     Please remove these calls from your code.
    Packages in Depends field not imported from:
     ‘proxy’ ‘tm’
     These packages need to be imported from (in the NAMESPACE file)
     for when this namespace is loaded but not attached.
Flavors: r-devel-linux-x86_64-debian-clang, r-devel-linux-x86_64-debian-gcc, r-devel-linux-x86_64-fedora-clang, r-devel-linux-x86_64-fedora-gcc, r-devel-windows-ix86+x86_64, r-patched-linux-x86_64, r-patched-solaris-x86, r-release-linux-x86_64, r-release-windows-ix86+x86_64, r-release-osx-x86_64, r-oldrel-windows-ix86+x86_64, r-oldrel-osx-x86_64

Version: 0.0.2
Check: R code for possible problems
Result: NOTE
    normalize: no visible binding for global variable ‘sd’
    simDic: no visible global function definition for ‘simil’
    simDoc: no visible global function definition for ‘simil’
    Undefined global functions or variables:
     sd simil
    Consider adding
     importFrom("stats", "sd")
    to your NAMESPACE file.
Flavors: r-devel-linux-x86_64-debian-clang, r-devel-linux-x86_64-debian-gcc, r-devel-linux-x86_64-fedora-clang, r-devel-linux-x86_64-fedora-gcc, r-devel-windows-ix86+x86_64, r-patched-linux-x86_64, r-patched-solaris-x86, r-release-linux-x86_64, r-release-windows-ix86+x86_64, r-release-osx-x86_64, r-oldrel-windows-ix86+x86_64, r-oldrel-osx-x86_64

Version: 0.0.2
Check: Rd line widths
Result: NOTE
    Rd file 'simDic.Rd':
     \usage lines wider than 90 characters:
     simDic(docMatrix1, docMatrix2, scoreDict, breaks = seq(-1, 1, length = 11), norm = FALSE, method = "cosine", scoreFunc = mean)
    
    These lines will be truncated in the PDF manual.
Flavors: r-devel-linux-x86_64-debian-clang, r-devel-linux-x86_64-debian-gcc, r-devel-linux-x86_64-fedora-clang, r-devel-linux-x86_64-fedora-gcc, r-patched-linux-x86_64, r-release-linux-x86_64