CRAN Package Check Results for Package smdc

Last updated on 2015-08-31 21:47:05.

Flavor Version Tinstall Tcheck Ttotal Status Flags
r-devel-linux-x86_64-debian-clang 0.0.2 0.79 12.65 13.44 NOTE
r-devel-linux-x86_64-debian-gcc 0.0.2 0.58 11.74 12.33 NOTE
r-devel-linux-x86_64-fedora-clang 0.0.2 24.90 NOTE
r-devel-linux-x86_64-fedora-gcc 0.0.2 23.17 NOTE
r-devel-osx-x86_64-clang 0.0.2 22.67 NOTE
r-devel-windows-ix86+x86_64 0.0.2 4.00 34.00 38.00 NOTE
r-patched-linux-x86_64 0.0.2 0.65 13.05 13.70 NOTE
r-patched-solaris-sparc 0.0.2 174.50 NOTE
r-patched-solaris-x86 0.0.2 39.40 NOTE
r-release-linux-x86_64 0.0.2 0.66 12.72 13.38 NOTE
r-release-osx-x86_64-mavericks 0.0.2 NOTE
r-release-windows-ix86+x86_64 0.0.2 4.00 23.00 27.00 NOTE
r-oldrel-windows-ix86+x86_64 0.0.2 7.00 31.00 38.00 NOTE

Check Details

Version: 0.0.2
Check: DESCRIPTION meta-information
Result: NOTE
    Deprecated license: BSD
Flavors: r-devel-linux-x86_64-debian-clang, r-devel-linux-x86_64-debian-gcc, r-devel-linux-x86_64-fedora-clang, r-devel-linux-x86_64-fedora-gcc, r-devel-osx-x86_64-clang, r-patched-linux-x86_64, r-patched-solaris-sparc, r-patched-solaris-x86, r-release-linux-x86_64, r-release-osx-x86_64-mavericks

Version: 0.0.2
Check: dependencies in R code
Result: NOTE
    'library' or 'require' call to ‘proxy’ which was already attached by Depends.
     Please remove these calls from your code.
    Packages in Depends field not imported from:
     ‘proxy’ ‘tm’
     These packages need to be imported from (in the NAMESPACE file)
     for when this namespace is loaded but not attached.
Flavors: r-devel-linux-x86_64-debian-clang, r-devel-linux-x86_64-debian-gcc, r-devel-linux-x86_64-fedora-clang, r-devel-linux-x86_64-fedora-gcc, r-devel-osx-x86_64-clang, r-devel-windows-ix86+x86_64, r-patched-linux-x86_64, r-patched-solaris-sparc, r-patched-solaris-x86, r-release-linux-x86_64, r-release-osx-x86_64-mavericks, r-release-windows-ix86+x86_64, r-oldrel-windows-ix86+x86_64

Version: 0.0.2
Check: R code for possible problems
Result: NOTE
    normalize: no visible binding for global variable ‘sd’
    simDic: no visible global function definition for ‘simil’
    simDoc: no visible global function definition for ‘simil’
    Undefined global functions or variables:
     sd simil
    Consider adding
     importFrom("stats", "sd")
    to your NAMESPACE.
Flavors: r-devel-linux-x86_64-debian-clang, r-devel-linux-x86_64-debian-gcc, r-devel-linux-x86_64-fedora-clang, r-devel-linux-x86_64-fedora-gcc, r-devel-windows-ix86+x86_64

Version: 0.0.2
Check: Rd line widths
Result: NOTE
    Rd file 'simDic.Rd':
     \usage lines wider than 90 characters:
     simDic(docMatrix1, docMatrix2, scoreDict, breaks = seq(-1, 1, length = 11), norm = FALSE, method = "cosine", scoreFunc = mean)
    
    These lines will be truncated in the PDF manual.
Flavors: r-devel-linux-x86_64-debian-clang, r-devel-linux-x86_64-debian-gcc, r-devel-linux-x86_64-fedora-clang, r-devel-linux-x86_64-fedora-gcc, r-patched-linux-x86_64, r-release-linux-x86_64

Version: 0.0.2
Check: R code for possible problems
Result: NOTE
    simDic: no visible global function definition for ‘simil’
    simDoc: no visible global function definition for ‘simil’
    Undefined global functions or variables:
     simil
Flavor: r-devel-osx-x86_64-clang

Version: 0.0.2
Check: R code for possible problems
Result: NOTE
    simDic: no visible global function definition for ‘simil’
    simDoc: no visible global function definition for ‘simil’
Flavors: r-patched-linux-x86_64, r-patched-solaris-sparc, r-patched-solaris-x86, r-release-linux-x86_64, r-release-osx-x86_64-mavericks, r-release-windows-ix86+x86_64, r-oldrel-windows-ix86+x86_64