CRAN Package Check Results for Package smdc

Last updated on 2015-04-01 23:49:26.

Flavor Version Tinstall Tcheck Ttotal Status Flags
r-devel-linux-x86_64-debian-clang 0.0.2 0.65 13.54 14.19 NOTE
r-devel-linux-x86_64-debian-gcc 0.0.2 0.64 12.77 13.42 NOTE
r-devel-linux-x86_64-fedora-clang 0.0.2 28.15 NOTE
r-devel-linux-x86_64-fedora-gcc 0.0.2 25.82 NOTE
r-devel-osx-x86_64-clang 0.0.2 34.68 NOTE
r-prerel-windows-ix86+x86_64 0.0.2 3.00 23.00 26.00 NOTE
r-prerel-linux-x86_64 0.0.2 0.63 12.69 13.32 NOTE
r-prerel-solaris-sparc 0.0.2 166.60 NOTE
r-prerel-solaris-x86 0.0.2 38.50 NOTE
r-release-linux-x86_64 0.0.2 0.86 15.86 16.72 NOTE
r-release-osx-x86_64-mavericks 0.0.2 NOTE
r-release-osx-x86_64-snowleopard 0.0.2 NOTE
r-release-windows-ix86+x86_64 0.0.2 4.00 30.00 34.00 NOTE
r-oldrel-windows-ix86+x86_64 0.0.2 4.00 28.00 32.00 NOTE

Check Details

Version: 0.0.2
Check: DESCRIPTION meta-information
Result: NOTE
    Deprecated license: BSD
Flavors: r-devel-linux-x86_64-debian-clang, r-devel-linux-x86_64-debian-gcc, r-devel-linux-x86_64-fedora-clang, r-devel-linux-x86_64-fedora-gcc, r-devel-osx-x86_64-clang, r-prerel-linux-x86_64, r-prerel-solaris-sparc, r-prerel-solaris-x86, r-release-linux-x86_64, r-release-osx-x86_64-mavericks, r-release-osx-x86_64-snowleopard

Version: 0.0.2
Check: dependencies in R code
Result: NOTE
    'library' or 'require' call to ‘proxy’ which was already attached by Depends.
     Please remove these calls from your code.
    Packages in Depends field not imported from:
     ‘proxy’ ‘tm’
     These packages need to be imported from (in the NAMESPACE file)
     for when this namespace is loaded but not attached.
Flavors: r-devel-linux-x86_64-debian-clang, r-devel-linux-x86_64-debian-gcc, r-devel-linux-x86_64-fedora-clang, r-devel-linux-x86_64-fedora-gcc, r-devel-osx-x86_64-clang, r-prerel-windows-ix86+x86_64, r-prerel-linux-x86_64, r-prerel-solaris-sparc, r-prerel-solaris-x86, r-release-linux-x86_64, r-release-windows-ix86+x86_64

Version: 0.0.2
Check: R code for possible problems
Result: NOTE
    simDic: no visible global function definition for ‘simil’
    simDoc: no visible global function definition for ‘simil’
Flavors: r-devel-linux-x86_64-debian-clang, r-devel-linux-x86_64-debian-gcc, r-devel-linux-x86_64-fedora-clang, r-devel-linux-x86_64-fedora-gcc, r-devel-osx-x86_64-clang, r-prerel-windows-ix86+x86_64, r-prerel-linux-x86_64, r-prerel-solaris-sparc, r-prerel-solaris-x86, r-release-linux-x86_64, r-release-osx-x86_64-mavericks, r-release-windows-ix86+x86_64

Version: 0.0.2
Check: Rd line widths
Result: NOTE
    Rd file 'simDic.Rd':
     \usage lines wider than 90 characters:
     simDic(docMatrix1, docMatrix2, scoreDict, breaks = seq(-1, 1, length = 11), norm = FALSE, method = "cosine", scoreFunc = mean)
    
    These lines will be truncated in the PDF manual.
Flavors: r-devel-linux-x86_64-debian-clang, r-devel-linux-x86_64-debian-gcc, r-devel-linux-x86_64-fedora-clang, r-devel-linux-x86_64-fedora-gcc, r-prerel-linux-x86_64, r-release-linux-x86_64

Version: 0.0.2
Check: dependencies in R code
Result: NOTE
    'library' or 'require' call to ‘proxy’ which was already attached by Depends.
     Please remove these calls from your code.
    Packages in Depends field not imported from:
     ‘proxy’ ‘tm’
     These packages need to be imported from (in the NAMESPACE file)
     for when this namespace is loaded but not attached.
    See the information on DESCRIPTION files in the chapter ‘Creating R
    packages’ of the ‘Writing R Extensions’ manual.
Flavors: r-release-osx-x86_64-mavericks, r-oldrel-windows-ix86+x86_64

Version: 0.0.2
Check: dependencies in R code
Result: NOTE
    'library' or 'require' call to 'proxy' which was already attached by Depends.
     Please remove these calls from your code.
    See the information on DESCRIPTION files in the chapter 'Creating R
    packages' of the 'Writing R Extensions' manual.
Flavor: r-release-osx-x86_64-snowleopard