CRAN Package Check Results for Package sme

Last updated on 2014-10-20 05:47:26.

Flavor Version Tinstall Tcheck Ttotal Status Flags
r-devel-linux-x86_64-debian-clang 0.8 2.18 150.56 152.74 NOTE
r-devel-linux-x86_64-debian-gcc 0.8 2.42 153.80 156.22 NOTE
r-devel-linux-x86_64-fedora-clang 0.8 321.76 NOTE
r-devel-linux-x86_64-fedora-gcc 0.8 317.62 NOTE
r-devel-osx-x86_64-clang 0.8 260.83 NOTE
r-devel-windows-ix86+x86_64 0.8 16.00 282.00 298.00 NOTE
r-patched-linux-x86_64 0.8 3.46 152.98 156.44 NOTE
r-patched-solaris-sparc 0.8 166.70 NOTE --no-examples --no-tests --no-vignettes
r-patched-solaris-x86 0.8 44.50 NOTE --no-examples --no-tests --no-vignettes
r-release-linux-ix86 0.8 3.33 200.48 203.81 NOTE
r-release-linux-x86_64 0.8 2.52 151.41 153.92 NOTE
r-release-osx-x86_64-mavericks 0.8 NOTE
r-release-osx-x86_64-snowleopard 0.8 NOTE
r-release-windows-ix86+x86_64 0.8 15.00 273.00 288.00 NOTE
r-oldrel-windows-ix86+x86_64 0.8 16.00 244.00 260.00 NOTE

Check Details

Version: 0.8
Check: dependencies in R code
Result: NOTE
    'library' or 'require' calls to packages already attached by Depends:
     ‘lattice’ ‘splines’
     Please remove these calls from your code.
    Packages in Depends field not imported from:
     ‘lattice’ ‘splines’
     These packages need to be imported from (in the NAMESPACE file)
     for when this namespace is loaded but not attached.
    See the information on DESCRIPTION files in the chapter ‘Creating R
    packages’ of the ‘Writing R Extensions’ manual.
Flavors: r-devel-linux-x86_64-debian-clang, r-devel-linux-x86_64-debian-gcc, r-devel-linux-x86_64-fedora-clang, r-devel-linux-x86_64-fedora-gcc, r-devel-osx-x86_64-clang, r-devel-windows-ix86+x86_64, r-patched-linux-x86_64

Version: 0.8
Check: R code for possible problems
Result: NOTE
    getRoughnessMatrix: no visible global function definition for ‘ns’
    plotSmeRaw: no visible global function definition for ‘xyplot’
    plotSmeRaw : <anonymous>: no visible global function definition for
     ‘panel.xyplot’
    plotSmeRaw : <anonymous>: no visible global function definition for
     ‘panel.lines’
    sme.default: no visible global function definition for ‘ns’
    sme.list: no visible binding for global variable ‘ns’
    sme.list : <anonymous>: no visible global function definition for ‘ns’
    vcov.sme: no visible global function definition for ‘ns’
Flavors: r-devel-linux-x86_64-debian-clang, r-devel-linux-x86_64-debian-gcc, r-devel-linux-x86_64-fedora-clang, r-devel-linux-x86_64-fedora-gcc, r-devel-osx-x86_64-clang, r-devel-windows-ix86+x86_64, r-patched-linux-x86_64

Version: 0.8
Flags: --no-examples --no-tests --no-vignettes
Check: dependencies in R code
Result: NOTE
    'library' or 'require' calls to packages already attached by Depends:
     ‘lattice’ ‘splines’
     Please remove these calls from your code.
    Packages in Depends field not imported from:
     ‘lattice’ ‘splines’
     These packages need to be imported from (in the NAMESPACE file)
     for when this namespace is loaded but not attached.
    See the information on DESCRIPTION files in the chapter ‘Creating R
    packages’ of the ‘Writing R Extensions’ manual.
Flavors: r-patched-solaris-sparc, r-patched-solaris-x86

Version: 0.8
Flags: --no-examples --no-tests --no-vignettes
Check: R code for possible problems
Result: NOTE
    getRoughnessMatrix: no visible global function definition for ‘ns’
    plotSmeRaw: no visible global function definition for ‘xyplot’
    plotSmeRaw : <anonymous>: no visible global function definition for
     ‘panel.xyplot’
    plotSmeRaw : <anonymous>: no visible global function definition for
     ‘panel.lines’
    sme.default: no visible global function definition for ‘ns’
    sme.list: no visible binding for global variable ‘ns’
    sme.list : <anonymous>: no visible global function definition for ‘ns’
    vcov.sme: no visible global function definition for ‘ns’
Flavors: r-patched-solaris-sparc, r-patched-solaris-x86

Version: 0.8
Check: dependencies in R code
Result: NOTE
    'library' or 'require' calls to packages already attached by Depends:
     ‘lattice’ ‘splines’
     Please remove these calls from your code.
    Package in Depends field not imported from: ‘lattice’
     These packages need to be imported from (in the NAMESPACE file)
     for when this namespace is loaded but not attached.
    See the information on DESCRIPTION files in the chapter ‘Creating R
    packages’ of the ‘Writing R Extensions’ manual.
Flavors: r-release-linux-ix86, r-release-linux-x86_64, r-release-osx-x86_64-mavericks, r-release-windows-ix86+x86_64, r-oldrel-windows-ix86+x86_64

Version: 0.8
Check: dependencies in R code
Result: NOTE
    'library' or 'require' calls to packages already attached by Depends:
     'lattice' 'splines'
     Please remove these calls from your code.
    Package in Depends field not imported from: 'lattice'
     These packages need to be imported from for the case when
     this namespace is loaded but not attached.
    See the information on DESCRIPTION files in the chapter 'Creating R
    packages' of the 'Writing R Extensions' manual.
Flavor: r-release-osx-x86_64-snowleopard