CRAN Package Check Results for Package sme

Last updated on 2015-05-27 19:47:21.

Flavor Version Tinstall Tcheck Ttotal Status Flags
r-devel-linux-x86_64-debian-clang 0.8 2.04 150.05 152.10 NOTE
r-devel-linux-x86_64-debian-gcc 0.8 2.32 150.53 152.85 NOTE
r-devel-linux-x86_64-fedora-clang 0.8 299.74 NOTE
r-devel-linux-x86_64-fedora-gcc 0.8 298.45 NOTE
r-devel-osx-x86_64-clang 0.8 251.51 NOTE
r-devel-windows-ix86+x86_64 0.8 17.00 279.00 296.00 NOTE
r-patched-linux-x86_64 0.8 2.29 149.99 152.28 NOTE
r-patched-solaris-sparc 0.8 160.10 NOTE --no-examples --no-tests --no-vignettes
r-patched-solaris-x86 0.8 39.40 NOTE --no-examples --no-tests --no-vignettes
r-release-linux-x86_64 0.8 2.39 149.62 152.01 NOTE
r-release-osx-x86_64-mavericks 0.8 NOTE
r-release-osx-x86_64-snowleopard 0.8 NOTE
r-release-windows-ix86+x86_64 0.8 18.00 302.00 320.00 NOTE
r-oldrel-windows-ix86+x86_64 0.8 16.00 341.00 357.00 NOTE

Check Details

Version: 0.8
Check: dependencies in R code
Result: NOTE
    'library' or 'require' calls to packages already attached by Depends:
     ‘lattice’ ‘splines’
     Please remove these calls from your code.
    Packages in Depends field not imported from:
     ‘lattice’ ‘splines’
     These packages need to be imported from (in the NAMESPACE file)
     for when this namespace is loaded but not attached.
Flavors: r-devel-linux-x86_64-debian-clang, r-devel-linux-x86_64-debian-gcc, r-devel-linux-x86_64-fedora-clang, r-devel-linux-x86_64-fedora-gcc, r-devel-osx-x86_64-clang, r-devel-windows-ix86+x86_64, r-patched-linux-x86_64, r-release-linux-x86_64, r-release-osx-x86_64-mavericks, r-release-osx-x86_64-snowleopard, r-release-windows-ix86+x86_64, r-oldrel-windows-ix86+x86_64

Version: 0.8
Check: S3 generic/method consistency
Result: NOTE
    Found the following apparent S3 methods exported but not registered:
     plot.sme sme.data.frame sme.default sme.list
    See section ‘Registering S3 methods’ in the ‘Writing R Extensions’
    manual.
Flavors: r-devel-linux-x86_64-debian-clang, r-devel-linux-x86_64-debian-gcc, r-devel-linux-x86_64-fedora-clang, r-devel-linux-x86_64-fedora-gcc, r-devel-osx-x86_64-clang, r-patched-linux-x86_64, r-release-linux-x86_64

Version: 0.8
Check: R code for possible problems
Result: NOTE
    getRoughnessMatrix: no visible global function definition for ‘ns’
    plotSmeRaw: no visible global function definition for ‘xyplot’
    plotSmeRaw : <anonymous>: no visible global function definition for
     ‘panel.xyplot’
    plotSmeRaw : <anonymous>: no visible global function definition for
     ‘panel.lines’
    sme.default: no visible global function definition for ‘ns’
    sme.list: no visible binding for global variable ‘ns’
    sme.list : <anonymous>: no visible global function definition for ‘ns’
    vcov.sme: no visible global function definition for ‘ns’
Flavors: r-devel-linux-x86_64-debian-clang, r-devel-linux-x86_64-debian-gcc, r-devel-linux-x86_64-fedora-clang, r-devel-linux-x86_64-fedora-gcc, r-devel-osx-x86_64-clang, r-devel-windows-ix86+x86_64, r-patched-linux-x86_64, r-release-linux-x86_64, r-release-osx-x86_64-mavericks, r-release-osx-x86_64-snowleopard, r-release-windows-ix86+x86_64, r-oldrel-windows-ix86+x86_64

Version: 0.8
Flags: --no-examples --no-tests --no-vignettes
Check: dependencies in R code
Result: NOTE
    'library' or 'require' calls to packages already attached by Depends:
     ‘lattice’ ‘splines’
     Please remove these calls from your code.
    Packages in Depends field not imported from:
     ‘lattice’ ‘splines’
     These packages need to be imported from (in the NAMESPACE file)
     for when this namespace is loaded but not attached.
Flavors: r-patched-solaris-sparc, r-patched-solaris-x86

Version: 0.8
Flags: --no-examples --no-tests --no-vignettes
Check: S3 generic/method consistency
Result: NOTE
    Found the following apparent S3 methods exported but not registered:
     plot.sme sme.data.frame sme.default sme.list
    See section ‘Registering S3 methods’ in the ‘Writing R Extensions’
    manual.
Flavors: r-patched-solaris-sparc, r-patched-solaris-x86

Version: 0.8
Flags: --no-examples --no-tests --no-vignettes
Check: R code for possible problems
Result: NOTE
    getRoughnessMatrix: no visible global function definition for ‘ns’
    plotSmeRaw: no visible global function definition for ‘xyplot’
    plotSmeRaw : <anonymous>: no visible global function definition for
     ‘panel.xyplot’
    plotSmeRaw : <anonymous>: no visible global function definition for
     ‘panel.lines’
    sme.default: no visible global function definition for ‘ns’
    sme.list: no visible binding for global variable ‘ns’
    sme.list : <anonymous>: no visible global function definition for ‘ns’
    vcov.sme: no visible global function definition for ‘ns’
Flavors: r-patched-solaris-sparc, r-patched-solaris-x86