CRAN Package Check Results for Package sme

Last updated on 2014-07-23 12:47:35.

Flavor Version Tinstall Tcheck Ttotal Status Flags
r-devel-linux-x86_64-debian-clang 0.8 1.89 148.11 150.00 NOTE
r-devel-linux-x86_64-debian-gcc 0.8 2.40 150.52 152.93 NOTE
r-devel-linux-x86_64-fedora-clang 0.8 322.31 NOTE
r-devel-linux-x86_64-fedora-gcc 0.8 317.57 NOTE
r-devel-osx-x86_64-clang 0.8 255.43 NOTE
r-devel-windows-ix86+x86_64 0.8 15.00 264.00 279.00 NOTE
r-patched-linux-x86_64 0.8 2.36 148.38 150.74 NOTE
r-patched-solaris-sparc 0.8 166.60 NOTE --no-examples --no-tests --no-vignettes
r-patched-solaris-x86 0.8 48.60 NOTE --no-examples --no-tests --no-vignettes
r-release-linux-ix86 0.8 3.39 200.06 203.46 NOTE
r-release-linux-x86_64 0.8 2.62 150.42 153.04 NOTE
r-release-osx-x86_64-mavericks 0.8 NOTE
r-release-osx-x86_64-snowleopard 0.8 NOTE
r-release-windows-ix86+x86_64 0.8 17.00 274.00 291.00 NOTE
r-oldrel-windows-ix86+x86_64 0.8 17.00 244.00 261.00 NOTE

Check Details

Version: 0.8
Check: dependencies in R code
Result: NOTE
    'library' or 'require' calls to packages already attached by Depends:
     ‘lattice’ ‘splines’
     Please remove these calls from your code.
    Package in Depends field not imported from: ‘lattice’
     These packages need to be imported from (in the NAMESPACE file)
     for when this namespace is loaded but not attached.
    See the information on DESCRIPTION files in the chapter ‘Creating R
    packages’ of the ‘Writing R Extensions’ manual.
Flavors: r-devel-linux-x86_64-debian-clang, r-devel-linux-x86_64-debian-gcc, r-devel-linux-x86_64-fedora-clang, r-devel-linux-x86_64-fedora-gcc, r-devel-osx-x86_64-clang, r-devel-windows-ix86+x86_64, r-patched-linux-x86_64, r-release-linux-ix86, r-release-linux-x86_64, r-release-osx-x86_64-mavericks, r-release-windows-ix86+x86_64, r-oldrel-windows-ix86+x86_64

Version: 0.8
Flags: --no-examples --no-tests --no-vignettes
Check: dependencies in R code
Result: NOTE
    'library' or 'require' calls to packages already attached by Depends:
     ‘lattice’ ‘splines’
     Please remove these calls from your code.
    Package in Depends field not imported from: ‘lattice’
     These packages need to be imported from (in the NAMESPACE file)
     for when this namespace is loaded but not attached.
    See the information on DESCRIPTION files in the chapter ‘Creating R
    packages’ of the ‘Writing R Extensions’ manual.
Flavors: r-patched-solaris-sparc, r-patched-solaris-x86

Version: 0.8
Check: dependencies in R code
Result: NOTE
    'library' or 'require' calls to packages already attached by Depends:
     'lattice' 'splines'
     Please remove these calls from your code.
    Package in Depends field not imported from: 'lattice'
     These packages need to be imported from for the case when
     this namespace is loaded but not attached.
    See the information on DESCRIPTION files in the chapter 'Creating R
    packages' of the 'Writing R Extensions' manual.
Flavor: r-release-osx-x86_64-snowleopard