CRAN Package Check Results for Package sme

Last updated on 2018-02-24 23:49:19 CET.

Flavor Version Tinstall Tcheck Ttotal Status Flags
r-devel-linux-x86_64-debian-clang 1.0.2 4.72 292.38 297.10 OK
r-devel-linux-x86_64-debian-gcc 1.0.2 4.03 221.74 225.77 OK
r-devel-linux-x86_64-fedora-clang 1.0.2 360.62 OK
r-devel-linux-x86_64-fedora-gcc 1.0.2 357.43 OK
r-devel-windows-ix86+x86_64 1.0.2 23.00 342.00 365.00 OK
r-patched-linux-x86_64 1.0.2 3.78 296.56 300.34 OK
r-patched-solaris-x86 1.0.2 46.00 OK --no-examples --no-tests --no-vignettes
r-release-linux-x86_64 1.0.2 3.61 296.61 300.22 OK
r-release-windows-ix86+x86_64 1.0.2 22.00 348.00 370.00 OK
r-release-osx-x86_64 1.0.2 OK
r-oldrel-windows-ix86+x86_64 1.0.2 20.00 342.00 362.00 OK
r-oldrel-osx-x86_64 0.8 NOTE

Additional issues

ATLAS MKL OpenBLAS

Check Details

Version: 0.8
Check: dependencies in R code
Result: NOTE
    'library' or 'require' calls to packages already attached by Depends:
     ‘lattice’ ‘splines’
     Please remove these calls from your code.
    Packages in Depends field not imported from:
     ‘lattice’ ‘splines’
     These packages need to be imported from (in the NAMESPACE file)
     for when this namespace is loaded but not attached.
Flavor: r-oldrel-osx-x86_64

Version: 0.8
Check: R code for possible problems
Result: NOTE
    getRoughnessMatrix: no visible global function definition for ‘ns’
    plotSmeDiagnostic: no visible global function definition for ‘layout’
    plotSmeDiagnostic: no visible global function definition for ‘plot’
    plotSmeModel: no visible global function definition for ‘plot’
    plotSmeModel: no visible global function definition for ‘lines’
    plotSmeModel: no visible global function definition for ‘col2rgb’
    plotSmeModel: no visible global function definition for ‘polygon’
    plotSmeModel: no visible global function definition for ‘rgb’
    plotSmeRaw: no visible global function definition for ‘xyplot’
    plotSmeRaw : <anonymous>: no visible global function definition for
     ‘panel.xyplot’
    plotSmeRaw : <anonymous>: no visible global function definition for
     ‘panel.lines’
    sme.default: no visible global function definition for ‘ns’
    sme.list: no visible binding for global variable ‘ns’
    sme.list : <anonymous>: no visible global function definition for ‘ns’
    vcov.sme: no visible global function definition for ‘ns’
    Undefined global functions or variables:
     col2rgb layout lines ns panel.lines panel.xyplot plot polygon rgb
     xyplot
    Consider adding
     importFrom("grDevices", "col2rgb", "rgb")
     importFrom("graphics", "layout", "lines", "plot", "polygon")
    to your NAMESPACE file.
Flavor: r-oldrel-osx-x86_64