CRAN Package Check Results for Package sme

Last updated on 2014-04-25 05:47:25.

Flavor Version Tinstall Tcheck Ttotal Status Flags
r-devel-linux-x86_64-debian-clang 0.8 2.03 157.60 159.64 NOTE
r-devel-linux-x86_64-debian-gcc 0.8 2.36 155.49 157.84 NOTE
r-devel-linux-x86_64-fedora-clang 0.8 320.61 NOTE
r-devel-linux-x86_64-fedora-gcc 0.8 310.26 NOTE
r-devel-osx-x86_64-clang 0.8 258.06 NOTE
r-devel-osx-x86_64-gcc 0.8 NOTE
r-devel-windows-ix86+x86_64 0.8 14.00 302.00 316.00 NOTE
r-patched-linux-x86_64 0.8 2.34 155.16 157.50 NOTE
r-patched-solaris-sparc 0.8 166.60 NOTE --no-examples --no-tests --no-vignettes
r-patched-solaris-x86 0.8 48.50 NOTE --no-examples --no-tests --no-vignettes
r-release-linux-ix86 0.8 4.00 255.00 259.00 NOTE
r-release-linux-x86_64 0.8 2.48 154.42 156.89 NOTE
r-release-osx-x86_64-mavericks 0.8 WARN
r-release-osx-x86_64-snowleopard 0.8 NOTE
r-release-windows-ix86+x86_64 0.8 14.00 267.00 281.00 NOTE
r-oldrel-windows-ix86+x86_64 0.8 17.00 242.00 259.00 NOTE

Check Details

Version: 0.8
Check: dependencies in R code
Result: NOTE
    'library' or 'require' calls to packages already attached by Depends:
     ‘lattice’ ‘splines’
     Please remove these calls from your code.
    Package in Depends field not imported from: ‘lattice’
     These packages need to be imported from (in the NAMESPACE file)
     for when this namespace is loaded but not attached.
    See the information on DESCRIPTION files in the chapter ‘Creating R
    packages’ of the ‘Writing R Extensions’ manual.
Flavors: r-devel-linux-x86_64-debian-clang, r-devel-linux-x86_64-debian-gcc, r-devel-linux-x86_64-fedora-clang, r-devel-linux-x86_64-fedora-gcc, r-devel-osx-x86_64-clang, r-devel-osx-x86_64-gcc, r-devel-windows-ix86+x86_64, r-patched-linux-x86_64, r-release-linux-ix86, r-release-linux-x86_64, r-release-osx-x86_64-mavericks, r-release-windows-ix86+x86_64, r-oldrel-windows-ix86+x86_64

Version: 0.8
Flags: --no-examples --no-tests --no-vignettes
Check: dependencies in R code
Result: NOTE
    'library' or 'require' calls to packages already attached by Depends:
     ‘lattice’ ‘splines’
     Please remove these calls from your code.
    Package in Depends field not imported from: ‘lattice’
     These packages need to be imported from (in the NAMESPACE file)
     for when this namespace is loaded but not attached.
    See the information on DESCRIPTION files in the chapter ‘Creating R
    packages’ of the ‘Writing R Extensions’ manual.
Flavors: r-patched-solaris-sparc, r-patched-solaris-x86

Version: 0.8
Check: PDF version of manual
Result: WARNING
    LaTeX errors when creating PDF version.
    This typically indicates Rd problems.
    LaTeX errors found:
    ! LaTeX Error: File `upquote.sty' not found.
    
    Type X to quit or <RETURN> to proceed,
    or enter new name. (Default extension: sty)
    
    2679b96b/Rd2.tex:8: ==> Fatal error occurred, no output PDF file produced!
Flavor: r-release-osx-x86_64-mavericks

Version: 0.8
Check: dependencies in R code
Result: NOTE
    'library' or 'require' calls to packages already attached by Depends:
     'lattice' 'splines'
     Please remove these calls from your code.
    Package in Depends field not imported from: 'lattice'
     These packages need to be imported from for the case when
     this namespace is loaded but not attached.
    See the information on DESCRIPTION files in the chapter 'Creating R
    packages' of the 'Writing R Extensions' manual.
Flavor: r-release-osx-x86_64-snowleopard