CRAN Package Check Results for Package sme

Last updated on 2017-12-13 07:48:48 CET.

Flavor Version Tinstall Tcheck Ttotal Status Flags
r-devel-linux-x86_64-debian-clang 0.8 3.36 167.74 171.10 NOTE
r-devel-linux-x86_64-debian-gcc 0.8 3.14 128.45 131.59 WARN
r-devel-linux-x86_64-fedora-clang 0.8 195.30 NOTE
r-devel-linux-x86_64-fedora-gcc 0.8 195.63 WARN
r-devel-windows-ix86+x86_64 0.8 27.00 183.00 210.00 NOTE
r-patched-linux-x86_64 0.8 3.53 169.38 172.91 NOTE
r-patched-solaris-x86 0.8 42.70 NOTE --no-examples --no-tests --no-vignettes
r-release-linux-x86_64 0.8 3.42 168.92 172.34 NOTE
r-release-windows-ix86+x86_64 0.8 15.00 242.00 257.00 NOTE
r-release-osx-x86_64 0.8 NOTE
r-oldrel-windows-ix86+x86_64 0.8 23.00 227.00 250.00 NOTE
r-oldrel-osx-x86_64 0.8 NOTE

Check Details

Version: 0.8
Check: dependencies in R code
Result: NOTE
    'library' or 'require' calls to packages already attached by Depends:
     ‘lattice’ ‘splines’
     Please remove these calls from your code.
    Packages in Depends field not imported from:
     ‘lattice’ ‘splines’
     These packages need to be imported from (in the NAMESPACE file)
     for when this namespace is loaded but not attached.
Flavors: r-devel-linux-x86_64-debian-clang, r-devel-linux-x86_64-debian-gcc, r-devel-linux-x86_64-fedora-clang, r-devel-linux-x86_64-fedora-gcc, r-devel-windows-ix86+x86_64, r-patched-linux-x86_64, r-release-linux-x86_64, r-release-windows-ix86+x86_64, r-release-osx-x86_64, r-oldrel-windows-ix86+x86_64, r-oldrel-osx-x86_64

Version: 0.8
Check: S3 generic/method consistency
Result: NOTE
    Found the following apparent S3 methods exported but not registered:
     plot.sme sme.data.frame sme.default sme.list
    See section ‘Registering S3 methods’ in the ‘Writing R Extensions’
    manual.
Flavors: r-devel-linux-x86_64-debian-clang, r-devel-linux-x86_64-debian-gcc, r-devel-linux-x86_64-fedora-clang, r-devel-linux-x86_64-fedora-gcc, r-patched-linux-x86_64, r-release-linux-x86_64

Version: 0.8
Check: R code for possible problems
Result: NOTE
    getRoughnessMatrix: no visible global function definition for ‘ns’
    plotSmeDiagnostic: no visible global function definition for ‘layout’
    plotSmeDiagnostic: no visible global function definition for ‘plot’
    plotSmeModel: no visible global function definition for ‘plot’
    plotSmeModel: no visible global function definition for ‘lines’
    plotSmeModel: no visible global function definition for ‘col2rgb’
    plotSmeModel: no visible global function definition for ‘polygon’
    plotSmeModel: no visible global function definition for ‘rgb’
    plotSmeRaw: no visible global function definition for ‘xyplot’
    plotSmeRaw : <anonymous>: no visible global function definition for
     ‘panel.xyplot’
    plotSmeRaw : <anonymous>: no visible global function definition for
     ‘panel.lines’
    sme.default: no visible global function definition for ‘ns’
    sme.list: no visible binding for global variable ‘ns’
    sme.list : <anonymous>: no visible global function definition for ‘ns’
    vcov.sme: no visible global function definition for ‘ns’
    Undefined global functions or variables:
     col2rgb layout lines ns panel.lines panel.xyplot plot polygon rgb
     xyplot
    Consider adding
     importFrom("grDevices", "col2rgb", "rgb")
     importFrom("graphics", "layout", "lines", "plot", "polygon")
    to your NAMESPACE file.
Flavors: r-devel-linux-x86_64-debian-clang, r-devel-linux-x86_64-debian-gcc, r-devel-linux-x86_64-fedora-clang, r-devel-linux-x86_64-fedora-gcc, r-devel-windows-ix86+x86_64, r-patched-linux-x86_64, r-release-linux-x86_64, r-release-windows-ix86+x86_64, r-release-osx-x86_64, r-oldrel-windows-ix86+x86_64, r-oldrel-osx-x86_64

Version: 0.8
Check: compiled code
Result: NOTE
    File ‘sme/libs/sme.so’:
     Found no calls to: ‘R_registerRoutines’, ‘R_useDynamicSymbols’
    
    It is good practice to register native routines and to disable symbol
    search.
    
    See ‘Writing portable packages’ in the ‘Writing R Extensions’ manual.
Flavors: r-devel-linux-x86_64-debian-clang, r-devel-linux-x86_64-debian-gcc, r-devel-linux-x86_64-fedora-clang, r-devel-linux-x86_64-fedora-gcc, r-patched-linux-x86_64, r-release-linux-x86_64

Version: 0.8
Check: whether package can be installed
Result: WARN
    Found the following significant warnings:
     NelderMead.c:140:24: warning: ‘%5d’ directive writing between 5 and 10 bytes into a region of size 6 [-Wformat-overflow=]
Flavors: r-devel-linux-x86_64-debian-gcc, r-devel-linux-x86_64-fedora-gcc

Version: 0.8
Flags: --no-examples --no-tests --no-vignettes
Check: dependencies in R code
Result: NOTE
    'library' or 'require' calls to packages already attached by Depends:
     ‘lattice’ ‘splines’
     Please remove these calls from your code.
    Packages in Depends field not imported from:
     ‘lattice’ ‘splines’
     These packages need to be imported from (in the NAMESPACE file)
     for when this namespace is loaded but not attached.
Flavor: r-patched-solaris-x86

Version: 0.8
Flags: --no-examples --no-tests --no-vignettes
Check: S3 generic/method consistency
Result: NOTE
    Found the following apparent S3 methods exported but not registered:
     plot.sme sme.data.frame sme.default sme.list
    See section ‘Registering S3 methods’ in the ‘Writing R Extensions’
    manual.
Flavor: r-patched-solaris-x86

Version: 0.8
Flags: --no-examples --no-tests --no-vignettes
Check: R code for possible problems
Result: NOTE
    getRoughnessMatrix: no visible global function definition for ‘ns’
    plotSmeDiagnostic: no visible global function definition for ‘layout’
    plotSmeDiagnostic: no visible global function definition for ‘plot’
    plotSmeModel: no visible global function definition for ‘plot’
    plotSmeModel: no visible global function definition for ‘lines’
    plotSmeModel: no visible global function definition for ‘col2rgb’
    plotSmeModel: no visible global function definition for ‘polygon’
    plotSmeModel: no visible global function definition for ‘rgb’
    plotSmeRaw: no visible global function definition for ‘xyplot’
    plotSmeRaw : <anonymous>: no visible global function definition for
     ‘panel.xyplot’
    plotSmeRaw : <anonymous>: no visible global function definition for
     ‘panel.lines’
    sme.default: no visible global function definition for ‘ns’
    sme.list: no visible binding for global variable ‘ns’
    sme.list : <anonymous>: no visible global function definition for ‘ns’
    vcov.sme: no visible global function definition for ‘ns’
    Undefined global functions or variables:
     col2rgb layout lines ns panel.lines panel.xyplot plot polygon rgb
     xyplot
    Consider adding
     importFrom("grDevices", "col2rgb", "rgb")
     importFrom("graphics", "layout", "lines", "plot", "polygon")
    to your NAMESPACE file.
Flavor: r-patched-solaris-x86