CRAN Package Check Results for Package sme

Last updated on 2014-12-20 03:49:42.

Flavor Version Tinstall Tcheck Ttotal Status Flags
r-devel-linux-x86_64-debian-clang 0.8 2.26 158.32 160.58 NOTE
r-devel-linux-x86_64-debian-gcc 0.8 2.38 151.06 153.44 NOTE
r-devel-linux-x86_64-fedora-clang 0.8 324.40 NOTE
r-devel-linux-x86_64-fedora-gcc 0.8 283.81 NOTE
r-devel-osx-x86_64-clang 0.8 253.55 NOTE
r-devel-windows-ix86+x86_64 0.8 17.00 282.00 299.00 NOTE
r-patched-linux-x86_64 0.8 2.42 154.02 156.44 NOTE
r-patched-solaris-sparc 0.8 166.70 NOTE --no-examples --no-tests --no-vignettes
r-patched-solaris-x86 0.8 44.80 NOTE --no-examples --no-tests --no-vignettes
r-release-linux-ix86 0.8 3.22 190.18 193.39 NOTE
r-release-linux-x86_64 0.8 2.43 153.41 155.84 NOTE
r-release-osx-x86_64-mavericks 0.8 NOTE
r-release-osx-x86_64-snowleopard 0.8 NOTE
r-release-windows-ix86+x86_64 0.8 17.00 282.00 299.00 NOTE
r-oldrel-windows-ix86+x86_64 0.8 16.00 250.00 266.00 NOTE

Check Details

Version: 0.8
Check: dependencies in R code
Result: NOTE
    'library' or 'require' calls to packages already attached by Depends:
     ‘lattice’ ‘splines’
     Please remove these calls from your code.
    Packages in Depends field not imported from:
     ‘lattice’ ‘splines’
     These packages need to be imported from (in the NAMESPACE file)
     for when this namespace is loaded but not attached.
    See the information on DESCRIPTION files in the chapter ‘Creating R
    packages’ of the ‘Writing R Extensions’ manual.
Flavors: r-devel-linux-x86_64-debian-clang, r-devel-linux-x86_64-debian-gcc, r-devel-linux-x86_64-fedora-clang, r-devel-linux-x86_64-fedora-gcc, r-devel-osx-x86_64-clang, r-devel-windows-ix86+x86_64, r-patched-linux-x86_64, r-release-linux-ix86, r-release-linux-x86_64, r-release-windows-ix86+x86_64

Version: 0.8
Check: R code for possible problems
Result: NOTE
    getRoughnessMatrix: no visible global function definition for ‘ns’
    plotSmeRaw: no visible global function definition for ‘xyplot’
    plotSmeRaw : <anonymous>: no visible global function definition for
     ‘panel.xyplot’
    plotSmeRaw : <anonymous>: no visible global function definition for
     ‘panel.lines’
    sme.default: no visible global function definition for ‘ns’
    sme.list: no visible binding for global variable ‘ns’
    sme.list : <anonymous>: no visible global function definition for ‘ns’
    vcov.sme: no visible global function definition for ‘ns’
Flavors: r-devel-linux-x86_64-debian-clang, r-devel-linux-x86_64-debian-gcc, r-devel-linux-x86_64-fedora-clang, r-devel-linux-x86_64-fedora-gcc, r-devel-osx-x86_64-clang, r-devel-windows-ix86+x86_64, r-patched-linux-x86_64, r-release-linux-ix86, r-release-linux-x86_64, r-release-windows-ix86+x86_64

Version: 0.8
Flags: --no-examples --no-tests --no-vignettes
Check: dependencies in R code
Result: NOTE
    'library' or 'require' calls to packages already attached by Depends:
     ‘lattice’ ‘splines’
     Please remove these calls from your code.
    Packages in Depends field not imported from:
     ‘lattice’ ‘splines’
     These packages need to be imported from (in the NAMESPACE file)
     for when this namespace is loaded but not attached.
    See the information on DESCRIPTION files in the chapter ‘Creating R
    packages’ of the ‘Writing R Extensions’ manual.
Flavors: r-patched-solaris-sparc, r-patched-solaris-x86

Version: 0.8
Flags: --no-examples --no-tests --no-vignettes
Check: R code for possible problems
Result: NOTE
    getRoughnessMatrix: no visible global function definition for ‘ns’
    plotSmeRaw: no visible global function definition for ‘xyplot’
    plotSmeRaw : <anonymous>: no visible global function definition for
     ‘panel.xyplot’
    plotSmeRaw : <anonymous>: no visible global function definition for
     ‘panel.lines’
    sme.default: no visible global function definition for ‘ns’
    sme.list: no visible binding for global variable ‘ns’
    sme.list : <anonymous>: no visible global function definition for ‘ns’
    vcov.sme: no visible global function definition for ‘ns’
Flavors: r-patched-solaris-sparc, r-patched-solaris-x86

Version: 0.8
Check: dependencies in R code
Result: NOTE
    'library' or 'require' calls to packages already attached by Depends:
     ‘lattice’ ‘splines’
     Please remove these calls from your code.
    Package in Depends field not imported from: ‘lattice’
     These packages need to be imported from (in the NAMESPACE file)
     for when this namespace is loaded but not attached.
    See the information on DESCRIPTION files in the chapter ‘Creating R
    packages’ of the ‘Writing R Extensions’ manual.
Flavors: r-release-osx-x86_64-mavericks, r-oldrel-windows-ix86+x86_64

Version: 0.8
Check: dependencies in R code
Result: NOTE
    'library' or 'require' calls to packages already attached by Depends:
     'lattice' 'splines'
     Please remove these calls from your code.
    Package in Depends field not imported from: 'lattice'
     These packages need to be imported from for the case when
     this namespace is loaded but not attached.
    See the information on DESCRIPTION files in the chapter 'Creating R
    packages' of the 'Writing R Extensions' manual.
Flavor: r-release-osx-x86_64-snowleopard