CRAN Package Check Results for Package sme

Last updated on 2017-02-27 23:03:59.

Flavor Version Tinstall Tcheck Ttotal Status Flags
r-devel-linux-x86_64-debian-clang 0.8 2.95 108.17 111.12 NOTE
r-devel-linux-x86_64-debian-gcc 0.8 2.66 104.48 107.14 NOTE
r-devel-linux-x86_64-fedora-clang 0.8 204.04 NOTE --no-stop-on-test-error
r-devel-linux-x86_64-fedora-gcc 0.8 199.34 NOTE --no-stop-on-test-error
r-devel-macos-x86_64-clang 0.8 157.44 NOTE --no-stop-on-test-error
r-devel-windows-ix86+x86_64 0.8 17.00 282.00 299.00 NOTE
r-patched-linux-x86_64 0.8 2.35 96.94 99.29 NOTE
r-patched-solaris-sparc 0.8 152.60 NOTE --no-examples --no-tests --no-vignettes
r-patched-solaris-x86 0.8 35.60 NOTE --no-examples --no-tests --no-vignettes
r-release-linux-x86_64 0.8 2.31 96.76 99.07 NOTE
r-release-osx-x86_64-mavericks 0.8 NOTE
r-release-windows-ix86+x86_64 0.8 26.00 186.00 212.00 NOTE
r-oldrel-windows-ix86+x86_64 0.8 15.00 362.00 377.00 NOTE

Check Details

Version: 0.8
Check: dependencies in R code
Result: NOTE
    'library' or 'require' calls to packages already attached by Depends:
     ‘lattice’ ‘splines’
     Please remove these calls from your code.
    Packages in Depends field not imported from:
     ‘lattice’ ‘splines’
     These packages need to be imported from (in the NAMESPACE file)
     for when this namespace is loaded but not attached.
Flavors: r-devel-linux-x86_64-debian-clang, r-devel-linux-x86_64-debian-gcc, r-devel-windows-ix86+x86_64, r-patched-linux-x86_64, r-release-linux-x86_64, r-release-osx-x86_64-mavericks, r-release-windows-ix86+x86_64, r-oldrel-windows-ix86+x86_64

Version: 0.8
Check: S3 generic/method consistency
Result: NOTE
    Found the following apparent S3 methods exported but not registered:
     plot.sme sme.data.frame sme.default sme.list
    See section ‘Registering S3 methods’ in the ‘Writing R Extensions’
    manual.
Flavors: r-devel-linux-x86_64-debian-clang, r-devel-linux-x86_64-debian-gcc, r-patched-linux-x86_64, r-release-linux-x86_64

Version: 0.8
Check: R code for possible problems
Result: NOTE
    getRoughnessMatrix: no visible global function definition for ‘ns’
    plotSmeDiagnostic: no visible global function definition for ‘layout’
    plotSmeDiagnostic: no visible global function definition for ‘plot’
    plotSmeModel: no visible global function definition for ‘plot’
    plotSmeModel: no visible global function definition for ‘lines’
    plotSmeModel: no visible global function definition for ‘col2rgb’
    plotSmeModel: no visible global function definition for ‘polygon’
    plotSmeModel: no visible global function definition for ‘rgb’
    plotSmeRaw: no visible global function definition for ‘xyplot’
    plotSmeRaw : <anonymous>: no visible global function definition for
     ‘panel.xyplot’
    plotSmeRaw : <anonymous>: no visible global function definition for
     ‘panel.lines’
    sme.default: no visible global function definition for ‘ns’
    sme.list: no visible binding for global variable ‘ns’
    sme.list : <anonymous>: no visible global function definition for ‘ns’
    vcov.sme: no visible global function definition for ‘ns’
    Undefined global functions or variables:
     col2rgb layout lines ns panel.lines panel.xyplot plot polygon rgb
     xyplot
    Consider adding
     importFrom("grDevices", "col2rgb", "rgb")
     importFrom("graphics", "layout", "lines", "plot", "polygon")
    to your NAMESPACE file.
Flavors: r-devel-linux-x86_64-debian-clang, r-devel-linux-x86_64-debian-gcc, r-devel-windows-ix86+x86_64, r-patched-linux-x86_64, r-release-linux-x86_64, r-release-osx-x86_64-mavericks, r-release-windows-ix86+x86_64

Version: 0.8
Check: compiled code
Result: NOTE
    File ‘sme/libs/sme.so’:
     Found no calls to: ‘R_registerRoutines’, ‘R_useDynamicSymbols’
    
    It is good practice to register native routines and to disable symbol
    search.
    
    See ‘Writing portable packages’ in the ‘Writing R Extensions’ manual.
Flavors: r-devel-linux-x86_64-debian-clang, r-devel-linux-x86_64-debian-gcc

Version: 0.8
Flags: --no-stop-on-test-error
Check: dependencies in R code
Result: NOTE
    'library' or 'require' calls to packages already attached by Depends:
     ‘lattice’ ‘splines’
     Please remove these calls from your code.
    Packages in Depends field not imported from:
     ‘lattice’ ‘splines’
     These packages need to be imported from (in the NAMESPACE file)
     for when this namespace is loaded but not attached.
Flavors: r-devel-linux-x86_64-fedora-clang, r-devel-linux-x86_64-fedora-gcc, r-devel-macos-x86_64-clang

Version: 0.8
Flags: --no-stop-on-test-error
Check: S3 generic/method consistency
Result: NOTE
    Found the following apparent S3 methods exported but not registered:
     plot.sme sme.data.frame sme.default sme.list
    See section ‘Registering S3 methods’ in the ‘Writing R Extensions’
    manual.
Flavors: r-devel-linux-x86_64-fedora-clang, r-devel-linux-x86_64-fedora-gcc, r-devel-macos-x86_64-clang

Version: 0.8
Flags: --no-stop-on-test-error
Check: R code for possible problems
Result: NOTE
    getRoughnessMatrix: no visible global function definition for ‘ns’
    plotSmeDiagnostic: no visible global function definition for ‘layout’
    plotSmeDiagnostic: no visible global function definition for ‘plot’
    plotSmeModel: no visible global function definition for ‘plot’
    plotSmeModel: no visible global function definition for ‘lines’
    plotSmeModel: no visible global function definition for ‘col2rgb’
    plotSmeModel: no visible global function definition for ‘polygon’
    plotSmeModel: no visible global function definition for ‘rgb’
    plotSmeRaw: no visible global function definition for ‘xyplot’
    plotSmeRaw : <anonymous>: no visible global function definition for
     ‘panel.xyplot’
    plotSmeRaw : <anonymous>: no visible global function definition for
     ‘panel.lines’
    sme.default: no visible global function definition for ‘ns’
    sme.list: no visible binding for global variable ‘ns’
    sme.list : <anonymous>: no visible global function definition for ‘ns’
    vcov.sme: no visible global function definition for ‘ns’
    Undefined global functions or variables:
     col2rgb layout lines ns panel.lines panel.xyplot plot polygon rgb
     xyplot
    Consider adding
     importFrom("grDevices", "col2rgb", "rgb")
     importFrom("graphics", "layout", "lines", "plot", "polygon")
    to your NAMESPACE file.
Flavors: r-devel-linux-x86_64-fedora-clang, r-devel-linux-x86_64-fedora-gcc, r-devel-macos-x86_64-clang

Version: 0.8
Flags: --no-stop-on-test-error
Check: compiled code
Result: NOTE
    File ‘sme/libs/sme.so’:
     Found no calls to: ‘R_registerRoutines’, ‘R_useDynamicSymbols’
    
    It is good practice to register native routines and to disable symbol
    search.
    
    See ‘Writing portable packages’ in the ‘Writing R Extensions’ manual.
Flavors: r-devel-linux-x86_64-fedora-clang, r-devel-linux-x86_64-fedora-gcc, r-devel-macos-x86_64-clang

Version: 0.8
Flags: --no-examples --no-tests --no-vignettes
Check: dependencies in R code
Result: NOTE
    'library' or 'require' calls to packages already attached by Depends:
     ‘lattice’ ‘splines’
     Please remove these calls from your code.
    Packages in Depends field not imported from:
     ‘lattice’ ‘splines’
     These packages need to be imported from (in the NAMESPACE file)
     for when this namespace is loaded but not attached.
Flavors: r-patched-solaris-sparc, r-patched-solaris-x86

Version: 0.8
Flags: --no-examples --no-tests --no-vignettes
Check: S3 generic/method consistency
Result: NOTE
    Found the following apparent S3 methods exported but not registered:
     plot.sme sme.data.frame sme.default sme.list
    See section ‘Registering S3 methods’ in the ‘Writing R Extensions’
    manual.
Flavors: r-patched-solaris-sparc, r-patched-solaris-x86

Version: 0.8
Flags: --no-examples --no-tests --no-vignettes
Check: R code for possible problems
Result: NOTE
    getRoughnessMatrix: no visible global function definition for ‘ns’
    plotSmeDiagnostic: no visible global function definition for ‘layout’
    plotSmeDiagnostic: no visible global function definition for ‘plot’
    plotSmeModel: no visible global function definition for ‘plot’
    plotSmeModel: no visible global function definition for ‘lines’
    plotSmeModel: no visible global function definition for ‘col2rgb’
    plotSmeModel: no visible global function definition for ‘polygon’
    plotSmeModel: no visible global function definition for ‘rgb’
    plotSmeRaw: no visible global function definition for ‘xyplot’
    plotSmeRaw : <anonymous>: no visible global function definition for
     ‘panel.xyplot’
    plotSmeRaw : <anonymous>: no visible global function definition for
     ‘panel.lines’
    sme.default: no visible global function definition for ‘ns’
    sme.list: no visible binding for global variable ‘ns’
    sme.list : <anonymous>: no visible global function definition for ‘ns’
    vcov.sme: no visible global function definition for ‘ns’
    Undefined global functions or variables:
     col2rgb layout lines ns panel.lines panel.xyplot plot polygon rgb
     xyplot
    Consider adding
     importFrom("grDevices", "col2rgb", "rgb")
     importFrom("graphics", "layout", "lines", "plot", "polygon")
    to your NAMESPACE file.
Flavors: r-patched-solaris-sparc, r-patched-solaris-x86

Version: 0.8
Check: R code for possible problems
Result: NOTE
    getRoughnessMatrix: no visible global function definition for 'ns'
    plotSmeRaw: no visible global function definition for 'xyplot'
    plotSmeRaw : <anonymous>: no visible global function definition for
     'panel.xyplot'
    plotSmeRaw : <anonymous>: no visible global function definition for
     'panel.lines'
    sme.default: no visible global function definition for 'ns'
    sme.list: no visible binding for global variable 'ns'
    sme.list : <anonymous>: no visible global function definition for 'ns'
    vcov.sme: no visible global function definition for 'ns'
Flavor: r-oldrel-windows-ix86+x86_64