CRAN Package Check Results for Package sme

Last updated on 2016-12-11 03:47:42.

Flavor Version Tinstall Tcheck Ttotal Status Flags
r-devel-linux-x86_64-debian-clang 0.8 2.94 105.60 108.54 NOTE
r-devel-linux-x86_64-debian-gcc 0.8 2.80 103.95 106.74 NOTE
r-devel-linux-x86_64-fedora-clang 0.8 200.23 NOTE --no-stop-on-test-error
r-devel-linux-x86_64-fedora-gcc 0.8 195.65 NOTE --no-stop-on-test-error
r-devel-macos-x86_64-clang 0.8 154.94 NOTE --no-stop-on-test-error
r-devel-windows-ix86+x86_64 0.8 11.00 233.00 244.00 NOTE
r-patched-linux-x86_64 0.8 2.50 96.81 99.32 NOTE
r-patched-solaris-sparc 0.8 150.50 NOTE --no-examples --no-tests --no-vignettes
r-patched-solaris-x86 0.8 35.00 NOTE --no-examples --no-tests --no-vignettes
r-release-linux-x86_64 0.8 2.34 96.49 98.83 NOTE
r-release-osx-x86_64-mavericks 0.8 NOTE
r-release-windows-ix86+x86_64 0.8 20.00 186.00 206.00 NOTE
r-oldrel-windows-ix86+x86_64 0.8 21.00 296.00 317.00 NOTE

Check Details

Version: 0.8
Check: dependencies in R code
Result: NOTE
    'library' or 'require' calls to packages already attached by Depends:
     ‘lattice’ ‘splines’
     Please remove these calls from your code.
    Packages in Depends field not imported from:
     ‘lattice’ ‘splines’
     These packages need to be imported from (in the NAMESPACE file)
     for when this namespace is loaded but not attached.
Flavors: r-devel-linux-x86_64-debian-clang, r-devel-linux-x86_64-debian-gcc, r-devel-windows-ix86+x86_64, r-patched-linux-x86_64, r-release-linux-x86_64, r-release-osx-x86_64-mavericks, r-release-windows-ix86+x86_64, r-oldrel-windows-ix86+x86_64

Version: 0.8
Check: S3 generic/method consistency
Result: NOTE
    Found the following apparent S3 methods exported but not registered:
     plot.sme sme.data.frame sme.default sme.list
    See section ‘Registering S3 methods’ in the ‘Writing R Extensions’
    manual.
Flavors: r-devel-linux-x86_64-debian-clang, r-devel-linux-x86_64-debian-gcc, r-patched-linux-x86_64, r-release-linux-x86_64

Version: 0.8
Check: R code for possible problems
Result: NOTE
    getRoughnessMatrix: no visible global function definition for ‘ns’
    plotSmeDiagnostic: no visible global function definition for ‘layout’
    plotSmeDiagnostic: no visible global function definition for ‘plot’
    plotSmeModel: no visible global function definition for ‘plot’
    plotSmeModel: no visible global function definition for ‘lines’
    plotSmeModel: no visible global function definition for ‘col2rgb’
    plotSmeModel: no visible global function definition for ‘polygon’
    plotSmeModel: no visible global function definition for ‘rgb’
    plotSmeRaw: no visible global function definition for ‘xyplot’
    plotSmeRaw : <anonymous>: no visible global function definition for
     ‘panel.xyplot’
    plotSmeRaw : <anonymous>: no visible global function definition for
     ‘panel.lines’
    sme.default: no visible global function definition for ‘ns’
    sme.list: no visible binding for global variable ‘ns’
    sme.list : <anonymous>: no visible global function definition for ‘ns’
    vcov.sme: no visible global function definition for ‘ns’
    Undefined global functions or variables:
     col2rgb layout lines ns panel.lines panel.xyplot plot polygon rgb
     xyplot
    Consider adding
     importFrom("grDevices", "col2rgb", "rgb")
     importFrom("graphics", "layout", "lines", "plot", "polygon")
    to your NAMESPACE file.
Flavors: r-devel-linux-x86_64-debian-clang, r-devel-linux-x86_64-debian-gcc, r-devel-windows-ix86+x86_64, r-patched-linux-x86_64, r-release-linux-x86_64, r-release-osx-x86_64-mavericks, r-release-windows-ix86+x86_64

Version: 0.8
Flags: --no-stop-on-test-error
Check: dependencies in R code
Result: NOTE
    'library' or 'require' calls to packages already attached by Depends:
     ‘lattice’ ‘splines’
     Please remove these calls from your code.
    Packages in Depends field not imported from:
     ‘lattice’ ‘splines’
     These packages need to be imported from (in the NAMESPACE file)
     for when this namespace is loaded but not attached.
Flavors: r-devel-linux-x86_64-fedora-clang, r-devel-linux-x86_64-fedora-gcc, r-devel-macos-x86_64-clang

Version: 0.8
Flags: --no-stop-on-test-error
Check: S3 generic/method consistency
Result: NOTE
    Found the following apparent S3 methods exported but not registered:
     plot.sme sme.data.frame sme.default sme.list
    See section ‘Registering S3 methods’ in the ‘Writing R Extensions’
    manual.
Flavors: r-devel-linux-x86_64-fedora-clang, r-devel-linux-x86_64-fedora-gcc, r-devel-macos-x86_64-clang

Version: 0.8
Flags: --no-stop-on-test-error
Check: R code for possible problems
Result: NOTE
    getRoughnessMatrix: no visible global function definition for ‘ns’
    plotSmeDiagnostic: no visible global function definition for ‘layout’
    plotSmeDiagnostic: no visible global function definition for ‘plot’
    plotSmeModel: no visible global function definition for ‘plot’
    plotSmeModel: no visible global function definition for ‘lines’
    plotSmeModel: no visible global function definition for ‘col2rgb’
    plotSmeModel: no visible global function definition for ‘polygon’
    plotSmeModel: no visible global function definition for ‘rgb’
    plotSmeRaw: no visible global function definition for ‘xyplot’
    plotSmeRaw : <anonymous>: no visible global function definition for
     ‘panel.xyplot’
    plotSmeRaw : <anonymous>: no visible global function definition for
     ‘panel.lines’
    sme.default: no visible global function definition for ‘ns’
    sme.list: no visible binding for global variable ‘ns’
    sme.list : <anonymous>: no visible global function definition for ‘ns’
    vcov.sme: no visible global function definition for ‘ns’
    Undefined global functions or variables:
     col2rgb layout lines ns panel.lines panel.xyplot plot polygon rgb
     xyplot
    Consider adding
     importFrom("grDevices", "col2rgb", "rgb")
     importFrom("graphics", "layout", "lines", "plot", "polygon")
    to your NAMESPACE file.
Flavors: r-devel-linux-x86_64-fedora-clang, r-devel-linux-x86_64-fedora-gcc, r-devel-macos-x86_64-clang

Version: 0.8
Flags: --no-examples --no-tests --no-vignettes
Check: dependencies in R code
Result: NOTE
    'library' or 'require' calls to packages already attached by Depends:
     ‘lattice’ ‘splines’
     Please remove these calls from your code.
    Packages in Depends field not imported from:
     ‘lattice’ ‘splines’
     These packages need to be imported from (in the NAMESPACE file)
     for when this namespace is loaded but not attached.
Flavors: r-patched-solaris-sparc, r-patched-solaris-x86

Version: 0.8
Flags: --no-examples --no-tests --no-vignettes
Check: S3 generic/method consistency
Result: NOTE
    Found the following apparent S3 methods exported but not registered:
     plot.sme sme.data.frame sme.default sme.list
    See section ‘Registering S3 methods’ in the ‘Writing R Extensions’
    manual.
Flavors: r-patched-solaris-sparc, r-patched-solaris-x86

Version: 0.8
Flags: --no-examples --no-tests --no-vignettes
Check: R code for possible problems
Result: NOTE
    getRoughnessMatrix: no visible global function definition for ‘ns’
    plotSmeDiagnostic: no visible global function definition for ‘layout’
    plotSmeDiagnostic: no visible global function definition for ‘plot’
    plotSmeModel: no visible global function definition for ‘plot’
    plotSmeModel: no visible global function definition for ‘lines’
    plotSmeModel: no visible global function definition for ‘col2rgb’
    plotSmeModel: no visible global function definition for ‘polygon’
    plotSmeModel: no visible global function definition for ‘rgb’
    plotSmeRaw: no visible global function definition for ‘xyplot’
    plotSmeRaw : <anonymous>: no visible global function definition for
     ‘panel.xyplot’
    plotSmeRaw : <anonymous>: no visible global function definition for
     ‘panel.lines’
    sme.default: no visible global function definition for ‘ns’
    sme.list: no visible binding for global variable ‘ns’
    sme.list : <anonymous>: no visible global function definition for ‘ns’
    vcov.sme: no visible global function definition for ‘ns’
    Undefined global functions or variables:
     col2rgb layout lines ns panel.lines panel.xyplot plot polygon rgb
     xyplot
    Consider adding
     importFrom("grDevices", "col2rgb", "rgb")
     importFrom("graphics", "layout", "lines", "plot", "polygon")
    to your NAMESPACE file.
Flavors: r-patched-solaris-sparc, r-patched-solaris-x86

Version: 0.8
Check: R code for possible problems
Result: NOTE
    getRoughnessMatrix: no visible global function definition for 'ns'
    plotSmeRaw: no visible global function definition for 'xyplot'
    plotSmeRaw : <anonymous>: no visible global function definition for
     'panel.xyplot'
    plotSmeRaw : <anonymous>: no visible global function definition for
     'panel.lines'
    sme.default: no visible global function definition for 'ns'
    sme.list: no visible binding for global variable 'ns'
    sme.list : <anonymous>: no visible global function definition for 'ns'
    vcov.sme: no visible global function definition for 'ns'
Flavor: r-oldrel-windows-ix86+x86_64