CRAN Package Check Results for Package smile

Last updated on 2022-09-27 10:49:17 CEST.

Flavor Version Tinstall Tcheck Ttotal Status Flags
r-devel-linux-x86_64-debian-clang 1.0.4.1 62.42 153.38 215.80 OK
r-devel-linux-x86_64-debian-gcc 1.0.4.1 47.05 114.71 161.76 OK
r-devel-linux-x86_64-fedora-clang 1.0.4.1 285.91 NOTE
r-devel-linux-x86_64-fedora-gcc 1.0.4.1 261.19 OK
r-devel-windows-x86_64 1.0.4.1 69.00 213.00 282.00 NOTE
r-patched-linux-x86_64 1.0.4.1 50.55 139.90 190.45 OK
r-release-linux-x86_64 1.0.4.1 54.72 143.10 197.82 OK
r-release-macos-arm64 1.0.4.1 74.00 NOTE
r-release-macos-x86_64 1.0.4.1 110.00 NOTE
r-release-windows-x86_64 1.0.4.1 69.00 226.00 295.00 NOTE
r-oldrel-macos-arm64 1.0.4.1 78.00 NOTE
r-oldrel-macos-x86_64 1.0.4.1 106.00 NOTE
r-oldrel-windows-ix86+x86_64 1.0.4.1 140.00 232.00 372.00 NOTE

Check Details

Version: 1.0.4.1
Check: installed package size
Result: NOTE
     installed size is 5.8Mb
     sub-directories of 1Mb or more:
     data 4.6Mb
Flavors: r-devel-linux-x86_64-fedora-clang, r-devel-windows-x86_64, r-release-macos-arm64, r-release-macos-x86_64, r-release-windows-x86_64, r-oldrel-macos-arm64, r-oldrel-macos-x86_64, r-oldrel-windows-ix86+x86_64