CRAN Package Check Results for Package smile

Last updated on 2024-02-27 11:50:03 CET.

Flavor Version Tinstall Tcheck Ttotal Status Flags
r-devel-linux-x86_64-debian-clang 1.0.4.1 64.38 148.77 213.15 NOTE
r-devel-linux-x86_64-debian-gcc 1.0.4.1 44.21 112.31 156.52 NOTE
r-devel-linux-x86_64-fedora-clang 1.0.4.1 276.59 NOTE
r-devel-linux-x86_64-fedora-gcc 1.0.4.1 279.15 NOTE
r-devel-windows-x86_64 1.0.4.1 48.00 159.00 207.00 NOTE
r-patched-linux-x86_64 1.0.4.1 61.71 146.83 208.54 NOTE
r-release-linux-x86_64 1.0.4.1 63.07 143.43 206.50 NOTE
r-release-macos-arm64 1.0.4.1 89.00 NOTE
r-release-macos-x86_64 1.0.4.1 143.00 NOTE
r-release-windows-x86_64 1.0.4.1 59.00 189.00 248.00 NOTE
r-oldrel-macos-arm64 1.0.4.1 74.00 NOTE
r-oldrel-windows-x86_64 1.0.4.1 61.00 169.00 230.00 NOTE

Check Details

Version: 1.0.4.1
Check: C++ specification
Result: NOTE Specified C++11: please drop specification unless essential Flavors: r-devel-linux-x86_64-debian-clang, r-devel-linux-x86_64-debian-gcc, r-devel-linux-x86_64-fedora-clang, r-devel-linux-x86_64-fedora-gcc, r-devel-windows-x86_64, r-patched-linux-x86_64, r-release-linux-x86_64, r-release-macos-arm64, r-release-macos-x86_64, r-release-windows-x86_64

Version: 1.0.4.1
Check: Rd files
Result: NOTE checkRd: (-1) fit_spm.Rd:73: Lost braces; missing escapes or markup? 73 | algorithm to be used. For details, see {optim}.} | ^ checkRd: (-1) fit_spm.Rd:76: Lost braces; missing escapes or markup? 76 | the optimization algorithm to be used. For details, see {optim}.} | ^ checkRd: (-1) fit_spm.Rd:101: Lost braces; missing escapes or markup? 101 | the control parameters from the {optim} function through the argument | ^ Flavors: r-devel-linux-x86_64-debian-clang, r-devel-linux-x86_64-debian-gcc, r-devel-linux-x86_64-fedora-clang, r-devel-linux-x86_64-fedora-gcc

Version: 1.0.4.1
Check: Rd \usage sections
Result: NOTE Documented arguments not in \usage in Rd file 'aux_cs.Rd': ‘dists’ Documented arguments not in \usage in Rd file 'aux_gauss.Rd': ‘dists’ Documented arguments not in \usage in Rd file 'aux_gw.Rd': ‘dists’ Documented arguments not in \usage in Rd file 'aux_mat.Rd': ‘mat_list1’ ‘mat_list2’ ‘x’ ‘y’ ‘return_single’ Documented arguments not in \usage in Rd file 'aux_matern.Rd': ‘dists’ Documented arguments not in \usage in Rd file 'aux_pexp.Rd': ‘dists’ Documented arguments not in \usage in Rd file 'aux_spher.Rd': ‘dists’ Documented arguments not in \usage in Rd file 'aux_tapmat.Rd': ‘dists’ Functions with \usage entries need to have the appropriate \alias entries, and all their arguments documented. The \usage entries must correspond to syntactically valid R code. See chapter ‘Writing R documentation files’ in the ‘Writing R Extensions’ manual. Flavors: r-devel-linux-x86_64-debian-clang, r-devel-linux-x86_64-debian-gcc, r-devel-linux-x86_64-fedora-clang, r-devel-linux-x86_64-fedora-gcc, r-devel-windows-x86_64

Version: 1.0.4.1
Check: installed package size
Result: NOTE installed size is 5.5Mb sub-directories of 1Mb or more: data 4.4Mb Flavors: r-devel-linux-x86_64-fedora-clang, r-devel-windows-x86_64, r-release-macos-arm64, r-release-macos-x86_64, r-release-windows-x86_64, r-oldrel-macos-arm64, r-oldrel-windows-x86_64