CRAN Package Check Results for Package smoof

Last updated on 2022-01-21 06:50:48 CET.

Flavor Version Tinstall Tcheck Ttotal Status Flags
r-devel-linux-x86_64-debian-clang 1.6.0.2 NOTE
r-devel-linux-x86_64-debian-gcc 1.6.0.2 59.02 89.58 148.60 NOTE
r-devel-linux-x86_64-fedora-clang 1.6.0.2 293.74 NOTE
r-devel-linux-x86_64-fedora-gcc 1.6.0.2 254.00 NOTE
r-devel-windows-x86_64-new-UL 1.6.0.2 217.00 165.00 382.00 NOTE
r-devel-windows-x86_64-new-TK 1.6.0.2 NOTE
r-patched-linux-x86_64 1.6.0.2 52.24 117.77 170.01 NOTE
r-release-linux-x86_64 1.6.0.2 55.61 115.95 171.56 NOTE
r-release-macos-arm64 1.6.0.2 NOTE
r-release-macos-x86_64 1.6.0.2 NOTE
r-release-windows-ix86+x86_64 1.6.0.2 209.00 182.00 391.00 NOTE
r-oldrel-macos-x86_64 1.6.0.2 NOTE
r-oldrel-windows-ix86+x86_64 1.6.0.2 208.00 178.00 386.00 NOTE

Check Details

Version: 1.6.0.2
Check: package dependencies
Result: NOTE
    Package suggested but not available for checking: 'rPython'
Flavors: r-devel-linux-x86_64-debian-clang, r-devel-linux-x86_64-debian-gcc, r-devel-linux-x86_64-fedora-clang, r-devel-linux-x86_64-fedora-gcc, r-devel-windows-x86_64-new-UL, r-devel-windows-x86_64-new-TK, r-patched-linux-x86_64, r-release-linux-x86_64, r-release-macos-arm64, r-release-macos-x86_64, r-release-windows-ix86+x86_64, r-oldrel-macos-x86_64, r-oldrel-windows-ix86+x86_64

Version: 1.6.0.2
Check: LazyData
Result: NOTE
     'LazyData' is specified without a 'data' directory
Flavors: r-devel-linux-x86_64-debian-clang, r-devel-linux-x86_64-debian-gcc, r-devel-linux-x86_64-fedora-clang, r-devel-linux-x86_64-fedora-gcc, r-devel-windows-x86_64-new-UL, r-devel-windows-x86_64-new-TK, r-patched-linux-x86_64, r-release-linux-x86_64, r-release-macos-arm64, r-release-macos-x86_64, r-release-windows-ix86+x86_64