CRAN Package Check Results for Package smoothAPC

Last updated on 2024-07-22 18:52:34 CEST.

Flavor Version Tinstall Tcheck Ttotal Status Flags
r-devel-linux-x86_64-debian-clang 0.3 10.57 125.29 135.86 NOTE
r-devel-linux-x86_64-debian-gcc 0.3 8.79 94.74 103.53 NOTE
r-devel-linux-x86_64-fedora-clang 0.3 177.19 NOTE
r-devel-linux-x86_64-fedora-gcc 0.3 159.09 NOTE
r-devel-windows-x86_64 0.3 10.00 109.00 119.00 NOTE
r-patched-linux-x86_64 0.3 12.25 119.16 131.41 NOTE
r-release-linux-x86_64 0.3 8.75 120.29 129.04 NOTE
r-release-macos-arm64 0.3 47.00 NOTE
r-release-macos-x86_64 0.3 70.00 NOTE
r-release-windows-x86_64 0.3 10.00 110.00 120.00 NOTE
r-oldrel-macos-arm64 0.3 57.00 NOTE
r-oldrel-macos-x86_64 0.3 87.00 NOTE
r-oldrel-windows-x86_64 0.3 13.00 125.00 138.00 NOTE

Check Details

Version: 0.3
Check: LazyData
Result: NOTE 'LazyData' is specified without a 'data' directory Flavors: r-devel-linux-x86_64-debian-clang, r-devel-linux-x86_64-debian-gcc, r-devel-linux-x86_64-fedora-clang, r-devel-linux-x86_64-fedora-gcc, r-devel-windows-x86_64, r-patched-linux-x86_64, r-release-linux-x86_64, r-release-macos-arm64, r-release-macos-x86_64, r-release-windows-x86_64, r-oldrel-macos-arm64, r-oldrel-macos-x86_64, r-oldrel-windows-x86_64

Version: 0.3
Check: dependencies in R code
Result: NOTE Namespaces in Imports field not imported from: ‘compiler’ ‘lmtest’ All declared Imports should be used. Flavors: r-devel-linux-x86_64-fedora-clang, r-devel-linux-x86_64-fedora-gcc

Version: 0.3
Check: package dependencies
Result: NOTE Package suggested but not available for checking: ‘demography’ Flavor: r-oldrel-macos-x86_64