CRAN Package Check Results for Package smoothHR

Last updated on 2015-08-02 06:48:14.

Flavor Version Tinstall Tcheck Ttotal Status Flags
r-devel-linux-x86_64-debian-clang 1.0.1 0.62 17.42 18.03 NOTE
r-devel-linux-x86_64-debian-gcc 1.0.1 0.66 16.95 17.60 NOTE
r-devel-linux-x86_64-fedora-clang 1.0.1 34.51 NOTE
r-devel-linux-x86_64-fedora-gcc 1.0.1 33.23 NOTE
r-devel-osx-x86_64-clang 1.0.1 30.93 NOTE
r-devel-windows-ix86+x86_64 1.0.1 3.00 31.00 34.00 NOTE
r-patched-linux-x86_64 1.0.1 0.63 17.48 18.11 NOTE
r-patched-solaris-sparc 1.0.1 258.10 NOTE
r-patched-solaris-x86 1.0.1 52.30 NOTE
r-release-linux-x86_64 1.0.1 0.64 17.74 18.38 NOTE
r-release-osx-x86_64-mavericks 1.0.1 NOTE
r-release-windows-ix86+x86_64 1.0.1 4.00 30.00 34.00 NOTE
r-oldrel-windows-ix86+x86_64 1.0.1 4.00 34.00 38.00 NOTE

Check Details

Version: 1.0.1
Check: R code for possible problems
Result: NOTE
    dfmacox: no visible global function definition for ‘as.formula’
    dfnsmult: no visible global function definition for ‘as.formula’
    dfnsuniv: no visible global function definition for ‘as.formula’
    dfpsuniv: no visible global function definition for ‘as.formula’
    plot.HR: no visible global function definition for ‘predict’
    plot.HR: no visible global function definition for ‘quantile’
    plot.HR: no visible global function definition for ‘qnorm’
    plot.HR: no visible global function definition for ‘matplot’
    plot.HR: no visible global function definition for ‘axis’
    plot.HR: no visible global function definition for ‘polygon’
    plot.HR: no visible global function definition for ‘abline’
    plot.HR: no visible global function definition for ‘arrows’
    plot.HR: no visible global function definition for ‘text’
    predict.HR: no visible global function definition for ‘quantile’
    predict.HR: no visible global function definition for ‘predict’
    predict.HR: no visible global function definition for ‘qnorm’
    predict.HR: no visible global function definition for ‘approx’
    smoothHR: no visible global function definition for ‘terms’
    smoothHR: no visible global function definition for ‘as.formula’
    smoothHR: no visible global function definition for ‘cox.zph’
    smoothHR: no visible global function definition for ‘na.omit’
    Undefined global functions or variables:
     abline approx arrows as.formula axis cox.zph matplot na.omit polygon
     predict qnorm quantile terms text
    Consider adding
     importFrom("graphics", "abline", "arrows", "axis", "matplot",
     "polygon", "text")
     importFrom("stats", "approx", "as.formula", "na.omit", "predict",
     "qnorm", "quantile", "terms")
    to your NAMESPACE.
Flavors: r-devel-linux-x86_64-debian-clang, r-devel-linux-x86_64-debian-gcc, r-devel-linux-x86_64-fedora-clang, r-devel-linux-x86_64-fedora-gcc, r-devel-windows-ix86+x86_64

Version: 1.0.1
Check: R code for possible problems
Result: NOTE
    smoothHR: no visible global function definition for ‘cox.zph’
    Undefined global functions or variables:
     cox.zph
Flavor: r-devel-osx-x86_64-clang

Version: 1.0.1
Check: R code for possible problems
Result: NOTE
    smoothHR: no visible global function definition for ‘cox.zph’
Flavors: r-patched-linux-x86_64, r-patched-solaris-sparc, r-patched-solaris-x86, r-release-linux-x86_64, r-release-osx-x86_64-mavericks, r-release-windows-ix86+x86_64, r-oldrel-windows-ix86+x86_64