CRAN Package Check Results for Package smoothHR

Last updated on 2014-10-30 23:47:28.

Flavor Version Tinstall Tcheck Ttotal Status Flags
r-devel-linux-x86_64-debian-clang 1.0.1 0.77 18.02 18.79 NOTE
r-devel-linux-x86_64-debian-gcc 1.0.1 0.69 17.71 18.40 NOTE
r-devel-linux-x86_64-fedora-clang 1.0.1 36.52 NOTE
r-devel-linux-x86_64-fedora-gcc 1.0.1 35.18 NOTE
r-devel-osx-x86_64-clang 1.0.1 35.53 NOTE
r-devel-windows-ix86+x86_64 1.0.1 3.00 27.00 30.00 NOTE
r-patched-linux-x86_64 1.0.1 0.80 18.01 18.81 NOTE
r-patched-solaris-sparc 1.0.1 232.30 NOTE
r-patched-solaris-x86 1.0.1 54.50 NOTE
r-release-linux-ix86 1.0.1 1.02 24.84 25.86 OK
r-release-linux-x86_64 1.0.1 0.72 18.23 18.95 OK
r-release-osx-x86_64-mavericks 1.0.1 OK
r-release-osx-x86_64-snowleopard 1.0.1 OK
r-release-windows-ix86+x86_64 1.0.1 4.00 38.00 42.00 OK
r-oldrel-windows-ix86+x86_64 1.0.1 3.00 32.00 35.00 OK

Check Details

Version: 1.0.1
Check: R code for possible problems
Result: NOTE
    smoothHR: no visible global function definition for ‘cox.zph’
Flavors: r-devel-linux-x86_64-debian-clang, r-devel-linux-x86_64-debian-gcc, r-devel-linux-x86_64-fedora-clang, r-devel-linux-x86_64-fedora-gcc, r-devel-osx-x86_64-clang, r-devel-windows-ix86+x86_64, r-patched-linux-x86_64, r-patched-solaris-sparc, r-patched-solaris-x86