CRAN Package Check Results for Package smoothHR

Last updated on 2015-03-28 03:50:15.

Flavor Version Tinstall Tcheck Ttotal Status Flags
r-devel-linux-x86_64-debian-clang 1.0.1 0.62 17.95 18.57 NOTE
r-devel-linux-x86_64-debian-gcc 1.0.1 0.62 16.37 17.00 NOTE
r-devel-linux-x86_64-fedora-clang 1.0.1 34.17 NOTE
r-devel-linux-x86_64-fedora-gcc 1.0.1 33.22 NOTE
r-devel-osx-x86_64-clang 1.0.1 36.93 NOTE
r-prerel-windows-ix86+x86_64 1.0.1 3.00 27.00 30.00 NOTE
r-prerel-linux-x86_64 1.0.1 0.68 17.97 18.65 NOTE
r-prerel-solaris-sparc 1.0.1 223.10 NOTE
r-prerel-solaris-x86 1.0.1 48.80 NOTE
r-release-linux-x86_64 1.0.1 0.71 17.99 18.70 NOTE
r-release-osx-x86_64-mavericks 1.0.1 NOTE
r-release-osx-x86_64-snowleopard 1.0.1 OK
r-release-windows-ix86+x86_64 1.0.1 5.00 30.00 35.00 NOTE
r-oldrel-windows-ix86+x86_64 1.0.1 3.00 29.00 32.00 OK

Check Details

Version: 1.0.1
Check: R code for possible problems
Result: NOTE
    smoothHR: no visible global function definition for ‘cox.zph’
Flavors: r-devel-linux-x86_64-debian-clang, r-devel-linux-x86_64-debian-gcc, r-devel-linux-x86_64-fedora-clang, r-devel-linux-x86_64-fedora-gcc, r-devel-osx-x86_64-clang, r-prerel-windows-ix86+x86_64, r-prerel-linux-x86_64, r-prerel-solaris-sparc, r-prerel-solaris-x86, r-release-linux-x86_64, r-release-osx-x86_64-mavericks, r-release-windows-ix86+x86_64