CRAN Package Check Results for Package smoothHR

Last updated on 2015-05-24 23:47:38.

Flavor Version Tinstall Tcheck Ttotal Status Flags
r-devel-linux-x86_64-debian-clang 1.0.1 0.62 17.38 18.00 NOTE
r-devel-linux-x86_64-debian-gcc 1.0.1 0.64 16.97 17.61 NOTE
r-devel-linux-x86_64-fedora-clang 1.0.1 33.97 NOTE
r-devel-linux-x86_64-fedora-gcc 1.0.1 32.37 NOTE
r-devel-osx-x86_64-clang 1.0.1 33.60 NOTE
r-devel-windows-ix86+x86_64 1.0.1 3.00 28.00 31.00 NOTE
r-patched-linux-x86_64 1.0.1 0.70 16.60 17.30 NOTE
r-patched-solaris-sparc 1.0.1 230.20 NOTE
r-patched-solaris-x86 1.0.1 48.90 NOTE
r-release-linux-x86_64 1.0.1 0.64 17.11 17.75 NOTE
r-release-osx-x86_64-mavericks 1.0.1 NOTE
r-release-osx-x86_64-snowleopard 1.0.1 NOTE
r-release-windows-ix86+x86_64 1.0.1 2.00 33.00 35.00 NOTE
r-oldrel-windows-ix86+x86_64 1.0.1 5.00 30.00 35.00 NOTE

Check Details

Version: 1.0.1
Check: R code for possible problems
Result: NOTE
    smoothHR: no visible global function definition for ‘cox.zph’
Flavors: r-devel-linux-x86_64-debian-clang, r-devel-linux-x86_64-debian-gcc, r-devel-linux-x86_64-fedora-clang, r-devel-linux-x86_64-fedora-gcc, r-devel-osx-x86_64-clang, r-devel-windows-ix86+x86_64, r-patched-linux-x86_64, r-patched-solaris-sparc, r-patched-solaris-x86, r-release-linux-x86_64, r-release-osx-x86_64-mavericks, r-release-osx-x86_64-snowleopard, r-release-windows-ix86+x86_64, r-oldrel-windows-ix86+x86_64