CRAN Package Check Results for Package smoothHR

Last updated on 2014-11-23 19:47:57.

Flavor Version Tinstall Tcheck Ttotal Status Flags
r-devel-linux-x86_64-debian-clang 1.0.1 0.81 18.40 19.21 NOTE
r-devel-linux-x86_64-debian-gcc 1.0.1 0.73 17.87 18.60 NOTE
r-devel-linux-x86_64-fedora-clang 1.0.1 38.34 NOTE
r-devel-linux-x86_64-fedora-gcc 1.0.1 36.70 NOTE
r-devel-osx-x86_64-clang 1.0.1 36.61 NOTE
r-devel-windows-ix86+x86_64 1.0.1 3.00 29.00 32.00 NOTE
r-patched-linux-x86_64 1.0.1 0.71 17.80 18.52 NOTE
r-patched-solaris-sparc 1.0.1 232.30 NOTE
r-patched-solaris-x86 1.0.1 53.80 NOTE
r-release-linux-ix86 1.0.1 1.03 24.28 25.31 NOTE
r-release-linux-x86_64 1.0.1 0.72 17.95 18.66 NOTE
r-release-osx-x86_64-mavericks 1.0.1 OK
r-release-osx-x86_64-snowleopard 1.0.1 OK
r-release-windows-ix86+x86_64 1.0.1 3.00 40.00 43.00 NOTE
r-oldrel-windows-ix86+x86_64 1.0.1 3.00 32.00 35.00 OK

Check Details

Version: 1.0.1
Check: R code for possible problems
Result: NOTE
    smoothHR: no visible global function definition for ‘cox.zph’
Flavors: r-devel-linux-x86_64-debian-clang, r-devel-linux-x86_64-debian-gcc, r-devel-linux-x86_64-fedora-clang, r-devel-linux-x86_64-fedora-gcc, r-devel-osx-x86_64-clang, r-devel-windows-ix86+x86_64, r-patched-linux-x86_64, r-patched-solaris-sparc, r-patched-solaris-x86, r-release-linux-ix86, r-release-linux-x86_64, r-release-windows-ix86+x86_64