CRAN Package Check Results for Package smoothHR

Last updated on 2015-02-27 20:49:47.

Flavor Version Tinstall Tcheck Ttotal Status Flags
r-devel-linux-x86_64-debian-clang 1.0.1 0.63 17.22 17.85 NOTE
r-devel-linux-x86_64-debian-gcc 1.0.1 0.62 16.38 17.00 NOTE
r-devel-linux-x86_64-fedora-clang 1.0.1 34.15 NOTE
r-devel-linux-x86_64-fedora-gcc 1.0.1 32.72 NOTE
r-devel-osx-x86_64-clang 1.0.1 34.05 NOTE
r-devel-windows-ix86+x86_64 1.0.1 3.00 28.00 31.00 NOTE
r-patched-linux-x86_64 1.0.1 0.74 17.95 18.68 NOTE
r-patched-solaris-sparc 1.0.1 232.80 NOTE
r-release-linux-ix86 1.0.1 1.02 28.74 29.76 NOTE
r-release-linux-x86_64 1.0.1 0.72 17.98 18.70 NOTE
r-release-osx-x86_64-mavericks 1.0.1 NOTE
r-release-osx-x86_64-snowleopard 1.0.1 OK
r-release-windows-ix86+x86_64 1.0.1 4.00 29.00 33.00 NOTE
r-oldrel-windows-ix86+x86_64 1.0.1 3.00 29.00 32.00 OK

Check Details

Version: 1.0.1
Check: R code for possible problems
Result: NOTE
    smoothHR: no visible global function definition for ‘cox.zph’
Flavors: r-devel-linux-x86_64-debian-clang, r-devel-linux-x86_64-debian-gcc, r-devel-linux-x86_64-fedora-clang, r-devel-linux-x86_64-fedora-gcc, r-devel-osx-x86_64-clang, r-devel-windows-ix86+x86_64, r-patched-linux-x86_64, r-patched-solaris-sparc, r-release-linux-ix86, r-release-linux-x86_64, r-release-osx-x86_64-mavericks, r-release-windows-ix86+x86_64