CRAN Package Check Results for Package smoothHR

Last updated on 2014-08-29 02:47:55.

Flavor Version Tinstall Tcheck Ttotal Status Flags
r-devel-linux-x86_64-debian-clang 1.0.1 0.65 17.67 18.32 NOTE
r-devel-linux-x86_64-debian-gcc 1.0.1 0.64 17.13 17.76 NOTE
r-devel-linux-x86_64-fedora-clang 1.0.1 36.11 NOTE
r-devel-linux-x86_64-fedora-gcc 1.0.1 33.72 NOTE
r-devel-osx-x86_64-clang 1.0.1 33.53 NOTE
r-devel-windows-ix86+x86_64 1.0.1 3.00 31.00 34.00 NOTE
r-patched-linux-x86_64 1.0.1 0.68 17.43 18.12 OK
r-patched-solaris-sparc 1.0.1 235.30 OK
r-patched-solaris-x86 1.0.1 54.60 OK
r-release-linux-ix86 1.0.1 1.04 24.66 25.70 OK
r-release-linux-x86_64 1.0.1 0.75 17.68 18.43 OK
r-release-osx-x86_64-mavericks 1.0.1 OK
r-release-osx-x86_64-snowleopard 1.0.1 OK
r-release-windows-ix86+x86_64 1.0.1 4.00 38.00 42.00 OK
r-oldrel-windows-ix86+x86_64 1.0.1 3.00 32.00 35.00 OK

Check Details

Version: 1.0.1
Check: R code for possible problems
Result: NOTE
    smoothHR: no visible global function definition for ‘cox.zph’
Flavors: r-devel-linux-x86_64-debian-clang, r-devel-linux-x86_64-debian-gcc, r-devel-linux-x86_64-fedora-clang, r-devel-linux-x86_64-fedora-gcc, r-devel-osx-x86_64-clang, r-devel-windows-ix86+x86_64