CRAN Package Check Results for Package smoothHR

Last updated on 2014-12-19 11:48:46.

Flavor Version Tinstall Tcheck Ttotal Status Flags
r-devel-linux-x86_64-debian-clang 1.0.1 0.70 18.38 19.08 NOTE
r-devel-linux-x86_64-debian-gcc 1.0.1 0.73 17.92 18.65 NOTE
r-devel-linux-x86_64-fedora-clang 1.0.1 37.93 NOTE
r-devel-linux-x86_64-fedora-gcc 1.0.1 36.67 NOTE
r-devel-osx-x86_64-clang 1.0.1 35.62 NOTE
r-devel-windows-ix86+x86_64 1.0.1 3.00 27.00 30.00 NOTE
r-patched-linux-x86_64 1.0.1 0.78 19.14 19.92 NOTE
r-patched-solaris-sparc 1.0.1 232.30 NOTE
r-patched-solaris-x86 1.0.1 54.80 NOTE
r-release-linux-ix86 1.0.1 1.04 24.35 25.39 NOTE
r-release-linux-x86_64 1.0.1 0.71 17.81 18.52 NOTE
r-release-osx-x86_64-mavericks 1.0.1 OK
r-release-osx-x86_64-snowleopard 1.0.1 OK
r-release-windows-ix86+x86_64 1.0.1 3.00 40.00 43.00 NOTE
r-oldrel-windows-ix86+x86_64 1.0.1 3.00 32.00 35.00 OK

Check Details

Version: 1.0.1
Check: R code for possible problems
Result: NOTE
    smoothHR: no visible global function definition for ‘cox.zph’
Flavors: r-devel-linux-x86_64-debian-clang, r-devel-linux-x86_64-debian-gcc, r-devel-linux-x86_64-fedora-clang, r-devel-linux-x86_64-fedora-gcc, r-devel-osx-x86_64-clang, r-devel-windows-ix86+x86_64, r-patched-linux-x86_64, r-patched-solaris-sparc, r-patched-solaris-x86, r-release-linux-ix86, r-release-linux-x86_64, r-release-windows-ix86+x86_64