CRAN Package Check Results for Package smoothSurv

Last updated on 2014-07-25 17:48:08.

Flavor Version Tinstall Tcheck Ttotal Status Flags
r-devel-linux-x86_64-debian-clang 1.3-2 13.57 21.04 34.61 NOTE
r-devel-linux-x86_64-debian-gcc 1.3-2 17.52 19.72 37.24 NOTE
r-devel-linux-x86_64-fedora-clang 1.3-2 74.97 NOTE
r-devel-linux-x86_64-fedora-gcc 1.3-2 69.23 NOTE
r-devel-osx-x86_64-clang 1.3-2 61.41 NOTE
r-devel-windows-ix86+x86_64 1.3-2 54.00 52.00 106.00 NOTE
r-patched-linux-x86_64 1.3-2 17.61 20.67 38.28 NOTE
r-patched-solaris-sparc 1.3-2 501.60 NOTE
r-patched-solaris-x86 1.3-2 100.90 NOTE
r-release-linux-ix86 1.3-2 24.71 27.34 52.04 NOTE
r-release-linux-x86_64 1.3-2 17.62 20.64 38.26 NOTE
r-release-osx-x86_64-mavericks 1.3-2 NOTE
r-release-windows-ix86+x86_64 1.3-2 68.00 66.00 134.00 NOTE
r-oldrel-windows-ix86+x86_64 1.3-2 52.00 54.00 106.00 NOTE

Check Details

Version: 1.3-2
Check: dependencies in R code
Result: NOTE
    'library' or 'require' call to ‘survival’ which was already attached by Depends.
     Please remove these calls from your code.
    See the information on DESCRIPTION files in the chapter ‘Creating R
    packages’ of the ‘Writing R Extensions’ manual.
Flavors: r-devel-linux-x86_64-debian-clang, r-devel-linux-x86_64-debian-gcc, r-devel-linux-x86_64-fedora-clang, r-devel-linux-x86_64-fedora-gcc, r-devel-osx-x86_64-clang, r-devel-windows-ix86+x86_64, r-patched-linux-x86_64, r-patched-solaris-sparc, r-patched-solaris-x86, r-release-linux-ix86, r-release-linux-x86_64, r-release-osx-x86_64-mavericks, r-release-windows-ix86+x86_64, r-oldrel-windows-ix86+x86_64