CRAN Package Check Results for Package smoothSurv

Last updated on 2014-10-01 23:47:12.

Flavor Version Tinstall Tcheck Ttotal Status Flags
r-devel-linux-x86_64-debian-clang 1.3-2 16.68 19.98 36.66 WARN
r-devel-linux-x86_64-debian-gcc 1.3-2 17.67 20.09 37.76 NOTE
r-devel-linux-x86_64-fedora-clang 1.3-2 85.32 WARN
r-devel-linux-x86_64-fedora-gcc 1.3-2 67.36 NOTE
r-devel-osx-x86_64-clang 1.3-2 55.02 WARN
r-devel-windows-ix86+x86_64 1.3-2 52.00 50.00 102.00 NOTE
r-patched-linux-x86_64 1.3-2 20.34 20.62 40.97 NOTE
r-patched-solaris-sparc 1.3-2 527.90 NOTE
r-patched-solaris-x86 1.3-2 104.10 NOTE
r-release-linux-ix86 1.3-2 24.84 27.47 52.30 NOTE
r-release-linux-x86_64 1.3-2 17.84 21.29 39.13 NOTE
r-release-osx-x86_64-mavericks 1.3-2 NOTE
r-release-windows-ix86+x86_64 1.3-2 68.00 66.00 134.00 NOTE
r-oldrel-windows-ix86+x86_64 1.3-2 52.00 54.00 106.00 NOTE

Check Details

Version: 1.3-2
Check: whether package can be installed
Result: WARN
    Found the following significant warnings:
     ./Scythe_Matrix.cpp:358:16: warning: variable length arrays are a C99 feature [-Wvla-extension]
     ./Scythe_Matrix.cpp:381:16: warning: variable length arrays are a C99 feature [-Wvla-extension]
     Scythe_Matrix.cpp:358:16: warning: variable length arrays are a C99 feature [-Wvla-extension]
     Scythe_Matrix.cpp:381:16: warning: variable length arrays are a C99 feature [-Wvla-extension]
Flavors: r-devel-linux-x86_64-debian-clang, r-devel-linux-x86_64-fedora-clang, r-devel-osx-x86_64-clang

Version: 1.3-2
Check: dependencies in R code
Result: NOTE
    'library' or 'require' call to ‘survival’ which was already attached by Depends.
     Please remove these calls from your code.
    See the information on DESCRIPTION files in the chapter ‘Creating R
    packages’ of the ‘Writing R Extensions’ manual.
Flavors: r-devel-linux-x86_64-debian-clang, r-devel-linux-x86_64-debian-gcc, r-devel-linux-x86_64-fedora-clang, r-devel-linux-x86_64-fedora-gcc, r-devel-osx-x86_64-clang, r-devel-windows-ix86+x86_64, r-patched-linux-x86_64, r-patched-solaris-sparc, r-patched-solaris-x86, r-release-linux-ix86, r-release-linux-x86_64, r-release-osx-x86_64-mavericks, r-release-windows-ix86+x86_64, r-oldrel-windows-ix86+x86_64