CRAN Package Check Results for Package smoothSurv

Last updated on 2017-06-23 03:49:17.

Flavor Version Tinstall Tcheck Ttotal Status Flags
r-devel-linux-x86_64-debian-clang 1.6 27.08 44.21 71.29 NOTE
r-devel-linux-x86_64-debian-gcc 1.6 19.74 43.10 62.84 NOTE
r-devel-linux-x86_64-fedora-clang 1.6 159.97 NOTE
r-devel-linux-x86_64-fedora-gcc 1.6 131.06 NOTE
r-devel-windows-ix86+x86_64 1.6 80.00 105.00 185.00 OK
r-patched-linux-x86_64 1.6 19.51 44.61 64.12 NOTE
r-patched-solaris-sparc 1.6 739.30 OK
r-patched-solaris-x86 1.6 158.40 OK
r-release-linux-x86_64 1.6 19.56 45.02 64.57 NOTE
r-release-windows-ix86+x86_64 1.6 88.00 132.00 220.00 OK
r-release-osx-x86_64 1.6 OK
r-oldrel-windows-ix86+x86_64 1.6 87.00 93.00 180.00 OK
r-oldrel-osx-x86_64 1.6 OK

Check Details

Version: 1.6
Check: compiled code
Result: NOTE
    File ‘smoothSurv/libs/smoothSurv.so’:
     Found no calls to: ‘R_registerRoutines’, ‘R_useDynamicSymbols’
    
    It is good practice to register native routines and to disable symbol
    search.
    
    See ‘Writing portable packages’ in the ‘Writing R Extensions’ manual.
Flavors: r-devel-linux-x86_64-debian-clang, r-devel-linux-x86_64-debian-gcc, r-devel-linux-x86_64-fedora-clang, r-devel-linux-x86_64-fedora-gcc, r-patched-linux-x86_64, r-release-linux-x86_64