CRAN Package Check Results for Package smoothSurv

Last updated on 2017-02-25 16:48:40.

Flavor Version Tinstall Tcheck Ttotal Status Flags
r-devel-linux-x86_64-debian-clang 1.6 22.08 46.61 68.69 NOTE
r-devel-linux-x86_64-debian-gcc 1.6 19.74 43.39 63.13 NOTE
r-devel-linux-x86_64-fedora-clang 1.6 148.41 NOTE --no-stop-on-test-error
r-devel-linux-x86_64-fedora-gcc 1.6 134.50 NOTE --no-stop-on-test-error
r-devel-macos-x86_64-clang 1.6 109.07 NOTE --no-stop-on-test-error
r-devel-windows-ix86+x86_64 1.6 85.00 129.00 214.00 OK
r-patched-linux-x86_64 1.6 17.86 39.44 57.30 OK
r-patched-solaris-sparc 1.6 681.50 OK
r-patched-solaris-x86 1.6 141.60 OK
r-release-linux-x86_64 1.6 17.83 40.21 58.04 OK
r-release-osx-x86_64-mavericks 1.6 OK
r-release-windows-ix86+x86_64 1.6 94.00 163.00 257.00 OK
r-oldrel-windows-ix86+x86_64 1.6 75.00 94.00 169.00 OK

Check Details

Version: 1.6
Check: compiled code
Result: NOTE
    File ‘smoothSurv/libs/smoothSurv.so’:
     Found no calls to: ‘R_registerRoutines’, ‘R_useDynamicSymbols’
    
    It is good practice to register native routines and to disable symbol
    search.
    
    See ‘Writing portable packages’ in the ‘Writing R Extensions’ manual.
Flavors: r-devel-linux-x86_64-debian-clang, r-devel-linux-x86_64-debian-gcc

Version: 1.6
Flags: --no-stop-on-test-error
Check: compiled code
Result: NOTE
    File ‘smoothSurv/libs/smoothSurv.so’:
     Found no calls to: ‘R_registerRoutines’, ‘R_useDynamicSymbols’
    
    It is good practice to register native routines and to disable symbol
    search.
    
    See ‘Writing portable packages’ in the ‘Writing R Extensions’ manual.
Flavors: r-devel-linux-x86_64-fedora-clang, r-devel-linux-x86_64-fedora-gcc, r-devel-macos-x86_64-clang