CRAN Package Check Results for Package smoothSurv

Last updated on 2015-01-25 19:47:51.

Flavor Version Tinstall Tcheck Ttotal Status Flags
r-devel-linux-x86_64-debian-clang 1.3-2 16.46 19.33 35.79 WARN
r-devel-linux-x86_64-debian-gcc 1.3-2 17.51 20.28 37.79 NOTE
r-devel-linux-x86_64-fedora-clang 1.3-2 86.78 WARN
r-devel-linux-x86_64-fedora-gcc 1.3-2 72.23 NOTE
r-devel-osx-x86_64-clang 1.3-2 62.63 WARN
r-devel-windows-ix86+x86_64 1.3-2 55.00 51.00 106.00 NOTE
r-patched-linux-x86_64 1.3-2 17.61 20.46 38.07 NOTE
r-patched-solaris-sparc 1.3-2 525.30 NOTE
r-patched-solaris-x86 1.3-2 103.20 NOTE
r-release-linux-ix86 1.3-2 23.56 26.35 49.92 NOTE
r-release-linux-x86_64 1.3-2 17.75 20.78 38.52 NOTE
r-release-osx-x86_64-mavericks 1.3-2 NOTE
r-release-windows-ix86+x86_64 1.3-2 54.00 68.00 122.00 NOTE
r-oldrel-windows-ix86+x86_64 1.3-2 52.00 54.00 106.00 NOTE

Check Details

Version: 1.3-2
Check: whether package can be installed
Result: WARN
    Found the following significant warnings:
     ./Scythe_Matrix.cpp:358:16: warning: variable length arrays are a C99 feature [-Wvla-extension]
     ./Scythe_Matrix.cpp:381:16: warning: variable length arrays are a C99 feature [-Wvla-extension]
     Scythe_Matrix.cpp:358:16: warning: variable length arrays are a C99 feature [-Wvla-extension]
     Scythe_Matrix.cpp:381:16: warning: variable length arrays are a C99 feature [-Wvla-extension]
Flavors: r-devel-linux-x86_64-debian-clang, r-devel-linux-x86_64-fedora-clang, r-devel-osx-x86_64-clang

Version: 1.3-2
Check: dependencies in R code
Result: NOTE
    'library' or 'require' call to ‘survival’ which was already attached by Depends.
     Please remove these calls from your code.
Flavors: r-devel-linux-x86_64-debian-clang, r-devel-linux-x86_64-debian-gcc, r-devel-linux-x86_64-fedora-clang, r-devel-linux-x86_64-fedora-gcc, r-devel-osx-x86_64-clang, r-devel-windows-ix86+x86_64

Version: 1.3-2
Check: dependencies in R code
Result: NOTE
    'library' or 'require' call to ‘survival’ which was already attached by Depends.
     Please remove these calls from your code.
    See the information on DESCRIPTION files in the chapter ‘Creating R
    packages’ of the ‘Writing R Extensions’ manual.
Flavors: r-patched-linux-x86_64, r-patched-solaris-sparc, r-patched-solaris-x86, r-release-linux-ix86, r-release-linux-x86_64, r-release-osx-x86_64-mavericks, r-release-windows-ix86+x86_64, r-oldrel-windows-ix86+x86_64