CRAN Package Check Results for Package smoothSurv

Last updated on 2016-07-23 23:48:20.

Flavor Version Tinstall Tcheck Ttotal Status Flags
r-devel-linux-x86_64-debian-clang 1.6 30.30 48.50 78.80 WARN
r-devel-linux-x86_64-debian-gcc 1.6 27.81 46.50 74.31 OK
r-devel-linux-x86_64-fedora-clang 1.6 129.65 OK
r-devel-linux-x86_64-fedora-gcc 1.6 113.59 OK
r-devel-osx-x86_64-clang 1.6 91.98 OK
r-devel-windows-ix86+x86_64 1.6 81.00 112.00 193.00 OK
r-patched-linux-x86_64 1.6 21.65 46.73 68.37 OK
r-patched-solaris-sparc 1.6 707.00 NOTE
r-patched-solaris-x86 1.6 135.80 OK
r-release-linux-x86_64 1.6 22.28 47.33 69.62 OK
r-release-osx-x86_64-mavericks 1.6 OK
r-release-windows-ix86+x86_64 1.6 63.00 106.00 169.00 OK
r-oldrel-windows-ix86+x86_64 1.6 72.00 106.00 178.00 OK

Check Details

Version: 1.6
Check: whether package can be installed
Result: WARN
    Found the following significant warnings:
     ./Scythe_IDE.cpp:70:3: warning: 'register' storage class specifier is deprecated and incompatible with C++1z [-Wdeprecated-register]
     ./Scythe_IDE.cpp:107:4: warning: 'register' storage class specifier is deprecated and incompatible with C++1z [-Wdeprecated-register]
     ./Scythe_IDE.cpp:108:4: warning: 'register' storage class specifier is deprecated and incompatible with C++1z [-Wdeprecated-register]
     ./Scythe_IDE.cpp:109:4: warning: 'register' storage class specifier is deprecated and incompatible with C++1z [-Wdeprecated-register]
     ./Scythe_IDE.cpp:147:3: warning: 'register' storage class specifier is deprecated and incompatible with C++1z [-Wdeprecated-register]
     ./Scythe_IDE.cpp:148:3: warning: 'register' storage class specifier is deprecated and incompatible with C++1z [-Wdeprecated-register]
     ./Scythe_IDE.cpp:149:3: warning: 'register' storage class specifier is deprecated and incompatible with C++1z [-Wdeprecated-register]
     ./Scythe_IDE.cpp:189:3: warning: 'register' storage class specifier is deprecated and incompatible with C++1z [-Wdeprecated-register]
     ./Scythe_IDE.cpp:211:4: warning: 'register' storage class specifier is deprecated and incompatible with C++1z [-Wdeprecated-register]
     ./Scythe_IDE.cpp:212:4: warning: 'register' storage class specifier is deprecated and incompatible with C++1z [-Wdeprecated-register]
     ./Scythe_IDE.cpp:262:3: warning: 'register' storage class specifier is deprecated and incompatible with C++1z [-Wdeprecated-register]
     ./Scythe_IDE.cpp:265:4: warning: 'register' storage class specifier is deprecated and incompatible with C++1z [-Wdeprecated-register]
     ./Scythe_IDE.cpp:266:4: warning: 'register' storage class specifier is deprecated and incompatible with C++1z [-Wdeprecated-register]
Flavor: r-devel-linux-x86_64-debian-clang

Version: 1.6
Check: installed package size
Result: NOTE
     installed size is 6.2Mb
     sub-directories of 1Mb or more:
     libs 5.5Mb
Flavor: r-patched-solaris-sparc