CRAN Package Check Results for Package smoothSurv

Last updated on 2017-03-27 03:50:08.

Flavor Version Tinstall Tcheck Ttotal Status Flags
r-devel-linux-x86_64-debian-clang 1.6 27.24 44.71 71.95 NOTE
r-devel-linux-x86_64-debian-gcc 1.6 19.69 43.12 62.82 NOTE
r-devel-linux-x86_64-fedora-clang 1.6 167.27 NOTE --no-stop-on-test-error
r-devel-linux-x86_64-fedora-gcc 1.6 131.30 NOTE --no-stop-on-test-error
r-devel-macos-x86_64-clang 1.6 108.12 NOTE --no-stop-on-test-error
r-devel-windows-ix86+x86_64 1.6 69.00 137.00 206.00 OK
r-patched-linux-x86_64 1.6 18.25 43.21 61.46 NOTE
r-patched-solaris-sparc 1.6 739.30 OK
r-patched-solaris-x86 1.6 168.50 OK
r-release-linux-x86_64 1.6 17.71 39.50 57.21 OK
r-release-osx-x86_64-mavericks 1.6 OK
r-release-windows-ix86+x86_64 1.6 88.00 91.00 179.00 OK
r-oldrel-windows-ix86+x86_64 1.6 58.00 93.00 151.00 OK

Check Details

Version: 1.6
Check: compiled code
Result: NOTE
    File ‘smoothSurv/libs/smoothSurv.so’:
     Found no calls to: ‘R_registerRoutines’, ‘R_useDynamicSymbols’
    
    It is good practice to register native routines and to disable symbol
    search.
    
    See ‘Writing portable packages’ in the ‘Writing R Extensions’ manual.
Flavors: r-devel-linux-x86_64-debian-clang, r-devel-linux-x86_64-debian-gcc, r-patched-linux-x86_64

Version: 1.6
Flags: --no-stop-on-test-error
Check: compiled code
Result: NOTE
    File ‘smoothSurv/libs/smoothSurv.so’:
     Found no calls to: ‘R_registerRoutines’, ‘R_useDynamicSymbols’
    
    It is good practice to register native routines and to disable symbol
    search.
    
    See ‘Writing portable packages’ in the ‘Writing R Extensions’ manual.
Flavors: r-devel-linux-x86_64-fedora-clang, r-devel-linux-x86_64-fedora-gcc, r-devel-macos-x86_64-clang