CRAN Package Check Results for Package smoothSurv

Last updated on 2014-08-29 23:48:59.

Flavor Version Tinstall Tcheck Ttotal Status Flags
r-devel-linux-x86_64-debian-clang 1.3-2 13.48 21.19 34.67 NOTE
r-devel-linux-x86_64-debian-gcc 1.3-2 17.44 18.89 36.34 NOTE
r-devel-linux-x86_64-fedora-clang 1.3-2 75.68 NOTE
r-devel-linux-x86_64-fedora-gcc 1.3-2 68.16 NOTE
r-devel-osx-x86_64-clang 1.3-2 55.16 NOTE
r-devel-windows-ix86+x86_64 1.3-2 54.00 49.00 103.00 NOTE
r-patched-linux-x86_64 1.3-2 18.66 19.85 38.51 NOTE
r-patched-solaris-sparc 1.3-2 527.90 NOTE
r-patched-solaris-x86 1.3-2 104.00 NOTE
r-release-linux-ix86 1.3-2 24.71 27.16 51.86 NOTE
r-release-linux-x86_64 1.3-2 17.40 19.89 37.28 NOTE
r-release-osx-x86_64-mavericks 1.3-2 NOTE
r-release-windows-ix86+x86_64 1.3-2 68.00 66.00 134.00 NOTE
r-oldrel-windows-ix86+x86_64 1.3-2 52.00 54.00 106.00 NOTE

Check Details

Version: 1.3-2
Check: dependencies in R code
Result: NOTE
    'library' or 'require' call to ‘survival’ which was already attached by Depends.
     Please remove these calls from your code.
    See the information on DESCRIPTION files in the chapter ‘Creating R
    packages’ of the ‘Writing R Extensions’ manual.
Flavors: r-devel-linux-x86_64-debian-clang, r-devel-linux-x86_64-debian-gcc, r-devel-linux-x86_64-fedora-clang, r-devel-linux-x86_64-fedora-gcc, r-devel-osx-x86_64-clang, r-devel-windows-ix86+x86_64, r-patched-linux-x86_64, r-patched-solaris-sparc, r-patched-solaris-x86, r-release-linux-ix86, r-release-linux-x86_64, r-release-osx-x86_64-mavericks, r-release-windows-ix86+x86_64, r-oldrel-windows-ix86+x86_64