CRAN Package Check Results for Package smoothSurv

Last updated on 2015-03-30 17:49:15.

Flavor Version Tinstall Tcheck Ttotal Status Flags
r-devel-linux-x86_64-debian-clang 1.5 15.65 19.40 35.05 WARN
r-devel-linux-x86_64-debian-gcc 1.5 17.44 19.28 36.72 OK
r-devel-linux-x86_64-fedora-clang 1.5 79.17 WARN
r-devel-linux-x86_64-fedora-gcc 1.5 74.32 OK
r-devel-osx-x86_64-clang 1.5 60.03 WARN
r-prerel-windows-ix86+x86_64 1.5 73.00 50.00 123.00 OK
r-prerel-linux-x86_64 1.5 17.64 19.52 37.16 OK
r-prerel-solaris-sparc 1.5 530.40 OK
r-prerel-solaris-x86 1.5 96.30 OK
r-release-linux-x86_64 1.5 18.00 20.74 38.74 OK
r-release-osx-x86_64-mavericks 1.5 OK
r-release-osx-x86_64-snowleopard 1.5 OK
r-release-windows-ix86+x86_64 1.5 70.00 54.00 124.00 OK
r-oldrel-windows-ix86+x86_64 1.5 58.00 56.00 114.00 OK

Check Details

Version: 1.5
Check: whether package can be installed
Result: WARN
    Found the following significant warnings:
     ./Scythe_Matrix.cpp:358:16: warning: variable length arrays are a C99 feature [-Wvla-extension]
     ./Scythe_Matrix.cpp:381:16: warning: variable length arrays are a C99 feature [-Wvla-extension]
Flavors: r-devel-linux-x86_64-debian-clang, r-devel-linux-x86_64-fedora-clang

Version: 1.5
Check: whether package can be installed
Result: WARN
    Found the following significant warnings:
     ./Scythe_Matrix.cpp:358:16: warning: variable length arrays are a C99 feature [-Wvla-extension]
     ./Scythe_Matrix.cpp:381:16: warning: variable length arrays are a C99 feature [-Wvla-extension]
     Scythe_Matrix.cpp:358:16: warning: variable length arrays are a C99 feature [-Wvla-extension]
     Scythe_Matrix.cpp:381:16: warning: variable length arrays are a C99 feature [-Wvla-extension]
Flavor: r-devel-osx-x86_64-clang