CRAN Package Check Results for Package smoothSurv

Last updated on 2014-04-24 07:52:38.

Flavor Version Tinstall Tcheck Ttotal Status Flags
r-devel-linux-x86_64-debian-clang 1.3-2 13.70 20.96 34.66 NOTE
r-devel-linux-x86_64-debian-gcc 1.3-2 16.11 21.13 37.24 NOTE
r-devel-linux-x86_64-fedora-clang 1.3-2 76.69 NOTE
r-devel-linux-x86_64-fedora-gcc 1.3-2 71.30 NOTE
r-devel-osx-x86_64-clang 1.3-2 55.92 NOTE
r-devel-osx-x86_64-gcc 1.3-2 NOTE
r-devel-windows-ix86+x86_64 1.3-2 50.00 47.00 97.00 NOTE
r-patched-linux-x86_64 1.3-2 16.20 20.88 37.08 NOTE
r-patched-solaris-sparc 1.3-2 501.60 NOTE
r-patched-solaris-x86 1.3-2 96.10 NOTE
r-release-linux-ix86 1.3-2 26.00 40.00 66.00 NOTE
r-release-linux-x86_64 1.3-2 16.12 21.26 37.38 NOTE
r-release-osx-x86_64-mavericks 1.3-2 WARN
r-release-windows-ix86+x86_64 1.3-2 80.00 55.00 135.00 NOTE
r-oldrel-windows-ix86+x86_64 1.3-2 52.00 54.00 106.00 NOTE

Check Details

Version: 1.3-2
Check: dependencies in R code
Result: NOTE
    'library' or 'require' call to ‘survival’ which was already attached by Depends.
     Please remove these calls from your code.
    See the information on DESCRIPTION files in the chapter ‘Creating R
    packages’ of the ‘Writing R Extensions’ manual.
Flavors: r-devel-linux-x86_64-debian-clang, r-devel-linux-x86_64-debian-gcc, r-devel-linux-x86_64-fedora-clang, r-devel-linux-x86_64-fedora-gcc, r-devel-osx-x86_64-clang, r-devel-osx-x86_64-gcc, r-devel-windows-ix86+x86_64, r-patched-linux-x86_64, r-patched-solaris-sparc, r-patched-solaris-x86, r-release-linux-ix86, r-release-linux-x86_64, r-release-osx-x86_64-mavericks, r-release-windows-ix86+x86_64, r-oldrel-windows-ix86+x86_64

Version: 1.3-2
Check: PDF version of manual
Result: WARNING
    LaTeX errors when creating PDF version.
    This typically indicates Rd problems.
    LaTeX errors found:
    ! LaTeX Error: File `upquote.sty' not found.
    
    Type X to quit or <RETURN> to proceed,
    or enter new name. (Default extension: sty)
    
    47bcec0/Rd2.tex:8: ==> Fatal error occurred, no output PDF file produced!
Flavor: r-release-osx-x86_64-mavericks