CRAN Package Check Results for Package smoothSurv

Last updated on 2015-02-27 11:48:55.

Flavor Version Tinstall Tcheck Ttotal Status Flags
r-devel-linux-x86_64-debian-clang 1.5 17.05 19.45 36.50 WARN
r-devel-linux-x86_64-debian-gcc 1.5 17.47 18.90 36.37 OK
r-devel-linux-x86_64-fedora-clang 1.5 81.47 WARN
r-devel-linux-x86_64-fedora-gcc 1.5 69.77 OK
r-devel-osx-x86_64-clang 1.5 57.16 WARN
r-devel-windows-ix86+x86_64 1.5 54.00 49.00 103.00 OK
r-patched-linux-x86_64 1.5 17.78 20.68 38.46 OK
r-patched-solaris-sparc 1.5 502.30 OK
r-patched-solaris-x86 1.5 104.40 OK
r-release-linux-ix86 1.5 23.58 31.74 55.31 OK
r-release-linux-x86_64 1.5 17.61 0.26 17.88 OK
r-release-osx-x86_64-mavericks 1.5 OK
r-release-osx-x86_64-snowleopard 1.5 OK
r-release-windows-ix86+x86_64 1.5 62.00 55.00 117.00 OK
r-oldrel-windows-ix86+x86_64 1.5 58.00 56.00 114.00 OK

Check Details

Version: 1.5
Check: whether package can be installed
Result: WARN
    Found the following significant warnings:
     ./Scythe_Matrix.cpp:358:16: warning: variable length arrays are a C99 feature [-Wvla-extension]
     ./Scythe_Matrix.cpp:381:16: warning: variable length arrays are a C99 feature [-Wvla-extension]
     Scythe_Matrix.cpp:358:16: warning: variable length arrays are a C99 feature [-Wvla-extension]
     Scythe_Matrix.cpp:381:16: warning: variable length arrays are a C99 feature [-Wvla-extension]
Flavors: r-devel-linux-x86_64-debian-clang, r-devel-linux-x86_64-fedora-clang, r-devel-osx-x86_64-clang