CRAN Package Check Results for Package smoothSurv

Last updated on 2018-05-21 09:48:07 CEST.

Flavor Version Tinstall Tcheck Ttotal Status Flags
r-devel-linux-x86_64-debian-clang 2.0 44.19 65.20 109.39 WARN
r-devel-linux-x86_64-debian-gcc 2.0 32.51 56.46 88.97 OK
r-devel-linux-x86_64-fedora-clang 2.0 159.92 OK
r-devel-linux-x86_64-fedora-gcc 2.0 134.68 OK
r-devel-windows-ix86+x86_64 2.0 91.00 138.00 229.00 OK
r-patched-linux-x86_64 2.0 33.98 63.21 97.19 OK
r-patched-solaris-x86 2.0 164.30 OK
r-release-linux-x86_64 2.0 37.47 62.74 100.21 OK
r-release-windows-ix86+x86_64 2.0 102.00 124.00 226.00 OK
r-release-osx-x86_64 2.0 WARN
r-oldrel-windows-ix86+x86_64 2.0 69.00 134.00 203.00 OK
r-oldrel-osx-x86_64 2.0 OK

Check Details

Version: 2.0
Check: whether package can be installed
Result: WARN
    Found the following significant warnings:
     ./Scythe_IDE.cpp:70:3: warning: 'register' storage class specifier is deprecated and incompatible with C++17 [-Wdeprecated-register]
     ./Scythe_IDE.cpp:107:4: warning: 'register' storage class specifier is deprecated and incompatible with C++17 [-Wdeprecated-register]
     ./Scythe_IDE.cpp:108:4: warning: 'register' storage class specifier is deprecated and incompatible with C++17 [-Wdeprecated-register]
     ./Scythe_IDE.cpp:109:4: warning: 'register' storage class specifier is deprecated and incompatible with C++17 [-Wdeprecated-register]
     ./Scythe_IDE.cpp:147:3: warning: 'register' storage class specifier is deprecated and incompatible with C++17 [-Wdeprecated-register]
     ./Scythe_IDE.cpp:148:3: warning: 'register' storage class specifier is deprecated and incompatible with C++17 [-Wdeprecated-register]
     ./Scythe_IDE.cpp:149:3: warning: 'register' storage class specifier is deprecated and incompatible with C++17 [-Wdeprecated-register]
     ./Scythe_IDE.cpp:189:3: warning: 'register' storage class specifier is deprecated and incompatible with C++17 [-Wdeprecated-register]
     ./Scythe_IDE.cpp:211:4: warning: 'register' storage class specifier is deprecated and incompatible with C++17 [-Wdeprecated-register]
     ./Scythe_IDE.cpp:212:4: warning: 'register' storage class specifier is deprecated and incompatible with C++17 [-Wdeprecated-register]
     ./Scythe_IDE.cpp:262:3: warning: 'register' storage class specifier is deprecated and incompatible with C++17 [-Wdeprecated-register]
     ./Scythe_IDE.cpp:265:4: warning: 'register' storage class specifier is deprecated and incompatible with C++17 [-Wdeprecated-register]
     ./Scythe_IDE.cpp:266:4: warning: 'register' storage class specifier is deprecated and incompatible with C++17 [-Wdeprecated-register]
Flavors: r-devel-linux-x86_64-debian-clang, r-release-osx-x86_64