CRAN Package Check Results for Package smoothSurv

Last updated on 2014-09-02 03:49:49.

Flavor Version Tinstall Tcheck Ttotal Status Flags
r-devel-linux-x86_64-debian-clang 1.3-2 13.44 19.05 32.49 NOTE
r-devel-linux-x86_64-debian-gcc 1.3-2 17.36 19.33 36.69 NOTE
r-devel-linux-x86_64-fedora-clang 1.3-2 75.68 NOTE
r-devel-linux-x86_64-fedora-gcc 1.3-2 68.78 NOTE
r-devel-osx-x86_64-clang 1.3-2 57.31 NOTE
r-devel-windows-ix86+x86_64 1.3-2 51.00 49.00 100.00 NOTE
r-patched-linux-x86_64 1.3-2 17.66 19.98 37.65 NOTE
r-patched-solaris-sparc 1.3-2 527.90 NOTE
r-patched-solaris-x86 1.3-2 104.00 NOTE
r-release-linux-ix86 1.3-2 24.46 27.24 51.70 NOTE
r-release-linux-x86_64 1.3-2 17.35 20.30 37.66 NOTE
r-release-osx-x86_64-mavericks 1.3-2 NOTE
r-release-windows-ix86+x86_64 1.3-2 68.00 66.00 134.00 NOTE
r-oldrel-windows-ix86+x86_64 1.3-2 52.00 54.00 106.00 NOTE

Check Details

Version: 1.3-2
Check: dependencies in R code
Result: NOTE
    'library' or 'require' call to ‘survival’ which was already attached by Depends.
     Please remove these calls from your code.
    See the information on DESCRIPTION files in the chapter ‘Creating R
    packages’ of the ‘Writing R Extensions’ manual.
Flavors: r-devel-linux-x86_64-debian-clang, r-devel-linux-x86_64-debian-gcc, r-devel-linux-x86_64-fedora-clang, r-devel-linux-x86_64-fedora-gcc, r-devel-osx-x86_64-clang, r-devel-windows-ix86+x86_64, r-patched-linux-x86_64, r-patched-solaris-sparc, r-patched-solaris-x86, r-release-linux-ix86, r-release-linux-x86_64, r-release-osx-x86_64-mavericks, r-release-windows-ix86+x86_64, r-oldrel-windows-ix86+x86_64