CRAN Package Check Results for Package smoothSurv

Last updated on 2014-11-23 12:46:42.

Flavor Version Tinstall Tcheck Ttotal Status Flags
r-devel-linux-x86_64-debian-clang 1.3-2 17.19 20.32 37.50 WARN
r-devel-linux-x86_64-debian-gcc 1.3-2 17.49 21.12 38.61 NOTE
r-devel-linux-x86_64-fedora-clang 1.3-2 87.67 WARN
r-devel-linux-x86_64-fedora-gcc 1.3-2 73.40 NOTE
r-devel-osx-x86_64-clang 1.3-2 58.72 WARN
r-devel-windows-ix86+x86_64 1.3-2 51.00 48.00 99.00 NOTE
r-patched-linux-x86_64 1.3-2 17.57 20.42 38.00 NOTE
r-patched-solaris-sparc 1.3-2 527.90 NOTE
r-patched-solaris-x86 1.3-2 105.80 NOTE
r-release-linux-ix86 1.3-2 24.57 26.79 51.36 NOTE
r-release-linux-x86_64 1.3-2 17.80 20.48 38.27 NOTE
r-release-osx-x86_64-mavericks 1.3-2 NOTE
r-release-windows-ix86+x86_64 1.3-2 54.00 68.00 122.00 NOTE
r-oldrel-windows-ix86+x86_64 1.3-2 52.00 54.00 106.00 NOTE

Check Details

Version: 1.3-2
Check: whether package can be installed
Result: WARN
    Found the following significant warnings:
     ./Scythe_Matrix.cpp:358:16: warning: variable length arrays are a C99 feature [-Wvla-extension]
     ./Scythe_Matrix.cpp:381:16: warning: variable length arrays are a C99 feature [-Wvla-extension]
     Scythe_Matrix.cpp:358:16: warning: variable length arrays are a C99 feature [-Wvla-extension]
     Scythe_Matrix.cpp:381:16: warning: variable length arrays are a C99 feature [-Wvla-extension]
Flavors: r-devel-linux-x86_64-debian-clang, r-devel-linux-x86_64-fedora-clang, r-devel-osx-x86_64-clang

Version: 1.3-2
Check: dependencies in R code
Result: NOTE
    'library' or 'require' call to ‘survival’ which was already attached by Depends.
     Please remove these calls from your code.
    See the information on DESCRIPTION files in the chapter ‘Creating R
    packages’ of the ‘Writing R Extensions’ manual.
Flavors: r-devel-linux-x86_64-debian-clang, r-devel-linux-x86_64-debian-gcc, r-devel-linux-x86_64-fedora-clang, r-devel-linux-x86_64-fedora-gcc, r-devel-osx-x86_64-clang, r-devel-windows-ix86+x86_64, r-patched-linux-x86_64, r-patched-solaris-sparc, r-patched-solaris-x86, r-release-linux-ix86, r-release-linux-x86_64, r-release-osx-x86_64-mavericks, r-release-windows-ix86+x86_64, r-oldrel-windows-ix86+x86_64