CRAN Package Check Results for Package smoothSurv

Last updated on 2017-12-15 02:48:49 CET.

Flavor Version Tinstall Tcheck Ttotal Status Flags
r-devel-linux-x86_64-debian-clang 2.0 32.51 46.94 79.45 FAIL
r-devel-linux-x86_64-debian-gcc 2.0 23.32 50.08 73.40 OK
r-devel-linux-x86_64-fedora-clang 2.0 141.68 OK
r-devel-linux-x86_64-fedora-gcc 2.0 119.21 OK
r-devel-windows-ix86+x86_64 2.0 68.00 134.00 202.00 OK
r-patched-linux-x86_64 2.0 28.25 67.40 95.65 OK
r-patched-solaris-x86 2.0 172.10 OK
r-release-linux-x86_64 2.0 27.46 66.47 93.93 OK
r-release-windows-ix86+x86_64 2.0 63.00 131.00 194.00 OK
r-release-osx-x86_64 2.0 OK
r-oldrel-windows-ix86+x86_64 2.0 71.00 111.00 182.00 OK
r-oldrel-osx-x86_64 2.0 OK

Additional issues

noLD

Check Details

Version: 2.0
Check: pragmas in C/C++ headers and code
Result: FAIL
    
Flavor: r-devel-linux-x86_64-debian-clang