Last updated on 2022-07-03 13:52:18 CEST.
Flavor | Version | Tinstall | Tcheck | Ttotal | Status | Flags |
---|---|---|---|---|---|---|
r-devel-linux-x86_64-debian-clang | 1.0-3 | 2.17 | 25.03 | 27.20 | NOTE | |
r-devel-linux-x86_64-debian-gcc | 1.0-3 | 2.11 | 19.47 | 21.58 | NOTE | |
r-devel-linux-x86_64-fedora-clang | 1.0-3 | 45.81 | NOTE | |||
r-devel-linux-x86_64-fedora-gcc | 1.0-3 | 43.34 | NOTE | |||
r-devel-windows-x86_64 | 1.0-3 | 14.00 | 54.00 | 68.00 | NOTE | |
r-patched-linux-x86_64 | 1.0-3 | 2.53 | 24.88 | 27.41 | OK | |
r-release-linux-x86_64 | 1.0-3 | 1.91 | 24.57 | 26.48 | OK | |
r-release-macos-arm64 | 1.0-3 | 16.00 | OK | |||
r-release-macos-x86_64 | 1.0-3 | 22.00 | OK | |||
r-release-windows-x86_64 | 1.0-3 | 10.00 | 56.00 | 66.00 | OK | |
r-oldrel-macos-arm64 | 1.0-3 | 19.00 | OK | |||
r-oldrel-macos-x86_64 | 1.0-3 | 22.00 | OK | |||
r-oldrel-windows-ix86+x86_64 | 1.0-3 | 5.00 | 44.00 | 49.00 | OK |
Version: 1.0-3
Check: Rd files
Result: NOTE
checkRd: (-1) hoods2dsmooth.Rd:69: Escaped LaTeX specials: \&
checkRd: (-1) kernel2dmeitsjer.Rd:75: Escaped LaTeX specials: \&
checkRd: (-1) kernel2dsmooth.Rd:42: Escaped LaTeX specials: \&
checkRd: (-1) smoothie-package.Rd:42: Escaped LaTeX specials: \&
Flavors: r-devel-linux-x86_64-debian-clang, r-devel-linux-x86_64-debian-gcc, r-devel-linux-x86_64-fedora-clang, r-devel-linux-x86_64-fedora-gcc, r-devel-windows-x86_64