CRAN Package Check Results for Package smoothmest

Last updated on 2014-11-27 23:48:50.

Flavor Version Tinstall Tcheck Ttotal Status Flags
r-devel-linux-x86_64-debian-clang 0.1-2 0.73 11.42 12.15 NOTE
r-devel-linux-x86_64-debian-gcc 0.1-2 0.63 11.23 11.86 NOTE
r-devel-linux-x86_64-fedora-clang 0.1-2 23.48 NOTE
r-devel-linux-x86_64-fedora-gcc 0.1-2 22.70 NOTE
r-devel-osx-x86_64-clang 0.1-2 25.08 NOTE
r-devel-windows-ix86+x86_64 0.1-2 2.00 18.00 20.00 NOTE
r-patched-linux-x86_64 0.1-2 0.64 11.01 11.66 NOTE
r-patched-solaris-sparc 0.1-2 135.30 NOTE
r-patched-solaris-x86 0.1-2 33.80 NOTE
r-release-linux-ix86 0.1-2 0.93 16.02 16.95 NOTE
r-release-linux-x86_64 0.1-2 0.65 11.01 11.66 NOTE
r-release-osx-x86_64-mavericks 0.1-2 NOTE
r-release-osx-x86_64-snowleopard 0.1-2 NOTE
r-release-windows-ix86+x86_64 0.1-2 2.00 20.00 22.00 NOTE
r-oldrel-windows-ix86+x86_64 0.1-2 3.00 20.00 23.00 NOTE

Check Details

Version: 0.1-2
Check: dependencies in R code
Result: NOTE
    'library' or 'require' call to ‘MASS’ which was already attached by Depends.
     Please remove these calls from your code.
    See the information on DESCRIPTION files in the chapter ‘Creating R
    packages’ of the ‘Writing R Extensions’ manual.
Flavors: r-devel-linux-x86_64-debian-clang, r-devel-linux-x86_64-debian-gcc, r-devel-linux-x86_64-fedora-clang, r-devel-linux-x86_64-fedora-gcc, r-devel-osx-x86_64-clang, r-devel-windows-ix86+x86_64, r-patched-linux-x86_64, r-patched-solaris-sparc, r-patched-solaris-x86, r-release-linux-ix86, r-release-linux-x86_64, r-release-osx-x86_64-mavericks, r-release-osx-x86_64-snowleopard, r-release-windows-ix86+x86_64, r-oldrel-windows-ix86+x86_64