CRAN Package Check Results for Package smoothmest

Last updated on 2015-01-28 05:48:57.

Flavor Version Tinstall Tcheck Ttotal Status Flags
r-devel-linux-x86_64-debian-clang 0.1-2 0.60 10.89 11.50 NOTE
r-devel-linux-x86_64-debian-gcc 0.1-2 0.66 10.49 11.15 NOTE
r-devel-linux-x86_64-fedora-clang 0.1-2 24.42 NOTE
r-devel-linux-x86_64-fedora-gcc 0.1-2 23.71 NOTE
r-devel-osx-x86_64-clang 0.1-2 27.43 NOTE
r-devel-windows-ix86+x86_64 0.1-2 4.00 17.00 21.00 NOTE
r-patched-linux-x86_64 0.1-2 0.66 10.87 11.53 NOTE
r-patched-solaris-sparc 0.1-2 127.30 NOTE
r-patched-solaris-x86 0.1-2 33.50 NOTE
r-release-linux-ix86 0.1-2 0.93 16.76 17.69 NOTE
r-release-linux-x86_64 0.1-2 0.64 11.69 12.33 NOTE
r-release-osx-x86_64-mavericks 0.1-2 NOTE
r-release-osx-x86_64-snowleopard 0.1-2 NOTE
r-release-windows-ix86+x86_64 0.1-2 3.00 19.00 22.00 NOTE
r-oldrel-windows-ix86+x86_64 0.1-2 3.00 23.00 26.00 NOTE

Check Details

Version: 0.1-2
Check: dependencies in R code
Result: NOTE
    'library' or 'require' call to ‘MASS’ which was already attached by Depends.
     Please remove these calls from your code.
Flavors: r-devel-linux-x86_64-debian-clang, r-devel-linux-x86_64-debian-gcc, r-devel-linux-x86_64-fedora-clang, r-devel-linux-x86_64-fedora-gcc, r-devel-osx-x86_64-clang, r-devel-windows-ix86+x86_64

Version: 0.1-2
Check: dependencies in R code
Result: NOTE
    'library' or 'require' call to ‘MASS’ which was already attached by Depends.
     Please remove these calls from your code.
    See the information on DESCRIPTION files in the chapter ‘Creating R
    packages’ of the ‘Writing R Extensions’ manual.
Flavors: r-patched-linux-x86_64, r-patched-solaris-sparc, r-patched-solaris-x86, r-release-linux-ix86, r-release-linux-x86_64, r-release-osx-x86_64-mavericks, r-release-osx-x86_64-snowleopard, r-release-windows-ix86+x86_64, r-oldrel-windows-ix86+x86_64