CRAN Package Check Results for Package smoothmest

Last updated on 2014-04-24 03:47:54.

Flavor Version Tinstall Tcheck Ttotal Status Flags
r-devel-linux-x86_64-debian-clang 0.1-2 0.67 10.88 11.56 NOTE
r-devel-linux-x86_64-debian-gcc 0.1-2 0.64 11.03 11.67 NOTE
r-devel-linux-x86_64-fedora-clang 0.1-2 22.29 NOTE
r-devel-linux-x86_64-fedora-gcc 0.1-2 21.33 NOTE
r-devel-osx-x86_64-clang 0.1-2 24.82 NOTE
r-devel-osx-x86_64-gcc 0.1-2 NOTE
r-devel-windows-ix86+x86_64 0.1-2 2.00 18.00 20.00 NOTE
r-patched-linux-x86_64 0.1-2 0.67 10.78 11.45 NOTE
r-patched-solaris-sparc 0.1-2 128.00 NOTE
r-patched-solaris-x86 0.1-2 33.30 NOTE
r-release-linux-ix86 0.1-2 2.00 22.00 24.00 NOTE
r-release-linux-x86_64 0.1-2 0.64 11.03 11.66 NOTE
r-release-osx-x86_64-mavericks 0.1-2 WARN
r-release-osx-x86_64-snowleopard 0.1-2 NOTE
r-release-windows-ix86+x86_64 0.1-2 2.00 19.00 21.00 NOTE
r-oldrel-windows-ix86+x86_64 0.1-2 3.00 20.00 23.00 NOTE

Check Details

Version: 0.1-2
Check: dependencies in R code
Result: NOTE
    'library' or 'require' call to ‘MASS’ which was already attached by Depends.
     Please remove these calls from your code.
    See the information on DESCRIPTION files in the chapter ‘Creating R
    packages’ of the ‘Writing R Extensions’ manual.
Flavors: r-devel-linux-x86_64-debian-clang, r-devel-linux-x86_64-debian-gcc, r-devel-linux-x86_64-fedora-clang, r-devel-linux-x86_64-fedora-gcc, r-devel-osx-x86_64-clang, r-devel-osx-x86_64-gcc, r-devel-windows-ix86+x86_64, r-patched-linux-x86_64, r-patched-solaris-sparc, r-patched-solaris-x86, r-release-linux-ix86, r-release-linux-x86_64, r-release-osx-x86_64-mavericks, r-release-osx-x86_64-snowleopard, r-release-windows-ix86+x86_64, r-oldrel-windows-ix86+x86_64

Version: 0.1-2
Check: PDF version of manual
Result: WARNING
    LaTeX errors when creating PDF version.
    This typically indicates Rd problems.
    LaTeX errors found:
    ! LaTeX Error: File `upquote.sty' not found.
    
    Type X to quit or <RETURN> to proceed,
    or enter new name. (Default extension: sty)
    
    e11f8/Rd2.tex:8: ==> Fatal error occurred, no output PDF file produced!
Flavor: r-release-osx-x86_64-mavericks