CRAN Package Check Results for Package smoothmest

Last updated on 2015-05-04 22:46:58.

Flavor Version Tinstall Tcheck Ttotal Status Flags
r-devel-linux-x86_64-debian-clang 0.1-2 0.61 9.97 10.58 NOTE
r-devel-linux-x86_64-debian-gcc 0.1-2 0.61 10.36 10.97 NOTE
r-devel-linux-x86_64-fedora-clang 0.1-2 21.07 NOTE
r-devel-linux-x86_64-fedora-gcc 0.1-2 19.27 NOTE
r-devel-osx-x86_64-clang 0.1-2 23.32 NOTE
r-devel-windows-ix86+x86_64 0.1-2 2.00 19.00 21.00 NOTE
r-patched-linux-x86_64 0.1-2 0.58 10.00 10.58 NOTE
r-patched-solaris-sparc 0.1-2 127.10 NOTE
r-patched-solaris-x86 0.1-2 29.40 NOTE
r-release-linux-x86_64 0.1-2 0.58 9.69 10.27 NOTE
r-release-osx-x86_64-mavericks 0.1-2 NOTE
r-release-osx-x86_64-snowleopard 0.1-2 NOTE
r-release-windows-ix86+x86_64 0.1-2 2.00 19.00 21.00 NOTE
r-oldrel-windows-ix86+x86_64 0.1-2 2.00 20.00 22.00 NOTE

Check Details

Version: 0.1-2
Check: dependencies in R code
Result: NOTE
    'library' or 'require' call to ‘MASS’ which was already attached by Depends.
     Please remove these calls from your code.
Flavors: r-devel-linux-x86_64-debian-clang, r-devel-linux-x86_64-debian-gcc, r-devel-linux-x86_64-fedora-clang, r-devel-linux-x86_64-fedora-gcc, r-devel-osx-x86_64-clang, r-devel-windows-ix86+x86_64, r-patched-linux-x86_64, r-patched-solaris-sparc, r-patched-solaris-x86, r-release-linux-x86_64, r-release-osx-x86_64-mavericks, r-release-osx-x86_64-snowleopard, r-release-windows-ix86+x86_64, r-oldrel-windows-ix86+x86_64