CRAN Package Check Results for Package smoothmest

Last updated on 2014-07-23 05:49:12.

Flavor Version Tinstall Tcheck Ttotal Status Flags
r-devel-linux-x86_64-debian-clang 0.1-2 0.59 10.25 10.84 NOTE
r-devel-linux-x86_64-debian-gcc 0.1-2 0.58 10.21 10.79 NOTE
r-devel-linux-x86_64-fedora-clang 0.1-2 23.09 NOTE
r-devel-linux-x86_64-fedora-gcc 0.1-2 21.61 NOTE
r-devel-osx-x86_64-clang 0.1-2 24.62 NOTE
r-devel-windows-ix86+x86_64 0.1-2 3.00 18.00 21.00 NOTE
r-patched-linux-x86_64 0.1-2 0.59 10.22 10.82 NOTE
r-patched-solaris-sparc 0.1-2 128.00 NOTE
r-patched-solaris-x86 0.1-2 33.00 NOTE
r-release-linux-ix86 0.1-2 0.92 16.22 17.14 NOTE
r-release-linux-x86_64 0.1-2 0.62 10.51 11.13 NOTE
r-release-osx-x86_64-mavericks 0.1-2 NOTE
r-release-osx-x86_64-snowleopard 0.1-2 NOTE
r-release-windows-ix86+x86_64 0.1-2 3.00 19.00 22.00 NOTE
r-oldrel-windows-ix86+x86_64 0.1-2 3.00 19.00 22.00 NOTE

Check Details

Version: 0.1-2
Check: dependencies in R code
Result: NOTE
    'library' or 'require' call to ‘MASS’ which was already attached by Depends.
     Please remove these calls from your code.
    See the information on DESCRIPTION files in the chapter ‘Creating R
    packages’ of the ‘Writing R Extensions’ manual.
Flavors: r-devel-linux-x86_64-debian-clang, r-devel-linux-x86_64-debian-gcc, r-devel-linux-x86_64-fedora-clang, r-devel-linux-x86_64-fedora-gcc, r-devel-osx-x86_64-clang, r-devel-windows-ix86+x86_64, r-patched-linux-x86_64, r-patched-solaris-sparc, r-patched-solaris-x86, r-release-linux-ix86, r-release-linux-x86_64, r-release-osx-x86_64-mavericks, r-release-osx-x86_64-snowleopard, r-release-windows-ix86+x86_64, r-oldrel-windows-ix86+x86_64