CRAN Package Check Results for Package smoothmest

Last updated on 2015-03-04 21:46:58.

Flavor Version Tinstall Tcheck Ttotal Status Flags
r-devel-linux-x86_64-debian-clang 0.1-2 0.67 9.91 10.58 NOTE
r-devel-linux-x86_64-debian-gcc 0.1-2 0.62 9.84 10.46 NOTE
r-devel-linux-x86_64-fedora-clang 0.1-2 20.36 NOTE
r-devel-linux-x86_64-fedora-gcc 0.1-2 19.63 NOTE
r-devel-osx-x86_64-clang 0.1-2 23.61 NOTE
r-devel-windows-ix86+x86_64 0.1-2 3.00 19.00 22.00 NOTE
r-patched-linux-x86_64 0.1-2 0.65 11.01 11.66 NOTE
r-patched-solaris-sparc 0.1-2 134.80 NOTE
r-patched-solaris-x86 0.1-2 34.20 NOTE
r-release-linux-ix86 0.1-2 1.01 20.68 21.69 NOTE
r-release-linux-x86_64 0.1-2 0.66 11.20 11.86 NOTE
r-release-osx-x86_64-mavericks 0.1-2 NOTE
r-release-osx-x86_64-snowleopard 0.1-2 NOTE
r-release-windows-ix86+x86_64 0.1-2 3.00 22.00 25.00 NOTE
r-oldrel-windows-ix86+x86_64 0.1-2 3.00 22.00 25.00 NOTE

Check Details

Version: 0.1-2
Check: dependencies in R code
Result: NOTE
    'library' or 'require' call to ‘MASS’ which was already attached by Depends.
     Please remove these calls from your code.
Flavors: r-devel-linux-x86_64-debian-clang, r-devel-linux-x86_64-debian-gcc, r-devel-linux-x86_64-fedora-clang, r-devel-linux-x86_64-fedora-gcc, r-devel-osx-x86_64-clang, r-devel-windows-ix86+x86_64, r-patched-linux-x86_64, r-patched-solaris-sparc, r-patched-solaris-x86

Version: 0.1-2
Check: dependencies in R code
Result: NOTE
    'library' or 'require' call to ‘MASS’ which was already attached by Depends.
     Please remove these calls from your code.
    See the information on DESCRIPTION files in the chapter ‘Creating R
    packages’ of the ‘Writing R Extensions’ manual.
Flavors: r-release-linux-ix86, r-release-linux-x86_64, r-release-osx-x86_64-mavericks, r-release-osx-x86_64-snowleopard, r-release-windows-ix86+x86_64, r-oldrel-windows-ix86+x86_64