CRAN Package Check Results for Package smoothmest

Last updated on 2016-12-05 16:47:42.

Flavor Version Tinstall Tcheck Ttotal Status Flags
r-devel-linux-x86_64-debian-clang 0.1-2 0.64 13.25 13.88 NOTE
r-devel-linux-x86_64-debian-gcc 0.1-2 0.66 12.73 13.38 NOTE
r-devel-linux-x86_64-fedora-clang 0.1-2 21.76 NOTE --no-stop-on-test-error
r-devel-linux-x86_64-fedora-gcc 0.1-2 20.83 NOTE --no-stop-on-test-error
r-devel-macos-x86_64-clang 0.1-2 19.44 NOTE
r-devel-windows-ix86+x86_64 0.1-2 2.00 39.00 41.00 NOTE
r-patched-linux-x86_64 0.1-2 0.67 10.73 11.40 NOTE
r-patched-solaris-sparc 0.1-2 107.10 NOTE
r-patched-solaris-x86 0.1-2 23.80 NOTE
r-release-linux-x86_64 0.1-2 0.67 10.49 11.16 NOTE
r-release-osx-x86_64-mavericks 0.1-2 NOTE
r-release-windows-ix86+x86_64 0.1-2 5.00 28.00 33.00 NOTE
r-oldrel-windows-ix86+x86_64 0.1-2 5.00 25.00 30.00 NOTE

Check Details

Version: 0.1-2
Check: dependencies in R code
Result: NOTE
    'library' or 'require' call to ‘MASS’ which was already attached by Depends.
     Please remove these calls from your code.
Flavors: r-devel-linux-x86_64-debian-clang, r-devel-linux-x86_64-debian-gcc, r-devel-macos-x86_64-clang, r-devel-windows-ix86+x86_64, r-patched-linux-x86_64, r-patched-solaris-sparc, r-patched-solaris-x86, r-release-linux-x86_64, r-release-osx-x86_64-mavericks, r-release-windows-ix86+x86_64, r-oldrel-windows-ix86+x86_64

Version: 0.1-2
Check: R code for possible problems
Result: NOTE
    edhuber: no visible global function definition for ‘dnorm’
    edhuber: no visible global function definition for ‘pnorm’
    flikcauchy: no visible global function definition for ‘dcauchy’
    flikcauchy: no visible global function definition for ‘dnorm’
    likcauchy: no visible global function definition for ‘dcauchy’
    mbisquare: no visible global function definition for ‘mad’
    mbisquare: no visible global function definition for ‘median’
    mlcauchy: no visible global function definition for ‘mad’
    mlcauchy: no visible global function definition for ‘median’
    pitman: no visible global function definition for ‘mad’
    pitman: no visible global function definition for ‘integrate’
    pitman: no visible global function definition for ‘median’
    rdoublex: no visible global function definition for ‘rexp’
    rhuber: no visible global function definition for ‘rexp’
    rhuber: no visible global function definition for ‘runif’
    sehuber: no visible global function definition for ‘mad’
    sehuber: no visible global function definition for ‘median’
    smbisquare: no visible global function definition for ‘mad’
    smbisquare: no visible global function definition for ‘median’
    smbpsi: no visible global function definition for ‘dnorm’
    smbpsid: no visible global function definition for ‘dnorm’
    smbpsidi: no visible global function definition for ‘integrate’
    smbpsii: no visible global function definition for ‘integrate’
    smcauchy: no visible global function definition for ‘mad’
    smcauchy: no visible global function definition for ‘median’
    smcipsi: no visible global function definition for ‘dnorm’
    smcipsid: no visible global function definition for ‘dnorm’
    smcpsi: no visible global function definition for ‘integrate’
    smcpsid: no visible global function definition for ‘integrate’
    smhuber: no visible global function definition for ‘mad’
    smhuber: no visible global function definition for ‘median’
    smoothm: no visible global function definition for ‘mad’
    smpmed: no visible global function definition for ‘pnorm’
    smpsi: no visible global function definition for ‘pnorm’
    smpsi: no visible global function definition for ‘dnorm’
    smtfcauchy: no visible global function definition for ‘integrate’
    Undefined global functions or variables:
     dcauchy dnorm integrate mad median pnorm rexp runif
    Consider adding
     importFrom("stats", "dcauchy", "dnorm", "integrate", "mad", "median",
     "pnorm", "rexp", "runif")
    to your NAMESPACE file.
Flavors: r-devel-linux-x86_64-debian-clang, r-devel-linux-x86_64-debian-gcc, r-devel-macos-x86_64-clang, r-devel-windows-ix86+x86_64, r-patched-linux-x86_64, r-patched-solaris-sparc, r-patched-solaris-x86, r-release-linux-x86_64, r-release-osx-x86_64-mavericks, r-release-windows-ix86+x86_64

Version: 0.1-2
Flags: --no-stop-on-test-error
Check: dependencies in R code
Result: NOTE
    'library' or 'require' call to ‘MASS’ which was already attached by Depends.
     Please remove these calls from your code.
Flavors: r-devel-linux-x86_64-fedora-clang, r-devel-linux-x86_64-fedora-gcc

Version: 0.1-2
Flags: --no-stop-on-test-error
Check: R code for possible problems
Result: NOTE
    edhuber: no visible global function definition for ‘dnorm’
    edhuber: no visible global function definition for ‘pnorm’
    flikcauchy: no visible global function definition for ‘dcauchy’
    flikcauchy: no visible global function definition for ‘dnorm’
    likcauchy: no visible global function definition for ‘dcauchy’
    mbisquare: no visible global function definition for ‘mad’
    mbisquare: no visible global function definition for ‘median’
    mlcauchy: no visible global function definition for ‘mad’
    mlcauchy: no visible global function definition for ‘median’
    pitman: no visible global function definition for ‘mad’
    pitman: no visible global function definition for ‘integrate’
    pitman: no visible global function definition for ‘median’
    rdoublex: no visible global function definition for ‘rexp’
    rhuber: no visible global function definition for ‘rexp’
    rhuber: no visible global function definition for ‘runif’
    sehuber: no visible global function definition for ‘mad’
    sehuber: no visible global function definition for ‘median’
    smbisquare: no visible global function definition for ‘mad’
    smbisquare: no visible global function definition for ‘median’
    smbpsi: no visible global function definition for ‘dnorm’
    smbpsid: no visible global function definition for ‘dnorm’
    smbpsidi: no visible global function definition for ‘integrate’
    smbpsii: no visible global function definition for ‘integrate’
    smcauchy: no visible global function definition for ‘mad’
    smcauchy: no visible global function definition for ‘median’
    smcipsi: no visible global function definition for ‘dnorm’
    smcipsid: no visible global function definition for ‘dnorm’
    smcpsi: no visible global function definition for ‘integrate’
    smcpsid: no visible global function definition for ‘integrate’
    smhuber: no visible global function definition for ‘mad’
    smhuber: no visible global function definition for ‘median’
    smoothm: no visible global function definition for ‘mad’
    smpmed: no visible global function definition for ‘pnorm’
    smpsi: no visible global function definition for ‘pnorm’
    smpsi: no visible global function definition for ‘dnorm’
    smtfcauchy: no visible global function definition for ‘integrate’
    Undefined global functions or variables:
     dcauchy dnorm integrate mad median pnorm rexp runif
    Consider adding
     importFrom("stats", "dcauchy", "dnorm", "integrate", "mad", "median",
     "pnorm", "rexp", "runif")
    to your NAMESPACE file.
Flavors: r-devel-linux-x86_64-fedora-clang, r-devel-linux-x86_64-fedora-gcc