CRAN Package Check Results for Package smoothmest

Last updated on 2015-09-01 16:49:42.

Flavor Version Tinstall Tcheck Ttotal Status Flags
r-devel-linux-x86_64-debian-clang 0.1-2 0.58 9.37 9.96 NOTE
r-devel-linux-x86_64-debian-gcc 0.1-2 0.54 9.62 10.16 NOTE
r-devel-linux-x86_64-fedora-clang 0.1-2 18.82 NOTE
r-devel-linux-x86_64-fedora-gcc 0.1-2 18.35 NOTE
r-devel-osx-x86_64-clang 0.1-2 17.78 NOTE
r-devel-windows-ix86+x86_64 0.1-2 3.00 29.00 32.00 NOTE
r-patched-linux-x86_64 0.1-2 0.57 10.11 10.68 NOTE
r-patched-solaris-sparc 0.1-2 139.60 NOTE
r-patched-solaris-x86 0.1-2 31.20 NOTE
r-release-linux-x86_64 0.1-2 0.58 10.02 10.60 NOTE
r-release-osx-x86_64-mavericks 0.1-2 NOTE
r-release-windows-ix86+x86_64 0.1-2 4.00 33.00 37.00 NOTE
r-oldrel-windows-ix86+x86_64 0.1-2 5.00 21.00 26.00 NOTE

Check Details

Version: 0.1-2
Check: dependencies in R code
Result: NOTE
    'library' or 'require' call to ‘MASS’ which was already attached by Depends.
     Please remove these calls from your code.
Flavors: r-devel-linux-x86_64-debian-clang, r-devel-linux-x86_64-debian-gcc, r-devel-linux-x86_64-fedora-clang, r-devel-linux-x86_64-fedora-gcc, r-devel-osx-x86_64-clang, r-devel-windows-ix86+x86_64, r-patched-linux-x86_64, r-patched-solaris-sparc, r-patched-solaris-x86, r-release-linux-x86_64, r-release-osx-x86_64-mavericks, r-release-windows-ix86+x86_64, r-oldrel-windows-ix86+x86_64

Version: 0.1-2
Check: R code for possible problems
Result: NOTE
    edhuber: no visible global function definition for ‘dnorm’
    edhuber: no visible global function definition for ‘pnorm’
    flikcauchy: no visible global function definition for ‘dcauchy’
    flikcauchy: no visible global function definition for ‘dnorm’
    likcauchy: no visible global function definition for ‘dcauchy’
    mbisquare: no visible global function definition for ‘mad’
    mbisquare: no visible global function definition for ‘median’
    mlcauchy: no visible global function definition for ‘mad’
    mlcauchy: no visible global function definition for ‘median’
    pitman: no visible global function definition for ‘mad’
    pitman: no visible global function definition for ‘integrate’
    pitman: no visible global function definition for ‘median’
    rdoublex: no visible global function definition for ‘rexp’
    rhuber: no visible global function definition for ‘rexp’
    rhuber: no visible global function definition for ‘runif’
    sehuber: no visible global function definition for ‘mad’
    sehuber: no visible global function definition for ‘median’
    smbisquare: no visible global function definition for ‘mad’
    smbisquare: no visible global function definition for ‘median’
    smbpsi: no visible global function definition for ‘dnorm’
    smbpsid: no visible global function definition for ‘dnorm’
    smbpsidi: no visible global function definition for ‘integrate’
    smbpsii: no visible global function definition for ‘integrate’
    smcauchy: no visible global function definition for ‘mad’
    smcauchy: no visible global function definition for ‘median’
    smcipsi: no visible global function definition for ‘dnorm’
    smcipsid: no visible global function definition for ‘dnorm’
    smcpsi: no visible global function definition for ‘integrate’
    smcpsid: no visible global function definition for ‘integrate’
    smhuber: no visible global function definition for ‘mad’
    smhuber: no visible global function definition for ‘median’
    smoothm: no visible global function definition for ‘mad’
    smpmed: no visible global function definition for ‘pnorm’
    smpsi: no visible global function definition for ‘pnorm’
    smpsi: no visible global function definition for ‘dnorm’
    smtfcauchy: no visible global function definition for ‘integrate’
    Undefined global functions or variables:
     dcauchy dnorm integrate mad median pnorm rexp runif
    Consider adding
     importFrom("stats", "dcauchy", "dnorm", "integrate", "mad", "median",
     "pnorm", "rexp", "runif")
    to your NAMESPACE.
Flavors: r-devel-linux-x86_64-debian-clang, r-devel-linux-x86_64-debian-gcc, r-devel-linux-x86_64-fedora-clang, r-devel-linux-x86_64-fedora-gcc, r-devel-windows-ix86+x86_64