CRAN Package Check Results for Package sms

Last updated on 2015-03-01 11:47:40.

Flavor Version Tinstall Tcheck Ttotal Status Flags
r-devel-linux-x86_64-debian-clang 2.3 0.80 15.02 15.82 NOTE
r-devel-linux-x86_64-debian-gcc 2.3 0.82 13.81 14.63 NOTE
r-devel-linux-x86_64-fedora-clang 2.3 26.86 NOTE
r-devel-linux-x86_64-fedora-gcc 2.3 25.85 NOTE
r-devel-osx-x86_64-clang 2.3 31.01 NOTE
r-devel-windows-ix86+x86_64 2.3 8.00 26.00 34.00 NOTE
r-patched-linux-x86_64 2.3 1.05 17.32 18.37 NOTE
r-patched-solaris-sparc 2.3 201.60 NOTE
r-patched-solaris-x86 2.3 51.70 NOTE
r-release-linux-ix86 2.3 1.26 26.90 28.16 NOTE
r-release-linux-x86_64 2.3 1.28 16.59 17.87 NOTE
r-release-osx-x86_64-mavericks 2.3 NOTE
r-release-osx-x86_64-snowleopard 2.3 OK
r-release-windows-ix86+x86_64 2.3 5.00 29.00 34.00 NOTE
r-oldrel-windows-ix86+x86_64 2.3 6.00 31.00 37.00 OK

Check Details

Version: 2.3
Check: dependencies in R code
Result: NOTE
    Package in Depends field not imported from: ‘parallel’
     These packages need to be imported from (in the NAMESPACE file)
     for when this namespace is loaded but not attached.
Flavors: r-devel-linux-x86_64-debian-clang, r-devel-linux-x86_64-debian-gcc, r-devel-linux-x86_64-fedora-clang, r-devel-linux-x86_64-fedora-gcc, r-devel-osx-x86_64-clang, r-devel-windows-ix86+x86_64, r-patched-linux-x86_64, r-patched-solaris-x86

Version: 2.3
Check: R code for possible problems
Result: NOTE
    run_parallel_HC: no visible global function definition for ‘iter’
    run_parallel_SA: no visible global function definition for ‘iter’
    run_serial: no visible global function definition for ‘iter’
Flavors: r-devel-linux-x86_64-debian-clang, r-devel-linux-x86_64-debian-gcc, r-devel-linux-x86_64-fedora-clang, r-devel-linux-x86_64-fedora-gcc, r-devel-osx-x86_64-clang, r-devel-windows-ix86+x86_64, r-patched-linux-x86_64, r-patched-solaris-sparc, r-patched-solaris-x86, r-release-linux-ix86, r-release-linux-x86_64, r-release-osx-x86_64-mavericks, r-release-windows-ix86+x86_64

Version: 2.3
Check: dependencies in R code
Result: NOTE
    Package in Depends field not imported from: ‘parallel’
     These packages need to be imported from (in the NAMESPACE file)
     for when this namespace is loaded but not attached.
    See the information on DESCRIPTION files in the chapter ‘Creating R
    packages’ of the ‘Writing R Extensions’ manual.
Flavors: r-patched-solaris-sparc, r-release-linux-ix86, r-release-linux-x86_64, r-release-osx-x86_64-mavericks, r-release-windows-ix86+x86_64