CRAN Package Check Results for Package sms

Last updated on 2014-10-25 11:48:48.

Flavor Version Tinstall Tcheck Ttotal Status Flags
r-devel-linux-x86_64-debian-clang 2.3 0.94 16.86 17.80 NOTE
r-devel-linux-x86_64-debian-gcc 2.3 0.94 16.20 17.14 NOTE
r-devel-linux-x86_64-fedora-clang 2.3 32.95 NOTE
r-devel-linux-x86_64-fedora-gcc 2.3 31.47 NOTE
r-devel-osx-x86_64-clang 2.3 35.41 NOTE
r-devel-windows-ix86+x86_64 2.3 4.00 28.00 32.00 NOTE
r-patched-linux-x86_64 2.3 0.93 16.10 17.03 NOTE
r-patched-solaris-sparc 2.3 218.20 NOTE
r-patched-solaris-x86 2.3 51.80 NOTE
r-release-linux-ix86 2.3 1.36 25.18 26.54 OK
r-release-linux-x86_64 2.3 1.27 17.10 18.38 OK
r-release-osx-x86_64-mavericks 2.3 OK
r-release-osx-x86_64-snowleopard 2.3 OK
r-release-windows-ix86+x86_64 2.3 5.00 25.00 30.00 OK
r-oldrel-windows-ix86+x86_64 2.3 4.00 30.00 34.00 OK

Check Details

Version: 2.3
Check: dependencies in R code
Result: NOTE
    Package in Depends field not imported from: ‘parallel’
     These packages need to be imported from (in the NAMESPACE file)
     for when this namespace is loaded but not attached.
    See the information on DESCRIPTION files in the chapter ‘Creating R
    packages’ of the ‘Writing R Extensions’ manual.
Flavors: r-devel-linux-x86_64-debian-clang, r-devel-linux-x86_64-debian-gcc, r-devel-linux-x86_64-fedora-clang, r-devel-linux-x86_64-fedora-gcc, r-devel-osx-x86_64-clang, r-devel-windows-ix86+x86_64, r-patched-linux-x86_64, r-patched-solaris-sparc, r-patched-solaris-x86

Version: 2.3
Check: R code for possible problems
Result: NOTE
    run_parallel_HC: no visible global function definition for ‘iter’
    run_parallel_SA: no visible global function definition for ‘iter’
    run_serial: no visible global function definition for ‘iter’
Flavors: r-devel-linux-x86_64-debian-clang, r-devel-linux-x86_64-debian-gcc, r-devel-linux-x86_64-fedora-clang, r-devel-linux-x86_64-fedora-gcc, r-devel-osx-x86_64-clang, r-devel-windows-ix86+x86_64, r-patched-linux-x86_64, r-patched-solaris-sparc, r-patched-solaris-x86