CRAN Package Check Results for Package sms

Last updated on 2015-05-23 08:47:14.

Flavor Version Tinstall Tcheck Ttotal Status Flags
r-devel-linux-x86_64-debian-clang 2.3 0.85 14.29 15.14 NOTE
r-devel-linux-x86_64-debian-gcc 2.3 0.76 14.52 15.27 NOTE
r-devel-linux-x86_64-fedora-clang 2.3 26.11 NOTE
r-devel-linux-x86_64-fedora-gcc 2.3 24.83 NOTE
r-devel-osx-x86_64-clang 2.3 30.23 NOTE
r-devel-windows-ix86+x86_64 2.3 4.00 26.00 30.00 NOTE
r-patched-linux-x86_64 2.3 1.02 14.12 15.14 NOTE
r-patched-solaris-sparc 2.3 186.90 NOTE
r-patched-solaris-x86 2.3 43.10 NOTE
r-release-linux-x86_64 2.3 0.80 14.51 15.31 NOTE
r-release-osx-x86_64-mavericks 2.3 NOTE
r-release-osx-x86_64-snowleopard 2.3 NOTE
r-release-windows-ix86+x86_64 2.3 4.00 26.00 30.00 NOTE
r-oldrel-windows-ix86+x86_64 2.3 5.00 49.00 54.00 NOTE

Check Details

Version: 2.3
Check: dependencies in R code
Result: NOTE
    Package in Depends field not imported from: ‘parallel’
     These packages need to be imported from (in the NAMESPACE file)
     for when this namespace is loaded but not attached.
Flavors: r-devel-linux-x86_64-debian-clang, r-devel-linux-x86_64-debian-gcc, r-devel-linux-x86_64-fedora-clang, r-devel-linux-x86_64-fedora-gcc, r-devel-osx-x86_64-clang, r-devel-windows-ix86+x86_64, r-patched-linux-x86_64, r-patched-solaris-sparc, r-patched-solaris-x86, r-release-linux-x86_64, r-release-osx-x86_64-mavericks, r-release-osx-x86_64-snowleopard, r-release-windows-ix86+x86_64, r-oldrel-windows-ix86+x86_64

Version: 2.3
Check: R code for possible problems
Result: NOTE
    run_parallel_HC: no visible global function definition for ‘iter’
    run_parallel_SA: no visible global function definition for ‘iter’
    run_serial: no visible global function definition for ‘iter’
Flavors: r-devel-linux-x86_64-debian-clang, r-devel-linux-x86_64-debian-gcc, r-devel-linux-x86_64-fedora-clang, r-devel-linux-x86_64-fedora-gcc, r-devel-osx-x86_64-clang, r-devel-windows-ix86+x86_64, r-patched-linux-x86_64, r-patched-solaris-sparc, r-patched-solaris-x86, r-release-linux-x86_64, r-release-osx-x86_64-mavericks, r-release-osx-x86_64-snowleopard, r-release-windows-ix86+x86_64, r-oldrel-windows-ix86+x86_64