CRAN Package Check Results for Package sms

Last updated on 2014-09-02 10:51:59.

Flavor Version Tinstall Tcheck Ttotal Status Flags
r-devel-linux-x86_64-debian-clang 2.3 0.92 15.61 16.54 NOTE
r-devel-linux-x86_64-debian-gcc 2.3 0.92 15.38 16.30 NOTE
r-devel-linux-x86_64-fedora-clang 2.3 32.58 NOTE
r-devel-linux-x86_64-fedora-gcc 2.3 31.47 NOTE
r-devel-osx-x86_64-clang 2.3 35.44 NOTE
r-devel-windows-ix86+x86_64 2.3 4.00 27.00 31.00 NOTE
r-patched-linux-x86_64 2.3 0.93 16.10 17.03 NOTE
r-patched-solaris-sparc 2.3 220.50 NOTE
r-patched-solaris-x86 2.3 53.30 NOTE
r-release-linux-ix86 2.3 1.34 24.74 26.08 OK
r-release-linux-x86_64 2.3 0.95 16.64 17.60 OK
r-release-osx-x86_64-mavericks 2.3 OK
r-release-osx-x86_64-snowleopard 2.3 OK
r-release-windows-ix86+x86_64 2.3 4.00 27.00 31.00 OK
r-oldrel-windows-ix86+x86_64 2.3 5.00 29.00 34.00 OK

Check Details

Version: 2.3
Check: dependencies in R code
Result: NOTE
    Package in Depends field not imported from: ‘parallel’
     These packages need to be imported from (in the NAMESPACE file)
     for when this namespace is loaded but not attached.
    See the information on DESCRIPTION files in the chapter ‘Creating R
    packages’ of the ‘Writing R Extensions’ manual.
Flavors: r-devel-linux-x86_64-debian-clang, r-devel-linux-x86_64-debian-gcc, r-devel-linux-x86_64-fedora-clang, r-devel-linux-x86_64-fedora-gcc, r-devel-osx-x86_64-clang, r-devel-windows-ix86+x86_64, r-patched-linux-x86_64, r-patched-solaris-sparc, r-patched-solaris-x86

Version: 2.3
Check: R code for possible problems
Result: NOTE
    run_parallel_HC: no visible global function definition for ‘iter’
    run_parallel_SA: no visible global function definition for ‘iter’
    run_serial: no visible global function definition for ‘iter’
Flavors: r-devel-linux-x86_64-debian-clang, r-devel-linux-x86_64-debian-gcc, r-devel-linux-x86_64-fedora-clang, r-devel-linux-x86_64-fedora-gcc, r-devel-osx-x86_64-clang, r-devel-windows-ix86+x86_64