CRAN Package Check Results for Package sms

Last updated on 2015-04-21 15:50:27.

Flavor Version Tinstall Tcheck Ttotal Status Flags
r-devel-linux-x86_64-debian-clang 2.3 0.80 14.28 15.08 NOTE
r-devel-linux-x86_64-debian-gcc 2.3 0.78 14.08 14.87 NOTE
r-devel-linux-x86_64-fedora-clang 2.3 28.24 NOTE
r-devel-linux-x86_64-fedora-gcc 2.3 25.42 NOTE
r-devel-osx-x86_64-clang 2.3 30.76 NOTE
r-devel-windows-ix86+x86_64 2.3 3.00 23.00 26.00 NOTE
r-patched-linux-x86_64 2.3 0.83 14.21 15.04 NOTE
r-patched-solaris-sparc 2.3 187.50 NOTE
r-patched-solaris-x86 2.3 43.00 NOTE
r-release-linux-x86_64 2.3 0.79 14.18 14.97 NOTE
r-release-osx-x86_64-mavericks 2.3 NOTE
r-release-osx-x86_64-snowleopard 2.3 NOTE
r-release-windows-ix86+x86_64 2.3 2.00 21.00 23.00 NOTE
r-oldrel-windows-ix86+x86_64 2.3 4.00 26.00 30.00 NOTE

Check Details

Version: 2.3
Check: dependencies in R code
Result: NOTE
    Package in Depends field not imported from: ‘parallel’
     These packages need to be imported from (in the NAMESPACE file)
     for when this namespace is loaded but not attached.
Flavors: r-devel-linux-x86_64-debian-clang, r-devel-linux-x86_64-debian-gcc, r-devel-linux-x86_64-fedora-clang, r-devel-linux-x86_64-fedora-gcc, r-devel-osx-x86_64-clang, r-devel-windows-ix86+x86_64, r-patched-linux-x86_64, r-patched-solaris-sparc, r-patched-solaris-x86, r-release-linux-x86_64, r-release-osx-x86_64-mavericks, r-release-osx-x86_64-snowleopard, r-release-windows-ix86+x86_64, r-oldrel-windows-ix86+x86_64

Version: 2.3
Check: R code for possible problems
Result: NOTE
    run_parallel_HC: no visible global function definition for ‘iter’
    run_parallel_SA: no visible global function definition for ‘iter’
    run_serial: no visible global function definition for ‘iter’
Flavors: r-devel-linux-x86_64-debian-clang, r-devel-linux-x86_64-debian-gcc, r-devel-linux-x86_64-fedora-clang, r-devel-linux-x86_64-fedora-gcc, r-devel-osx-x86_64-clang, r-devel-windows-ix86+x86_64, r-patched-linux-x86_64, r-patched-solaris-sparc, r-patched-solaris-x86, r-release-linux-x86_64, r-release-osx-x86_64-mavericks, r-release-osx-x86_64-snowleopard, r-release-windows-ix86+x86_64, r-oldrel-windows-ix86+x86_64