CRAN Package Check Results for Package sms

Last updated on 2015-07-29 08:50:20.

Flavor Version Tinstall Tcheck Ttotal Status Flags
r-devel-linux-x86_64-debian-clang 2.3 0.95 14.16 15.10 NOTE
r-devel-linux-x86_64-debian-gcc 2.3 0.99 14.13 15.12 NOTE
r-devel-linux-x86_64-fedora-clang 2.3 25.32 NOTE
r-devel-linux-x86_64-fedora-gcc 2.3 24.21 NOTE
r-devel-osx-x86_64-clang 2.3 24.52 NOTE
r-devel-windows-ix86+x86_64 2.3 5.00 28.00 33.00 NOTE
r-patched-linux-x86_64 2.3 0.81 14.04 14.84 NOTE
r-patched-solaris-sparc 2.3 204.30 NOTE
r-patched-solaris-x86 2.3 45.10 NOTE
r-release-linux-x86_64 2.3 0.77 14.62 15.40 NOTE
r-release-osx-x86_64-mavericks 2.3 NOTE
r-release-windows-ix86+x86_64 2.3 5.00 26.00 31.00 NOTE
r-oldrel-windows-ix86+x86_64 2.3 7.00 49.00 56.00 NOTE

Check Details

Version: 2.3
Check: dependencies in R code
Result: NOTE
    Package in Depends field not imported from: ‘parallel’
     These packages need to be imported from (in the NAMESPACE file)
     for when this namespace is loaded but not attached.
Flavors: r-devel-linux-x86_64-debian-clang, r-devel-linux-x86_64-debian-gcc, r-devel-linux-x86_64-fedora-clang, r-devel-linux-x86_64-fedora-gcc, r-devel-osx-x86_64-clang, r-devel-windows-ix86+x86_64, r-patched-linux-x86_64, r-patched-solaris-sparc, r-patched-solaris-x86, r-release-linux-x86_64, r-release-osx-x86_64-mavericks, r-release-windows-ix86+x86_64, r-oldrel-windows-ix86+x86_64

Version: 2.3
Check: R code for possible problems
Result: NOTE
    plotTries: no visible global function definition for ‘plot’
    plotTries: no visible global function definition for ‘points’
    plotTries: no visible global function definition for ‘title’
    plotTries: no visible global function definition for ‘mtext’
    run_parallel_HC: no visible global function definition for ‘iter’
    run_parallel_SA: no visible global function definition for ‘iter’
    run_serial: no visible global function definition for ‘iter’
    Undefined global functions or variables:
     iter mtext plot points title
    Consider adding
     importFrom("graphics", "mtext", "plot", "points", "title")
    to your NAMESPACE.
Flavors: r-devel-linux-x86_64-debian-clang, r-devel-linux-x86_64-debian-gcc, r-devel-linux-x86_64-fedora-clang, r-devel-linux-x86_64-fedora-gcc, r-devel-windows-ix86+x86_64

Version: 2.3
Check: R code for possible problems
Result: NOTE
    run_parallel_HC: no visible global function definition for ‘iter’
    run_parallel_SA: no visible global function definition for ‘iter’
    run_serial: no visible global function definition for ‘iter’
    Undefined global functions or variables:
     iter
Flavor: r-devel-osx-x86_64-clang

Version: 2.3
Check: R code for possible problems
Result: NOTE
    run_parallel_HC: no visible global function definition for ‘iter’
    run_parallel_SA: no visible global function definition for ‘iter’
    run_serial: no visible global function definition for ‘iter’
Flavors: r-patched-linux-x86_64, r-patched-solaris-sparc, r-patched-solaris-x86, r-release-linux-x86_64, r-release-osx-x86_64-mavericks, r-release-windows-ix86+x86_64, r-oldrel-windows-ix86+x86_64