CRAN Package Check Results for Package smss

Last updated on 2014-04-17 21:47:56.

Flavor Version Tinstall Tcheck Ttotal Status Flags
r-devel-linux-x86_64-debian-clang 1.0-1 0.84 10.17 11.01 OK
r-devel-linux-x86_64-debian-gcc 1.0-1 0.83 10.11 10.94 OK
r-devel-linux-x86_64-fedora-clang 1.0-1 21.24 OK
r-devel-linux-x86_64-fedora-gcc 1.0-1 20.54 OK
r-devel-macosx-x86_64-clang 1.0-1 24.36 OK
r-devel-macosx-x86_64-gcc 1.0-1 NOTE
r-devel-windows-ix86+x86_64 1.0-1 3.00 16.00 19.00 OK
r-patched-linux-x86_64 1.0-1 0.84 10.04 10.88 OK
r-patched-solaris-sparc 1.0-1 120.90 OK
r-patched-solaris-x86 1.0-1 31.50 OK
r-release-linux-ix86 1.0-1 3.00 23.00 26.00 OK
r-release-linux-x86_64 1.0-1 0.93 10.03 10.96 OK
r-release-windows-ix86+x86_64 1.0-1 3.00 19.00 22.00 OK
r-oldrel-windows-ix86+x86_64 1.0-1 3.00 18.00 21.00 OK

Check Details

Version: 1.0-1
Check: package dependencies
Result: NOTE
    Package suggested but not available for checking: ‘devtools’
Flavor: r-devel-macosx-x86_64-gcc