CRAN Package Check Results for Package smss

Last updated on 2018-09-19 11:48:11 CEST.

Flavor Version Tinstall Tcheck Ttotal Status Flags
r-devel-linux-x86_64-debian-clang 1.0-2 1.04 18.52 19.56 OK
r-devel-linux-x86_64-debian-gcc 1.0-2 0.83 15.04 15.87 OK
r-devel-linux-x86_64-fedora-clang 1.0-2 24.61 OK
r-devel-linux-x86_64-fedora-gcc 1.0-2 22.82 OK
r-devel-windows-ix86+x86_64 1.0-2 3.00 43.00 46.00 OK
r-patched-linux-x86_64 1.0-2 0.86 17.07 17.93 OK
r-patched-solaris-x86 1.0-2 35.40 OK
r-release-linux-x86_64 1.0-2 0.99 17.28 18.27 OK
r-release-windows-ix86+x86_64 1.0-2 4.00 28.00 32.00 OK
r-release-osx-x86_64 1.0-2 OK
r-oldrel-windows-ix86+x86_64 1.0-2 3.00 26.00 29.00 OK
r-oldrel-osx-x86_64 1.0-2 NOTE

Check Details

Version: 1.0-2
Check: package dependencies
Result: NOTE
    Package suggested but not available for checking: ‘devtools’
Flavor: r-oldrel-osx-x86_64