CRAN Package Check Results for Package smss

Last updated on 2017-10-18 05:47:59.

Flavor Version Tinstall Tcheck Ttotal Status Flags
r-devel-linux-x86_64-debian-clang 1.0-2 0.79 13.04 13.83 OK
r-devel-linux-x86_64-debian-gcc 1.0-2 0.71 11.86 12.56 OK
r-devel-linux-x86_64-fedora-clang 1.0-2 20.71 OK
r-devel-linux-x86_64-fedora-gcc 1.0-2 20.19 OK
r-devel-windows-ix86+x86_64 1.0-2 3.00 36.00 39.00 OK
r-patched-linux-x86_64 1.0-2 0.68 12.11 12.79 OK
r-patched-solaris-x86 1.0-2 32.10 OK
r-release-linux-x86_64 1.0-2 0.80 12.59 13.39 OK
r-release-windows-ix86+x86_64 1.0-2 5.00 24.00 29.00 OK
r-release-osx-x86_64 1.0-2 NOTE
r-oldrel-windows-ix86+x86_64 1.0-2 4.00 33.00 37.00 OK
r-oldrel-osx-x86_64 1.0-2 OK

Check Details

Version: 1.0-2
Check: package dependencies
Result: NOTE
    Package suggested but not available for checking: ‘devtools’
Flavor: r-release-osx-x86_64