CRAN Package Check Results for Package smss

Last updated on 2017-06-29 06:53:23.

Flavor Version Tinstall Tcheck Ttotal Status Flags
r-devel-linux-x86_64-debian-clang 1.0-2 0.69 12.96 13.65 OK
r-devel-linux-x86_64-debian-gcc 1.0-2 0.72 10.96 11.68 OK
r-devel-linux-x86_64-fedora-clang 1.0-2 20.95 OK
r-devel-linux-x86_64-fedora-gcc 1.0-2 18.80 OK
r-devel-windows-ix86+x86_64 1.0-2 4.00 35.00 39.00 OK
r-patched-linux-x86_64 1.0-2 0.70 12.39 13.08 OK
r-patched-solaris-sparc 1.0-2 114.80 OK
r-patched-solaris-x86 1.0-2 28.20 OK
r-release-linux-x86_64 1.0-2 0.72 12.26 12.99 OK
r-release-windows-ix86+x86_64 1.0-2 4.00 26.00 30.00 OK
r-release-osx-x86_64 1.0-2 NOTE
r-oldrel-windows-ix86+x86_64 1.0-2 5.00 37.00 42.00 OK
r-oldrel-osx-x86_64 1.0-2 OK

Check Details

Version: 1.0-2
Check: package dependencies
Result: NOTE
    Package suggested but not available for checking: ‘devtools’
Flavor: r-release-osx-x86_64