CRAN Package Check Results for Package smss

Last updated on 2017-08-17 09:47:26.

Flavor Version Tinstall Tcheck Ttotal Status Flags
r-devel-linux-x86_64-debian-clang 1.0-2 0.82 12.93 13.74 OK
r-devel-linux-x86_64-debian-gcc 1.0-2 0.82 14.41 15.23 OK
r-devel-linux-x86_64-fedora-clang 1.0-2 20.07 OK
r-devel-linux-x86_64-fedora-gcc 1.0-2 19.32 OK
r-devel-windows-ix86+x86_64 1.0-2 4.00 26.00 30.00 OK
r-patched-linux-x86_64 1.0-2 0.72 13.65 14.38 OK
r-patched-solaris-x86 1.0-2 32.40 OK
r-release-linux-x86_64 1.0-2 0.71 12.69 13.41 OK
r-release-windows-ix86+x86_64 1.0-2 3.00 27.00 30.00 OK
r-release-osx-x86_64 1.0-2 NOTE
r-oldrel-windows-ix86+x86_64 1.0-2 6.00 24.00 30.00 OK
r-oldrel-osx-x86_64 1.0-2 OK

Check Details

Version: 1.0-2
Check: package dependencies
Result: NOTE
    Package suggested but not available for checking: ‘devtools’
Flavor: r-release-osx-x86_64