CRAN Package Check Results for Package smss

Last updated on 2018-06-24 19:47:08 CEST.

Flavor Version Tinstall Tcheck Ttotal Status Flags
r-devel-linux-x86_64-debian-clang 1.0-2 1.09 18.30 19.39 OK
r-devel-linux-x86_64-debian-gcc 1.0-2 0.78 14.62 15.40 OK
r-devel-linux-x86_64-fedora-clang 1.0-2 23.11 OK
r-devel-linux-x86_64-fedora-gcc 1.0-2 22.25 OK
r-devel-windows-ix86+x86_64 1.0-2 6.00 32.00 38.00 OK
r-patched-linux-x86_64 1.0-2 1.03 17.24 18.27 OK
r-patched-solaris-x86 1.0-2 37.20 OK
r-release-linux-x86_64 1.0-2 1.01 17.27 18.28 OK
r-release-windows-ix86+x86_64 1.0-2 5.00 38.00 43.00 OK
r-release-osx-x86_64 1.0-2 OK
r-oldrel-windows-ix86+x86_64 1.0-2 5.00 35.00 40.00 OK
r-oldrel-osx-x86_64 1.0-2 NOTE

Check Details

Version: 1.0-2
Check: package dependencies
Result: NOTE
    Package suggested but not available for checking: ‘devtools’
Flavor: r-oldrel-osx-x86_64