CRAN Package Check Results for Package smss

Last updated on 2017-12-12 00:47:09 CET.

Flavor Version Tinstall Tcheck Ttotal Status Flags
r-devel-linux-x86_64-debian-clang 1.0-2 0.75 14.12 14.87 OK
r-devel-linux-x86_64-debian-gcc 1.0-2 0.79 12.42 13.21 OK
r-devel-linux-x86_64-fedora-clang 1.0-2 19.33 OK
r-devel-linux-x86_64-fedora-gcc 1.0-2 18.56 OK
r-devel-windows-ix86+x86_64 1.0-2 6.00 26.00 32.00 OK
r-patched-linux-x86_64 1.0-2 0.96 15.51 16.47 OK
r-patched-solaris-x86 1.0-2 30.20 OK
r-release-linux-x86_64 1.0-2 0.79 15.53 16.32 OK
r-release-windows-ix86+x86_64 1.0-2 3.00 41.00 44.00 OK
r-release-osx-x86_64 1.0-2 NOTE
r-oldrel-windows-ix86+x86_64 1.0-2 5.00 36.00 41.00 OK
r-oldrel-osx-x86_64 1.0-2 OK

Check Details

Version: 1.0-2
Check: package dependencies
Result: NOTE
    Package suggested but not available for checking: ‘devtools’
Flavor: r-release-osx-x86_64