CRAN Package Check Results for Package smss

Last updated on 2015-05-07 05:47:35.

Flavor Version Tinstall Tcheck Ttotal Status Flags
r-devel-linux-x86_64-debian-clang 1.0-1 0.64 9.17 9.81 OK
r-devel-linux-x86_64-debian-gcc 1.0-1 0.69 9.66 10.34 OK
r-devel-linux-x86_64-fedora-clang 1.0-1 18.76 OK
r-devel-linux-x86_64-fedora-gcc 1.0-1 17.34 OK
r-devel-osx-x86_64-clang 1.0-1 21.83 OK
r-devel-windows-ix86+x86_64 1.0-1 3.00 17.00 20.00 OK
r-patched-linux-x86_64 1.0-1 0.72 8.98 9.71 OK
r-patched-solaris-sparc 1.0-1 115.70 OK
r-patched-solaris-x86 1.0-1 27.40 OK
r-release-linux-x86_64 1.0-1 0.66 9.06 9.72 OK
r-release-osx-x86_64-mavericks 1.0-1 OK
r-release-osx-x86_64-snowleopard 1.0-1 NOTE
r-release-windows-ix86+x86_64 1.0-1 3.00 17.00 20.00 OK
r-oldrel-windows-ix86+x86_64 1.0-1 3.00 21.00 24.00 OK

Check Details

Version: 1.0-1
Check: package dependencies
Result: NOTE
    Package suggested but not available for checking: ‘devtools’
Flavor: r-release-osx-x86_64-snowleopard