CRAN Package Check Results for Package smss

Last updated on 2017-04-27 23:50:18.

Flavor Version Tinstall Tcheck Ttotal Status Flags
r-devel-linux-x86_64-debian-clang 1.0-2 0.70 12.62 13.32 OK
r-devel-linux-x86_64-debian-gcc 1.0-2 0.74 12.68 13.42 OK
r-devel-linux-x86_64-fedora-clang 1.0-2 22.43 OK --no-stop-on-test-error
r-devel-linux-x86_64-fedora-gcc 1.0-2 18.76 OK --no-stop-on-test-error
r-devel-windows-ix86+x86_64 1.0-2 3.00 40.00 43.00 OK
r-patched-linux-x86_64 1.0-2 0.70 12.71 13.40 OK
r-patched-solaris-sparc 1.0-2 114.80 OK
r-patched-solaris-x86 1.0-2 27.80 OK
r-release-linux-x86_64 1.0-2 0.73 12.45 13.17 OK
r-release-windows-ix86+x86_64 1.0-2 3.00 28.00 31.00 OK
r-release-osx-x86_64 1.0-2 NOTE
r-oldrel-windows-ix86+x86_64 1.0-2 5.00 24.00 29.00 OK
r-oldrel-osx-x86_64 1.0-2 OK

Check Details

Version: 1.0-2
Check: package dependencies
Result: NOTE
    Package suggested but not available for checking: ‘devtools’
Flavor: r-release-osx-x86_64