CRAN Package Check Results for Package smss

Last updated on 2018-02-23 01:46:45 CET.

Flavor Version Tinstall Tcheck Ttotal Status Flags
r-devel-linux-x86_64-debian-clang 1.0-2 0.67 16.19 16.86 OK
r-devel-linux-x86_64-debian-gcc 1.0-2 0.73 13.60 14.33 OK
r-devel-linux-x86_64-fedora-clang 1.0-2 22.93 OK
r-devel-linux-x86_64-fedora-gcc 1.0-2 21.16 OK
r-devel-windows-ix86+x86_64 1.0-2 4.00 26.00 30.00 OK
r-patched-linux-x86_64 1.0-2 0.65 15.90 16.55 OK
r-patched-solaris-x86 1.0-2 33.80 OK
r-release-linux-x86_64 1.0-2 0.89 15.87 16.76 OK
r-release-windows-ix86+x86_64 1.0-2 6.00 26.00 32.00 OK
r-release-osx-x86_64 1.0-2 NOTE
r-oldrel-windows-ix86+x86_64 1.0-2 3.00 26.00 29.00 OK
r-oldrel-osx-x86_64 1.0-2 OK

Check Details

Version: 1.0-2
Check: package dependencies
Result: NOTE
    Package suggested but not available for checking: ‘devtools’
Flavor: r-release-osx-x86_64