CRAN Package Check Results for Package sn

Last updated on 2015-01-31 16:47:06.

Flavor Version Tinstall Tcheck Ttotal Status Flags
r-devel-linux-x86_64-debian-clang 1.1-2 1.70 44.02 45.72 NOTE
r-devel-linux-x86_64-debian-gcc 1.1-2 1.39 42.83 44.22 NOTE
r-devel-linux-x86_64-fedora-clang 1.1-2 95.40 NOTE
r-devel-linux-x86_64-fedora-gcc 1.1-2 92.24 NOTE
r-devel-osx-x86_64-clang 1.1-2 86.32 NOTE
r-devel-windows-ix86+x86_64 1.1-2 5.00 65.00 70.00 OK
r-patched-linux-x86_64 1.1-2 1.57 49.03 50.60 OK
r-patched-solaris-sparc 1.1-2 555.30 OK
r-patched-solaris-x86 1.1-2 112.10 OK
r-release-linux-ix86 1.1-2 1.86 57.90 59.76 OK
r-release-linux-x86_64 1.1-2 1.66 47.34 49.00 OK
r-release-osx-x86_64-mavericks 1.1-2 OK
r-release-osx-x86_64-snowleopard 1.1-2 OK
r-release-windows-ix86+x86_64 1.1-2 4.00 58.00 62.00 OK
r-oldrel-windows-ix86+x86_64 1.1-2 5.00 61.00 66.00 OK

Check Details

Version: 1.1-2
Check: S3 generic/method consistency
Result: NOTE
    Found the following apparent S3 methods exported but not registered:
     plot.mselm plot.selm coef.mselm coef.selm fitted.mselm fitted.selm
     residuals.mselm residuals.selm
    See section ‘Registering S3 methods’ in the ‘Writing R Extensions’
    manual.
Flavors: r-devel-linux-x86_64-debian-clang, r-devel-linux-x86_64-debian-gcc, r-devel-linux-x86_64-fedora-clang, r-devel-linux-x86_64-fedora-gcc, r-devel-osx-x86_64-clang