CRAN Package Check Results for Package sn

Last updated on 2015-02-26 23:47:56.

Flavor Version Tinstall Tcheck Ttotal Status Flags
r-devel-linux-x86_64-debian-clang 1.1-2 1.42 44.18 45.60 NOTE
r-devel-linux-x86_64-debian-gcc 1.1-2 1.38 42.95 44.33 NOTE
r-devel-linux-x86_64-fedora-clang 1.1-2 88.10 NOTE
r-devel-linux-x86_64-fedora-gcc 1.1-2 85.89 NOTE
r-devel-osx-x86_64-clang 1.1-2 79.74 NOTE
r-devel-windows-ix86+x86_64 1.1-2 8.00 63.00 71.00 OK
r-patched-linux-x86_64 1.1-2 1.54 48.33 49.87 OK
r-patched-solaris-sparc 1.1-2 555.30 OK
r-patched-solaris-x86 1.1-2 111.00 OK
r-release-linux-ix86 1.1-2 2.06 63.24 65.29 OK
r-release-linux-x86_64 1.1-2 1.54 0.26 1.81 OK
r-release-osx-x86_64-mavericks 1.1-2 OK
r-release-osx-x86_64-snowleopard 1.1-2 OK
r-release-windows-ix86+x86_64 1.1-2 4.00 58.00 62.00 OK
r-oldrel-windows-ix86+x86_64 1.1-2 5.00 61.00 66.00 OK

Check Details

Version: 1.1-2
Check: S3 generic/method consistency
Result: NOTE
    Found the following apparent S3 methods exported but not registered:
     coef.mselm coef.selm fitted.mselm fitted.selm plot.mselm plot.selm
     residuals.mselm residuals.selm
    See section ‘Registering S3 methods’ in the ‘Writing R Extensions’
    manual.
Flavors: r-devel-linux-x86_64-debian-clang, r-devel-linux-x86_64-debian-gcc, r-devel-linux-x86_64-fedora-clang, r-devel-linux-x86_64-fedora-gcc, r-devel-osx-x86_64-clang