CRAN Package Check Results for Package sn

Last updated on 2015-03-28 11:49:27.

Flavor Version Tinstall Tcheck Ttotal Status Flags
r-devel-linux-x86_64-debian-clang 1.2-0 1.48 35.74 37.22 OK
r-devel-linux-x86_64-debian-gcc 1.2-0 1.48 35.00 36.48 OK
r-devel-linux-x86_64-fedora-clang 1.2-0 38.22 OK
r-devel-linux-x86_64-fedora-gcc 1.2-0 35.47 OK
r-devel-osx-x86_64-clang 1.2-0 71.33 OK
r-prerel-windows-ix86+x86_64 1.2-0 6.00 56.00 62.00 OK
r-prerel-linux-x86_64 1.1-2 1.41 43.19 44.60 NOTE
r-prerel-solaris-sparc 1.2-0 449.10 OK
r-prerel-solaris-x86 1.2-0 85.90 OK
r-release-linux-x86_64 1.2-0 1.58 38.54 40.12 OK
r-release-osx-x86_64-mavericks 1.2-0 OK
r-release-osx-x86_64-snowleopard 1.2-0 OK
r-release-windows-ix86+x86_64 1.2-0 5.00 60.00 65.00 OK
r-oldrel-windows-ix86+x86_64 1.2-0 5.00 57.00 62.00 OK

Check Details

Version: 1.1-2
Check: S3 generic/method consistency
Result: NOTE
    Found the following apparent S3 methods exported but not registered:
     coef.mselm coef.selm fitted.mselm fitted.selm plot.mselm plot.selm
     residuals.mselm residuals.selm
    See section ‘Registering S3 methods’ in the ‘Writing R Extensions’
    manual.
Flavor: r-prerel-linux-x86_64