CRAN Package Check Results for Package sn

Last updated on 2014-04-24 15:50:48.

Flavor Version Tinstall Tcheck Ttotal Status Flags
r-devel-linux-x86_64-debian-clang 1.0-0 1.61 38.16 39.76 OK
r-devel-linux-x86_64-debian-gcc 1.0-0 1.58 37.95 39.53 OK
r-devel-linux-x86_64-fedora-clang 1.0-0 79.95 OK
r-devel-linux-x86_64-fedora-gcc 1.0-0 77.69 OK
r-devel-osx-x86_64-clang 1.0-0 67.33 OK
r-devel-osx-x86_64-gcc 1.0-0 OK
r-devel-windows-ix86+x86_64 1.0-0 5.00 50.00 55.00 OK
r-patched-linux-x86_64 1.0-0 1.69 37.91 39.60 OK
r-patched-solaris-sparc 1.0-0 439.90 OK
r-patched-solaris-x86 1.0-0 92.30 OK
r-release-linux-ix86 1.0-0 3.00 61.00 64.00 OK
r-release-linux-x86_64 1.0-0 1.70 38.21 39.91 OK
r-release-osx-x86_64-mavericks 1.0-0 WARN
r-release-osx-x86_64-snowleopard 1.0-0 OK
r-release-windows-ix86+x86_64 1.0-0 8.00 61.00 69.00 OK
r-oldrel-windows-ix86+x86_64 1.0-0 4.00 60.00 64.00 OK

Check Details

Version: 1.0-0
Check: PDF version of manual
Result: WARNING
    LaTeX errors when creating PDF version.
    This typically indicates Rd problems.
    LaTeX errors found:
    ! LaTeX Error: File `upquote.sty' not found.
    
    Type X to quit or <RETURN> to proceed,
    or enter new name. (Default extension: sty)
    
    98e5d02/Rd2.tex:8: ==> Fatal error occurred, no output PDF file produced!
Flavor: r-release-osx-x86_64-mavericks