CRAN Package Check Results for Package sn

Last updated on 2015-07-07 06:46:52.

Flavor Version Tinstall Tcheck Ttotal Status Flags
r-devel-linux-x86_64-debian-clang 1.2-2 1.45 44.05 45.50 NOTE
r-devel-linux-x86_64-debian-gcc 1.2-2 1.94 42.98 44.91 NOTE
r-devel-linux-x86_64-fedora-clang 1.2-2 80.87 NOTE
r-devel-linux-x86_64-fedora-gcc 1.2-2 76.58 NOTE
r-devel-osx-x86_64-clang 1.2-2 62.78 OK
r-devel-windows-ix86+x86_64 1.2-2 6.00 63.00 69.00 NOTE
r-patched-linux-x86_64 1.2-2 1.54 40.83 42.37 OK
r-patched-solaris-sparc 1.2-2 502.70 OK
r-patched-solaris-x86 1.2-2 97.70 OK
r-release-linux-x86_64 1.2-2 1.44 40.61 42.05 OK
r-release-osx-x86_64-mavericks 1.2-2 OK
r-release-windows-ix86+x86_64 1.2-2 5.00 63.00 68.00 OK
r-oldrel-windows-ix86+x86_64 1.2-2 7.00 68.00 75.00 OK

Check Details

Version: 1.2-2
Check: R code for possible problems
Result: NOTE
    .onAttach: no visible global function definition for
     ‘packageDescription’
    T.Owen: no visible global function definition for ‘pnorm’
    conditionalSECdistr: no visible global function definition for
     ‘cov2cor’
    delta.etc: no visible global function definition for ‘cov2cor’
    dmsn: no visible global function definition for ‘pnorm’
    dmsn: no visible global function definition for ‘cov2cor’
    dmst: no visible global function definition for ‘pt’
    dsc: no visible global function definition for ‘dcauchy’
    dsn: no visible global function definition for ‘pnorm’
    dst: no visible global function definition for ‘dt’
    dst: no visible global function definition for ‘pt’
    modeSECdistrMv: no visible global function definition for ‘optimize’
    modeSECdistrUv: no visible global function definition for ‘optimize’
    msn.cp2dp: no visible global function definition for ‘cov2cor’
    msn.dp2cp: no visible global function definition for ‘cov2cor’
    msn.mle: no visible global function definition for ‘lm.wfit’
    msn.mle: no visible global function definition for ‘resid’
    msn.moment.fit: no visible global function definition for ‘var’
    msn.moment.fit: no visible global function definition for ‘cov2cor’
    msn.mple: no visible global function definition for ‘cov2cor’
    mst.logL: no visible global function definition for ‘cov2cor’
    mst.mple: no visible global function definition for ‘lm.wfit’
    mst.mple: no visible global function definition for ‘var’
    mst.mple: no visible global function definition for ‘resid’
    mst.mple: no visible global function definition for ‘cov2cor’
    mst.pdev: no visible global function definition for ‘cov2cor’
    mst.pdev.grad: no visible global function definition for ‘pt’
    mst.pdev.grad: no visible global function definition for ‘dt’
    mst.pdev.grad: no visible global function definition for ‘cov2cor’
    op2dp: no visible global function definition for ‘cov2cor’
    plot.SECdistrBv: no visible global function definition for ‘cov2cor’
    plot.SECdistrBv: no visible global function definition for ‘qf’
    plot.SECdistrBv: no visible global function definition for ‘par’
    plot.SECdistrBv: no visible global function definition for ‘points’
    plot.SECdistrBv: no visible global function definition for ‘text’
    plot.SECdistrBv: no visible global function definition for ‘contour’
    plot.SECdistrBv: no visible global function definition for ‘lines’
    plot.SECdistrMv : textPanel: no visible global function definition for
     ‘text’
    plot.SECdistrMv : localAxis: no visible global function definition for
     ‘Axis’
    plot.SECdistrMv: no visible global function definition for ‘par’
    plot.SECdistrMv: no visible global function definition for ‘text’
    plot.SECdistrMv: no visible global function definition for ‘box’
    plot.SECdistrMv: no visible global function definition for ‘axis’
    plot.SECdistrMv: no visible global function definition for ‘mtext’
    plot.SECdistrUv: no visible global function definition for ‘par’
    plot.SECdistrUv: no visible global function definition for ‘lines’
    plot.SECdistrUv: no visible global function definition for ‘abline’
    plot.SECdistrUv: no visible global function definition for ‘points’
    plot.SECdistrUv: no visible global function definition for ‘text’
    plot.SECdistrUv: no visible global function definition for ‘rug’
    plot.SECdistrUv: no visible global function definition for ‘title’
    plot.mselm: no visible binding for global variable ‘panel.smooth’
    plot.mselm: no visible binding for global variable ‘points’
    plot.mselm: no visible global function definition for ‘par’
    plot.mselm: no visible global function definition for ‘dev.interactive’
    plot.mselm : text.id: no visible global function definition for ‘text’
    plot.mselm: no visible global function definition for ‘devAskNewPage’
    plot.mselm: no visible global function definition for ‘mtext’
    plot.mselm: no visible global function definition for ‘qf’
    plot.mselm: no visible global function definition for ‘abline’
    plot.mselm: no visible global function definition for ‘pf’
    plot.selm: no visible binding for global variable ‘panel.smooth’
    plot.selm: no visible binding for global variable ‘points’
    plot.selm: no visible global function definition for ‘par’
    plot.selm: no visible global function definition for ‘dev.interactive’
    plot.selm : text.id: no visible global function definition for ‘text’
    plot.selm: no visible global function definition for ‘devAskNewPage’
    plot.selm: no visible global function definition for ‘boxplot’
    plot.selm: no visible global function definition for ‘strheight’
    plot.selm: no visible global function definition for ‘abline’
    plot.selm: no visible global function definition for ‘mtext’
    plot.selm: no visible global function definition for ‘hist’
    plot.selm: no visible global function definition for ‘extendrange’
    plot.selm: no visible global function definition for ‘lines’
    plot.selm: no visible global function definition for ‘rug’
    plot.selm: no visible global function definition for ‘qf’
    plot.selm: no visible global function definition for ‘pf’
    pmsn: no visible global function definition for ‘pnorm’
    pmst: no visible global function definition for ‘cov2cor’
    pmst : fp: no visible global function definition for ‘dchisq’
    pmst: no visible global function definition for ‘integrate’
    print.summary.mselm: no visible binding for global variable ‘quantile’
    print.summary.mselm: no visible global function definition for
     ‘quantile’
    print.summary.mselm: no visible global function definition for
     ‘printCoefmat’
    print.summary.selm: no visible binding for global variable ‘quantile’
    print.summary.selm: no visible global function definition for
     ‘quantile’
    print.summary.selm: no visible global function definition for
     ‘printCoefmat’
    psn: no visible global function definition for ‘pnorm’
    pst: no visible global function definition for ‘pf’
    pst : fp: no visible global function definition for ‘dchisq’
    pst: no visible global function definition for ‘integrate’
    qsn: no visible global function definition for ‘qchisq’
    qsn: no visible global function definition for ‘qnorm’
    qst: no visible global function definition for ‘qf’
    qst: no visible global function definition for ‘qt’
    rmsn: no visible global function definition for ‘rnorm’
    rmsn: no visible global function definition for ‘qnorm’
    rmsn: no visible global function definition for ‘runif’
    rmsn: no visible global function definition for ‘pnorm’
    rmst: no visible global function definition for ‘rchisq’
    rsc: no visible global function definition for ‘rnorm’
    rsn: no visible global function definition for ‘rnorm’
    rsn: no visible global function definition for ‘qnorm’
    rsn: no visible global function definition for ‘runif’
    rsn: no visible global function definition for ‘pnorm’
    rst: no visible global function definition for ‘rchisq’
    selm: no visible global function definition for ‘as.formula’
    selm: no visible global function definition for ‘model.response’
    selm: no visible global function definition for ‘model.weights’
    selm: no visible global function definition for ‘model.offset’
    selm: no visible global function definition for ‘is.empty.model’
    selm: no visible global function definition for ‘model.matrix’
    selm: no visible binding for global variable ‘contrasts’
    selm: no visible global function definition for ‘.getXlevels’
    selm.fit: no visible global function definition for ‘lm.wfit’
    sn.infoMv: no visible global function definition for ‘cov2cor’
    sn.infoMv: no visible global function definition for ‘integrate’
    sn.infoUv: no visible global function definition for ‘integrate’
    st.cp2dp: no visible global function definition for ‘uniroot’
    st.infoMv: no visible global function definition for ‘cov2cor’
    st.mple: no visible global function definition for ‘lm.wfit’
    st.pdev.gh: no visible global function definition for ‘dt’
    st.pdev.gh: no visible global function definition for ‘pt’
    st.pdev.gh : fun.g: no visible global function definition for ‘dt’
    st.pdev.gh: no visible global function definition for ‘integrate’
    st.pdev.gh : fun.b: no visible global function definition for ‘dt’
    st.pdev.gh : fun.d: no visible global function definition for ‘dt’
    summary.mselm: no visible global function definition for ‘pnorm’
    summary.mselm: no visible global function definition for ‘cov2cor’
    summary.selm: no visible global function definition for ‘pnorm’
    summary.selm: no visible global function definition for ‘cov2cor’
    zeta: no visible global function definition for ‘pnorm’
    zeta: no visible global function definition for ‘dnorm’
    plot,SECdistrMv-missing : textPanel: no visible global function
     definition for ‘text’
    plot,SECdistrMv-missing : localAxis: no visible global function
     definition for ‘Axis’
    plot,SECdistrMv-missing: no visible global function definition for
     ‘par’
    plot,SECdistrMv-missing: no visible global function definition for
     ‘text’
    plot,SECdistrMv-missing: no visible global function definition for
     ‘box’
    plot,SECdistrMv-missing: no visible global function definition for
     ‘axis’
    plot,SECdistrMv-missing: no visible global function definition for
     ‘mtext’
    plot,SECdistrUv-missing: no visible global function definition for
     ‘par’
    plot,SECdistrUv-missing: no visible global function definition for
     ‘lines’
    plot,SECdistrUv-missing: no visible global function definition for
     ‘abline’
    plot,SECdistrUv-missing: no visible global function definition for
     ‘points’
    plot,SECdistrUv-missing: no visible global function definition for
     ‘text’
    plot,SECdistrUv-missing: no visible global function definition for
     ‘rug’
    plot,SECdistrUv-missing: no visible global function definition for
     ‘title’
    plot,mselm-ANY: no visible binding for global variable ‘panel.smooth’
    plot,mselm-ANY: no visible binding for global variable ‘points’
    plot,mselm-ANY: no visible global function definition for ‘par’
    plot,mselm-ANY: no visible global function definition for
     ‘dev.interactive’
    plot,mselm-ANY : text.id: no visible global function definition for
     ‘text’
    plot,mselm-ANY: no visible global function definition for
     ‘devAskNewPage’
    plot,mselm-ANY: no visible global function definition for ‘mtext’
    plot,mselm-ANY: no visible global function definition for ‘qf’
    plot,mselm-ANY: no visible global function definition for ‘abline’
    plot,mselm-ANY: no visible global function definition for ‘pf’
    plot,selm-ANY: no visible binding for global variable ‘panel.smooth’
    plot,selm-ANY: no visible binding for global variable ‘points’
    plot,selm-ANY: no visible global function definition for ‘par’
    plot,selm-ANY: no visible global function definition for
     ‘dev.interactive’
    plot,selm-ANY : text.id: no visible global function definition for
     ‘text’
    plot,selm-ANY: no visible global function definition for
     ‘devAskNewPage’
    plot,selm-ANY: no visible global function definition for ‘boxplot’
    plot,selm-ANY: no visible global function definition for ‘strheight’
    plot,selm-ANY: no visible global function definition for ‘abline’
    plot,selm-ANY: no visible global function definition for ‘mtext’
    plot,selm-ANY: no visible global function definition for ‘hist’
    plot,selm-ANY: no visible global function definition for ‘extendrange’
    plot,selm-ANY: no visible global function definition for ‘lines’
    plot,selm-ANY: no visible global function definition for ‘rug’
    plot,selm-ANY: no visible global function definition for ‘qf’
    plot,selm-ANY: no visible global function definition for ‘pf’
    show,summary.mselm: no visible binding for global variable ‘quantile’
    show,summary.mselm: no visible global function definition for
     ‘quantile’
    show,summary.mselm: no visible global function definition for
     ‘printCoefmat’
    show,summary.selm: no visible binding for global variable ‘quantile’
    show,summary.selm: no visible global function definition for ‘quantile’
    show,summary.selm: no visible global function definition for
     ‘printCoefmat’
    summary,mselm: no visible global function definition for ‘pnorm’
    summary,mselm: no visible global function definition for ‘cov2cor’
    summary,selm: no visible global function definition for ‘pnorm’
    summary,selm: no visible global function definition for ‘cov2cor’
    Undefined global functions or variables:
     .getXlevels Axis abline as.formula axis box boxplot contour contrasts
     cov2cor dcauchy dchisq dev.interactive devAskNewPage dnorm dt
     extendrange hist integrate is.empty.model lines lm.wfit model.matrix
     model.offset model.response model.weights mtext optimize
     packageDescription panel.smooth par pf pnorm points printCoefmat pt
     qchisq qf qnorm qt quantile rchisq resid rnorm rug runif strheight
     text title uniroot var
Flavors: r-devel-linux-x86_64-debian-clang, r-devel-linux-x86_64-debian-gcc, r-devel-linux-x86_64-fedora-clang, r-devel-linux-x86_64-fedora-gcc, r-devel-windows-ix86+x86_64