Last updated on 2023-12-01 11:54:08 CET.
Flavor | Version | Tinstall | Tcheck | Ttotal | Status | Flags |
---|---|---|---|---|---|---|
r-devel-linux-x86_64-debian-clang | 2.1.1 | 20.74 | 170.78 | 191.52 | NOTE | |
r-devel-linux-x86_64-debian-gcc | 2.1.1 | 17.35 | 120.96 | 138.31 | NOTE | |
r-devel-linux-x86_64-fedora-clang | 2.1.1 | 230.68 | OK | |||
r-devel-linux-x86_64-fedora-gcc | 2.1.1 | 234.14 | OK | |||
r-devel-windows-x86_64 | 2.1.1 | 19.00 | 143.00 | 162.00 | OK | |
r-patched-linux-x86_64 | 2.1.1 | 20.99 | 163.65 | 184.64 | OK | |
r-release-linux-x86_64 | 2.1.1 | 19.90 | 160.16 | 180.06 | OK | |
r-release-macos-arm64 | 2.1.1 | 59.00 | OK | |||
r-release-macos-x86_64 | 2.1.1 | 108.00 | OK | |||
r-release-windows-x86_64 | 2.1.1 | 26.00 | 176.00 | 202.00 | OK | |
r-oldrel-macos-arm64 | 2.1.1 | 52.00 | OK | |||
r-oldrel-macos-x86_64 | 2.1.1 | 70.00 | OK | |||
r-oldrel-windows-x86_64 | 2.1.1 | 28.00 | 177.00 | 205.00 | OK |
Version: 2.1.1
Check: Rd files
Result: NOTE
checkRd: (-1) plot.selm.Rd:101: Lost braces
101 | data. Default value for code{which} is \code{2:4} if \code{p>1}, otherwise
| ^
Flavors: r-devel-linux-x86_64-debian-clang, r-devel-linux-x86_64-debian-gcc