CRAN Package Check Results for Package sna

Last updated on 2014-12-22 01:47:47.

Flavor Version Tinstall Tcheck Ttotal Status Flags
r-devel-linux-x86_64-debian-clang 2.3-2 4.64 65.45 70.08 NOTE
r-devel-linux-x86_64-debian-gcc 2.3-2 5.78 61.87 67.65 NOTE
r-devel-linux-x86_64-fedora-clang 2.3-2 139.53 NOTE
r-devel-linux-x86_64-fedora-gcc 2.3-2 129.30 NOTE
r-devel-osx-x86_64-clang 2.3-2 116.26 NOTE
r-devel-windows-ix86+x86_64 2.3-2 28.00 114.00 142.00 NOTE
r-patched-linux-x86_64 2.3-2 6.08 68.35 74.44 NOTE
r-patched-solaris-sparc 2.3-2 840.40 NOTE
r-patched-solaris-x86 2.3-2 162.50 NOTE
r-release-linux-ix86 2.3-2 7.42 77.13 84.56 NOTE
r-release-linux-x86_64 2.3-2 6.09 66.08 72.17 NOTE
r-release-osx-x86_64-mavericks 2.3-2 OK
r-release-osx-x86_64-snowleopard 2.3-2 OK
r-release-windows-ix86+x86_64 2.3-2 26.00 129.00 155.00 NOTE
r-oldrel-windows-ix86+x86_64 2.3-2 26.00 130.00 156.00 OK

Check Details

Version: 2.3-2
Check: R code for possible problems
Result: NOTE
    as.edgelist.sna: no visible global function definition for
     ‘as.matrix.network.edgelist’
    as.edgelist.sna: no visible binding for global variable
     ‘as.matrix.network.edgelist’
    as.edgelist.sna: no visible global function definition for ‘has.loops’
    as.edgelist.sna: no visible global function definition for
     ‘is.directed’
    as.edgelist.sna: no visible global function definition for
     ‘network.size’
    as.edgelist.sna: no visible global function definition for
     ‘network.vertex.names’
    as.edgelist.sna: no visible global function definition for
     ‘is.bipartite’
    as.edgelist.sna: no visible global function definition for
     ‘get.network.attribute’
    as.sociomatrix.sna: no visible global function definition for
     ‘as.sociomatrix’
    gplot3d: no visible global function definition for ‘rgl.clear’
    gplot3d: no visible global function definition for ‘rgl.bbox’
    gplot3d: no visible global function definition for ‘rgl.bg’
    gplot3d: no visible global function definition for ‘rgl.spheres’
    gplot3d: no visible global function definition for ‘rgl.texts’
    gplot3d.arrow: no visible global function definition for
     ‘rgl.triangles’
    gplot3d.loop: no visible global function definition for ‘rgl.triangles’
    gtrans : adjisok: no visible global function definition for
     ‘network.size’
    gtrans : adjisok: no visible global function definition for
     ‘network.edgecount’
    lnam : infomat: no visible global function definition for ‘hessian’
Flavors: r-devel-linux-x86_64-debian-clang, r-devel-linux-x86_64-debian-gcc, r-devel-linux-x86_64-fedora-clang, r-devel-linux-x86_64-fedora-gcc, r-devel-osx-x86_64-clang, r-devel-windows-ix86+x86_64, r-patched-linux-x86_64, r-patched-solaris-sparc, r-patched-solaris-x86, r-release-linux-ix86, r-release-linux-x86_64, r-release-windows-ix86+x86_64