CRAN Package Check Results for Package sna

Last updated on 2020-02-25 13:48:12 CET.

Flavor Version Tinstall Tcheck Ttotal Status Flags
r-devel-linux-x86_64-debian-clang 2.5 27.86 127.48 155.34 OK
r-devel-linux-x86_64-debian-gcc 2.5 22.25 92.30 114.55 OK
r-devel-linux-x86_64-fedora-clang 2.5 191.51 OK
r-devel-linux-x86_64-fedora-gcc 2.5 177.13 OK
r-devel-windows-ix86+x86_64 2.5 44.00 171.00 215.00 OK
r-devel-windows-ix86+x86_64-gcc8 2.5 48.00 170.00 218.00 OK
r-patched-linux-x86_64 2.5 20.37 113.33 133.70 OK
r-patched-solaris-x86 2.5 204.80 OK
r-release-linux-x86_64 2.5 22.33 113.00 135.33 OK
r-release-windows-ix86+x86_64 2.5 45.00 155.00 200.00 OK
r-release-osx-x86_64 2.5 NOTE
r-oldrel-windows-ix86+x86_64 2.5 46.00 158.00 204.00 OK
r-oldrel-osx-x86_64 2.5 NOTE

Check Details

Version: 2.5
Check: dependencies in R code
Result: NOTE
    No protocol specified
Flavors: r-release-osx-x86_64, r-oldrel-osx-x86_64