CRAN Package Check Results for Package sna

Last updated on 2022-05-17 21:50:58 CEST.

Flavor Version Tinstall Tcheck Ttotal Status Flags
r-devel-linux-x86_64-debian-clang 2.6 32.52 170.23 202.75 NOTE
r-devel-linux-x86_64-debian-gcc 2.6 24.20 122.71 146.91 NOTE
r-devel-linux-x86_64-fedora-clang 2.6 229.02 NOTE
r-devel-linux-x86_64-fedora-gcc 2.6 230.55 NOTE
r-devel-windows-x86_64 2.6 78.00 180.00 258.00 NOTE
r-patched-linux-x86_64 2.6 31.69 158.49 190.18 OK
r-release-linux-x86_64 2.6 26.10 151.68 177.78 OK
r-release-macos-arm64 2.6 61.00 OK
r-release-macos-x86_64 2.6 73.00 OK
r-release-windows-x86_64 2.6 84.00 177.00 261.00 OK
r-oldrel-macos-arm64 2.6 62.00 OK
r-oldrel-macos-x86_64 2.6 186.00 OK
r-oldrel-windows-ix86+x86_64 2.6 61.00 228.00 289.00 OK

Check Details

Version: 2.6
Check: Rd files
Result: NOTE
    checkRd: (7) sna-deprecated.Rd:17: \item in \describe must have non-empty label
Flavors: r-devel-linux-x86_64-debian-clang, r-devel-linux-x86_64-debian-gcc, r-devel-linux-x86_64-fedora-clang, r-devel-linux-x86_64-fedora-gcc, r-devel-windows-x86_64

Version: 2.6
Check: HTML version of manual
Result: NOTE
    Found the following problems:
    sna-deprecated.Rd:33:1: Warning: trimming empty <dt>
Flavors: r-devel-linux-x86_64-debian-clang, r-devel-linux-x86_64-debian-gcc