CRAN Package Check Results for Package sna

Last updated on 2017-08-20 13:47:17.

Flavor Version Tinstall Tcheck Ttotal Status Flags
r-devel-linux-x86_64-debian-clang 2.4 6.73 83.84 90.57 NOTE
r-devel-linux-x86_64-debian-gcc 2.4 6.51 75.07 81.58 NOTE
r-devel-linux-x86_64-fedora-clang 2.4 151.73 NOTE
r-devel-linux-x86_64-fedora-gcc 2.4 143.90 NOTE
r-devel-windows-ix86+x86_64 2.4 30.00 147.00 177.00 OK
r-patched-linux-x86_64 2.4 6.22 80.93 87.16 NOTE
r-patched-solaris-x86 2.4 174.10 OK
r-release-linux-x86_64 2.4 6.57 73.63 80.20 NOTE
r-release-windows-ix86+x86_64 2.4 39.00 139.00 178.00 OK
r-release-osx-x86_64 2.4 OK
r-oldrel-windows-ix86+x86_64 2.4 26.00 132.00 158.00 OK
r-oldrel-osx-x86_64 2.4 OK

Check Details

Version: 2.4
Check: compiled code
Result: NOTE
    File ‘sna/libs/sna.so’:
     Found no calls to: ‘R_registerRoutines’, ‘R_useDynamicSymbols’
    
    It is good practice to register native routines and to disable symbol
    search.
    
    See ‘Writing portable packages’ in the ‘Writing R Extensions’ manual.
Flavors: r-devel-linux-x86_64-debian-clang, r-devel-linux-x86_64-debian-gcc, r-devel-linux-x86_64-fedora-clang, r-devel-linux-x86_64-fedora-gcc, r-patched-linux-x86_64, r-release-linux-x86_64