CRAN Package Check Results for Package sna

Last updated on 2015-05-28 17:48:13.

Flavor Version Tinstall Tcheck Ttotal Status Flags
r-devel-linux-x86_64-debian-clang 2.3-2 4.98 62.77 67.75 NOTE
r-devel-linux-x86_64-debian-gcc 2.3-2 5.79 61.33 67.12 NOTE
r-devel-linux-x86_64-fedora-clang 2.3-2 129.47 NOTE
r-devel-linux-x86_64-fedora-gcc 2.3-2 122.56 NOTE
r-devel-osx-x86_64-clang 2.3-2 109.43 NOTE
r-devel-windows-ix86+x86_64 2.3-2 29.00 127.00 156.00 NOTE
r-patched-linux-x86_64 2.3-2 6.18 61.18 67.36 NOTE
r-patched-solaris-sparc 2.3-2 816.50 NOTE
r-patched-solaris-x86 2.3-2 154.10 NOTE
r-release-linux-x86_64 2.3-2 5.96 64.14 70.11 NOTE
r-release-osx-x86_64-mavericks 2.3-2 NOTE
r-release-osx-x86_64-snowleopard 2.3-2 NOTE
r-release-windows-ix86+x86_64 2.3-2 26.00 119.00 145.00 NOTE
r-oldrel-windows-ix86+x86_64 2.3-2 26.00 118.00 144.00 NOTE

Check Details

Version: 2.3-2
Check: dependencies in R code
Result: NOTE
    'library' or 'require' calls in package code:
     ‘SparseM’ ‘network’ ‘numDeriv’ ‘rgl’
     Please use :: or requireNamespace() instead.
     See section 'Suggested packages' in the 'Writing R Extensions' manual.
Flavors: r-devel-linux-x86_64-debian-clang, r-devel-linux-x86_64-debian-gcc, r-devel-linux-x86_64-fedora-clang, r-devel-linux-x86_64-fedora-gcc, r-devel-osx-x86_64-clang, r-devel-windows-ix86+x86_64, r-patched-linux-x86_64, r-patched-solaris-sparc, r-patched-solaris-x86, r-release-linux-x86_64, r-release-osx-x86_64-mavericks, r-release-osx-x86_64-snowleopard, r-release-windows-ix86+x86_64, r-oldrel-windows-ix86+x86_64

Version: 2.3-2
Check: S3 generic/method consistency
Result: NOTE
    Found the following apparent S3 methods exported but not registered:
     coef.bn coef.lnam plot.bbnam plot.bbnam.actor plot.bbnam.fixed
     plot.bbnam.pooled plot.blockmodel plot.bn plot.cug.test plot.cugtest
     plot.equiv.clust plot.lnam plot.qaptest plot.sociomatrix
     print.bayes.factor print.bbnam print.bbnam.actor print.bbnam.fixed
     print.bbnam.pooled print.blockmodel print.bn print.cug.test
     print.cugtest print.equiv.clust print.lnam print.netcancor
     print.netlm print.netlogit print.qaptest print.summary.bayes.factor
     print.summary.bbnam print.summary.bbnam.actor
     print.summary.bbnam.fixed print.summary.bbnam.pooled
     print.summary.blockmodel print.summary.bn print.summary.brokerage
     print.summary.cugtest print.summary.lnam print.summary.netcancor
     print.summary.netlm print.summary.netlogit print.summary.qaptest
     summary.bayes.factor summary.bbnam summary.bbnam.actor
     summary.bbnam.fixed summary.bbnam.pooled summary.blockmodel
     summary.bn summary.brokerage summary.cugtest summary.lnam
     summary.netcancor summary.netlm summary.netlogit summary.qaptest
    See section ‘Registering S3 methods’ in the ‘Writing R Extensions’
    manual.
Flavors: r-devel-linux-x86_64-debian-clang, r-devel-linux-x86_64-debian-gcc, r-devel-linux-x86_64-fedora-clang, r-devel-linux-x86_64-fedora-gcc, r-devel-osx-x86_64-clang, r-patched-linux-x86_64, r-patched-solaris-sparc, r-patched-solaris-x86, r-release-linux-x86_64

Version: 2.3-2
Check: R code for possible problems
Result: NOTE
    as.edgelist.sna: no visible global function definition for
     ‘as.matrix.network.edgelist’
    as.edgelist.sna: no visible binding for global variable
     ‘as.matrix.network.edgelist’
    as.edgelist.sna: no visible global function definition for ‘has.loops’
    as.edgelist.sna: no visible global function definition for
     ‘is.directed’
    as.edgelist.sna: no visible global function definition for
     ‘network.size’
    as.edgelist.sna: no visible global function definition for
     ‘network.vertex.names’
    as.edgelist.sna: no visible global function definition for
     ‘is.bipartite’
    as.edgelist.sna: no visible global function definition for
     ‘get.network.attribute’
    as.sociomatrix.sna: no visible global function definition for
     ‘as.sociomatrix’
    gplot3d: no visible global function definition for ‘rgl.clear’
    gplot3d: no visible global function definition for ‘rgl.bbox’
    gplot3d: no visible global function definition for ‘rgl.bg’
    gplot3d: no visible global function definition for ‘rgl.spheres’
    gplot3d: no visible global function definition for ‘rgl.texts’
    gplot3d.arrow: no visible global function definition for
     ‘rgl.triangles’
    gplot3d.loop: no visible global function definition for ‘rgl.triangles’
    gtrans : adjisok: no visible global function definition for
     ‘network.size’
    gtrans : adjisok: no visible global function definition for
     ‘network.edgecount’
    lnam : infomat: no visible global function definition for ‘hessian’
Flavors: r-devel-linux-x86_64-debian-clang, r-devel-linux-x86_64-debian-gcc, r-devel-linux-x86_64-fedora-clang, r-devel-linux-x86_64-fedora-gcc, r-devel-osx-x86_64-clang, r-devel-windows-ix86+x86_64, r-patched-linux-x86_64, r-patched-solaris-sparc, r-patched-solaris-x86, r-release-linux-x86_64, r-release-osx-x86_64-mavericks, r-release-osx-x86_64-snowleopard, r-release-windows-ix86+x86_64, r-oldrel-windows-ix86+x86_64