CRAN Package Check Results for Package sna

Last updated on 2017-02-23 15:48:47.

Flavor Version Tinstall Tcheck Ttotal Status Flags
r-devel-linux-x86_64-debian-clang 2.4 6.57 73.38 79.95 NOTE
r-devel-linux-x86_64-debian-gcc 2.4 6.19 72.75 78.94 NOTE
r-devel-linux-x86_64-fedora-clang 2.4 152.55 NOTE --no-stop-on-test-error
r-devel-linux-x86_64-fedora-gcc 2.4 142.76 NOTE --no-stop-on-test-error
r-devel-macos-x86_64-clang 2.4 114.09 NOTE --no-stop-on-test-error
r-devel-windows-ix86+x86_64 2.4 38.00 243.00 281.00 OK
r-patched-linux-x86_64 2.4 5.70 67.15 72.85 OK
r-patched-solaris-sparc 2.4 835.80 OK
r-patched-solaris-x86 2.4 159.40 OK
r-release-linux-x86_64 2.4 5.69 68.34 74.02 OK
r-release-osx-x86_64-mavericks 2.4 OK
r-release-windows-ix86+x86_64 2.4 37.00 194.00 231.00 OK
r-oldrel-windows-ix86+x86_64 2.4 41.00 187.00 228.00 OK

Check Details

Version: 2.4
Check: compiled code
Result: NOTE
    File ‘sna/libs/sna.so’:
     Found no calls to: ‘R_registerRoutines’, ‘R_useDynamicSymbols’
    
    It is good practice to register native routines and to disable symbol
    search.
    
    See ‘Writing portable packages’ in the ‘Writing R Extensions’ manual.
Flavors: r-devel-linux-x86_64-debian-clang, r-devel-linux-x86_64-debian-gcc

Version: 2.4
Flags: --no-stop-on-test-error
Check: compiled code
Result: NOTE
    File ‘sna/libs/sna.so’:
     Found no calls to: ‘R_registerRoutines’, ‘R_useDynamicSymbols’
    
    It is good practice to register native routines and to disable symbol
    search.
    
    See ‘Writing portable packages’ in the ‘Writing R Extensions’ manual.
Flavors: r-devel-linux-x86_64-fedora-clang, r-devel-linux-x86_64-fedora-gcc, r-devel-macos-x86_64-clang