CRAN Package Check Results for Package sna

Last updated on 2014-10-25 11:48:48.

Flavor Version Tinstall Tcheck Ttotal Status Flags
r-devel-linux-x86_64-debian-clang 2.3-2 4.86 64.79 69.65 NOTE
r-devel-linux-x86_64-debian-gcc 2.3-2 5.99 62.68 68.67 NOTE
r-devel-linux-x86_64-fedora-clang 2.3-2 138.86 NOTE
r-devel-linux-x86_64-fedora-gcc 2.3-2 130.98 NOTE
r-devel-osx-x86_64-clang 2.3-2 113.49 NOTE
r-devel-windows-ix86+x86_64 2.3-2 24.00 118.00 142.00 NOTE
r-patched-linux-x86_64 2.3-2 6.22 66.55 72.77 NOTE
r-patched-solaris-sparc 2.3-2 840.40 NOTE
r-patched-solaris-x86 2.3-2 166.90 NOTE
r-release-linux-ix86 2.3-2 7.76 82.84 90.60 OK
r-release-linux-x86_64 2.3-2 5.93 67.78 73.71 OK
r-release-osx-x86_64-mavericks 2.3-2 OK
r-release-osx-x86_64-snowleopard 2.3-2 OK
r-release-windows-ix86+x86_64 2.3-2 24.00 123.00 147.00 OK
r-oldrel-windows-ix86+x86_64 2.3-2 26.00 126.00 152.00 OK

Check Details

Version: 2.3-2
Check: R code for possible problems
Result: NOTE
    as.edgelist.sna: no visible global function definition for
     ‘as.matrix.network.edgelist’
    as.edgelist.sna: no visible binding for global variable
     ‘as.matrix.network.edgelist’
    as.edgelist.sna: no visible global function definition for ‘has.loops’
    as.edgelist.sna: no visible global function definition for
     ‘is.directed’
    as.edgelist.sna: no visible global function definition for
     ‘network.size’
    as.edgelist.sna: no visible global function definition for
     ‘network.vertex.names’
    as.edgelist.sna: no visible global function definition for
     ‘is.bipartite’
    as.edgelist.sna: no visible global function definition for
     ‘get.network.attribute’
    as.sociomatrix.sna: no visible global function definition for
     ‘as.sociomatrix’
    gplot3d: no visible global function definition for ‘rgl.clear’
    gplot3d: no visible global function definition for ‘rgl.bbox’
    gplot3d: no visible global function definition for ‘rgl.bg’
    gplot3d: no visible global function definition for ‘rgl.spheres’
    gplot3d: no visible global function definition for ‘rgl.texts’
    gplot3d.arrow: no visible global function definition for
     ‘rgl.triangles’
    gplot3d.loop: no visible global function definition for ‘rgl.triangles’
    gtrans : adjisok: no visible global function definition for
     ‘network.size’
    gtrans : adjisok: no visible global function definition for
     ‘network.edgecount’
    lnam : infomat: no visible global function definition for ‘hessian’
Flavors: r-devel-linux-x86_64-debian-clang, r-devel-linux-x86_64-debian-gcc, r-devel-linux-x86_64-fedora-clang, r-devel-linux-x86_64-fedora-gcc, r-devel-osx-x86_64-clang, r-devel-windows-ix86+x86_64, r-patched-linux-x86_64, r-patched-solaris-sparc, r-patched-solaris-x86