CRAN Package Check Results for Package sna

Last updated on 2017-03-31 01:49:29.

Flavor Version Tinstall Tcheck Ttotal Status Flags
r-devel-linux-x86_64-debian-clang 2.4 6.83 74.00 80.83 NOTE
r-devel-linux-x86_64-debian-gcc 2.4 6.67 70.35 77.03 NOTE
r-devel-linux-x86_64-fedora-clang 2.4 159.24 NOTE --no-stop-on-test-error
r-devel-linux-x86_64-fedora-gcc 2.4 142.44 NOTE --no-stop-on-test-error
r-devel-macos-x86_64-clang 2.4 112.81 NOTE --no-stop-on-test-error
r-devel-windows-ix86+x86_64 2.4 30.00 187.00 217.00 OK
r-patched-linux-x86_64 2.4 6.21 72.42 78.63 NOTE
r-patched-solaris-sparc 2.4 890.90 OK
r-patched-solaris-x86 2.4 167.90 OK
r-release-linux-x86_64 2.4 5.66 68.04 73.69 OK
r-release-osx-x86_64-mavericks 2.4 OK
r-release-windows-ix86+x86_64 2.4 36.00 275.00 311.00 OK
r-oldrel-windows-ix86+x86_64 2.4 36.00 196.00 232.00 OK

Check Details

Version: 2.4
Check: compiled code
Result: NOTE
    File ‘sna/libs/sna.so’:
     Found no calls to: ‘R_registerRoutines’, ‘R_useDynamicSymbols’
    
    It is good practice to register native routines and to disable symbol
    search.
    
    See ‘Writing portable packages’ in the ‘Writing R Extensions’ manual.
Flavors: r-devel-linux-x86_64-debian-clang, r-devel-linux-x86_64-debian-gcc, r-patched-linux-x86_64

Version: 2.4
Flags: --no-stop-on-test-error
Check: compiled code
Result: NOTE
    File ‘sna/libs/sna.so’:
     Found no calls to: ‘R_registerRoutines’, ‘R_useDynamicSymbols’
    
    It is good practice to register native routines and to disable symbol
    search.
    
    See ‘Writing portable packages’ in the ‘Writing R Extensions’ manual.
Flavors: r-devel-linux-x86_64-fedora-clang, r-devel-linux-x86_64-fedora-gcc, r-devel-macos-x86_64-clang