CRAN Package Check Results for Package sna

Last updated on 2014-08-22 07:50:43.

Flavor Version Tinstall Tcheck Ttotal Status Flags
r-devel-linux-x86_64-debian-clang 2.3-2 4.61 65.14 69.75 OK
r-devel-linux-x86_64-debian-gcc 2.3-2 6.14 63.99 70.13 OK
r-devel-linux-x86_64-fedora-clang 2.3-2 142.13 NOTE
r-devel-linux-x86_64-fedora-gcc 2.3-2 135.44 NOTE
r-devel-osx-x86_64-clang 2.3-2 111.20 NOTE
r-devel-windows-ix86+x86_64 2.3-2 22.00 118.00 140.00 OK
r-patched-linux-x86_64 2.3-2 6.06 65.70 71.76 OK
r-patched-solaris-sparc 2.3-2 867.50 OK
r-patched-solaris-x86 2.3-2 168.80 OK
r-release-linux-ix86 2.3-2 7.78 82.58 90.36 OK
r-release-linux-x86_64 2.3-2 5.94 66.03 71.97 OK
r-release-osx-x86_64-mavericks 2.3-2 OK
r-release-osx-x86_64-snowleopard 2.3-2 OK
r-release-windows-ix86+x86_64 2.3-2 23.00 126.00 149.00 OK
r-oldrel-windows-ix86+x86_64 2.3-2 22.00 128.00 150.00 OK

Check Details

Version: 2.3-2
Check: R code for possible problems
Result: NOTE
    as.edgelist.sna: no visible global function definition for
     ‘as.matrix.network.edgelist’
    as.edgelist.sna: no visible binding for global variable
     ‘as.matrix.network.edgelist’
    as.edgelist.sna: no visible global function definition for ‘has.loops’
    as.edgelist.sna: no visible global function definition for
     ‘is.directed’
    as.edgelist.sna: no visible global function definition for
     ‘network.size’
    as.edgelist.sna: no visible global function definition for
     ‘network.vertex.names’
    as.edgelist.sna: no visible global function definition for
     ‘is.bipartite’
    as.edgelist.sna: no visible global function definition for
     ‘get.network.attribute’
    as.sociomatrix.sna: no visible global function definition for
     ‘as.sociomatrix’
    gplot3d: no visible global function definition for ‘rgl.clear’
    gplot3d: no visible global function definition for ‘rgl.bbox’
    gplot3d: no visible global function definition for ‘rgl.bg’
    gplot3d: no visible global function definition for ‘rgl.spheres’
    gplot3d: no visible global function definition for ‘rgl.texts’
    gplot3d.arrow: no visible global function definition for
     ‘rgl.triangles’
    gplot3d.loop: no visible global function definition for ‘rgl.triangles’
    gtrans : adjisok: no visible global function definition for
     ‘network.size’
    gtrans : adjisok: no visible global function definition for
     ‘network.edgecount’
    lnam : infomat: no visible global function definition for ‘hessian’
Flavors: r-devel-linux-x86_64-fedora-clang, r-devel-linux-x86_64-fedora-gcc, r-devel-osx-x86_64-clang