CRAN Package Check Results for Package sna

Last updated on 2017-10-19 03:48:33.

Flavor Version Tinstall Tcheck Ttotal Status Flags
r-devel-linux-x86_64-debian-clang 2.4 6.03 75.44 81.47 NOTE
r-devel-linux-x86_64-debian-gcc 2.4 7.51 78.22 85.73 NOTE
r-devel-linux-x86_64-fedora-clang 2.4 152.17 NOTE
r-devel-linux-x86_64-fedora-gcc 2.4 156.26 NOTE
r-devel-windows-ix86+x86_64 2.4 27.00 150.00 177.00 OK
r-patched-linux-x86_64 2.4 6.61 72.56 79.17 NOTE
r-patched-solaris-x86 2.4 171.50 OK
r-release-linux-x86_64 2.4 6.61 71.96 78.57 NOTE
r-release-windows-ix86+x86_64 2.4 40.00 140.00 180.00 OK
r-release-osx-x86_64 2.4 OK
r-oldrel-windows-ix86+x86_64 2.4 38.00 173.00 211.00 OK
r-oldrel-osx-x86_64 2.4 OK

Check Details

Version: 2.4
Check: compiled code
Result: NOTE
    File ‘sna/libs/sna.so’:
     Found no calls to: ‘R_registerRoutines’, ‘R_useDynamicSymbols’
    
    It is good practice to register native routines and to disable symbol
    search.
    
    See ‘Writing portable packages’ in the ‘Writing R Extensions’ manual.
Flavors: r-devel-linux-x86_64-debian-clang, r-devel-linux-x86_64-debian-gcc, r-devel-linux-x86_64-fedora-clang, r-devel-linux-x86_64-fedora-gcc, r-patched-linux-x86_64, r-release-linux-x86_64