CRAN Package Check Results for Package sna

Last updated on 2017-12-17 10:47:40 CET.

Flavor Version Tinstall Tcheck Ttotal Status Flags
r-devel-linux-x86_64-debian-clang 2.4 7.86 124.90 132.76 NOTE
r-devel-linux-x86_64-debian-gcc 2.4 7.98 92.27 100.25 NOTE
r-devel-linux-x86_64-fedora-clang 2.4 143.41 NOTE
r-devel-linux-x86_64-fedora-gcc 2.4 142.59 NOTE
r-devel-windows-ix86+x86_64 2.4 28.00 153.00 181.00 OK
r-patched-linux-x86_64 2.4 8.22 123.14 131.36 NOTE
r-patched-solaris-x86 2.4 173.90 OK
r-release-linux-x86_64 2.4 7.84 118.94 126.78 NOTE
r-release-windows-ix86+x86_64 2.4 29.00 171.00 200.00 OK
r-release-osx-x86_64 2.4 OK
r-oldrel-windows-ix86+x86_64 2.4 42.00 194.00 236.00 OK
r-oldrel-osx-x86_64 2.4 OK

Check Details

Version: 2.4
Check: compiled code
Result: NOTE
    File ‘sna/libs/sna.so’:
     Found no calls to: ‘R_registerRoutines’, ‘R_useDynamicSymbols’
    
    It is good practice to register native routines and to disable symbol
    search.
    
    See ‘Writing portable packages’ in the ‘Writing R Extensions’ manual.
Flavors: r-devel-linux-x86_64-debian-clang, r-devel-linux-x86_64-debian-gcc, r-devel-linux-x86_64-fedora-clang, r-devel-linux-x86_64-fedora-gcc, r-patched-linux-x86_64, r-release-linux-x86_64