CRAN Package Check Results for Package sna

Last updated on 2020-05-25 13:50:50 CEST.

Flavor Version Tinstall Tcheck Ttotal Status Flags
r-devel-linux-x86_64-debian-clang 2.5 30.17 130.26 160.43 OK
r-devel-linux-x86_64-debian-gcc 2.5 21.56 95.60 117.16 OK
r-devel-linux-x86_64-fedora-clang 2.5 184.44 OK
r-devel-linux-x86_64-fedora-gcc 2.5 185.97 OK
r-devel-windows-ix86+x86_64 2.5 65.00 197.00 262.00 OK
r-patched-linux-x86_64 2.5 24.31 126.45 150.76 OK
r-patched-solaris-x86 2.5 234.50 OK
r-release-linux-x86_64 2.5 24.25 125.68 149.93 OK
r-release-osx-x86_64 2.5 OK
r-release-windows-ix86+x86_64 2.5 48.00 243.00 291.00 OK
r-oldrel-osx-x86_64 2.5 NOTE
r-oldrel-windows-ix86+x86_64 2.5 44.00 212.00 256.00 OK

Check Details

Version: 2.5
Check: dependencies in R code
Result: NOTE
    No protocol specified
Flavor: r-oldrel-osx-x86_64