CRAN Package Check Results for Package sna

Last updated on 2014-04-16 06:48:02.

Flavor Version Tinstall Tcheck Ttotal Status Flags
r-devel-linux-x86_64-debian-clang 2.3-2 4.57 69.85 74.42 OK
r-devel-linux-x86_64-debian-gcc 2.3-2 6.05 70.12 76.16 OK
r-devel-linux-x86_64-fedora-clang 2.3-2 145.12 OK
r-devel-linux-x86_64-fedora-gcc 2.3-2 140.73 OK
r-devel-macosx-x86_64-clang 2.3-2 115.36 OK
r-devel-macosx-x86_64-gcc 2.3-2 NOTE
r-devel-windows-ix86+x86_64 2.3-2 22.00 124.00 146.00 OK
r-patched-linux-x86_64 2.3-2 5.81 69.04 74.85 OK
r-patched-solaris-sparc 2.3-2 845.70 OK
r-patched-solaris-x86 2.3-2 166.60 OK
r-release-linux-ix86 2.3-2 12.00 103.00 115.00 OK
r-release-linux-x86_64 2.3-2 6.04 69.36 75.40 OK
r-release-macosx-x86_64 2.3-2 OK
r-release-windows-ix86+x86_64 2.3-2 24.00 130.00 154.00 OK
r-oldrel-windows-ix86+x86_64 2.3-2 25.00 133.00 158.00 OK

Check Details

Version: 2.3-2
Check: package dependencies
Result: NOTE
    Package suggested but not available for checking: ‘network’
Flavor: r-devel-macosx-x86_64-gcc

Version: 2.3-2
Check: R code for possible problems
Result: NOTE
    as.edgelist.sna: no visible global function definition for
     ‘as.matrix.network.edgelist’
    as.edgelist.sna: no visible binding for global variable
     ‘as.matrix.network.edgelist’
    as.edgelist.sna: no visible global function definition for ‘has.loops’
    as.edgelist.sna: no visible global function definition for
     ‘is.directed’
    as.edgelist.sna: no visible global function definition for
     ‘network.size’
    as.edgelist.sna: no visible global function definition for
     ‘network.vertex.names’
    as.edgelist.sna: no visible global function definition for
     ‘is.bipartite’
    as.edgelist.sna: no visible global function definition for
     ‘get.network.attribute’
    as.sociomatrix.sna: no visible global function definition for
     ‘as.sociomatrix’
    gtrans : adjisok: no visible global function definition for
     ‘network.size’
    gtrans : adjisok: no visible global function definition for
     ‘network.edgecount’
Flavor: r-devel-macosx-x86_64-gcc

Version: 2.3-2
Check: Rd cross-references
Result: NOTE
    Package unavailable to check Rd xrefs: ‘network’
Flavor: r-devel-macosx-x86_64-gcc