CRAN Package Check Results for Package sna

Last updated on 2017-05-26 01:47:03.

Flavor Version Tinstall Tcheck Ttotal Status Flags
r-devel-linux-x86_64-debian-clang 2.4 6.71 76.68 83.39 NOTE
r-devel-linux-x86_64-debian-gcc 2.4 6.50 70.26 76.76 NOTE
r-devel-linux-x86_64-fedora-clang 2.4 172.91 NOTE --no-stop-on-test-error
r-devel-linux-x86_64-fedora-gcc 2.4 145.96 NOTE --no-stop-on-test-error
r-devel-windows-ix86+x86_64 2.4 34.00 147.00 181.00 OK
r-patched-linux-x86_64 2.4 6.46 70.27 76.72 NOTE
r-patched-solaris-sparc 2.4 890.90 OK
r-patched-solaris-x86 2.4 164.60 OK
r-release-linux-x86_64 2.4 5.86 70.31 76.17 NOTE
r-release-windows-ix86+x86_64 2.4 34.00 235.00 269.00 OK
r-release-osx-x86_64 2.4 OK
r-oldrel-windows-ix86+x86_64 2.4 36.00 138.00 174.00 OK
r-oldrel-osx-x86_64 2.4 OK

Check Details

Version: 2.4
Check: compiled code
Result: NOTE
    File ‘sna/libs/sna.so’:
     Found no calls to: ‘R_registerRoutines’, ‘R_useDynamicSymbols’
    
    It is good practice to register native routines and to disable symbol
    search.
    
    See ‘Writing portable packages’ in the ‘Writing R Extensions’ manual.
Flavors: r-devel-linux-x86_64-debian-clang, r-devel-linux-x86_64-debian-gcc, r-patched-linux-x86_64, r-release-linux-x86_64

Version: 2.4
Flags: --no-stop-on-test-error
Check: compiled code
Result: NOTE
    File ‘sna/libs/sna.so’:
     Found no calls to: ‘R_registerRoutines’, ‘R_useDynamicSymbols’
    
    It is good practice to register native routines and to disable symbol
    search.
    
    See ‘Writing portable packages’ in the ‘Writing R Extensions’ manual.
Flavors: r-devel-linux-x86_64-fedora-clang, r-devel-linux-x86_64-fedora-gcc