CRAN Package Check Results for Package sna

Last updated on 2018-05-21 19:47:42 CEST.

Flavor Version Tinstall Tcheck Ttotal Status Flags
r-devel-linux-x86_64-debian-clang 2.4 21.23 93.19 114.42 NOTE
r-devel-linux-x86_64-debian-gcc 2.4 17.63 82.43 100.06 NOTE
r-devel-linux-x86_64-fedora-clang 2.4 158.07 NOTE
r-devel-linux-x86_64-fedora-gcc 2.4 156.09 NOTE
r-devel-windows-ix86+x86_64 2.4 57.00 186.00 243.00 OK
r-patched-linux-x86_64 2.4 20.30 106.48 126.78 NOTE
r-patched-solaris-x86 2.4 199.90 OK
r-release-linux-x86_64 2.4 23.31 107.40 130.71 NOTE
r-release-windows-ix86+x86_64 2.4 58.00 187.00 245.00 OK
r-release-osx-x86_64 2.4 OK
r-oldrel-windows-ix86+x86_64 2.4 38.00 158.00 196.00 OK
r-oldrel-osx-x86_64 2.4 OK

Check Details

Version: 2.4
Check: compiled code
Result: NOTE
    File ‘sna/libs/sna.so’:
     Found no calls to: ‘R_registerRoutines’, ‘R_useDynamicSymbols’
    
    It is good practice to register native routines and to disable symbol
    search.
    
    See ‘Writing portable packages’ in the ‘Writing R Extensions’ manual.
Flavors: r-devel-linux-x86_64-debian-clang, r-devel-linux-x86_64-debian-gcc, r-devel-linux-x86_64-fedora-clang, r-devel-linux-x86_64-fedora-gcc, r-patched-linux-x86_64, r-release-linux-x86_64