CRAN Package Check Results for Package sna

Last updated on 2014-11-21 19:48:12.

Flavor Version Tinstall Tcheck Ttotal Status Flags
r-devel-linux-x86_64-debian-clang 2.3-2 4.79 64.00 68.80 NOTE
r-devel-linux-x86_64-debian-gcc 2.3-2 5.85 63.89 69.74 NOTE
r-devel-linux-x86_64-fedora-clang 2.3-2 137.30 NOTE
r-devel-linux-x86_64-fedora-gcc 2.3-2 132.15 NOTE
r-devel-osx-x86_64-clang 2.3-2 114.78 NOTE
r-devel-windows-ix86+x86_64 2.3-2 24.00 116.00 140.00 NOTE
r-patched-linux-x86_64 2.3-2 6.09 65.09 71.18 NOTE
r-patched-solaris-sparc 2.3-2 840.40 NOTE
r-patched-solaris-x86 2.3-2 169.30 NOTE
r-release-linux-ix86 2.3-2 7.43 77.07 84.50 NOTE
r-release-linux-x86_64 2.3-2 5.98 65.60 71.57 NOTE
r-release-osx-x86_64-mavericks 2.3-2 OK
r-release-osx-x86_64-snowleopard 2.3-2 OK
r-release-windows-ix86+x86_64 2.3-2 30.00 124.00 154.00 NOTE
r-oldrel-windows-ix86+x86_64 2.3-2 23.00 131.00 154.00 OK

Check Details

Version: 2.3-2
Check: R code for possible problems
Result: NOTE
    as.edgelist.sna: no visible global function definition for
     ‘as.matrix.network.edgelist’
    as.edgelist.sna: no visible binding for global variable
     ‘as.matrix.network.edgelist’
    as.edgelist.sna: no visible global function definition for ‘has.loops’
    as.edgelist.sna: no visible global function definition for
     ‘is.directed’
    as.edgelist.sna: no visible global function definition for
     ‘network.size’
    as.edgelist.sna: no visible global function definition for
     ‘network.vertex.names’
    as.edgelist.sna: no visible global function definition for
     ‘is.bipartite’
    as.edgelist.sna: no visible global function definition for
     ‘get.network.attribute’
    as.sociomatrix.sna: no visible global function definition for
     ‘as.sociomatrix’
    gplot3d: no visible global function definition for ‘rgl.clear’
    gplot3d: no visible global function definition for ‘rgl.bbox’
    gplot3d: no visible global function definition for ‘rgl.bg’
    gplot3d: no visible global function definition for ‘rgl.spheres’
    gplot3d: no visible global function definition for ‘rgl.texts’
    gplot3d.arrow: no visible global function definition for
     ‘rgl.triangles’
    gplot3d.loop: no visible global function definition for ‘rgl.triangles’
    gtrans : adjisok: no visible global function definition for
     ‘network.size’
    gtrans : adjisok: no visible global function definition for
     ‘network.edgecount’
    lnam : infomat: no visible global function definition for ‘hessian’
Flavors: r-devel-linux-x86_64-debian-clang, r-devel-linux-x86_64-debian-gcc, r-devel-linux-x86_64-fedora-clang, r-devel-linux-x86_64-fedora-gcc, r-devel-osx-x86_64-clang, r-devel-windows-ix86+x86_64, r-patched-linux-x86_64, r-patched-solaris-sparc, r-patched-solaris-x86, r-release-linux-ix86, r-release-linux-x86_64, r-release-windows-ix86+x86_64