CRAN Package Check Results for Package sna

Last updated on 2017-06-24 18:48:26.

Flavor Version Tinstall Tcheck Ttotal Status Flags
r-devel-linux-x86_64-debian-clang 2.4 6.85 74.46 81.30 NOTE
r-devel-linux-x86_64-debian-gcc 2.4 6.42 71.74 78.16 NOTE
r-devel-linux-x86_64-fedora-clang 2.4 152.65 NOTE
r-devel-linux-x86_64-fedora-gcc 2.4 146.19 NOTE
r-devel-windows-ix86+x86_64 2.4 28.00 189.00 217.00 OK
r-patched-linux-x86_64 2.4 5.96 76.61 82.57 NOTE
r-patched-solaris-sparc 2.4 890.90 OK
r-patched-solaris-x86 2.4 164.50 OK
r-release-linux-x86_64 2.4 6.44 81.54 87.98 NOTE
r-release-windows-ix86+x86_64 2.4 52.00 194.00 246.00 OK
r-release-osx-x86_64 2.4 OK
r-oldrel-windows-ix86+x86_64 2.4 54.00 188.00 242.00 OK
r-oldrel-osx-x86_64 2.4 OK

Check Details

Version: 2.4
Check: compiled code
Result: NOTE
    File ‘sna/libs/sna.so’:
     Found no calls to: ‘R_registerRoutines’, ‘R_useDynamicSymbols’
    
    It is good practice to register native routines and to disable symbol
    search.
    
    See ‘Writing portable packages’ in the ‘Writing R Extensions’ manual.
Flavors: r-devel-linux-x86_64-debian-clang, r-devel-linux-x86_64-debian-gcc, r-devel-linux-x86_64-fedora-clang, r-devel-linux-x86_64-fedora-gcc, r-patched-linux-x86_64, r-release-linux-x86_64