CRAN Package Check Results for Package snahelper

Last updated on 2020-09-22 06:47:43 CEST.

Flavor Version Tinstall Tcheck Ttotal Status Flags
r-devel-linux-x86_64-debian-clang 1.2.0 8.94 60.32 69.26 OK
r-devel-linux-x86_64-debian-gcc 1.2.0 0.29 1.94 2.23 ERROR
r-devel-linux-x86_64-fedora-clang 1.2.0 98.48 OK
r-devel-linux-x86_64-fedora-gcc 1.2.0 88.84 OK
r-devel-windows-ix86+x86_64 1.2.0 20.00 68.00 88.00 OK
r-patched-linux-x86_64 1.2.0 6.12 58.47 64.59 OK
r-patched-solaris-x86 1.2.0 119.00 OK
r-release-linux-x86_64 1.2.0 5.73 60.44 66.17 OK
r-release-macos-x86_64 1.2.0 OK
r-release-windows-ix86+x86_64 1.2.0 18.00 68.00 86.00 OK
r-oldrel-macos-x86_64 1.2.0 OK
r-oldrel-windows-ix86+x86_64 1.2.0 12.00 70.00 82.00 OK

Check Details

Version: 1.2.0
Check: whether package can be installed
Result: ERROR
    Installation failed.
Flavor: r-devel-linux-x86_64-debian-gcc