CRAN Package Check Results for Package snapshot

Last updated on 2019-03-21 14:47:45 CET.

Flavor Version Tinstall Tcheck Ttotal Status Flags
r-devel-linux-x86_64-debian-clang 0.1.2 1.67 17.06 18.73 NOTE
r-devel-linux-x86_64-debian-gcc 0.1.2 1.26 14.08 15.34 NOTE
r-devel-linux-x86_64-fedora-clang 0.1.2 26.04 NOTE
r-devel-linux-x86_64-fedora-gcc 0.1.2 23.42 NOTE
r-devel-windows-ix86+x86_64 0.1.2 7.00 40.00 47.00 NOTE
r-patched-linux-x86_64 0.1.2 0.97 16.34 17.31 NOTE
r-patched-solaris-x86 0.1.2 34.40 NOTE
r-release-linux-x86_64 0.1.2 1.02 16.36 17.38 NOTE
r-release-windows-ix86+x86_64 0.1.2 3.00 26.00 29.00 NOTE
r-release-osx-x86_64 0.1.2 NOTE
r-oldrel-windows-ix86+x86_64 0.1.2 2.00 32.00 34.00 NOTE
r-oldrel-osx-x86_64 0.1.2 NOTE

Check Details

Version: 0.1.2
Check: DESCRIPTION meta-information
Result: NOTE
    Malformed Description field: should contain one or more complete sentences.
Flavors: r-devel-linux-x86_64-debian-clang, r-devel-linux-x86_64-debian-gcc, r-devel-linux-x86_64-fedora-clang, r-devel-linux-x86_64-fedora-gcc, r-devel-windows-ix86+x86_64, r-patched-linux-x86_64, r-patched-solaris-x86, r-release-linux-x86_64, r-release-windows-ix86+x86_64, r-release-osx-x86_64, r-oldrel-windows-ix86+x86_64, r-oldrel-osx-x86_64