CRAN Package Check Results for Package snapshot

Last updated on 2019-05-20 14:47:24 CEST.

Flavor Version Tinstall Tcheck Ttotal Status Flags
r-devel-linux-x86_64-debian-clang 0.1.2 1.42 16.97 18.39 NOTE
r-devel-linux-x86_64-debian-gcc 0.1.2 1.41 14.09 15.50 NOTE
r-devel-linux-x86_64-fedora-clang 0.1.2 24.17 NOTE
r-devel-linux-x86_64-fedora-gcc 0.1.2 22.59 NOTE
r-devel-windows-ix86+x86_64 0.1.2 15.00 28.00 43.00 NOTE
r-patched-linux-x86_64 0.1.2 1.61 17.25 18.86 NOTE
r-patched-solaris-x86 0.1.2 37.80 NOTE
r-release-linux-x86_64 0.1.2 1.49 17.78 19.27 NOTE
r-release-windows-ix86+x86_64 0.1.2 6.00 26.00 32.00 NOTE
r-release-osx-x86_64 0.1.2 NOTE
r-oldrel-windows-ix86+x86_64 0.1.2 3.00 26.00 29.00 NOTE
r-oldrel-osx-x86_64 0.1.2 NOTE

Check Details

Version: 0.1.2
Check: DESCRIPTION meta-information
Result: NOTE
    Malformed Description field: should contain one or more complete sentences.
Flavors: r-devel-linux-x86_64-debian-clang, r-devel-linux-x86_64-debian-gcc, r-devel-linux-x86_64-fedora-clang, r-devel-linux-x86_64-fedora-gcc, r-devel-windows-ix86+x86_64, r-patched-linux-x86_64, r-patched-solaris-x86, r-release-linux-x86_64, r-release-windows-ix86+x86_64, r-release-osx-x86_64, r-oldrel-windows-ix86+x86_64, r-oldrel-osx-x86_64