CRAN Package Check Results for Package snow

Last updated on 2024-05-29 14:06:32 CEST.

Flavor Version Tinstall Tcheck Ttotal Status Flags
r-devel-linux-x86_64-debian-clang 0.4-4 2.90 27.95 30.85 OK
r-devel-linux-x86_64-debian-gcc 0.4-4 2.36 21.42 23.78 OK
r-devel-linux-x86_64-fedora-clang 0.4-4 39.56 OK
r-devel-linux-x86_64-fedora-gcc 0.4-4 37.80 OK
r-devel-windows-x86_64 0.4-4 4.00 48.00 52.00 OK
r-patched-linux-x86_64 0.4-4 3.47 27.32 30.79 OK
r-release-linux-x86_64 0.4-4 3.12 27.14 30.26 OK
r-release-macos-arm64 0.4-4 16.00 NOTE
r-release-windows-x86_64 0.4-4 4.00 47.00 51.00 OK
r-oldrel-macos-arm64 0.4-4 16.00 NOTE
r-oldrel-macos-x86_64 0.4-4 22.00 NOTE
r-oldrel-windows-x86_64 0.4-4 3.00 47.00 50.00 OK

Check Details

Version: 0.4-4
Check: package dependencies
Result: NOTE Package which this enhances but not available for checking: ‘Rmpi’ Flavors: r-release-macos-arm64, r-oldrel-macos-arm64, r-oldrel-macos-x86_64