CRAN Package Check Results for Package snow

Last updated on 2017-09-20 03:48:45.

Flavor Version Tinstall Tcheck Ttotal Status Flags
r-devel-linux-x86_64-debian-clang 0.4-2 0.65 13.79 14.44 NOTE
r-devel-linux-x86_64-debian-gcc 0.4-2 0.68 14.35 15.02 NOTE
r-devel-linux-x86_64-fedora-clang 0.4-2 23.62 NOTE
r-devel-linux-x86_64-fedora-gcc 0.4-2 21.90 NOTE
r-devel-windows-ix86+x86_64 0.4-2 6.00 40.00 46.00 OK
r-patched-linux-x86_64 0.4-2 0.70 14.34 15.05 NOTE
r-patched-solaris-x86 0.4-2 35.10 NOTE
r-release-linux-x86_64 0.4-2 0.67 14.47 15.13 NOTE
r-release-windows-ix86+x86_64 0.4-2 3.00 29.00 32.00 OK
r-release-osx-x86_64 0.4-2 NOTE
r-oldrel-windows-ix86+x86_64 0.4-2 2.00 26.00 28.00 OK
r-oldrel-osx-x86_64 0.4-2 NOTE

Check Details

Version: 0.4-2
Check: S3 generic/method consistency
Result: NOTE
    Found the following apparent S3 methods exported but not registered:
     [.cluster
    See section ‘Registering S3 methods’ in the ‘Writing R Extensions’
    manual.
Flavors: r-devel-linux-x86_64-debian-clang, r-devel-linux-x86_64-debian-gcc, r-devel-linux-x86_64-fedora-clang, r-devel-linux-x86_64-fedora-gcc, r-patched-linux-x86_64, r-patched-solaris-x86, r-release-linux-x86_64

Version: 0.4-2
Check: package dependencies
Result: NOTE
    Package suggested but not available for checking: ‘Rmpi’
Flavors: r-release-osx-x86_64, r-oldrel-osx-x86_64