Last updated on 2023-02-04 22:55:03 CET.
Flavor | Version | Tinstall | Tcheck | Ttotal | Status | Flags |
---|---|---|---|---|---|---|
r-devel-linux-x86_64-debian-clang | 0.4-4 | 2.55 | 26.71 | 29.26 | OK | |
r-devel-linux-x86_64-debian-gcc | 0.4-4 | 1.95 | 20.11 | 22.06 | OK | |
r-devel-linux-x86_64-fedora-clang | 0.4-4 | 39.18 | OK | |||
r-devel-linux-x86_64-fedora-gcc | 0.4-4 | 37.47 | OK | |||
r-devel-windows-x86_64 | 0.4-4 | 27.00 | 51.00 | 78.00 | OK | |
r-patched-linux-x86_64 | 0.4-4 | 2.84 | 26.06 | 28.90 | OK | |
r-release-linux-x86_64 | 0.4-4 | 2.33 | 26.12 | 28.45 | OK | |
r-release-macos-arm64 | 0.4-4 | 17.00 | NOTE | |||
r-release-macos-x86_64 | 0.4-4 | 23.00 | NOTE | |||
r-release-windows-x86_64 | 0.4-4 | 6.00 | 48.00 | 54.00 | OK | |
r-oldrel-macos-arm64 | 0.4-4 | 24.00 | NOTE | |||
r-oldrel-macos-x86_64 | 0.4-4 | 23.00 | NOTE | |||
r-oldrel-windows-ix86+x86_64 | 0.4-4 | 4.00 | 31.00 | 35.00 | OK |
Version: 0.4-4
Check: package dependencies
Result: NOTE
Package which this enhances but not available for checking: ‘Rmpi’
Flavors: r-release-macos-arm64, r-release-macos-x86_64, r-oldrel-macos-arm64, r-oldrel-macos-x86_64