CRAN Package Check Results for Package snow

Last updated on 2016-07-28 00:48:12.

Flavor Version Tinstall Tcheck Ttotal Status Flags
r-devel-linux-x86_64-debian-clang 0.4-1 0.85 13.86 14.71 OK
r-devel-linux-x86_64-debian-gcc 0.4-1 0.63 13.80 14.43 OK
r-devel-linux-x86_64-fedora-clang 0.4-1 19.88 OK
r-devel-linux-x86_64-fedora-gcc 0.4-1 18.24 OK
r-devel-osx-x86_64-clang 0.4-1 17.69 OK
r-devel-windows-ix86+x86_64 0.4-1 3.00 27.00 30.00 OK
r-patched-linux-x86_64 0.4-1 0.80 13.89 14.69 OK
r-patched-solaris-sparc 0.4-1 116.40 OK
r-patched-solaris-x86 0.4-1 24.80 OK
r-release-linux-x86_64 0.4-1 0.70 13.66 14.36 OK
r-release-osx-x86_64-mavericks 0.4-1 NOTE
r-release-windows-ix86+x86_64 0.4-1 4.00 26.00 30.00 OK
r-oldrel-windows-ix86+x86_64 0.4-1 4.00 29.00 33.00 OK

Check Details

Version: 0.4-1
Check: package dependencies
Result: NOTE
    Package suggested but not available for checking: ‘Rmpi’
Flavor: r-release-osx-x86_64-mavericks