CRAN Package Check Results for Package snow

Last updated on 2014-04-18 17:48:11.

Flavor Version Tinstall Tcheck Ttotal Status Flags
r-devel-linux-x86_64-debian-clang 0.3-13 0.65 12.33 12.98 NOTE
r-devel-linux-x86_64-debian-gcc NOTE
r-devel-linux-x86_64-fedora-clang 0.3-13 25.12 NOTE
r-devel-linux-x86_64-fedora-gcc 0.3-13 23.60 NOTE
r-devel-macosx-x86_64-clang 0.3-13 29.61 NOTE
r-devel-macosx-x86_64-gcc 0.3-13 NOTE
r-devel-windows-ix86+x86_64 0.3-13 3.00 20.00 23.00 NOTE
r-patched-linux-x86_64 0.3-13 0.64 12.62 13.26 NOTE
r-patched-solaris-sparc 0.3-13 138.90 NOTE
r-patched-solaris-x86 0.3-13 34.70 NOTE
r-release-linux-ix86 0.3-13 2.00 25.00 27.00 NOTE
r-release-linux-x86_64 0.3-13 0.64 12.48 13.12 NOTE
r-release-windows-ix86+x86_64 0.3-13 5.00 22.00 27.00 NOTE
r-oldrel-windows-ix86+x86_64 0.3-13 3.00 22.00 25.00 NOTE

Check Details

Version: 0.3-13
Check: package dependencies
Result: NOTE
    Package suggested but not available for checking: ‘rpvm’
Flavors: r-devel-linux-x86_64-debian-clang, r-devel-linux-x86_64-debian-gcc, r-devel-linux-x86_64-fedora-clang, r-devel-linux-x86_64-fedora-gcc, r-devel-macosx-x86_64-clang, r-devel-windows-ix86+x86_64, r-patched-linux-x86_64, r-patched-solaris-sparc, r-patched-solaris-x86, r-release-linux-ix86, r-release-linux-x86_64, r-release-windows-ix86+x86_64, r-oldrel-windows-ix86+x86_64

Version: 0.3-13
Check: foreign function calls
Result: NOTE
    Foreign function call to a different package:
     .Call("r_init_sprng", ..., PACKAGE = "rsprng")
    See the chapter ‘System and foreign language interfaces’ of the
    ‘Writing R Extensions’ manual.
Flavors: r-devel-linux-x86_64-debian-clang, r-devel-linux-x86_64-debian-gcc, r-devel-linux-x86_64-fedora-clang, r-devel-linux-x86_64-fedora-gcc, r-devel-macosx-x86_64-clang, r-devel-macosx-x86_64-gcc, r-devel-windows-ix86+x86_64, r-patched-linux-x86_64, r-patched-solaris-sparc, r-patched-solaris-x86, r-release-linux-ix86, r-release-linux-x86_64, r-release-windows-ix86+x86_64, r-oldrel-windows-ix86+x86_64

Version: 0.3-13
Check: R code for possible problems
Result: NOTE
    makePVMmaster: no visible global function definition for ‘.PVM.parent’
    newPVMnode: no visible global function definition for ‘.PVM.spawn’
    recvData.PVMnode: no visible global function definition for ‘.PVM.recv’
    recvData.PVMnode: no visible global function definition for
     ‘.PVM.unserialize’
    recvOneData.PVMcluster: no visible global function definition for
     ‘.PVM.bufinfo’
    recvOneData.PVMcluster: no visible global function definition for
     ‘.PVM.recv’
    recvOneData.PVMcluster: no visible global function definition for
     ‘.PVM.unserialize’
    sendData.PVMnode: no visible global function definition for
     ‘.PVM.initsend’
    sendData.PVMnode: no visible global function definition for
     ‘.PVM.serialize’
    sendData.PVMnode: no visible global function definition for ‘.PVM.send’
    
    Found the following assignments to the global environment:
    File ‘snow/R/snow.R’:
     assign(n, v, envir = .GlobalEnv)
     assign(".lec.Random.seed.table", list(Cg = matrix(0, nrow = 0,
     ncol = 6), Bg = matrix(0, nrow = 0, ncol = 6), Ig = matrix(0,
     nrow = 0, ncol = 6), AIP = matrix(0, nrow = 0, ncol = 2),
     name = c()), envir = .GlobalEnv)
Flavors: r-devel-linux-x86_64-debian-clang, r-devel-linux-x86_64-debian-gcc, r-devel-linux-x86_64-fedora-clang, r-devel-macosx-x86_64-clang, r-patched-linux-x86_64, r-release-linux-ix86, r-release-linux-x86_64

Version: 0.3-13
Check: R code for possible problems
Result: NOTE
    makePVMmaster: no visible global function definition for ‘.PVM.parent’
    newPVMnode: no visible global function definition for ‘.PVM.spawn’
    recvData.PVMnode: no visible global function definition for ‘.PVM.recv’
    recvData.PVMnode: no visible global function definition for
     ‘.PVM.unserialize’
    recvOneData.PVMcluster: no visible global function definition for
     ‘.PVM.bufinfo’
    recvOneData.PVMcluster: no visible global function definition for
     ‘.PVM.recv’
    recvOneData.PVMcluster: no visible global function definition for
     ‘.PVM.unserialize’
    sendData.PVMnode: no visible global function definition for
     ‘.PVM.initsend’
    sendData.PVMnode: no visible global function definition for
     ‘.PVM.serialize’
    sendData.PVMnode: no visible global function definition for ‘.PVM.send’
Flavors: r-devel-linux-x86_64-fedora-gcc, r-patched-solaris-sparc, r-patched-solaris-x86

Version: 0.3-13
Check: package dependencies
Result: NOTE
    Packages suggested but not available for checking: ‘Rmpi’ ‘rpvm’ ‘rsprng’
Flavor: r-devel-macosx-x86_64-gcc

Version: 0.3-13
Check: R code for possible problems
Result: NOTE
    makeMPIcluster: no visible global function definition for
     ‘mpi.comm.size’
    makeMPIcluster: no visible global function definition for
     ‘mpi.comm.spawn’
    makeMPIcluster: no visible global function definition for
     ‘mpi.intercomm.merge’
    makeMPIcluster: no visible global function definition for
     ‘mpi.comm.set.errhandler’
    makeMPIcluster: no visible global function definition for
     ‘mpi.comm.disconnect’
    makePVMmaster: no visible global function definition for ‘.PVM.parent’
    newPVMnode: no visible global function definition for ‘.PVM.spawn’
    recvData.MPInode: no visible global function definition for
     ‘mpi.recv.Robj’
    recvData.PVMnode: no visible global function definition for ‘.PVM.recv’
    recvData.PVMnode: no visible global function definition for
     ‘.PVM.unserialize’
    recvOneData.MPIcluster: no visible global function definition for
     ‘mpi.any.tag’
    recvOneData.MPIcluster: no visible global function definition for
     ‘mpi.probe’
    recvOneData.MPIcluster: no visible global function definition for
     ‘mpi.any.source’
    recvOneData.MPIcluster: no visible global function definition for
     ‘mpi.get.sourcetag’
    recvOneData.MPIcluster: no visible global function definition for
     ‘mpi.recv.Robj’
    recvOneData.PVMcluster: no visible global function definition for
     ‘.PVM.bufinfo’
    recvOneData.PVMcluster: no visible global function definition for
     ‘.PVM.recv’
    recvOneData.PVMcluster: no visible global function definition for
     ‘.PVM.unserialize’
    runMPIslave: no visible global function definition for
     ‘mpi.comm.get.parent’
    runMPIslave: no visible global function definition for
     ‘mpi.intercomm.merge’
    runMPIslave: no visible global function definition for
     ‘mpi.comm.set.errhandler’
    runMPIslave: no visible global function definition for
     ‘mpi.comm.disconnect’
    runMPIslave: no visible global function definition for ‘mpi.quit’
    sendData.MPInode: no visible global function definition for
     ‘mpi.send.Robj’
    sendData.PVMnode: no visible global function definition for
     ‘.PVM.initsend’
    sendData.PVMnode: no visible global function definition for
     ‘.PVM.serialize’
    sendData.PVMnode: no visible global function definition for ‘.PVM.send’
    stopCluster.spawnedMPIcluster: no visible global function definition
     for ‘mpi.comm.disconnect’
Flavor: r-devel-macosx-x86_64-gcc

Version: 0.3-13
Check: R code for possible problems
Result: NOTE
    Error : .onLoad failed in loadNamespace() for 'Rmpi', details:
     call: inDL(x, as.logical(local), as.logical(now), ...)
     error: unable to load shared object 'd:/RCompile/CRANpkg/lib/3.2/Rmpi/libs/x64/Rmpi.dll':
     LoadLibrary failure: Das angegebene Modul wurde nicht gefunden.
    
    makeMPIcluster: no visible global function definition for
     'mpi.comm.size'
    makeMPIcluster: no visible global function definition for
     'mpi.comm.spawn'
    makeMPIcluster: no visible global function definition for
     'mpi.intercomm.merge'
    makeMPIcluster: no visible global function definition for
     'mpi.comm.set.errhandler'
    makeMPIcluster: no visible global function definition for
     'mpi.comm.disconnect'
    makePVMmaster: no visible global function definition for '.PVM.parent'
    newPVMnode: no visible global function definition for '.PVM.spawn'
    recvData.MPInode: no visible global function definition for
     'mpi.recv.Robj'
    recvData.PVMnode: no visible global function definition for '.PVM.recv'
    recvData.PVMnode: no visible global function definition for
     '.PVM.unserialize'
    recvOneData.MPIcluster: no visible global function definition for
     'mpi.any.tag'
    recvOneData.MPIcluster: no visible global function definition for
     'mpi.probe'
    recvOneData.MPIcluster: no visible global function definition for
     'mpi.any.source'
    recvOneData.MPIcluster: no visible global function definition for
     'mpi.get.sourcetag'
    recvOneData.MPIcluster: no visible global function definition for
     'mpi.recv.Robj'
    recvOneData.PVMcluster: no visible global function definition for
     '.PVM.bufinfo'
    recvOneData.PVMcluster: no visible global function definition for
     '.PVM.recv'
    recvOneData.PVMcluster: no visible global function definition for
     '.PVM.unserialize'
    runMPIslave: no visible global function definition for
     'mpi.comm.get.parent'
    runMPIslave: no visible global function definition for
     'mpi.intercomm.merge'
    runMPIslave: no visible global function definition for
     'mpi.comm.set.errhandler'
    runMPIslave: no visible global function definition for
     'mpi.comm.disconnect'
    runMPIslave: no visible global function definition for 'mpi.quit'
    sendData.MPInode: no visible global function definition for
     'mpi.send.Robj'
    sendData.PVMnode: no visible global function definition for
     '.PVM.initsend'
    sendData.PVMnode: no visible global function definition for
     '.PVM.serialize'
    sendData.PVMnode: no visible global function definition for '.PVM.send'
    stopCluster.spawnedMPIcluster: no visible global function definition
     for 'mpi.comm.disconnect'
Flavor: r-devel-windows-ix86+x86_64

Version: 0.3-13
Check: R code for possible problems
Result: NOTE
    Error : .onLoad failed in loadNamespace() for 'Rmpi', details:
     call: inDL(x, as.logical(local), as.logical(now), ...)
     error: unable to load shared object 'd:/RCompile/CRANpkg/lib/3.1/Rmpi/libs/x64/Rmpi.dll':
     LoadLibrary failure: Das angegebene Modul wurde nicht gefunden.
    
    makeMPIcluster: no visible global function definition for
     'mpi.comm.size'
    makeMPIcluster: no visible global function definition for
     'mpi.comm.spawn'
    makeMPIcluster: no visible global function definition for
     'mpi.intercomm.merge'
    makeMPIcluster: no visible global function definition for
     'mpi.comm.set.errhandler'
    makeMPIcluster: no visible global function definition for
     'mpi.comm.disconnect'
    makePVMmaster: no visible global function definition for '.PVM.parent'
    newPVMnode: no visible global function definition for '.PVM.spawn'
    recvData.MPInode: no visible global function definition for
     'mpi.recv.Robj'
    recvData.PVMnode: no visible global function definition for '.PVM.recv'
    recvData.PVMnode: no visible global function definition for
     '.PVM.unserialize'
    recvOneData.MPIcluster: no visible global function definition for
     'mpi.any.tag'
    recvOneData.MPIcluster: no visible global function definition for
     'mpi.probe'
    recvOneData.MPIcluster: no visible global function definition for
     'mpi.any.source'
    recvOneData.MPIcluster: no visible global function definition for
     'mpi.get.sourcetag'
    recvOneData.MPIcluster: no visible global function definition for
     'mpi.recv.Robj'
    recvOneData.PVMcluster: no visible global function definition for
     '.PVM.bufinfo'
    recvOneData.PVMcluster: no visible global function definition for
     '.PVM.recv'
    recvOneData.PVMcluster: no visible global function definition for
     '.PVM.unserialize'
    runMPIslave: no visible global function definition for
     'mpi.comm.get.parent'
    runMPIslave: no visible global function definition for
     'mpi.intercomm.merge'
    runMPIslave: no visible global function definition for
     'mpi.comm.set.errhandler'
    runMPIslave: no visible global function definition for
     'mpi.comm.disconnect'
    runMPIslave: no visible global function definition for 'mpi.quit'
    sendData.MPInode: no visible global function definition for
     'mpi.send.Robj'
    sendData.PVMnode: no visible global function definition for
     '.PVM.initsend'
    sendData.PVMnode: no visible global function definition for
     '.PVM.serialize'
    sendData.PVMnode: no visible global function definition for '.PVM.send'
    stopCluster.spawnedMPIcluster: no visible global function definition
     for 'mpi.comm.disconnect'
Flavor: r-release-windows-ix86+x86_64

Version: 0.3-13
Check: R code for possible problems
Result: NOTE
    Error : .onLoad failed in loadNamespace() for 'Rmpi', details:
     call: inDL(x, as.logical(local), as.logical(now), ...)
     error: unable to load shared object 'd:/RCompile/CRANpkg/lib/3.0/Rmpi/libs/x64/Rmpi.dll':
     LoadLibrary failure: Das angegebene Modul wurde nicht gefunden.
    
    makeMPIcluster: no visible global function definition for
     'mpi.comm.size'
    makeMPIcluster: no visible global function definition for
     'mpi.comm.spawn'
    makeMPIcluster: no visible global function definition for
     'mpi.intercomm.merge'
    makeMPIcluster: no visible global function definition for
     'mpi.comm.set.errhandler'
    makeMPIcluster: no visible global function definition for
     'mpi.comm.disconnect'
    makePVMmaster: no visible global function definition for '.PVM.parent'
    newPVMnode: no visible global function definition for '.PVM.spawn'
    recvData.MPInode: no visible global function definition for
     'mpi.recv.Robj'
    recvData.PVMnode: no visible global function definition for '.PVM.recv'
    recvData.PVMnode: no visible global function definition for
     '.PVM.unserialize'
    recvOneData.MPIcluster: no visible global function definition for
     'mpi.any.tag'
    recvOneData.MPIcluster: no visible global function definition for
     'mpi.probe'
    recvOneData.MPIcluster: no visible global function definition for
     'mpi.any.source'
    recvOneData.MPIcluster: no visible global function definition for
     'mpi.get.sourcetag'
    recvOneData.MPIcluster: no visible global function definition for
     'mpi.recv.Robj'
    recvOneData.PVMcluster: no visible global function definition for
     '.PVM.bufinfo'
    recvOneData.PVMcluster: no visible global function definition for
     '.PVM.recv'
    recvOneData.PVMcluster: no visible global function definition for
     '.PVM.unserialize'
    runMPIslave: no visible global function definition for
     'mpi.comm.get.parent'
    runMPIslave: no visible global function definition for
     'mpi.intercomm.merge'
    runMPIslave: no visible global function definition for
     'mpi.comm.set.errhandler'
    runMPIslave: no visible global function definition for
     'mpi.comm.disconnect'
    runMPIslave: no visible global function definition for 'mpi.quit'
    sendData.MPInode: no visible global function definition for
     'mpi.send.Robj'
    sendData.PVMnode: no visible global function definition for
     '.PVM.initsend'
    sendData.PVMnode: no visible global function definition for
     '.PVM.serialize'
    sendData.PVMnode: no visible global function definition for '.PVM.send'
    stopCluster.spawnedMPIcluster: no visible global function definition
     for 'mpi.comm.disconnect'
Flavor: r-oldrel-windows-ix86+x86_64