CRAN Package Check Results for Package snow

Last updated on 2015-07-31 04:48:18.

Flavor Version Tinstall Tcheck Ttotal Status Flags
r-devel-linux-x86_64-debian-clang 0.3-13 0.58 14.52 15.09 NOTE
r-devel-linux-x86_64-debian-gcc 0.3-13 0.76 10.88 11.63 NOTE
r-devel-linux-x86_64-fedora-clang 0.3-13 20.83 NOTE
r-devel-linux-x86_64-fedora-gcc 0.3-13 19.72 NOTE
r-devel-osx-x86_64-clang 0.3-13 19.20 NOTE
r-devel-windows-ix86+x86_64 0.3-13 6.00 19.00 25.00 NOTE
r-patched-linux-x86_64 0.3-13 0.58 10.74 11.31 NOTE
r-patched-solaris-sparc 0.3-13 147.40 NOTE
r-patched-solaris-x86 0.3-13 30.90 NOTE
r-release-linux-x86_64 0.3-13 0.59 10.84 11.44 NOTE
r-release-osx-x86_64-mavericks 0.3-13 NOTE
r-release-windows-ix86+x86_64 0.3-13 3.00 20.00 23.00 NOTE
r-oldrel-windows-ix86+x86_64 0.3-13 3.00 25.00 28.00 NOTE

Check Details

Version: 0.3-13
Check: package dependencies
Result: NOTE
    Packages suggested but not available for checking: ‘rpvm’ ‘rsprng’
Flavors: r-devel-linux-x86_64-debian-clang, r-devel-linux-x86_64-debian-gcc, r-devel-linux-x86_64-fedora-clang, r-devel-linux-x86_64-fedora-gcc, r-devel-osx-x86_64-clang, r-patched-linux-x86_64, r-patched-solaris-sparc, r-patched-solaris-x86, r-release-linux-x86_64

Version: 0.3-13
Check: dependencies in R code
Result: NOTE
    'library' or 'require' calls in package code:
     ‘Rmpi’ ‘nws’ ‘rlecuyer’ ‘rpvm’ ‘rsprng’
     Please use :: or requireNamespace() instead.
     See section 'Suggested packages' in the 'Writing R Extensions' manual.
Flavors: r-devel-linux-x86_64-debian-clang, r-devel-linux-x86_64-debian-gcc, r-devel-linux-x86_64-fedora-clang, r-devel-linux-x86_64-fedora-gcc, r-devel-osx-x86_64-clang, r-devel-windows-ix86+x86_64, r-patched-linux-x86_64, r-patched-solaris-sparc, r-patched-solaris-x86, r-release-linux-x86_64, r-release-osx-x86_64-mavericks, r-release-windows-ix86+x86_64, r-oldrel-windows-ix86+x86_64

Version: 0.3-13
Check: S3 generic/method consistency
Result: NOTE
    Found the following apparent S3 methods exported but not registered:
     closeNode.NWSnode closeNode.SOCKnode closeNode.default
     plot.snowTimingData print.snowTimingData recvData.MPInode
     recvData.NWSnode recvData.PVMnode recvData.SOCKnode
     recvOneData.MPIcluster recvOneData.NWScluster recvOneData.PVMcluster
     recvOneData.SOCKcluster sendData.MPInode sendData.NWSnode
     sendData.PVMnode sendData.SOCKnode stopCluster.MPIcluster
     stopCluster.NWScluster stopCluster.default
     stopCluster.spawnedMPIcluster
    See section ‘Registering S3 methods’ in the ‘Writing R Extensions’
    manual.
Flavors: r-devel-linux-x86_64-debian-clang, r-devel-linux-x86_64-debian-gcc, r-devel-linux-x86_64-fedora-clang, r-devel-linux-x86_64-fedora-gcc, r-devel-osx-x86_64-clang, r-patched-linux-x86_64, r-patched-solaris-sparc, r-patched-solaris-x86, r-release-linux-x86_64

Version: 0.3-13
Check: foreign function calls
Result: NOTE
    Foreign function call to a different package:
     .Call("r_init_sprng", ..., PACKAGE = "rsprng")
    See chapter ‘System and foreign language interfaces’ in the ‘Writing R
    Extensions’ manual.
Flavors: r-devel-linux-x86_64-debian-clang, r-devel-linux-x86_64-debian-gcc, r-devel-linux-x86_64-fedora-clang, r-devel-linux-x86_64-fedora-gcc, r-devel-osx-x86_64-clang, r-devel-windows-ix86+x86_64, r-patched-linux-x86_64, r-patched-solaris-sparc, r-patched-solaris-x86, r-release-linux-x86_64, r-release-osx-x86_64-mavericks, r-release-windows-ix86+x86_64, r-oldrel-windows-ix86+x86_64

Version: 0.3-13
Check: R code for possible problems
Result: NOTE
    clusterSetupRNGstream: no visible global function definition for
     ‘.lec.init’
    clusterSetupRNGstream: no visible global function definition for
     ‘.lec.SetPackageSeed’
    clusterSetupRNGstream: no visible global function definition for
     ‘.lec.CreateStream’
    clusterSetupRNGstream: no visible binding for global variable
     ‘.lec.GetStateList’
    clusterSetupSPRNG: no visible global function definition for ‘runif’
    initRNGstreamNode: no visible binding for global variable
     ‘.lec.Random.seed.table’
    initRNGstreamNode: no visible binding for '<<-' assignment to
     ‘.lec.Random.seed.table’
    initRNGstreamNode: no visible global function definition for
     ‘.lec.CurrentStream’
    makeMPIcluster: no visible global function definition for
     ‘mpi.comm.size’
    makeMPIcluster: no visible global function definition for
     ‘mpi.comm.spawn’
    makeMPIcluster: no visible global function definition for
     ‘mpi.intercomm.merge’
    makeMPIcluster: no visible global function definition for
     ‘mpi.comm.set.errhandler’
    makeMPIcluster: no visible global function definition for
     ‘mpi.comm.disconnect’
    makeNWScluster: no visible global function definition for ‘nwsServer’
    makeNWScluster: no visible global function definition for ‘nwsMktempWs’
    makeNWScluster: no visible global function definition for ‘nwsOpenWs’
    makeNWSmaster: no visible global function definition for ‘netWorkSpace’
    makePVMmaster: no visible global function definition for ‘.PVM.parent’
    newNWSnode: no visible global function definition for ‘flush.console’
    newPVMnode: no visible global function definition for ‘.PVM.spawn’
    newSOCKnode: no visible global function definition for ‘flush.console’
    plot.snowTimingData: no visible global function definition for ‘plot’
    plot.snowTimingData: no visible global function definition for ‘axis’
    plot.snowTimingData: no visible global function definition for ‘abline’
    plot.snowTimingData: no visible global function definition for
     ‘segments’
    plot.snowTimingData: no visible global function definition for ‘rect’
    recvData.MPInode: no visible global function definition for
     ‘mpi.recv.Robj’
    recvData.NWSnode: no visible global function definition for ‘nwsFetch’
    recvData.PVMnode: no visible global function definition for ‘.PVM.recv’
    recvData.PVMnode: no visible global function definition for
     ‘.PVM.unserialize’
    recvOneData.MPIcluster: no visible global function definition for
     ‘mpi.any.tag’
    recvOneData.MPIcluster: no visible global function definition for
     ‘mpi.probe’
    recvOneData.MPIcluster: no visible global function definition for
     ‘mpi.any.source’
    recvOneData.MPIcluster: no visible global function definition for
     ‘mpi.get.sourcetag’
    recvOneData.MPIcluster: no visible global function definition for
     ‘mpi.recv.Robj’
    recvOneData.NWScluster: no visible global function definition for
     ‘nwsFetch’
    recvOneData.PVMcluster: no visible global function definition for
     ‘.PVM.bufinfo’
    recvOneData.PVMcluster: no visible global function definition for
     ‘.PVM.recv’
    recvOneData.PVMcluster: no visible global function definition for
     ‘.PVM.unserialize’
    runMPIslave: no visible global function definition for
     ‘mpi.comm.get.parent’
    runMPIslave: no visible global function definition for
     ‘mpi.intercomm.merge’
    runMPIslave: no visible global function definition for
     ‘mpi.comm.set.errhandler’
    runMPIslave: no visible global function definition for
     ‘mpi.comm.disconnect’
    runMPIslave: no visible global function definition for ‘mpi.quit’
    sendData.MPInode: no visible global function definition for
     ‘mpi.send.Robj’
    sendData.NWSnode: no visible global function definition for ‘nwsStore’
    sendData.PVMnode: no visible global function definition for
     ‘.PVM.initsend’
    sendData.PVMnode: no visible global function definition for
     ‘.PVM.serialize’
    sendData.PVMnode: no visible global function definition for ‘.PVM.send’
    stopCluster.NWScluster: no visible global function definition for
     ‘nwsDeleteWs’
    stopCluster.NWScluster: no visible global function definition for
     ‘nwsWsName’
    stopCluster.spawnedMPIcluster: no visible global function definition
     for ‘mpi.comm.disconnect’
    Undefined global functions or variables:
     .PVM.bufinfo .PVM.initsend .PVM.parent .PVM.recv .PVM.send
     .PVM.serialize .PVM.spawn .PVM.unserialize .lec.CreateStream
     .lec.CurrentStream .lec.GetStateList .lec.Random.seed.table
     .lec.SetPackageSeed .lec.init abline axis flush.console
     mpi.any.source mpi.any.tag mpi.comm.disconnect mpi.comm.get.parent
     mpi.comm.set.errhandler mpi.comm.size mpi.comm.spawn
     mpi.get.sourcetag mpi.intercomm.merge mpi.probe mpi.quit
     mpi.recv.Robj mpi.send.Robj netWorkSpace nwsDeleteWs nwsFetch
     nwsMktempWs nwsOpenWs nwsServer nwsStore nwsWsName plot rect runif
     segments
    Consider adding
     importFrom("graphics", "abline", "axis", "plot", "rect", "segments")
     importFrom("stats", "runif")
     importFrom("utils", "flush.console")
    to your NAMESPACE.
    
    Found the following assignments to the global environment:
    File ‘snow/R/snow.R’:
     assign(n, v, envir = .GlobalEnv)
     assign(".lec.Random.seed.table", list(Cg = matrix(0, nrow = 0,
     ncol = 6), Bg = matrix(0, nrow = 0, ncol = 6), Ig = matrix(0,
     nrow = 0, ncol = 6), AIP = matrix(0, nrow = 0, ncol = 2),
     name = c()), envir = .GlobalEnv)
Flavors: r-devel-linux-x86_64-debian-clang, r-devel-linux-x86_64-debian-gcc, r-devel-linux-x86_64-fedora-clang

Version: 0.3-13
Check: R code for possible problems
Result: NOTE
    clusterSetupRNGstream: no visible global function definition for
     ‘.lec.init’
    clusterSetupRNGstream: no visible global function definition for
     ‘.lec.SetPackageSeed’
    clusterSetupRNGstream: no visible global function definition for
     ‘.lec.CreateStream’
    clusterSetupRNGstream: no visible binding for global variable
     ‘.lec.GetStateList’
    clusterSetupSPRNG: no visible global function definition for ‘runif’
    initRNGstreamNode: no visible binding for global variable
     ‘.lec.Random.seed.table’
    initRNGstreamNode: no visible binding for '<<-' assignment to
     ‘.lec.Random.seed.table’
    initRNGstreamNode: no visible global function definition for
     ‘.lec.CurrentStream’
    makeMPIcluster: no visible global function definition for
     ‘mpi.comm.size’
    makeMPIcluster: no visible global function definition for
     ‘mpi.comm.spawn’
    makeMPIcluster: no visible global function definition for
     ‘mpi.intercomm.merge’
    makeMPIcluster: no visible global function definition for
     ‘mpi.comm.set.errhandler’
    makeMPIcluster: no visible global function definition for
     ‘mpi.comm.disconnect’
    makeNWScluster: no visible global function definition for ‘nwsServer’
    makeNWScluster: no visible global function definition for ‘nwsMktempWs’
    makeNWScluster: no visible global function definition for ‘nwsOpenWs’
    makeNWSmaster: no visible global function definition for ‘netWorkSpace’
    makePVMmaster: no visible global function definition for ‘.PVM.parent’
    newNWSnode: no visible global function definition for ‘flush.console’
    newPVMnode: no visible global function definition for ‘.PVM.spawn’
    newSOCKnode: no visible global function definition for ‘flush.console’
    plot.snowTimingData: no visible global function definition for ‘plot’
    plot.snowTimingData: no visible global function definition for ‘axis’
    plot.snowTimingData: no visible global function definition for ‘abline’
    plot.snowTimingData: no visible global function definition for
     ‘segments’
    plot.snowTimingData: no visible global function definition for ‘rect’
    recvData.MPInode: no visible global function definition for
     ‘mpi.recv.Robj’
    recvData.NWSnode: no visible global function definition for ‘nwsFetch’
    recvData.PVMnode: no visible global function definition for ‘.PVM.recv’
    recvData.PVMnode: no visible global function definition for
     ‘.PVM.unserialize’
    recvOneData.MPIcluster: no visible global function definition for
     ‘mpi.any.tag’
    recvOneData.MPIcluster: no visible global function definition for
     ‘mpi.probe’
    recvOneData.MPIcluster: no visible global function definition for
     ‘mpi.any.source’
    recvOneData.MPIcluster: no visible global function definition for
     ‘mpi.get.sourcetag’
    recvOneData.MPIcluster: no visible global function definition for
     ‘mpi.recv.Robj’
    recvOneData.NWScluster: no visible global function definition for
     ‘nwsFetch’
    recvOneData.PVMcluster: no visible global function definition for
     ‘.PVM.bufinfo’
    recvOneData.PVMcluster: no visible global function definition for
     ‘.PVM.recv’
    recvOneData.PVMcluster: no visible global function definition for
     ‘.PVM.unserialize’
    runMPIslave: no visible global function definition for
     ‘mpi.comm.get.parent’
    runMPIslave: no visible global function definition for
     ‘mpi.intercomm.merge’
    runMPIslave: no visible global function definition for
     ‘mpi.comm.set.errhandler’
    runMPIslave: no visible global function definition for
     ‘mpi.comm.disconnect’
    runMPIslave: no visible global function definition for ‘mpi.quit’
    sendData.MPInode: no visible global function definition for
     ‘mpi.send.Robj’
    sendData.NWSnode: no visible global function definition for ‘nwsStore’
    sendData.PVMnode: no visible global function definition for
     ‘.PVM.initsend’
    sendData.PVMnode: no visible global function definition for
     ‘.PVM.serialize’
    sendData.PVMnode: no visible global function definition for ‘.PVM.send’
    stopCluster.NWScluster: no visible global function definition for
     ‘nwsDeleteWs’
    stopCluster.NWScluster: no visible global function definition for
     ‘nwsWsName’
    stopCluster.spawnedMPIcluster: no visible global function definition
     for ‘mpi.comm.disconnect’
    Undefined global functions or variables:
     .PVM.bufinfo .PVM.initsend .PVM.parent .PVM.recv .PVM.send
     .PVM.serialize .PVM.spawn .PVM.unserialize .lec.CreateStream
     .lec.CurrentStream .lec.GetStateList .lec.Random.seed.table
     .lec.SetPackageSeed .lec.init abline axis flush.console
     mpi.any.source mpi.any.tag mpi.comm.disconnect mpi.comm.get.parent
     mpi.comm.set.errhandler mpi.comm.size mpi.comm.spawn
     mpi.get.sourcetag mpi.intercomm.merge mpi.probe mpi.quit
     mpi.recv.Robj mpi.send.Robj netWorkSpace nwsDeleteWs nwsFetch
     nwsMktempWs nwsOpenWs nwsServer nwsStore nwsWsName plot rect runif
     segments
    Consider adding
     importFrom("graphics", "abline", "axis", "plot", "rect", "segments")
     importFrom("stats", "runif")
     importFrom("utils", "flush.console")
    to your NAMESPACE.
Flavors: r-devel-linux-x86_64-fedora-gcc, r-devel-windows-ix86+x86_64

Version: 0.3-13
Check: R code for possible problems
Result: NOTE
    clusterSetupRNGstream: no visible global function definition for
     ‘.lec.init’
    clusterSetupRNGstream: no visible global function definition for
     ‘.lec.SetPackageSeed’
    clusterSetupRNGstream: no visible global function definition for
     ‘.lec.CreateStream’
    clusterSetupRNGstream: no visible binding for global variable
     ‘.lec.GetStateList’
    initRNGstreamNode: no visible binding for global variable
     ‘.lec.Random.seed.table’
    initRNGstreamNode: no visible binding for '<<-' assignment to
     ‘.lec.Random.seed.table’
    initRNGstreamNode: no visible global function definition for
     ‘.lec.CurrentStream’
    makeMPIcluster: no visible global function definition for
     ‘mpi.comm.size’
    makeMPIcluster: no visible global function definition for
     ‘mpi.comm.spawn’
    makeMPIcluster: no visible global function definition for
     ‘mpi.intercomm.merge’
    makeMPIcluster: no visible global function definition for
     ‘mpi.comm.set.errhandler’
    makeMPIcluster: no visible global function definition for
     ‘mpi.comm.disconnect’
    makeNWScluster: no visible global function definition for ‘nwsServer’
    makeNWScluster: no visible global function definition for ‘nwsMktempWs’
    makeNWScluster: no visible global function definition for ‘nwsOpenWs’
    makeNWSmaster: no visible global function definition for ‘netWorkSpace’
    makePVMmaster: no visible global function definition for ‘.PVM.parent’
    newPVMnode: no visible global function definition for ‘.PVM.spawn’
    recvData.MPInode: no visible global function definition for
     ‘mpi.recv.Robj’
    recvData.NWSnode: no visible global function definition for ‘nwsFetch’
    recvData.PVMnode: no visible global function definition for ‘.PVM.recv’
    recvData.PVMnode: no visible global function definition for
     ‘.PVM.unserialize’
    recvOneData.MPIcluster: no visible global function definition for
     ‘mpi.any.tag’
    recvOneData.MPIcluster: no visible global function definition for
     ‘mpi.probe’
    recvOneData.MPIcluster: no visible global function definition for
     ‘mpi.any.source’
    recvOneData.MPIcluster: no visible global function definition for
     ‘mpi.get.sourcetag’
    recvOneData.MPIcluster: no visible global function definition for
     ‘mpi.recv.Robj’
    recvOneData.NWScluster: no visible global function definition for
     ‘nwsFetch’
    recvOneData.PVMcluster: no visible global function definition for
     ‘.PVM.bufinfo’
    recvOneData.PVMcluster: no visible global function definition for
     ‘.PVM.recv’
    recvOneData.PVMcluster: no visible global function definition for
     ‘.PVM.unserialize’
    runMPIslave: no visible global function definition for
     ‘mpi.comm.get.parent’
    runMPIslave: no visible global function definition for
     ‘mpi.intercomm.merge’
    runMPIslave: no visible global function definition for
     ‘mpi.comm.set.errhandler’
    runMPIslave: no visible global function definition for
     ‘mpi.comm.disconnect’
    runMPIslave: no visible global function definition for ‘mpi.quit’
    sendData.MPInode: no visible global function definition for
     ‘mpi.send.Robj’
    sendData.NWSnode: no visible global function definition for ‘nwsStore’
    sendData.PVMnode: no visible global function definition for
     ‘.PVM.initsend’
    sendData.PVMnode: no visible global function definition for
     ‘.PVM.serialize’
    sendData.PVMnode: no visible global function definition for ‘.PVM.send’
    stopCluster.NWScluster: no visible global function definition for
     ‘nwsDeleteWs’
    stopCluster.NWScluster: no visible global function definition for
     ‘nwsWsName’
    stopCluster.spawnedMPIcluster: no visible global function definition
     for ‘mpi.comm.disconnect’
    Undefined global functions or variables:
     .PVM.bufinfo .PVM.initsend .PVM.parent .PVM.recv .PVM.send
     .PVM.serialize .PVM.spawn .PVM.unserialize .lec.CreateStream
     .lec.CurrentStream .lec.GetStateList .lec.Random.seed.table
     .lec.SetPackageSeed .lec.init mpi.any.source mpi.any.tag
     mpi.comm.disconnect mpi.comm.get.parent mpi.comm.set.errhandler
     mpi.comm.size mpi.comm.spawn mpi.get.sourcetag mpi.intercomm.merge
     mpi.probe mpi.quit mpi.recv.Robj mpi.send.Robj netWorkSpace
     nwsDeleteWs nwsFetch nwsMktempWs nwsOpenWs nwsServer nwsStore
     nwsWsName
    
    Found the following assignments to the global environment:
    File ‘snow/R/snow.R’:
     assign(n, v, envir = .GlobalEnv)
     assign(".lec.Random.seed.table", list(Cg = matrix(0, nrow = 0,
     ncol = 6), Bg = matrix(0, nrow = 0, ncol = 6), Ig = matrix(0,
     nrow = 0, ncol = 6), AIP = matrix(0, nrow = 0, ncol = 2),
     name = c()), envir = .GlobalEnv)
Flavor: r-devel-osx-x86_64-clang

Version: 0.3-13
Check: package dependencies
Result: NOTE
    Package suggested but not available for checking: 'rpvm'
Flavors: r-devel-windows-ix86+x86_64, r-release-windows-ix86+x86_64, r-oldrel-windows-ix86+x86_64

Version: 0.3-13
Check: R code for possible problems
Result: NOTE
    clusterSetupRNGstream: no visible global function definition for
     ‘.lec.init’
    clusterSetupRNGstream: no visible global function definition for
     ‘.lec.SetPackageSeed’
    clusterSetupRNGstream: no visible global function definition for
     ‘.lec.CreateStream’
    clusterSetupRNGstream: no visible binding for global variable
     ‘.lec.GetStateList’
    initRNGstreamNode: no visible binding for global variable
     ‘.lec.Random.seed.table’
    initRNGstreamNode: no visible binding for '<<-' assignment to
     ‘.lec.Random.seed.table’
    initRNGstreamNode: no visible global function definition for
     ‘.lec.CurrentStream’
    makeMPIcluster: no visible global function definition for
     ‘mpi.comm.size’
    makeMPIcluster: no visible global function definition for
     ‘mpi.comm.spawn’
    makeMPIcluster: no visible global function definition for
     ‘mpi.intercomm.merge’
    makeMPIcluster: no visible global function definition for
     ‘mpi.comm.set.errhandler’
    makeMPIcluster: no visible global function definition for
     ‘mpi.comm.disconnect’
    makeNWScluster: no visible global function definition for ‘nwsServer’
    makeNWScluster: no visible global function definition for ‘nwsMktempWs’
    makeNWScluster: no visible global function definition for ‘nwsOpenWs’
    makeNWSmaster: no visible global function definition for ‘netWorkSpace’
    makePVMmaster: no visible global function definition for ‘.PVM.parent’
    newPVMnode: no visible global function definition for ‘.PVM.spawn’
    recvData.MPInode: no visible global function definition for
     ‘mpi.recv.Robj’
    recvData.NWSnode: no visible global function definition for ‘nwsFetch’
    recvData.PVMnode: no visible global function definition for ‘.PVM.recv’
    recvData.PVMnode: no visible global function definition for
     ‘.PVM.unserialize’
    recvOneData.MPIcluster: no visible global function definition for
     ‘mpi.any.tag’
    recvOneData.MPIcluster: no visible global function definition for
     ‘mpi.probe’
    recvOneData.MPIcluster: no visible global function definition for
     ‘mpi.any.source’
    recvOneData.MPIcluster: no visible global function definition for
     ‘mpi.get.sourcetag’
    recvOneData.MPIcluster: no visible global function definition for
     ‘mpi.recv.Robj’
    recvOneData.NWScluster: no visible global function definition for
     ‘nwsFetch’
    recvOneData.PVMcluster: no visible global function definition for
     ‘.PVM.bufinfo’
    recvOneData.PVMcluster: no visible global function definition for
     ‘.PVM.recv’
    recvOneData.PVMcluster: no visible global function definition for
     ‘.PVM.unserialize’
    runMPIslave: no visible global function definition for
     ‘mpi.comm.get.parent’
    runMPIslave: no visible global function definition for
     ‘mpi.intercomm.merge’
    runMPIslave: no visible global function definition for
     ‘mpi.comm.set.errhandler’
    runMPIslave: no visible global function definition for
     ‘mpi.comm.disconnect’
    runMPIslave: no visible global function definition for ‘mpi.quit’
    sendData.MPInode: no visible global function definition for
     ‘mpi.send.Robj’
    sendData.NWSnode: no visible global function definition for ‘nwsStore’
    sendData.PVMnode: no visible global function definition for
     ‘.PVM.initsend’
    sendData.PVMnode: no visible global function definition for
     ‘.PVM.serialize’
    sendData.PVMnode: no visible global function definition for ‘.PVM.send’
    stopCluster.NWScluster: no visible global function definition for
     ‘nwsDeleteWs’
    stopCluster.NWScluster: no visible global function definition for
     ‘nwsWsName’
    stopCluster.spawnedMPIcluster: no visible global function definition
     for ‘mpi.comm.disconnect’
    
    Found the following assignments to the global environment:
    File ‘snow/R/snow.R’:
     assign(n, v, envir = .GlobalEnv)
     assign(".lec.Random.seed.table", list(Cg = matrix(0, nrow = 0,
     ncol = 6), Bg = matrix(0, nrow = 0, ncol = 6), Ig = matrix(0,
     nrow = 0, ncol = 6), AIP = matrix(0, nrow = 0, ncol = 2),
     name = c()), envir = .GlobalEnv)
Flavors: r-patched-linux-x86_64, r-release-linux-x86_64

Version: 0.3-13
Check: R code for possible problems
Result: NOTE
    clusterSetupRNGstream: no visible global function definition for
     ‘.lec.init’
    clusterSetupRNGstream: no visible global function definition for
     ‘.lec.SetPackageSeed’
    clusterSetupRNGstream: no visible global function definition for
     ‘.lec.CreateStream’
    clusterSetupRNGstream: no visible binding for global variable
     ‘.lec.GetStateList’
    initRNGstreamNode: no visible binding for global variable
     ‘.lec.Random.seed.table’
    initRNGstreamNode: no visible binding for '<<-' assignment to
     ‘.lec.Random.seed.table’
    initRNGstreamNode: no visible global function definition for
     ‘.lec.CurrentStream’
    makeMPIcluster: no visible global function definition for
     ‘mpi.comm.size’
    makeMPIcluster: no visible global function definition for
     ‘mpi.comm.spawn’
    makeMPIcluster: no visible global function definition for
     ‘mpi.intercomm.merge’
    makeMPIcluster: no visible global function definition for
     ‘mpi.comm.set.errhandler’
    makeMPIcluster: no visible global function definition for
     ‘mpi.comm.disconnect’
    makeNWScluster: no visible global function definition for ‘nwsServer’
    makeNWScluster: no visible global function definition for ‘nwsMktempWs’
    makeNWScluster: no visible global function definition for ‘nwsOpenWs’
    makeNWSmaster: no visible global function definition for ‘netWorkSpace’
    makePVMmaster: no visible global function definition for ‘.PVM.parent’
    newPVMnode: no visible global function definition for ‘.PVM.spawn’
    recvData.MPInode: no visible global function definition for
     ‘mpi.recv.Robj’
    recvData.NWSnode: no visible global function definition for ‘nwsFetch’
    recvData.PVMnode: no visible global function definition for ‘.PVM.recv’
    recvData.PVMnode: no visible global function definition for
     ‘.PVM.unserialize’
    recvOneData.MPIcluster: no visible global function definition for
     ‘mpi.any.tag’
    recvOneData.MPIcluster: no visible global function definition for
     ‘mpi.probe’
    recvOneData.MPIcluster: no visible global function definition for
     ‘mpi.any.source’
    recvOneData.MPIcluster: no visible global function definition for
     ‘mpi.get.sourcetag’
    recvOneData.MPIcluster: no visible global function definition for
     ‘mpi.recv.Robj’
    recvOneData.NWScluster: no visible global function definition for
     ‘nwsFetch’
    recvOneData.PVMcluster: no visible global function definition for
     ‘.PVM.bufinfo’
    recvOneData.PVMcluster: no visible global function definition for
     ‘.PVM.recv’
    recvOneData.PVMcluster: no visible global function definition for
     ‘.PVM.unserialize’
    runMPIslave: no visible global function definition for
     ‘mpi.comm.get.parent’
    runMPIslave: no visible global function definition for
     ‘mpi.intercomm.merge’
    runMPIslave: no visible global function definition for
     ‘mpi.comm.set.errhandler’
    runMPIslave: no visible global function definition for
     ‘mpi.comm.disconnect’
    runMPIslave: no visible global function definition for ‘mpi.quit’
    sendData.MPInode: no visible global function definition for
     ‘mpi.send.Robj’
    sendData.NWSnode: no visible global function definition for ‘nwsStore’
    sendData.PVMnode: no visible global function definition for
     ‘.PVM.initsend’
    sendData.PVMnode: no visible global function definition for
     ‘.PVM.serialize’
    sendData.PVMnode: no visible global function definition for ‘.PVM.send’
    stopCluster.NWScluster: no visible global function definition for
     ‘nwsDeleteWs’
    stopCluster.NWScluster: no visible global function definition for
     ‘nwsWsName’
    stopCluster.spawnedMPIcluster: no visible global function definition
     for ‘mpi.comm.disconnect’
Flavors: r-patched-solaris-sparc, r-patched-solaris-x86, r-release-osx-x86_64-mavericks, r-release-windows-ix86+x86_64, r-oldrel-windows-ix86+x86_64

Version: 0.3-13
Check: package dependencies
Result: NOTE
    Packages suggested but not available for checking: ‘Rmpi’ ‘rpvm’ ‘rsprng’
Flavor: r-release-osx-x86_64-mavericks