CRAN Package Check Results for Package snow

Last updated on 2017-11-24 18:51:00 CET.

Flavor Version Tinstall Tcheck Ttotal Status Flags
r-devel-linux-x86_64-debian-clang 0.4-2 0.74 36.77 37.51 NOTE
r-devel-linux-x86_64-debian-gcc 0.4-2 1.42 32.90 34.32 NOTE
r-devel-linux-x86_64-fedora-clang 0.4-2 19.82 NOTE
r-devel-linux-x86_64-fedora-gcc 0.4-2 20.60 NOTE
r-devel-windows-ix86+x86_64 0.4-2 5.00 29.00 34.00 OK
r-patched-linux-x86_64 0.4-2 0.82 39.59 40.41 NOTE
r-patched-solaris-x86 0.4-2 34.10 NOTE
r-release-linux-x86_64 0.4-2 0.97 39.50 40.47 NOTE
r-release-windows-ix86+x86_64 0.4-2 3.00 29.00 32.00 OK
r-release-osx-x86_64 0.4-2 NOTE
r-oldrel-windows-ix86+x86_64 0.4-2 2.00 26.00 28.00 OK
r-oldrel-osx-x86_64 0.4-2 NOTE

Check Details

Version: 0.4-2
Check: S3 generic/method consistency
Result: NOTE
    Found the following apparent S3 methods exported but not registered:
     [.cluster
    See section ‘Registering S3 methods’ in the ‘Writing R Extensions’
    manual.
Flavors: r-devel-linux-x86_64-debian-clang, r-devel-linux-x86_64-debian-gcc, r-devel-linux-x86_64-fedora-clang, r-devel-linux-x86_64-fedora-gcc, r-patched-linux-x86_64, r-patched-solaris-x86, r-release-linux-x86_64

Version: 0.4-2
Check: package dependencies
Result: NOTE
    Package suggested but not available for checking: ‘Rmpi’
Flavors: r-release-osx-x86_64, r-oldrel-osx-x86_64