CRAN Package Check Results for Package snow

Last updated on 2016-10-01 06:47:40.

Flavor Version Tinstall Tcheck Ttotal Status Flags
r-devel-linux-x86_64-debian-clang 0.4-1 0.61 12.96 13.57 OK
r-devel-linux-x86_64-debian-gcc 0.4-1 0.58 13.45 14.02 OK
r-devel-linux-x86_64-fedora-clang 0.4-1 21.38 OK
r-devel-linux-x86_64-fedora-gcc 0.4-1 19.23 OK
r-devel-macos-x86_64-clang 0.4-1 18.26 OK
r-devel-windows-ix86+x86_64 0.4-1 5.00 61.00 66.00 OK
r-patched-linux-x86_64 0.4-1 0.58 11.37 11.95 OK
r-patched-solaris-sparc 0.4-1 116.40 OK
r-patched-solaris-x86 0.4-1 25.10 OK
r-release-linux-x86_64 0.4-1 0.61 12.12 12.73 OK
r-release-osx-x86_64-mavericks 0.4-1 NOTE
r-release-windows-ix86+x86_64 0.4-1 4.00 29.00 33.00 OK
r-oldrel-windows-ix86+x86_64 0.4-1 4.00 29.00 33.00 OK

Check Details

Version: 0.4-1
Check: package dependencies
Result: NOTE
    Package suggested but not available for checking: ‘Rmpi’
Flavor: r-release-osx-x86_64-mavericks