CRAN Package Check Results for Package snow

Last updated on 2016-04-28 21:47:44.

Flavor Version Tinstall Tcheck Ttotal Status Flags
r-devel-linux-x86_64-debian-gcc 0.4-1 0.64 11.25 11.89 OK
r-devel-linux-x86_64-fedora-clang 0.4-1 19.06 OK
r-devel-linux-x86_64-fedora-gcc 0.4-1 17.42 OK
r-devel-osx-x86_64-clang 0.4-1 22.60 OK
r-devel-windows-ix86+x86_64 0.4-1 4.00 26.00 30.00 OK
r-patched-linux-x86_64 0.4-1 0.64 11.29 11.93 OK
r-patched-solaris-sparc 0.4-1 113.50 OK
r-patched-solaris-x86 0.4-1 25.00 OK
r-release-linux-x86_64 0.4-1 0.72 11.89 12.62 OK
r-release-osx-x86_64-mavericks 0.4-1 NOTE
r-release-windows-ix86+x86_64 0.4-1 4.00 29.00 33.00 OK
r-oldrel-windows-ix86+x86_64 0.4-1 4.00 30.00 34.00 OK

Check Details

Version: 0.4-1
Check: package dependencies
Result: NOTE
    Package suggested but not available for checking: ‘Rmpi’
Flavor: r-release-osx-x86_64-mavericks