CRAN Package Check Results for Package snow

Last updated on 2018-09-25 10:49:49 CEST.

Flavor Version Tinstall Tcheck Ttotal Status Flags
r-devel-linux-x86_64-debian-clang 0.4-3 1.83 21.74 23.57 OK
r-devel-linux-x86_64-debian-gcc 0.4-3 1.57 17.18 18.75 OK
r-devel-linux-x86_64-fedora-clang 0.4-3 28.42 OK
r-devel-linux-x86_64-fedora-gcc 0.4-3 27.65 OK
r-devel-windows-ix86+x86_64 0.4-3 8.00 32.00 40.00 OK
r-patched-linux-x86_64 0.4-3 1.27 19.98 21.25 OK
r-patched-solaris-x86 0.4-3 38.50 OK
r-release-linux-x86_64 0.4-3 1.77 20.48 22.25 OK
r-release-windows-ix86+x86_64 0.4-3 3.00 38.00 41.00 OK
r-release-osx-x86_64 0.4-2 NOTE
r-oldrel-windows-ix86+x86_64 0.4-3 3.00 41.00 44.00 OK
r-oldrel-osx-x86_64 0.4-3 NOTE

Check Details

Version: 0.4-2
Check: package dependencies
Result: NOTE
    Package suggested but not available for checking: ‘Rmpi’
Flavor: r-release-osx-x86_64

Version: 0.4-3
Check: package dependencies
Result: NOTE
    Package suggested but not available for checking: ‘Rmpi’
Flavor: r-oldrel-osx-x86_64