CRAN Package Check Results for Package snow

Last updated on 2017-02-26 17:51:47.

Flavor Version Tinstall Tcheck Ttotal Status Flags
r-devel-linux-x86_64-debian-clang 0.4-2 0.65 14.07 14.73 OK
r-devel-linux-x86_64-debian-gcc 0.4-2 0.64 13.90 14.54 OK
r-devel-linux-x86_64-fedora-clang 0.4-2 22.91 OK --no-stop-on-test-error
r-devel-linux-x86_64-fedora-gcc 0.4-2 21.39 OK --no-stop-on-test-error
r-devel-macos-x86_64-clang 0.4-2 21.90 OK --no-stop-on-test-error
r-devel-windows-ix86+x86_64 0.4-2 4.00 27.00 31.00 OK
r-patched-linux-x86_64 0.4-2 0.56 12.16 12.71 OK
r-patched-solaris-sparc 0.4-2 115.40 OK
r-patched-solaris-x86 0.4-2 27.60 OK
r-release-linux-x86_64 0.4-2 0.58 12.42 13.00 OK
r-release-osx-x86_64-mavericks 0.4-2 NOTE
r-release-windows-ix86+x86_64 0.4-2 2.00 26.00 28.00 OK
r-oldrel-windows-ix86+x86_64 0.4-2 2.00 28.00 30.00 OK

Check Details

Version: 0.4-2
Check: package dependencies
Result: NOTE
    Package suggested but not available for checking: ‘Rmpi’
Flavor: r-release-osx-x86_64-mavericks