CRAN Package Check Results for Package snow

Last updated on 2016-08-28 21:50:09.

Flavor Version Tinstall Tcheck Ttotal Status Flags
r-devel-linux-x86_64-debian-clang 0.4-1 0.57 11.92 12.49 OK
r-devel-linux-x86_64-debian-gcc 0.4-1 0.62 12.28 12.90 OK
r-devel-linux-x86_64-fedora-clang 0.4-1 19.73 OK
r-devel-linux-x86_64-fedora-gcc 0.4-1 18.37 OK
r-devel-osx-x86_64-clang 0.4-1 17.84 OK
r-devel-windows-ix86+x86_64 0.4-1 4.00 57.00 61.00 OK
r-patched-linux-x86_64 0.4-1 0.65 11.59 12.25 OK
r-patched-solaris-sparc 0.4-1 116.40 OK
r-patched-solaris-x86 0.4-1 24.90 OK
r-release-linux-x86_64 0.4-1 0.69 12.25 12.94 OK
r-release-osx-x86_64-mavericks 0.4-1 NOTE
r-release-windows-ix86+x86_64 0.4-1 4.00 26.00 30.00 OK
r-oldrel-windows-ix86+x86_64 0.4-1 4.00 29.00 33.00 OK

Check Details

Version: 0.4-1
Check: package dependencies
Result: NOTE
    Package suggested but not available for checking: ‘Rmpi’
Flavor: r-release-osx-x86_64-mavericks