CRAN Package Check Results for Package snowFT

Last updated on 2017-06-25 10:47:37.

Flavor Version Tinstall Tcheck Ttotal Status Flags
r-devel-linux-x86_64-debian-clang 1.6-0 0.71 28.57 29.28 OK
r-devel-linux-x86_64-debian-gcc 1.6-0 2.64 28.16 30.80 OK
r-devel-linux-x86_64-fedora-clang 1.6-0 29.29 OK
r-devel-linux-x86_64-fedora-gcc 1.6-0 27.72 OK
r-devel-windows-ix86+x86_64 1.6-0 3.00 44.00 47.00 OK
r-patched-linux-x86_64 1.6-0 0.67 28.48 29.16 OK
r-patched-solaris-sparc 1.5-0 263.60 OK
r-patched-solaris-x86 1.6-0 60.70 OK
r-release-linux-x86_64 1.6-0 0.74 28.66 29.40 OK
r-release-windows-ix86+x86_64 1.6-0 2.00 43.00 45.00 OK
r-release-osx-x86_64 1.6-0 NOTE
r-oldrel-windows-ix86+x86_64 1.6-0 3.00 57.00 60.00 OK
r-oldrel-osx-x86_64 1.6-0 NOTE

Check Details

Version: 1.6-0
Check: package dependencies
Result: NOTE
    Package suggested but not available for checking: ‘Rmpi’
Flavors: r-release-osx-x86_64, r-oldrel-osx-x86_64