CRAN Package Check Results for Package snowFT

Last updated on 2016-12-09 07:48:53.

Flavor Version Tinstall Tcheck Ttotal Status Flags
r-devel-linux-x86_64-debian-clang 1.4-0 0.61 26.78 27.39 OK
r-devel-linux-x86_64-debian-gcc 1.4-0 0.72 26.21 26.93 OK
r-devel-linux-x86_64-fedora-clang 1.4-0 28.87 OK --no-stop-on-test-error
r-devel-linux-x86_64-fedora-gcc 1.4-0 27.57 OK --no-stop-on-test-error
r-devel-macos-x86_64-clang 1.4-0 26.93 OK --no-stop-on-test-error
r-devel-windows-ix86+x86_64 1.4-0 4.00 41.00 45.00 OK
r-patched-linux-x86_64 1.4-0 0.64 24.22 24.87 OK
r-patched-solaris-sparc 1.4-0 239.40 OK
r-patched-solaris-x86 1.4-0 57.20 OK
r-release-linux-x86_64 1.4-0 0.60 24.32 24.93 OK
r-release-osx-x86_64-mavericks 1.4-0 NOTE
r-release-windows-ix86+x86_64 1.4-0 3.00 41.00 44.00 OK
r-oldrel-windows-ix86+x86_64 1.4-0 3.00 40.00 43.00 OK

Check Details

Version: 1.4-0
Check: package dependencies
Result: NOTE
    Package suggested but not available for checking: ‘Rmpi’
Flavor: r-release-osx-x86_64-mavericks