CRAN Package Check Results for Package snowFT

Last updated on 2014-04-24 17:49:54.

Flavor Version Tinstall Tcheck Ttotal Status Flags
r-devel-linux-x86_64-debian-clang 1.3-0 0.63 22.18 22.81 OK
r-devel-linux-x86_64-debian-gcc 1.3-0 0.63 21.95 22.58 OK
r-devel-linux-x86_64-fedora-clang 1.3-0 29.29 OK
r-devel-linux-x86_64-fedora-gcc 1.3-0 28.61 OK
r-devel-osx-x86_64-clang 1.3-0 39.17 OK
r-devel-osx-x86_64-gcc 1.3-0 NOTE
r-devel-windows-ix86+x86_64 1.3-0 2.00 30.00 32.00 NOTE
r-patched-linux-x86_64 1.3-0 0.62 21.86 22.49 OK
r-patched-solaris-sparc 1.3-0 258.30 OK
r-patched-solaris-x86 1.3-0 69.20 OK
r-release-linux-ix86 1.3-0 1.00 41.00 42.00 OK
r-release-linux-x86_64 1.3-0 0.62 21.96 22.59 OK
r-release-osx-x86_64-mavericks 1.3-0 WARN
r-release-windows-ix86+x86_64 1.3-0 5.00 34.00 39.00 NOTE
r-oldrel-windows-ix86+x86_64 1.3-0 3.00 35.00 38.00 NOTE

Check Details

Version: 1.3-0
Check: package dependencies
Result: NOTE
    Packages suggested but not available for checking: ‘Rmpi’ ‘rsprng’
Flavors: r-devel-osx-x86_64-gcc, r-release-osx-x86_64-mavericks

Version: 1.3-0
Check: R code for possible problems
Result: NOTE
    freeStream: no visible global function definition for ‘free.sprng’
Flavors: r-devel-osx-x86_64-gcc, r-release-osx-x86_64-mavericks

Version: 1.3-0
Check: R code for possible problems
Result: NOTE
    Error : .onLoad failed in loadNamespace() for 'Rmpi', details:
     call: inDL(x, as.logical(local), as.logical(now), ...)
     error: unable to load shared object 'd:/RCompile/CRANpkg/lib/3.2/Rmpi/libs/x64/Rmpi.dll':
     LoadLibrary failure: Das angegebene Modul wurde nicht gefunden.
Flavor: r-devel-windows-ix86+x86_64

Version: 1.3-0
Check: PDF version of manual
Result: WARNING
    LaTeX errors when creating PDF version.
    This typically indicates Rd problems.
    LaTeX errors found:
    ! LaTeX Error: File `upquote.sty' not found.
    
    Type X to quit or <RETURN> to proceed,
    or enter new name. (Default extension: sty)
    
    79fa1a8/Rd2.tex:8: ==> Fatal error occurred, no output PDF file produced!
Flavor: r-release-osx-x86_64-mavericks

Version: 1.3-0
Check: R code for possible problems
Result: NOTE
    Error : .onLoad failed in loadNamespace() for 'Rmpi', details:
     call: inDL(x, as.logical(local), as.logical(now), ...)
     error: unable to load shared object 'd:/RCompile/CRANpkg/lib/3.1/Rmpi/libs/x64/Rmpi.dll':
     LoadLibrary failure: Das angegebene Modul wurde nicht gefunden.
Flavor: r-release-windows-ix86+x86_64

Version: 1.3-0
Check: R code for possible problems
Result: NOTE
    Error : .onLoad failed in loadNamespace() for 'Rmpi', details:
     call: inDL(x, as.logical(local), as.logical(now), ...)
     error: unable to load shared object 'd:/RCompile/CRANpkg/lib/3.0/Rmpi/libs/x64/Rmpi.dll':
     LoadLibrary failure: Das angegebene Modul wurde nicht gefunden.
Flavor: r-oldrel-windows-ix86+x86_64