CRAN Package Check Results for Package snowFT

Last updated on 2015-07-04 17:47:41.

Flavor Version Tinstall Tcheck Ttotal Status Flags
r-devel-linux-x86_64-debian-clang 1.4-0 0.61 20.44 21.05 OK
r-devel-linux-x86_64-debian-gcc 1.4-0 0.70 22.17 22.87 OK
r-devel-linux-x86_64-fedora-clang 1.4-0 25.29 OK
r-devel-linux-x86_64-fedora-gcc 1.4-0 23.65 OK
r-devel-osx-x86_64-clang 1.4-0 31.08 OK
r-devel-windows-ix86+x86_64 1.4-0 3.00 32.00 35.00 OK
r-patched-linux-x86_64 1.4-0 0.76 22.66 23.43 OK
r-patched-solaris-sparc 1.4-0 230.30 OK
r-patched-solaris-x86 1.4-0 67.40 OK
r-release-linux-x86_64 1.4-0 0.59 22.73 23.32 OK
r-release-osx-x86_64-mavericks 1.4-0 NOTE
r-release-windows-ix86+x86_64 1.4-0 3.00 33.00 36.00 OK
r-oldrel-windows-ix86+x86_64 1.4-0 5.00 54.00 59.00 OK

Check Details

Version: 1.4-0
Check: package dependencies
Result: NOTE
    Package suggested but not available for checking: ‘Rmpi’
Flavor: r-release-osx-x86_64-mavericks