CRAN Package Check Results for Package snowFT

Last updated on 2017-02-25 08:49:45.

Flavor Version Tinstall Tcheck Ttotal Status Flags
r-devel-linux-x86_64-debian-clang 1.4-0 0.69 27.06 27.74 OK
r-devel-linux-x86_64-debian-gcc 1.4-0 0.68 27.33 28.01 OK
r-devel-linux-x86_64-fedora-clang 1.4-0 28.38 OK --no-stop-on-test-error
r-devel-linux-x86_64-fedora-gcc 1.4-0 27.61 OK --no-stop-on-test-error
r-devel-macos-x86_64-clang 1.4-0 28.12 OK --no-stop-on-test-error
r-devel-windows-ix86+x86_64 1.4-0 3.00 42.00 45.00 OK
r-patched-linux-x86_64 1.4-0 0.58 23.86 24.45 OK
r-patched-solaris-sparc 1.4-0 234.10 OK
r-patched-solaris-x86 1.4-0 59.30 OK
r-release-linux-x86_64 1.4-0 0.66 24.31 24.98 OK
r-release-osx-x86_64-mavericks 1.4-0 NOTE
r-release-windows-ix86+x86_64 1.4-0 3.00 41.00 44.00 OK
r-oldrel-windows-ix86+x86_64 1.4-0 3.00 40.00 43.00 OK

Check Details

Version: 1.4-0
Check: package dependencies
Result: NOTE
    Package suggested but not available for checking: ‘Rmpi’
Flavor: r-release-osx-x86_64-mavericks