CRAN Package Check Results for Package snowFT

Last updated on 2016-06-29 23:51:43.

Flavor Version Tinstall Tcheck Ttotal Status Flags
r-devel-linux-x86_64-debian-gcc 1.4-0 0.73 17.93 18.67 OK
r-devel-linux-x86_64-fedora-clang 1.4-0 23.99 OK
r-devel-linux-x86_64-fedora-gcc 1.4-0 22.30 OK
r-devel-osx-x86_64-clang 1.4-0 23.01 OK
r-devel-windows-ix86+x86_64 1.4-0 3.00 41.00 44.00 OK
r-patched-linux-x86_64 1.4-0 0.60 23.14 23.73 OK
r-patched-solaris-sparc 1.4-0 239.40 OK
r-patched-solaris-x86 1.4-0 60.20 OK
r-release-linux-x86_64 1.4-0 0.63 23.88 24.51 OK
r-release-osx-x86_64-mavericks 1.4-0 NOTE
r-release-windows-ix86+x86_64 1.4-0 2.00 42.00 44.00 OK
r-oldrel-windows-ix86+x86_64 1.4-0 3.00 49.00 52.00 OK

Check Details

Version: 1.4-0
Check: package dependencies
Result: NOTE
    Package suggested but not available for checking: ‘Rmpi’
Flavor: r-release-osx-x86_64-mavericks