CRAN Package Check Results for Package snowFT

Last updated on 2017-04-29 23:50:49.

Flavor Version Tinstall Tcheck Ttotal Status Flags
r-devel-linux-x86_64-debian-clang 1.4-0 0.70 27.24 27.94 OK
r-devel-linux-x86_64-debian-gcc 1.4-0 0.64 26.90 27.54 OK
r-devel-linux-x86_64-fedora-clang 1.4-0 31.00 OK --no-stop-on-test-error
r-devel-linux-x86_64-fedora-gcc 1.4-0 27.85 OK --no-stop-on-test-error
r-devel-windows-ix86+x86_64 1.4-0 5.00 50.00 55.00 OK
r-patched-linux-x86_64 1.4-0 0.62 26.82 27.45 OK
r-patched-solaris-sparc 1.4-0 257.30 OK
r-patched-solaris-x86 1.4-0 67.10 OK
r-release-linux-x86_64 1.4-0 0.66 26.72 27.38 OK
r-release-windows-ix86+x86_64 1.4-0 3.00 42.00 45.00 OK
r-release-osx-x86_64 1.4-0 NOTE
r-oldrel-windows-ix86+x86_64 1.4-0 3.00 41.00 44.00 OK
r-oldrel-osx-x86_64 1.4-0 NOTE

Check Details

Version: 1.4-0
Check: package dependencies
Result: NOTE
    Package suggested but not available for checking: ‘Rmpi’
Flavors: r-release-osx-x86_64, r-oldrel-osx-x86_64