CRAN Package Check Results for Package snowFT

Last updated on 2014-07-23 15:47:53.

Flavor Version Tinstall Tcheck Ttotal Status Flags
r-devel-linux-x86_64-debian-clang 1.3-0 0.57 25.15 25.72 OK
r-devel-linux-x86_64-debian-gcc 1.3-0 0.57 25.24 25.81 OK
r-devel-linux-x86_64-fedora-clang 1.3-0 29.89 OK
r-devel-linux-x86_64-fedora-gcc 1.3-0 29.49 OK
r-devel-osx-x86_64-clang 1.3-0 39.00 OK
r-devel-windows-ix86+x86_64 1.3-0 2.00 35.00 37.00 OK
r-patched-linux-x86_64 1.3-0 0.59 25.18 25.77 OK
r-patched-solaris-sparc 1.3-0 258.30 OK
r-patched-solaris-x86 1.3-0 67.90 OK
r-release-linux-ix86 1.3-0 0.93 28.84 29.77 OK
r-release-linux-x86_64 1.3-0 0.60 25.37 25.97 OK
r-release-osx-x86_64-mavericks 1.3-0 NOTE
r-release-windows-ix86+x86_64 1.3-0 4.00 42.00 46.00 OK
r-oldrel-windows-ix86+x86_64 1.3-0 3.00 32.00 35.00 OK

Check Details

Version: 1.3-0
Check: package dependencies
Result: NOTE
    Packages suggested but not available for checking: ‘Rmpi’ ‘rsprng’
Flavor: r-release-osx-x86_64-mavericks

Version: 1.3-0
Check: R code for possible problems
Result: NOTE
    freeStream: no visible global function definition for ‘free.sprng’
Flavor: r-release-osx-x86_64-mavericks