CRAN Package Check Results for Package snowFT

Last updated on 2016-02-06 07:48:10.

Flavor Version Tinstall Tcheck Ttotal Status Flags
r-devel-linux-x86_64-debian-gcc 1.4-0 0.58 23.19 23.77 OK
r-devel-linux-x86_64-fedora-clang 1.4-0 23.41 OK
r-devel-linux-x86_64-fedora-gcc 1.4-0 21.85 OK
r-devel-osx-x86_64-clang 1.4-0 36.17 OK
r-devel-windows-ix86+x86_64 1.4-0 4.00 40.00 44.00 OK
r-patched-linux-x86_64 1.4-0 0.67 23.93 24.60 OK
r-patched-solaris-sparc 1.4-0 243.10 OK
r-patched-solaris-x86 1.4-0 58.90 OK
r-release-linux-x86_64 1.4-0 0.79 23.87 24.66 OK
r-release-osx-x86_64-mavericks 1.4-0 NOTE
r-release-windows-ix86+x86_64 1.4-0 3.00 49.00 52.00 OK
r-oldrel-windows-ix86+x86_64 1.4-0 6.00 41.00 47.00 OK

Check Details

Version: 1.4-0
Check: package dependencies
Result: NOTE
    Package suggested but not available for checking: ‘Rmpi’
Flavor: r-release-osx-x86_64-mavericks