CRAN Package Check Results for Package snowFT

Last updated on 2015-03-01 19:48:17.

Flavor Version Tinstall Tcheck Ttotal Status Flags
r-devel-linux-x86_64-debian-clang 1.3-0 0.57 22.21 22.78 NOTE
r-devel-linux-x86_64-debian-gcc 1.3-0 0.55 21.94 22.48 NOTE
r-devel-linux-x86_64-fedora-clang 1.3-0 26.39 NOTE
r-devel-linux-x86_64-fedora-gcc 1.3-0 26.12 NOTE
r-devel-osx-x86_64-clang 1.3-0 36.86 NOTE
r-devel-windows-ix86+x86_64 1.3-0 3.00 31.00 34.00 NOTE
r-patched-linux-x86_64 1.3-0 0.70 23.35 24.05 NOTE
r-patched-solaris-sparc 1.3-0 299.30 NOTE
r-patched-solaris-x86 1.3-0 71.20 NOTE
r-release-linux-ix86 1.3-0 0.96 28.62 29.58 NOTE
r-release-linux-x86_64 1.3-0 0.66 23.73 24.39 NOTE
r-release-osx-x86_64-mavericks 1.3-0 NOTE
r-release-windows-ix86+x86_64 1.3-0 3.00 42.00 45.00 NOTE
r-oldrel-windows-ix86+x86_64 1.3-0 3.00 32.00 35.00 OK

Check Details

Version: 1.3-0
Check: dependencies in R code
Result: NOTE
    'library' or 'require' calls in package code:
     ‘rlecuyer’ ‘rsprng’
     Please use :: or requireNamespace() instead.
     See section 'Suggested packages' in the 'Writing R Extensions' manual.
Flavors: r-devel-linux-x86_64-debian-clang, r-devel-linux-x86_64-debian-gcc, r-devel-linux-x86_64-fedora-clang, r-devel-linux-x86_64-fedora-gcc, r-devel-osx-x86_64-clang, r-devel-windows-ix86+x86_64, r-patched-linux-x86_64, r-patched-solaris-sparc, r-patched-solaris-x86

Version: 1.3-0
Check: R code for possible problems
Result: NOTE
    clusterSetupRNGstreamRepli: no visible global function definition for
     ‘.lec.init’
    clusterSetupRNGstreamRepli: no visible global function definition for
     ‘.lec.SetPackageSeed’
    freeStream: no visible global function definition for
     ‘.lec.CurrentStreamEnd’
    freeStream: no visible global function definition for ‘free.sprng’
    initRNGstreamNodeRepli: no visible global function definition for
     ‘.lec.init’
    initRNGstreamNodeRepli: no visible global function definition for
     ‘.lec.SetPackageSeed’
    initRNGstreamNodeRepli: no visible global function definition for
     ‘.lec.CreateStream’
    initStream: no visible global function definition for
     ‘.lec.CurrentStream’
Flavors: r-devel-linux-x86_64-debian-clang, r-devel-linux-x86_64-debian-gcc, r-devel-linux-x86_64-fedora-clang, r-devel-linux-x86_64-fedora-gcc, r-devel-osx-x86_64-clang, r-devel-windows-ix86+x86_64, r-patched-linux-x86_64, r-patched-solaris-sparc, r-patched-solaris-x86, r-release-linux-ix86, r-release-linux-x86_64, r-release-osx-x86_64-mavericks, r-release-windows-ix86+x86_64

Version: 1.3-0
Check: package dependencies
Result: NOTE
    Packages suggested but not available for checking: ‘Rmpi’ ‘rsprng’
Flavor: r-release-osx-x86_64-mavericks