CRAN Package Check Results for Package snowFT

Last updated on 2014-11-24 19:50:34.

Flavor Version Tinstall Tcheck Ttotal Status Flags
r-devel-linux-x86_64-debian-clang 1.3-0 0.62 23.87 24.49 NOTE
r-devel-linux-x86_64-debian-gcc 1.3-0 0.81 22.64 23.45 NOTE
r-devel-linux-x86_64-fedora-clang 1.3-0 31.90 NOTE
r-devel-linux-x86_64-fedora-gcc 1.3-0 29.32 NOTE
r-devel-osx-x86_64-clang 1.3-0 40.92 NOTE
r-devel-windows-ix86+x86_64 1.3-0 2.00 33.00 35.00 NOTE
r-patched-linux-x86_64 1.3-0 0.65 23.07 23.72 NOTE
r-patched-solaris-sparc 1.3-0 273.80 NOTE
r-patched-solaris-x86 1.3-0 72.90 NOTE
r-release-linux-ix86 1.3-0 0.97 51.72 52.68 NOTE
r-release-linux-x86_64 1.3-0 0.64 22.52 23.15 NOTE
r-release-osx-x86_64-mavericks 1.3-0 NOTE
r-release-windows-ix86+x86_64 1.3-0 3.00 42.00 45.00 NOTE
r-oldrel-windows-ix86+x86_64 1.3-0 3.00 32.00 35.00 OK

Check Details

Version: 1.3-0
Check: R code for possible problems
Result: NOTE
    clusterSetupRNGstreamRepli: no visible global function definition for
     ‘.lec.init’
    clusterSetupRNGstreamRepli: no visible global function definition for
     ‘.lec.SetPackageSeed’
    freeStream: no visible global function definition for
     ‘.lec.CurrentStreamEnd’
    freeStream: no visible global function definition for ‘free.sprng’
    initRNGstreamNodeRepli: no visible global function definition for
     ‘.lec.init’
    initRNGstreamNodeRepli: no visible global function definition for
     ‘.lec.SetPackageSeed’
    initRNGstreamNodeRepli: no visible global function definition for
     ‘.lec.CreateStream’
    initStream: no visible global function definition for
     ‘.lec.CurrentStream’
Flavors: r-devel-linux-x86_64-debian-clang, r-devel-linux-x86_64-debian-gcc, r-devel-linux-x86_64-fedora-clang, r-devel-linux-x86_64-fedora-gcc, r-devel-osx-x86_64-clang, r-devel-windows-ix86+x86_64, r-patched-linux-x86_64, r-patched-solaris-sparc, r-patched-solaris-x86, r-release-linux-ix86, r-release-linux-x86_64, r-release-windows-ix86+x86_64

Version: 1.3-0
Check: package dependencies
Result: NOTE
    Packages suggested but not available for checking: ‘Rmpi’ ‘rsprng’
Flavor: r-release-osx-x86_64-mavericks

Version: 1.3-0
Check: R code for possible problems
Result: NOTE
    freeStream: no visible global function definition for ‘free.sprng’
Flavor: r-release-osx-x86_64-mavericks