CRAN Package Check Results for Package snowFT

Last updated on 2017-01-21 13:49:12.

Flavor Version Tinstall Tcheck Ttotal Status Flags
r-devel-linux-x86_64-debian-clang 1.4-0 0.68 28.90 29.57 OK
r-devel-linux-x86_64-debian-gcc 1.4-0 0.76 26.62 27.38 OK
r-devel-linux-x86_64-fedora-clang 1.4-0 27.60 OK --no-stop-on-test-error
r-devel-linux-x86_64-fedora-gcc 1.4-0 26.88 OK --no-stop-on-test-error
r-devel-macos-x86_64-clang 1.4-0 26.93 OK --no-stop-on-test-error
r-devel-windows-ix86+x86_64 1.4-0 4.00 70.00 74.00 OK
r-patched-linux-x86_64 1.4-0 0.60 24.42 25.02 OK
r-patched-solaris-sparc 1.4-0 234.10 OK
r-patched-solaris-x86 1.4-0 56.10 OK
r-release-linux-x86_64 1.4-0 0.57 24.61 25.18 OK
r-release-osx-x86_64-mavericks 1.4-0 NOTE
r-release-windows-ix86+x86_64 1.4-0 3.00 41.00 44.00 OK
r-oldrel-windows-ix86+x86_64 1.4-0 3.00 40.00 43.00 OK

Check Details

Version: 1.4-0
Check: package dependencies
Result: NOTE
    Package suggested but not available for checking: ‘Rmpi’
Flavor: r-release-osx-x86_64-mavericks