CRAN Package Check Results for Package snowFT

Last updated on 2015-08-04 08:48:05.

Flavor Version Tinstall Tcheck Ttotal Status Flags
r-devel-linux-x86_64-debian-clang 1.4-0 0.55 22.02 22.56 OK
r-devel-linux-x86_64-debian-gcc 1.4-0 0.54 20.87 21.41 OK
r-devel-linux-x86_64-fedora-clang 1.4-0 25.09 OK
r-devel-linux-x86_64-fedora-gcc 1.4-0 23.72 OK
r-devel-osx-x86_64-clang 1.4-0 32.76 OK
r-devel-windows-ix86+x86_64 1.4-0 3.00 34.00 37.00 OK
r-patched-linux-x86_64 1.4-0 0.59 22.86 23.45 OK
r-patched-solaris-sparc 1.4-0 266.60 OK
r-patched-solaris-x86 1.4-0 67.40 OK
r-release-linux-x86_64 1.4-0 0.59 22.73 23.32 OK
r-release-osx-x86_64-mavericks 1.4-0 NOTE
r-release-windows-ix86+x86_64 1.4-0 3.00 33.00 36.00 OK
r-oldrel-windows-ix86+x86_64 1.4-0 5.00 54.00 59.00 OK

Check Details

Version: 1.4-0
Check: package dependencies
Result: NOTE
    Package suggested but not available for checking: ‘Rmpi’
Flavor: r-release-osx-x86_64-mavericks