CRAN Package Check Results for Package snowFT

Last updated on 2014-10-02 01:48:28.

Flavor Version Tinstall Tcheck Ttotal Status Flags
r-devel-linux-x86_64-debian-clang 1.3-0 0.62 25.52 26.14 NOTE
r-devel-linux-x86_64-debian-gcc 1.3-0 0.61 25.31 25.92 NOTE
r-devel-linux-x86_64-fedora-clang 1.3-0 29.97 NOTE
r-devel-linux-x86_64-fedora-gcc 1.3-0 27.85 NOTE
r-devel-osx-x86_64-clang 1.3-0 38.76 NOTE
r-devel-windows-ix86+x86_64 1.3-0 2.00 33.00 35.00 NOTE
r-patched-linux-x86_64 1.3-0 0.65 26.14 26.79 OK
r-patched-solaris-sparc 1.3-0 271.40 OK
r-patched-solaris-x86 1.3-0 74.20 OK
r-release-linux-ix86 1.3-0 0.94 28.80 29.74 OK
r-release-linux-x86_64 1.3-0 0.61 26.08 26.69 OK
r-release-osx-x86_64-mavericks 1.3-0 NOTE
r-release-windows-ix86+x86_64 1.3-0 4.00 42.00 46.00 OK
r-oldrel-windows-ix86+x86_64 1.3-0 3.00 32.00 35.00 OK

Check Details

Version: 1.3-0
Check: R code for possible problems
Result: NOTE
    Warning in initDefaultClusterOptions(libname) :
     NAs introduced by coercion
    clusterSetupRNGstreamRepli: no visible global function definition for
     ‘.lec.init’
    clusterSetupRNGstreamRepli: no visible global function definition for
     ‘.lec.SetPackageSeed’
    freeStream: no visible global function definition for
     ‘.lec.CurrentStreamEnd’
    freeStream: no visible global function definition for ‘free.sprng’
    initRNGstreamNodeRepli: no visible global function definition for
     ‘.lec.init’
    initRNGstreamNodeRepli: no visible global function definition for
     ‘.lec.SetPackageSeed’
    initRNGstreamNodeRepli: no visible global function definition for
     ‘.lec.CreateStream’
    initStream: no visible global function definition for
     ‘.lec.CurrentStream’
Flavors: r-devel-linux-x86_64-debian-clang, r-devel-linux-x86_64-debian-gcc, r-devel-osx-x86_64-clang, r-devel-windows-ix86+x86_64

Version: 1.3-0
Check: R code for possible problems
Result: NOTE
    clusterSetupRNGstreamRepli: no visible global function definition for
     ‘.lec.init’
    clusterSetupRNGstreamRepli: no visible global function definition for
     ‘.lec.SetPackageSeed’
    freeStream: no visible global function definition for
     ‘.lec.CurrentStreamEnd’
    freeStream: no visible global function definition for ‘free.sprng’
    initRNGstreamNodeRepli: no visible global function definition for
     ‘.lec.init’
    initRNGstreamNodeRepli: no visible global function definition for
     ‘.lec.SetPackageSeed’
    initRNGstreamNodeRepli: no visible global function definition for
     ‘.lec.CreateStream’
    initStream: no visible global function definition for
     ‘.lec.CurrentStream’
Flavors: r-devel-linux-x86_64-fedora-clang, r-devel-linux-x86_64-fedora-gcc

Version: 1.3-0
Check: package dependencies
Result: NOTE
    Packages suggested but not available for checking: ‘Rmpi’ ‘rsprng’
Flavor: r-release-osx-x86_64-mavericks

Version: 1.3-0
Check: R code for possible problems
Result: NOTE
    freeStream: no visible global function definition for ‘free.sprng’
Flavor: r-release-osx-x86_64-mavericks