CRAN Package Check Results for Package snowFT

Last updated on 2017-10-16 23:47:50.

Flavor Version Tinstall Tcheck Ttotal Status Flags
r-devel-linux-x86_64-debian-clang 1.6-0 0.70 29.60 30.30 OK
r-devel-linux-x86_64-debian-gcc 1.6-0 0.74 27.39 28.13 OK
r-devel-linux-x86_64-fedora-clang 1.6-0 30.48 OK
r-devel-linux-x86_64-fedora-gcc 1.6-0 30.34 OK
r-devel-windows-ix86+x86_64 1.6-0 3.00 67.00 70.00 OK
r-patched-linux-x86_64 1.6-0 0.66 28.77 29.44 OK
r-patched-solaris-x86 1.6-0 71.40 OK
r-release-linux-x86_64 1.6-0 0.73 28.96 29.69 OK
r-release-windows-ix86+x86_64 1.6-0 3.00 46.00 49.00 OK
r-release-osx-x86_64 1.6-0 NOTE
r-oldrel-windows-ix86+x86_64 1.6-0 3.00 57.00 60.00 OK
r-oldrel-osx-x86_64 1.6-0 NOTE

Check Details

Version: 1.6-0
Check: package dependencies
Result: NOTE
    Package suggested but not available for checking: ‘Rmpi’
Flavors: r-release-osx-x86_64, r-oldrel-osx-x86_64