CRAN Package Check Results for Package snowFT

Last updated on 2017-08-18 02:49:27.

Flavor Version Tinstall Tcheck Ttotal Status Flags
r-devel-linux-x86_64-debian-clang 1.6-0 0.80 28.75 29.55 OK
r-devel-linux-x86_64-debian-gcc 1.6-0 0.78 28.36 29.14 OK
r-devel-linux-x86_64-fedora-clang 1.6-0 28.97 OK
r-devel-linux-x86_64-fedora-gcc 1.6-0 28.34 OK
r-devel-windows-ix86+x86_64 1.6-0 3.00 42.00 45.00 OK
r-patched-linux-x86_64 1.6-0 0.71 28.86 29.57 OK
r-patched-solaris-x86 1.6-0 79.70 OK
r-release-linux-x86_64 1.6-0 0.66 28.66 29.32 OK
r-release-windows-ix86+x86_64 1.6-0 3.00 46.00 49.00 OK
r-release-osx-x86_64 1.6-0 NOTE
r-oldrel-windows-ix86+x86_64 1.6-0 3.00 57.00 60.00 OK
r-oldrel-osx-x86_64 1.6-0 NOTE

Check Details

Version: 1.6-0
Check: package dependencies
Result: NOTE
    Package suggested but not available for checking: ‘Rmpi’
Flavors: r-release-osx-x86_64, r-oldrel-osx-x86_64