CRAN Package Check Results for Package snowFT

Last updated on 2016-09-29 14:47:44.

Flavor Version Tinstall Tcheck Ttotal Status Flags
r-devel-linux-x86_64-debian-clang 1.4-0 0.61 22.28 22.89 OK
r-devel-linux-x86_64-debian-gcc 1.4-0 0.62 22.06 22.68 OK
r-devel-linux-x86_64-fedora-clang 1.4-0 24.67 OK
r-devel-linux-x86_64-fedora-gcc 1.4-0 23.04 OK
r-devel-macos-x86_64-clang 1.4-0 24.25 OK
r-devel-windows-ix86+x86_64 1.4-0 4.00 88.00 92.00 OK
r-patched-linux-x86_64 1.4-0 0.66 23.02 23.68 OK
r-patched-solaris-sparc 1.4-0 239.40 OK
r-patched-solaris-x86 1.4-0 60.10 OK
r-release-linux-x86_64 1.4-0 0.60 19.63 20.23 OK
r-release-osx-x86_64-mavericks 1.4-0 NOTE
r-release-windows-ix86+x86_64 1.4-0 3.00 40.00 43.00 OK
r-oldrel-windows-ix86+x86_64 1.4-0 3.00 49.00 52.00 OK

Check Details

Version: 1.4-0
Check: package dependencies
Result: NOTE
    Package suggested but not available for checking: ‘Rmpi’
Flavor: r-release-osx-x86_64-mavericks