CRAN Package Check Results for Package snowFT

Last updated on 2016-08-30 12:47:14.

Flavor Version Tinstall Tcheck Ttotal Status Flags
r-devel-linux-x86_64-debian-clang 1.4-0 0.66 24.63 25.28 OK
r-devel-linux-x86_64-debian-gcc 1.4-0 0.58 23.90 24.49 OK
r-devel-linux-x86_64-fedora-clang 1.4-0 24.21 OK
r-devel-linux-x86_64-fedora-gcc 1.4-0 22.76 OK
r-devel-osx-x86_64-clang 1.4-0 23.73 OK
r-devel-windows-ix86+x86_64 1.4-0 5.00 84.00 89.00 OK
r-patched-linux-x86_64 1.4-0 0.67 24.30 24.97 OK
r-patched-solaris-sparc 1.4-0 239.40 OK
r-patched-solaris-x86 1.4-0 59.60 OK
r-release-linux-x86_64 1.4-0 0.60 23.96 24.56 OK
r-release-osx-x86_64-mavericks 1.4-0 NOTE
r-release-windows-ix86+x86_64 1.4-0 2.00 42.00 44.00 OK
r-oldrel-windows-ix86+x86_64 1.4-0 3.00 49.00 52.00 OK

Check Details

Version: 1.4-0
Check: package dependencies
Result: NOTE
    Package suggested but not available for checking: ‘Rmpi’
Flavor: r-release-osx-x86_64-mavericks