CRAN Package Check Results for Package snowFT

Last updated on 2016-05-02 21:50:02.

Flavor Version Tinstall Tcheck Ttotal Status Flags
r-devel-linux-x86_64-debian-gcc 1.4-0 0.68 23.94 24.62 OK
r-devel-linux-x86_64-fedora-clang 1.4-0 24.25 OK
r-devel-linux-x86_64-fedora-gcc 1.4-0 22.28 OK
r-devel-osx-x86_64-clang 1.4-0 37.14 OK
r-devel-windows-ix86+x86_64 1.4-0 3.00 40.00 43.00 OK
r-patched-linux-x86_64 1.4-0 0.68 23.22 23.90 OK
r-patched-solaris-sparc 1.4-0 237.00 OK
r-patched-solaris-x86 1.4-0 58.90 OK
r-release-linux-x86_64 1.4-0 0.62 25.15 25.77 OK
r-release-osx-x86_64-mavericks 1.4-0 NOTE
r-release-windows-ix86+x86_64 1.4-0 3.00 49.00 52.00 OK
r-oldrel-windows-ix86+x86_64 1.4-0 6.00 41.00 47.00 OK

Check Details

Version: 1.4-0
Check: package dependencies
Result: NOTE
    Package suggested but not available for checking: ‘Rmpi’
Flavor: r-release-osx-x86_64-mavericks