CRAN Package Check Results for Package snowFT

Last updated on 2015-05-23 17:48:56.

Flavor Version Tinstall Tcheck Ttotal Status Flags
r-devel-linux-x86_64-debian-clang 1.3-0 0.61 22.70 23.30 NOTE
r-devel-linux-x86_64-debian-gcc 1.3-0 0.57 22.41 22.98 NOTE
r-devel-linux-x86_64-fedora-clang 1.3-0 26.23 NOTE
r-devel-linux-x86_64-fedora-gcc 1.3-0 25.25 NOTE
r-devel-osx-x86_64-clang 1.3-0 36.24 NOTE
r-devel-windows-ix86+x86_64 1.3-0 4.00 30.00 34.00 NOTE
r-patched-linux-x86_64 1.3-0 0.56 22.13 22.69 NOTE
r-patched-solaris-sparc 1.3-0 262.90 NOTE
r-patched-solaris-x86 1.3-0 65.60 NOTE
r-release-linux-x86_64 1.3-0 0.58 21.77 22.35 NOTE
r-release-osx-x86_64-mavericks 1.3-0 NOTE
r-release-osx-x86_64-snowleopard 1.3-0 NOTE
r-release-windows-ix86+x86_64 1.3-0 2.00 39.00 41.00 NOTE
r-oldrel-windows-ix86+x86_64 1.3-0 3.00 39.00 42.00 NOTE

Check Details

Version: 1.3-0
Check: package dependencies
Result: NOTE
    Package suggested but not available for checking: ‘rsprng’
Flavors: r-devel-linux-x86_64-debian-clang, r-devel-linux-x86_64-debian-gcc, r-devel-linux-x86_64-fedora-clang, r-devel-linux-x86_64-fedora-gcc, r-devel-osx-x86_64-clang, r-patched-linux-x86_64, r-patched-solaris-sparc, r-patched-solaris-x86, r-release-linux-x86_64

Version: 1.3-0
Check: dependencies in R code
Result: NOTE
    'library' or 'require' calls in package code:
     ‘rlecuyer’ ‘rsprng’
     Please use :: or requireNamespace() instead.
     See section 'Suggested packages' in the 'Writing R Extensions' manual.
Flavors: r-devel-linux-x86_64-debian-clang, r-devel-linux-x86_64-debian-gcc, r-devel-linux-x86_64-fedora-clang, r-devel-linux-x86_64-fedora-gcc, r-devel-osx-x86_64-clang, r-devel-windows-ix86+x86_64, r-patched-linux-x86_64, r-patched-solaris-sparc, r-patched-solaris-x86, r-release-linux-x86_64, r-release-osx-x86_64-mavericks, r-release-osx-x86_64-snowleopard, r-release-windows-ix86+x86_64, r-oldrel-windows-ix86+x86_64

Version: 1.3-0
Check: R code for possible problems
Result: NOTE
    clusterSetupRNGstreamRepli: no visible global function definition for
     ‘.lec.init’
    clusterSetupRNGstreamRepli: no visible global function definition for
     ‘.lec.SetPackageSeed’
    freeStream: no visible global function definition for
     ‘.lec.CurrentStreamEnd’
    freeStream: no visible global function definition for ‘free.sprng’
    initRNGstreamNodeRepli: no visible global function definition for
     ‘.lec.init’
    initRNGstreamNodeRepli: no visible global function definition for
     ‘.lec.SetPackageSeed’
    initRNGstreamNodeRepli: no visible global function definition for
     ‘.lec.CreateStream’
    initStream: no visible global function definition for
     ‘.lec.CurrentStream’
Flavors: r-devel-linux-x86_64-debian-clang, r-devel-linux-x86_64-debian-gcc, r-devel-linux-x86_64-fedora-clang, r-devel-linux-x86_64-fedora-gcc, r-devel-osx-x86_64-clang, r-devel-windows-ix86+x86_64, r-patched-linux-x86_64, r-patched-solaris-sparc, r-patched-solaris-x86, r-release-linux-x86_64, r-release-osx-x86_64-mavericks, r-release-osx-x86_64-snowleopard, r-release-windows-ix86+x86_64, r-oldrel-windows-ix86+x86_64

Version: 1.3-0
Check: package dependencies
Result: NOTE
    Packages suggested but not available for checking: ‘Rmpi’ ‘rsprng’
Flavors: r-release-osx-x86_64-mavericks, r-release-osx-x86_64-snowleopard