CRAN Package Check Results for Package snowFT

Last updated on 2016-07-23 10:53:22.

Flavor Version Tinstall Tcheck Ttotal Status Flags
r-devel-linux-x86_64-debian-clang 1.4-0 0.90 18.07 18.97 OK
r-devel-linux-x86_64-debian-gcc 1.4-0 0.63 18.12 18.75 OK
r-devel-linux-x86_64-fedora-clang 1.4-0 24.16 OK
r-devel-linux-x86_64-fedora-gcc 1.4-0 23.16 OK
r-devel-osx-x86_64-clang 1.4-0 23.83 OK
r-devel-windows-ix86+x86_64 1.4-0 4.00 52.00 56.00 OK
r-patched-linux-x86_64 1.4-0 0.65 17.81 18.46 OK
r-patched-solaris-sparc 1.4-0 239.40 OK
r-patched-solaris-x86 1.4-0 57.80 OK
r-release-linux-x86_64 1.4-0 0.83 18.26 19.09 OK
r-release-osx-x86_64-mavericks 1.4-0 NOTE
r-release-windows-ix86+x86_64 1.4-0 2.00 42.00 44.00 OK
r-oldrel-windows-ix86+x86_64 1.4-0 3.00 49.00 52.00 OK

Check Details

Version: 1.4-0
Check: package dependencies
Result: NOTE
    Package suggested but not available for checking: ‘Rmpi’
Flavor: r-release-osx-x86_64-mavericks