CRAN Package Check Results for Package snowFT

Last updated on 2017-12-17 18:46:44 CET.

Flavor Version Tinstall Tcheck Ttotal Status Flags
r-devel-linux-x86_64-debian-clang 1.6-0 0.61 19.99 20.60 OK
r-devel-linux-x86_64-debian-gcc 1.6-0 0.71 19.04 19.75 OK
r-devel-linux-x86_64-fedora-clang 1.6-0 30.69 OK
r-devel-linux-x86_64-fedora-gcc 1.6-0 29.38 OK
r-devel-windows-ix86+x86_64 1.6-0 3.00 44.00 47.00 OK
r-patched-linux-x86_64 1.6-0 0.77 18.96 19.73 OK
r-patched-solaris-x86 1.6-0 72.10 OK
r-release-linux-x86_64 1.6-0 0.84 19.00 19.84 OK
r-release-windows-ix86+x86_64 1.6-0 3.00 46.00 49.00 OK
r-release-osx-x86_64 1.6-0 NOTE
r-oldrel-windows-ix86+x86_64 1.6-0 3.00 57.00 60.00 OK
r-oldrel-osx-x86_64 1.6-0 NOTE

Check Details

Version: 1.6-0
Check: package dependencies
Result: NOTE
    Package suggested but not available for checking: ‘Rmpi’
Flavors: r-release-osx-x86_64, r-oldrel-osx-x86_64