CRAN Package Check Results for Package snowfall

Last updated on 2015-07-07 03:47:58.

Flavor Version Tinstall Tcheck Ttotal Status Flags
r-devel-linux-x86_64-debian-clang 1.84-6 0.65 13.63 14.28 NOTE
r-devel-linux-x86_64-debian-gcc 1.84-6 0.60 13.63 14.24 NOTE
r-devel-linux-x86_64-fedora-clang 1.84-6 27.03 NOTE
r-devel-linux-x86_64-fedora-gcc 1.84-6 25.33 NOTE
r-devel-osx-x86_64-clang 1.84-6 26.48 NOTE
r-devel-windows-ix86+x86_64 1.84-6 3.00 26.00 29.00 NOTE
r-patched-linux-x86_64 1.84-6 0.72 14.08 14.80 NOTE
r-patched-solaris-sparc 1.84-6 171.20 NOTE
r-patched-solaris-x86 1.84-6 40.90 NOTE
r-release-linux-x86_64 1.84-6 0.64 13.79 14.44 NOTE
r-release-osx-x86_64-mavericks 1.84-6 NOTE
r-release-windows-ix86+x86_64 1.84-6 3.00 26.00 29.00 NOTE
r-oldrel-windows-ix86+x86_64 1.84-6 3.00 25.00 28.00 NOTE

Check Details

Version: 1.84-6
Check: DESCRIPTION meta-information
Result: NOTE
    Malformed Title field: should not end in a period.
Flavors: r-devel-linux-x86_64-debian-clang, r-devel-linux-x86_64-debian-gcc, r-devel-linux-x86_64-fedora-clang, r-devel-linux-x86_64-fedora-gcc, r-devel-osx-x86_64-clang, r-devel-windows-ix86+x86_64, r-patched-linux-x86_64, r-patched-solaris-sparc, r-patched-solaris-x86, r-release-linux-x86_64, r-release-osx-x86_64-mavericks, r-release-windows-ix86+x86_64

Version: 1.84-6
Check: dependencies in R code
Result: NOTE
    Package in Depends field not imported from: ‘snow’
     These packages need to be imported from (in the NAMESPACE file)
     for when this namespace is loaded but not attached.
Flavors: r-devel-linux-x86_64-debian-clang, r-devel-linux-x86_64-debian-gcc, r-devel-linux-x86_64-fedora-clang, r-devel-linux-x86_64-fedora-gcc, r-devel-osx-x86_64-clang, r-devel-windows-ix86+x86_64, r-patched-linux-x86_64, r-patched-solaris-sparc, r-patched-solaris-x86, r-release-linux-x86_64, r-release-osx-x86_64-mavericks, r-release-windows-ix86+x86_64, r-oldrel-windows-ix86+x86_64

Version: 1.84-6
Check: R code for possible problems
Result: NOTE
    getVar: no visible global function definition for ‘getFromNamespace’
    setVar: no visible global function definition for ‘assignInNamespace’
    sfApply: no visible global function definition for ‘parApply’
    sfClusterApply: no visible global function definition for
     ‘clusterApply’
    sfClusterApplyLB: no visible global function definition for
     ‘clusterApplyLB’
    sfClusterCall: no visible global function definition for ‘clusterCall’
    sfClusterSetupRNG: no visible global function definition for
     ‘clusterSetupRNG’
    sfClusterSetupRNGstream: no visible global function definition for
     ‘clusterSetupRNGstream’
    sfClusterSetupSPRNG: no visible global function definition for ‘runif’
    sfClusterSetupSPRNG: no visible global function definition for
     ‘clusterSetupSPRNG’
    sfClusterSplit: no visible global function definition for
     ‘clusterSplit’
    sfExport: no visible global function definition for ‘getFromNamespace’
    sfExportAll: no visible global function definition for ‘na.omit’
    sfInit: Error while checking: invalid ‘envir’ argument
    sfLapply: no visible global function definition for ‘parLapply’
    sfMM: no visible global function definition for ‘parMM’
    sfSapply: no visible global function definition for ‘parSapply’
    sfStop: no visible global function definition for ‘stopCluster’
    sfTest : testCalc1: no visible global function definition for ‘runif’
    sfTest : testCalc2: no visible global function definition for ‘runif’
    Undefined global functions or variables:
     assignInNamespace clusterApply clusterApplyLB clusterCall
     clusterSetupRNG clusterSetupRNGstream clusterSetupSPRNG clusterSplit
     getFromNamespace na.omit parApply parLapply parMM parSapply runif
     stopCluster
Flavors: r-devel-linux-x86_64-debian-clang, r-devel-linux-x86_64-debian-gcc, r-devel-linux-x86_64-fedora-clang, r-devel-linux-x86_64-fedora-gcc

Version: 1.84-6
Check: R code for possible problems
Result: NOTE
    sfApply: no visible global function definition for ‘parApply’
    sfClusterApply: no visible global function definition for
     ‘clusterApply’
    sfClusterApplyLB: no visible global function definition for
     ‘clusterApplyLB’
    sfClusterCall: no visible global function definition for ‘clusterCall’
    sfClusterSetupRNG: no visible global function definition for
     ‘clusterSetupRNG’
    sfClusterSetupRNGstream: no visible global function definition for
     ‘clusterSetupRNGstream’
    sfClusterSetupSPRNG: no visible global function definition for
     ‘clusterSetupSPRNG’
    sfClusterSplit: no visible global function definition for
     ‘clusterSplit’
    sfInit: no visible global function definition for
     ‘setDefaultClusterOptions’
    sfInit: no visible global function definition for ‘makeCluster’
    sfInit: no visible global function definition for ‘makeNWScluster’
    sfInit: no visible global function definition for ‘makeMPIcluster’
    sfLapply: no visible global function definition for ‘parLapply’
    sfMM: no visible global function definition for ‘parMM’
    sfSapply: no visible global function definition for ‘parSapply’
    sfStop: no visible global function definition for ‘stopCluster’
    Undefined global functions or variables:
     clusterApply clusterApplyLB clusterCall clusterSetupRNG
     clusterSetupRNGstream clusterSetupSPRNG clusterSplit makeCluster
     makeMPIcluster makeNWScluster parApply parLapply parMM parSapply
     setDefaultClusterOptions stopCluster
Flavor: r-devel-osx-x86_64-clang

Version: 1.84-6
Check: R code for possible problems
Result: NOTE
    getVar: no visible global function definition for 'getFromNamespace'
    setVar: no visible global function definition for 'assignInNamespace'
    sfApply: no visible global function definition for 'parApply'
    sfClusterApply: no visible global function definition for
     'clusterApply'
    sfClusterApplyLB: no visible global function definition for
     'clusterApplyLB'
    sfClusterCall: no visible global function definition for 'clusterCall'
    sfClusterSetupRNG: no visible global function definition for
     'clusterSetupRNG'
    sfClusterSetupRNGstream: no visible global function definition for
     'clusterSetupRNGstream'
    sfClusterSetupSPRNG: no visible global function definition for 'runif'
    sfClusterSetupSPRNG: no visible global function definition for
     'clusterSetupSPRNG'
    sfClusterSplit: no visible global function definition for
     'clusterSplit'
    sfExport: no visible global function definition for 'getFromNamespace'
    sfExportAll: no visible global function definition for 'na.omit'
    sfInit: no visible global function definition for 'data'
    sfInit: no visible global function definition for
     'setDefaultClusterOptions'
    sfInit: no visible global function definition for 'makeCluster'
    sfInit: no visible global function definition for 'makeNWScluster'
    sfInit: no visible global function definition for 'makeMPIcluster'
    sfInit: no visible global function definition for 'packageDescription'
    sfLapply: no visible global function definition for 'parLapply'
    sfMM: no visible global function definition for 'parMM'
    sfSapply: no visible global function definition for 'parSapply'
    sfStop: no visible global function definition for 'stopCluster'
    sfTest : testCalc1: no visible global function definition for 'runif'
    sfTest : testCalc2: no visible global function definition for 'runif'
    Undefined global functions or variables:
     assignInNamespace clusterApply clusterApplyLB clusterCall
     clusterSetupRNG clusterSetupRNGstream clusterSetupSPRNG clusterSplit
     data getFromNamespace makeCluster makeMPIcluster makeNWScluster
     na.omit packageDescription parApply parLapply parMM parSapply runif
     setDefaultClusterOptions stopCluster
Flavor: r-devel-windows-ix86+x86_64

Version: 1.84-6
Check: R code for possible problems
Result: NOTE
    sfApply: no visible global function definition for ‘parApply’
    sfClusterApply: no visible global function definition for
     ‘clusterApply’
    sfClusterApplyLB: no visible global function definition for
     ‘clusterApplyLB’
    sfClusterCall: no visible global function definition for ‘clusterCall’
    sfClusterSetupRNG: no visible global function definition for
     ‘clusterSetupRNG’
    sfClusterSetupRNGstream: no visible global function definition for
     ‘clusterSetupRNGstream’
    sfClusterSetupSPRNG: no visible global function definition for
     ‘clusterSetupSPRNG’
    sfClusterSplit: no visible global function definition for
     ‘clusterSplit’
    sfInit: no visible global function definition for
     ‘setDefaultClusterOptions’
    sfInit: no visible global function definition for ‘makeCluster’
    sfInit: no visible global function definition for ‘makeNWScluster’
    sfInit: no visible global function definition for ‘makeMPIcluster’
    sfLapply: no visible global function definition for ‘parLapply’
    sfMM: no visible global function definition for ‘parMM’
    sfSapply: no visible global function definition for ‘parSapply’
    sfStop: no visible global function definition for ‘stopCluster’
Flavors: r-patched-linux-x86_64, r-patched-solaris-sparc, r-patched-solaris-x86, r-release-linux-x86_64, r-release-osx-x86_64-mavericks, r-release-windows-ix86+x86_64, r-oldrel-windows-ix86+x86_64

Version: 1.84-6
Check: package dependencies
Result: NOTE
    Package suggested but not available for checking: ‘Rmpi’
Flavor: r-release-osx-x86_64-mavericks