CRAN Package Check Results for Package snowfall

Last updated on 2014-07-24 03:48:56.

Flavor Version Tinstall Tcheck Ttotal Status Flags
r-devel-linux-x86_64-debian-clang 1.84-6 0.73 14.02 14.74 NOTE
r-devel-linux-x86_64-debian-gcc 1.84-6 0.74 13.72 14.46 NOTE
r-devel-linux-x86_64-fedora-clang 1.84-6 32.43 NOTE
r-devel-linux-x86_64-fedora-gcc 1.84-6 31.52 NOTE
r-devel-osx-x86_64-clang 1.84-6 35.38 NOTE
r-devel-windows-ix86+x86_64 1.84-6 3.00 26.00 29.00 NOTE
r-patched-linux-x86_64 1.84-6 0.70 13.78 14.48 NOTE
r-patched-solaris-sparc 1.84-6 165.00 NOTE
r-patched-solaris-x86 1.84-6 43.30 NOTE
r-release-linux-ix86 1.84-6 1.06 21.72 22.79 NOTE
r-release-linux-x86_64 1.84-6 0.72 14.24 14.96 NOTE
r-release-osx-x86_64-mavericks 1.84-6 NOTE
r-release-osx-x86_64-snowleopard 1.84-6 OK
r-release-windows-ix86+x86_64 1.84-6 4.00 35.00 39.00 NOTE
r-oldrel-windows-ix86+x86_64 1.84-6 3.00 25.00 28.00 NOTE

Check Details

Version: 1.84-6
Check: dependencies in R code
Result: NOTE
    Package in Depends field not imported from: ‘snow’
     These packages need to be imported from (in the NAMESPACE file)
     for when this namespace is loaded but not attached.
    See the information on DESCRIPTION files in the chapter ‘Creating R
    packages’ of the ‘Writing R Extensions’ manual.
Flavors: r-devel-linux-x86_64-debian-clang, r-devel-linux-x86_64-debian-gcc, r-devel-linux-x86_64-fedora-clang, r-devel-linux-x86_64-fedora-gcc, r-devel-osx-x86_64-clang, r-devel-windows-ix86+x86_64, r-patched-linux-x86_64, r-patched-solaris-sparc, r-patched-solaris-x86, r-release-linux-ix86, r-release-linux-x86_64, r-release-osx-x86_64-mavericks, r-release-windows-ix86+x86_64, r-oldrel-windows-ix86+x86_64

Version: 1.84-6
Check: package dependencies
Result: NOTE
    Package suggested but not available for checking: ‘Rmpi’
Flavor: r-release-osx-x86_64-mavericks