CRAN Package Check Results for Package snowfall

Last updated on 2015-03-30 21:49:25.

Flavor Version Tinstall Tcheck Ttotal Status Flags
r-devel-linux-x86_64-debian-clang 1.84-6 2.31 14.01 16.32 NOTE
r-devel-linux-x86_64-debian-gcc 1.84-6 0.62 14.15 14.77 NOTE
r-devel-linux-x86_64-fedora-clang 1.84-6 29.55 NOTE
r-devel-linux-x86_64-fedora-gcc 1.84-6 27.91 NOTE
r-devel-osx-x86_64-clang 1.84-6 41.36 NOTE
r-prerel-windows-ix86+x86_64 1.84-6 4.00 24.00 28.00 NOTE
r-prerel-linux-x86_64 1.84-6 0.63 13.89 14.52 NOTE
r-prerel-solaris-sparc 1.84-6 187.00 NOTE
r-prerel-solaris-x86 1.84-6 38.70 NOTE
r-release-linux-x86_64 1.84-6 0.92 15.14 16.06 NOTE
r-release-osx-x86_64-mavericks 1.84-6 NOTE
r-release-osx-x86_64-snowleopard 1.84-6 OK
r-release-windows-ix86+x86_64 1.84-6 3.00 25.00 28.00 NOTE
r-oldrel-windows-ix86+x86_64 1.84-6 3.00 40.00 43.00 NOTE

Check Details

Version: 1.84-6
Check: DESCRIPTION meta-information
Result: NOTE
    Malformed Title field: should not end in a period.
Flavors: r-devel-linux-x86_64-debian-clang, r-devel-linux-x86_64-debian-gcc, r-devel-linux-x86_64-fedora-clang, r-devel-linux-x86_64-fedora-gcc, r-devel-osx-x86_64-clang, r-prerel-windows-ix86+x86_64, r-prerel-linux-x86_64, r-prerel-solaris-sparc, r-prerel-solaris-x86

Version: 1.84-6
Check: dependencies in R code
Result: NOTE
    Package in Depends field not imported from: ‘snow’
     These packages need to be imported from (in the NAMESPACE file)
     for when this namespace is loaded but not attached.
Flavors: r-devel-linux-x86_64-debian-clang, r-devel-linux-x86_64-debian-gcc, r-devel-linux-x86_64-fedora-clang, r-devel-linux-x86_64-fedora-gcc, r-devel-osx-x86_64-clang, r-prerel-windows-ix86+x86_64, r-prerel-linux-x86_64, r-prerel-solaris-sparc, r-prerel-solaris-x86, r-release-linux-x86_64, r-release-windows-ix86+x86_64

Version: 1.84-6
Check: R code for possible problems
Result: NOTE
    sfApply: no visible global function definition for ‘parApply’
    sfClusterApply: no visible global function definition for
     ‘clusterApply’
    sfClusterApplyLB: no visible global function definition for
     ‘clusterApplyLB’
    sfClusterCall: no visible global function definition for ‘clusterCall’
    sfClusterSetupRNG: no visible global function definition for
     ‘clusterSetupRNG’
    sfClusterSetupRNGstream: no visible global function definition for
     ‘clusterSetupRNGstream’
    sfClusterSetupSPRNG: no visible global function definition for
     ‘clusterSetupSPRNG’
    sfClusterSplit: no visible global function definition for
     ‘clusterSplit’
    sfInit: no visible global function definition for
     ‘setDefaultClusterOptions’
    sfInit: no visible global function definition for ‘makeCluster’
    sfInit: no visible global function definition for ‘makeNWScluster’
    sfInit: no visible global function definition for ‘makeMPIcluster’
    sfLapply: no visible global function definition for ‘parLapply’
    sfMM: no visible global function definition for ‘parMM’
    sfSapply: no visible global function definition for ‘parSapply’
    sfStop: no visible global function definition for ‘stopCluster’
Flavors: r-devel-linux-x86_64-debian-clang, r-devel-linux-x86_64-debian-gcc, r-devel-linux-x86_64-fedora-clang, r-devel-linux-x86_64-fedora-gcc, r-devel-osx-x86_64-clang, r-prerel-windows-ix86+x86_64, r-prerel-linux-x86_64, r-prerel-solaris-sparc, r-prerel-solaris-x86, r-release-linux-x86_64, r-release-osx-x86_64-mavericks, r-release-windows-ix86+x86_64

Version: 1.84-6
Check: package dependencies
Result: NOTE
    Package suggested but not available for checking: ‘Rmpi’
Flavor: r-release-osx-x86_64-mavericks

Version: 1.84-6
Check: dependencies in R code
Result: NOTE
    Package in Depends field not imported from: ‘snow’
     These packages need to be imported from (in the NAMESPACE file)
     for when this namespace is loaded but not attached.
    See the information on DESCRIPTION files in the chapter ‘Creating R
    packages’ of the ‘Writing R Extensions’ manual.
Flavors: r-release-osx-x86_64-mavericks, r-oldrel-windows-ix86+x86_64