CRAN Package Check Results for Package snpRF

Last updated on 2017-12-12 12:46:56 CET.

Flavor Version Tinstall Tcheck Ttotal Status Flags
r-devel-linux-x86_64-debian-clang 0.4 3.88 38.49 42.37 NOTE
r-devel-linux-x86_64-debian-gcc 0.4 3.85 30.66 34.51 NOTE
r-devel-linux-x86_64-fedora-clang 0.4 50.84 NOTE
r-devel-linux-x86_64-fedora-gcc 0.4 49.37 NOTE
r-devel-windows-ix86+x86_64 0.4 25.00 67.00 92.00 NOTE
r-patched-linux-x86_64 0.4 3.82 37.12 40.94 NOTE
r-patched-solaris-x86 0.4 72.20 NOTE
r-release-linux-x86_64 0.4 4.08 37.67 41.75 NOTE
r-release-windows-ix86+x86_64 0.4 13.00 91.00 104.00 NOTE
r-release-osx-x86_64 0.4 NOTE
r-oldrel-windows-ix86+x86_64 0.4 20.00 77.00 97.00 NOTE
r-oldrel-osx-x86_64 0.4 NOTE

Check Details

Version: 0.4
Check: R code for possible problems
Result: NOTE
    MDSplot: no visible global function definition for ‘par’
    MDSplot: no visible global function definition for ‘rainbow’
    MDSplot: no visible global function definition for ‘plot’
    MDSplot: no visible global function definition for ‘pairs’
    classCenter : <anonymous>: no visible binding for global variable
     ‘median’
    grow.snpRF: no visible global function definition for ‘update’
    na.roughfix.data.frame : roughfix: no visible global function
     definition for ‘median’
    na.roughfix.default: no visible global function definition for ‘median’
    outlier.default: no visible global function definition for ‘median’
    outlier.default: no visible global function definition for ‘mad’
    plot.margin: no visible global function definition for
     ‘installed.packages’
    plot.margin: no visible global function definition for ‘rainbow’
    plot.margin: no visible global function definition for ‘plot.default’
    plot.snpRF: no visible global function definition for ‘matplot’
    tuneSnpRF: no visible global function definition for ‘axis’
    varImpPlot: no visible global function definition for ‘par’
    varImpPlot: no visible global function definition for ‘dotchart’
    varImpPlot: no visible global function definition for ‘mtext’
    Undefined global functions or variables:
     axis dotchart installed.packages mad matplot median mtext pairs par
     plot plot.default rainbow update
    Consider adding
     importFrom("grDevices", "rainbow")
     importFrom("graphics", "axis", "dotchart", "matplot", "mtext", "pairs",
     "par", "plot", "plot.default")
     importFrom("stats", "mad", "median", "update")
     importFrom("utils", "installed.packages")
    to your NAMESPACE file.
Flavors: r-devel-linux-x86_64-debian-clang, r-devel-linux-x86_64-debian-gcc, r-devel-linux-x86_64-fedora-clang, r-devel-linux-x86_64-fedora-gcc, r-devel-windows-ix86+x86_64, r-patched-linux-x86_64, r-patched-solaris-x86, r-release-linux-x86_64, r-release-windows-ix86+x86_64, r-release-osx-x86_64, r-oldrel-windows-ix86+x86_64, r-oldrel-osx-x86_64

Version: 0.4
Check: compiled code
Result: NOTE
    File ‘snpRF/libs/snpRF.so’:
     Found no calls to: ‘R_registerRoutines’, ‘R_useDynamicSymbols’
    
    It is good practice to register native routines and to disable symbol
    search.
    
    See ‘Writing portable packages’ in the ‘Writing R Extensions’ manual.
Flavors: r-devel-linux-x86_64-debian-clang, r-devel-linux-x86_64-debian-gcc, r-devel-linux-x86_64-fedora-clang, r-devel-linux-x86_64-fedora-gcc, r-patched-linux-x86_64, r-release-linux-x86_64