CRAN Package Check Results for Package snpReady

Last updated on 2019-07-16 07:51:05 CEST.

Flavor Version Tinstall Tcheck Ttotal Status Flags
r-devel-linux-x86_64-debian-clang 0.9.6 9.19 68.47 77.66 OK
r-devel-linux-x86_64-debian-gcc 0.9.6 7.14 55.72 62.86 OK
r-devel-linux-x86_64-fedora-clang 0.9.6 95.41 OK
r-devel-linux-x86_64-fedora-gcc 0.9.6 89.38 OK
r-devel-windows-ix86+x86_64 0.9.6 23.00 86.00 109.00 OK
r-patched-linux-x86_64 0.9.6 8.48 68.57 77.05 OK
r-patched-solaris-x86 0.9.6 164.70 OK
r-release-linux-x86_64 0.9.6 8.70 69.05 77.75 OK
r-release-windows-ix86+x86_64 0.9.6 16.00 85.00 101.00 OK
r-release-osx-x86_64 0.9.6 ERROR
r-oldrel-windows-ix86+x86_64 0.9.6 13.00 79.00 92.00 OK
r-oldrel-osx-x86_64 0.9.6 OK

Check Details

Version: 0.9.6
Check: package dependencies
Result: ERROR
    Package required but not available: ‘impute’
    
    See section ‘The DESCRIPTION file’ in the ‘Writing R Extensions’
    manual.
Flavor: r-release-osx-x86_64