CRAN Package Check Results for Package snpStatsWriter

Last updated on 2017-01-21 03:50:49.

Flavor Version Tinstall Tcheck Ttotal Status Flags
r-devel-linux-x86_64-debian-clang 1.5-6 3.64 35.91 39.55 NOTE
r-devel-linux-x86_64-debian-gcc 1.5-6 3.40 35.65 39.05 NOTE
r-devel-linux-x86_64-fedora-clang 1.5-6 92.99 NOTE --no-stop-on-test-error
r-devel-linux-x86_64-fedora-gcc 1.5-6 90.43 NOTE --no-stop-on-test-error
r-devel-macos-x86_64-clang 1.5-6 68.93 NOTE --no-stop-on-test-error
r-patched-linux-x86_64 1.5-6 3.55 33.35 36.90 NOTE
r-patched-solaris-sparc 1.5-6 457.30 NOTE
r-patched-solaris-x86 1.5-6 102.10 NOTE
r-release-linux-x86_64 1.5-6 3.46 33.83 37.29 NOTE
r-release-osx-x86_64-mavericks 1.5-6 NOTE

Check Details

Version: 1.5-6
Check: dependencies in R code
Result: NOTE
    Packages in Depends field not imported from:
     ‘colorspace’ ‘snpStats’
     These packages need to be imported from (in the NAMESPACE file)
     for when this namespace is loaded but not attached.
Flavors: r-devel-linux-x86_64-debian-clang, r-devel-linux-x86_64-debian-gcc, r-patched-linux-x86_64, r-patched-solaris-sparc, r-patched-solaris-x86, r-release-linux-x86_64, r-release-osx-x86_64-mavericks

Version: 1.5-6
Check: R code for possible problems
Result: NOTE
    check.args: no visible global function definition for ‘is’
    write.sbams: no visible global function definition for ‘as’
    write.sbams: no visible global function definition for ‘write.table’
    Undefined global functions or variables:
     as is write.table
    Consider adding
     importFrom("methods", "as", "is")
     importFrom("utils", "write.table")
    to your NAMESPACE file (and ensure that your DESCRIPTION Imports field
    contains 'methods').
Flavors: r-devel-linux-x86_64-debian-clang, r-devel-linux-x86_64-debian-gcc, r-patched-linux-x86_64, r-patched-solaris-sparc, r-patched-solaris-x86, r-release-linux-x86_64, r-release-osx-x86_64-mavericks

Version: 1.5-6
Flags: --no-stop-on-test-error
Check: dependencies in R code
Result: NOTE
    Packages in Depends field not imported from:
     ‘colorspace’ ‘snpStats’
     These packages need to be imported from (in the NAMESPACE file)
     for when this namespace is loaded but not attached.
Flavors: r-devel-linux-x86_64-fedora-clang, r-devel-linux-x86_64-fedora-gcc, r-devel-macos-x86_64-clang

Version: 1.5-6
Flags: --no-stop-on-test-error
Check: R code for possible problems
Result: NOTE
    check.args: no visible global function definition for ‘is’
    write.sbams: no visible global function definition for ‘as’
    write.sbams: no visible global function definition for ‘write.table’
    Undefined global functions or variables:
     as is write.table
    Consider adding
     importFrom("methods", "as", "is")
     importFrom("utils", "write.table")
    to your NAMESPACE file (and ensure that your DESCRIPTION Imports field
    contains 'methods').
Flavors: r-devel-linux-x86_64-fedora-clang, r-devel-linux-x86_64-fedora-gcc, r-devel-macos-x86_64-clang