CRAN Package Check Results for Package snpStatsWriter

Last updated on 2014-04-25 05:47:26.

Flavor Version Tinstall Tcheck Ttotal Status Flags
r-devel-linux-x86_64-debian-clang 1.5-6 5.55 55.61 61.16 NOTE
r-devel-linux-x86_64-debian-gcc 1.5-6 5.22 54.32 59.54 NOTE
r-devel-linux-x86_64-fedora-clang 1.5-6 147.27 NOTE
r-devel-linux-x86_64-fedora-gcc 1.5-6 146.31 NOTE
r-devel-osx-x86_64-clang 1.5-6 114.76 NOTE
r-devel-osx-x86_64-gcc 1.5-6 ERROR
r-patched-linux-x86_64 1.5-6 5.17 54.00 59.17 NOTE
r-patched-solaris-sparc 1.5-6 756.50 NOTE
r-patched-solaris-x86 1.5-6 184.50 NOTE
r-release-linux-ix86 1.5-6 8.00 88.00 96.00 NOTE
r-release-linux-x86_64 1.5-6 5.36 54.24 59.60 NOTE
r-release-osx-x86_64-mavericks 1.5-6 ERROR
r-release-osx-x86_64-snowleopard 1.5-6 NOTE

Check Details

Version: 1.5-6
Check: dependencies in R code
Result: NOTE
    Packages in Depends field not imported from:
     ‘colorspace’ ‘snpStats’
     These packages need to be imported from (in the NAMESPACE file)
     for when this namespace is loaded but not attached.
    See the information on DESCRIPTION files in the chapter ‘Creating R
    packages’ of the ‘Writing R Extensions’ manual.
Flavors: r-devel-linux-x86_64-debian-clang, r-devel-linux-x86_64-debian-gcc, r-devel-linux-x86_64-fedora-clang, r-devel-linux-x86_64-fedora-gcc, r-devel-osx-x86_64-clang, r-patched-linux-x86_64, r-patched-solaris-sparc, r-patched-solaris-x86, r-release-linux-ix86, r-release-linux-x86_64, r-release-osx-x86_64-snowleopard

Version: 1.5-6
Check: package dependencies
Result: ERROR
    Package required but not available: ‘snpStats’
    
    Package suggested but not available for checking: ‘knitr’
    
    See the information on DESCRIPTION files in the chapter ‘Creating R
    packages’ of the ‘Writing R Extensions’ manual.
Flavor: r-devel-osx-x86_64-gcc

Version: 1.5-6
Check: package dependencies
Result: ERROR
    Package required but not available: ‘snpStats’
    
    See the information on DESCRIPTION files in the chapter ‘Creating R
    packages’ of the ‘Writing R Extensions’ manual.
Flavor: r-release-osx-x86_64-mavericks