CRAN Package Check Results for Package snpStatsWriter

Last updated on 2017-10-19 19:47:25.

Flavor Version Tinstall Tcheck Ttotal Status Flags
r-devel-linux-x86_64-debian-clang 1.5-6 3.46 37.60 41.06 NOTE
r-devel-linux-x86_64-debian-gcc 1.5-6 3.52 40.06 43.58 NOTE
r-devel-linux-x86_64-fedora-clang 1.5-6 99.53 NOTE
r-devel-linux-x86_64-fedora-gcc 1.5-6 101.53 NOTE
r-patched-linux-x86_64 1.5-6 3.69 38.58 42.27 NOTE
r-patched-solaris-x86 1.5-6 127.30 NOTE
r-release-linux-x86_64 1.5-6 3.59 39.04 42.63 NOTE
r-release-osx-x86_64 1.5-6 ERROR
r-oldrel-osx-x86_64 1.5-6 NOTE

Check Details

Version: 1.5-6
Check: dependencies in R code
Result: NOTE
    Packages in Depends field not imported from:
     ‘colorspace’ ‘snpStats’
     These packages need to be imported from (in the NAMESPACE file)
     for when this namespace is loaded but not attached.
Flavors: r-devel-linux-x86_64-debian-clang, r-devel-linux-x86_64-debian-gcc, r-devel-linux-x86_64-fedora-clang, r-devel-linux-x86_64-fedora-gcc, r-patched-linux-x86_64, r-patched-solaris-x86, r-release-linux-x86_64, r-oldrel-osx-x86_64

Version: 1.5-6
Check: R code for possible problems
Result: NOTE
    check.args: no visible global function definition for ‘is’
    write.sbams: no visible global function definition for ‘as’
    write.sbams: no visible global function definition for ‘write.table’
    Undefined global functions or variables:
     as is write.table
    Consider adding
     importFrom("methods", "as", "is")
     importFrom("utils", "write.table")
    to your NAMESPACE file (and ensure that your DESCRIPTION Imports field
    contains 'methods').
Flavors: r-devel-linux-x86_64-debian-clang, r-devel-linux-x86_64-debian-gcc, r-devel-linux-x86_64-fedora-clang, r-devel-linux-x86_64-fedora-gcc, r-patched-linux-x86_64, r-patched-solaris-x86, r-release-linux-x86_64, r-oldrel-osx-x86_64

Version: 1.5-6
Check: compiled code
Result: NOTE
    File ‘snpStatsWriter/libs/snpStatsWriter.so’:
     Found no calls to: ‘R_registerRoutines’, ‘R_useDynamicSymbols’
    
    It is good practice to register native routines and to disable symbol
    search.
    
    See ‘Writing portable packages’ in the ‘Writing R Extensions’ manual.
Flavors: r-devel-linux-x86_64-debian-clang, r-devel-linux-x86_64-debian-gcc, r-devel-linux-x86_64-fedora-clang, r-devel-linux-x86_64-fedora-gcc, r-patched-linux-x86_64, r-release-linux-x86_64

Version: 1.5-6
Check: package dependencies
Result: ERROR
    Package required but not available: ‘snpStats’
    
    See section ‘The DESCRIPTION file’ in the ‘Writing R Extensions’
    manual.
Flavor: r-release-osx-x86_64