CRAN Package Check Results for Package snpStatsWriter

Last updated on 2018-06-22 03:49:47 CEST.

Flavor Version Tinstall Tcheck Ttotal Status Flags
r-devel-linux-x86_64-debian-clang 1.5-6 6.92 65.06 71.98 NOTE
r-devel-linux-x86_64-debian-gcc 1.5-6 6.01 57.63 63.64 NOTE
r-devel-linux-x86_64-fedora-clang 1.5-6 94.10 NOTE
r-devel-linux-x86_64-fedora-gcc 1.5-6 90.06 NOTE
r-patched-linux-x86_64 1.5-6 4.78 59.84 64.62 NOTE
r-patched-solaris-x86 1.5-6 127.50 NOTE
r-release-linux-x86_64 1.5-6 4.95 58.93 63.88 NOTE
r-release-osx-x86_64 1.5-6 NOTE
r-oldrel-osx-x86_64 1.5-6 NOTE

Check Details

Version: 1.5-6
Check: dependencies in R code
Result: NOTE
    Packages in Depends field not imported from:
     ‘colorspace’ ‘snpStats’
     These packages need to be imported from (in the NAMESPACE file)
     for when this namespace is loaded but not attached.
Flavors: r-devel-linux-x86_64-debian-clang, r-devel-linux-x86_64-debian-gcc, r-devel-linux-x86_64-fedora-clang, r-devel-linux-x86_64-fedora-gcc, r-patched-linux-x86_64, r-patched-solaris-x86, r-release-linux-x86_64, r-release-osx-x86_64, r-oldrel-osx-x86_64

Version: 1.5-6
Check: R code for possible problems
Result: NOTE
    check.args: no visible global function definition for ‘is’
    write.sbams: no visible global function definition for ‘as’
    write.sbams: no visible global function definition for ‘write.table’
    Undefined global functions or variables:
     as is write.table
    Consider adding
     importFrom("methods", "as", "is")
     importFrom("utils", "write.table")
    to your NAMESPACE file (and ensure that your DESCRIPTION Imports field
    contains 'methods').
Flavors: r-devel-linux-x86_64-debian-clang, r-devel-linux-x86_64-debian-gcc, r-devel-linux-x86_64-fedora-clang, r-devel-linux-x86_64-fedora-gcc, r-patched-linux-x86_64, r-patched-solaris-x86, r-release-linux-x86_64, r-release-osx-x86_64, r-oldrel-osx-x86_64

Version: 1.5-6
Check: compiled code
Result: NOTE
    File ‘snpStatsWriter/libs/snpStatsWriter.so’:
     Found no calls to: ‘R_registerRoutines’, ‘R_useDynamicSymbols’
    
    It is good practice to register native routines and to disable symbol
    search.
    
    See ‘Writing portable packages’ in the ‘Writing R Extensions’ manual.
Flavors: r-devel-linux-x86_64-debian-clang, r-devel-linux-x86_64-debian-gcc, r-devel-linux-x86_64-fedora-clang, r-devel-linux-x86_64-fedora-gcc, r-patched-linux-x86_64, r-release-linux-x86_64