CRAN Package Check Results for Package snpStatsWriter

Last updated on 2014-08-30 15:48:48.

Flavor Version Tinstall Tcheck Ttotal Status Flags
r-devel-linux-x86_64-debian-clang 1.5-6 4.98 50.08 55.06 NOTE
r-devel-linux-x86_64-debian-gcc 1.5-6 4.80 49.16 53.96 NOTE
r-devel-linux-x86_64-fedora-clang 1.5-6 142.80 NOTE
r-devel-linux-x86_64-fedora-gcc 1.5-6 134.51 NOTE
r-devel-osx-x86_64-clang 1.5-6 104.17 NOTE
r-patched-linux-x86_64 1.5-6 5.02 53.24 58.26 NOTE
r-patched-solaris-sparc 1.5-6 776.90 NOTE
r-patched-solaris-x86 1.5-6 189.40 NOTE
r-release-linux-ix86 1.5-6 6.13 65.45 71.58 NOTE
r-release-linux-x86_64 1.5-6 4.98 53.81 58.79 NOTE
r-release-osx-x86_64-mavericks 1.5-6 NOTE
r-release-osx-x86_64-snowleopard 1.5-6 NOTE

Check Details

Version: 1.5-6
Check: dependencies in R code
Result: NOTE
    Packages in Depends field not imported from:
     ‘colorspace’ ‘snpStats’
     These packages need to be imported from (in the NAMESPACE file)
     for when this namespace is loaded but not attached.
    See the information on DESCRIPTION files in the chapter ‘Creating R
    packages’ of the ‘Writing R Extensions’ manual.
Flavors: r-devel-linux-x86_64-debian-clang, r-devel-linux-x86_64-debian-gcc, r-devel-linux-x86_64-fedora-clang, r-devel-linux-x86_64-fedora-gcc, r-devel-osx-x86_64-clang, r-patched-linux-x86_64, r-patched-solaris-sparc, r-patched-solaris-x86, r-release-linux-ix86, r-release-linux-x86_64, r-release-osx-x86_64-mavericks, r-release-osx-x86_64-snowleopard