CRAN Package Check Results for Package snpStatsWriter

Last updated on 2016-07-24 15:46:58.

Flavor Version Tinstall Tcheck Ttotal Status Flags
r-devel-linux-x86_64-debian-clang 1.5-6 4.74 42.99 47.73 NOTE
r-devel-linux-x86_64-debian-gcc 1.5-6 5.05 41.91 46.96 NOTE
r-devel-linux-x86_64-fedora-clang 1.5-6 79.68 NOTE
r-devel-linux-x86_64-fedora-gcc 1.5-6 78.14 NOTE
r-devel-osx-x86_64-clang 1.5-6 62.84 NOTE
r-patched-linux-x86_64 1.5-6 4.44 41.17 45.61 NOTE
r-patched-solaris-sparc 1.5-6 458.80 NOTE
r-patched-solaris-x86 1.5-6 102.10 NOTE
r-release-linux-x86_64 1.5-6 4.54 41.49 46.04 NOTE
r-release-osx-x86_64-mavericks 1.5-6 NOTE

Check Details

Version: 1.5-6
Check: dependencies in R code
Result: NOTE
    Packages in Depends field not imported from:
     ‘colorspace’ ‘snpStats’
     These packages need to be imported from (in the NAMESPACE file)
     for when this namespace is loaded but not attached.
Flavors: r-devel-linux-x86_64-debian-clang, r-devel-linux-x86_64-debian-gcc, r-devel-linux-x86_64-fedora-clang, r-devel-linux-x86_64-fedora-gcc, r-devel-osx-x86_64-clang, r-patched-linux-x86_64, r-patched-solaris-sparc, r-patched-solaris-x86, r-release-linux-x86_64, r-release-osx-x86_64-mavericks

Version: 1.5-6
Check: R code for possible problems
Result: NOTE
    check.args: no visible global function definition for ‘is’
    write.sbams: no visible global function definition for ‘as’
    write.sbams: no visible global function definition for ‘write.table’
    Undefined global functions or variables:
     as is write.table
    Consider adding
     importFrom("methods", "as", "is")
     importFrom("utils", "write.table")
    to your NAMESPACE file (and ensure that your DESCRIPTION Imports field
    contains 'methods').
Flavors: r-devel-linux-x86_64-debian-clang, r-devel-linux-x86_64-debian-gcc, r-devel-linux-x86_64-fedora-clang, r-devel-linux-x86_64-fedora-gcc, r-devel-osx-x86_64-clang, r-patched-linux-x86_64, r-patched-solaris-sparc, r-patched-solaris-x86, r-release-linux-x86_64, r-release-osx-x86_64-mavericks