CRAN Package Check Results for Package snpStatsWriter

Last updated on 2015-05-22 09:47:48.

Flavor Version Tinstall Tcheck Ttotal Status Flags
r-devel-linux-x86_64-debian-clang 1.5-6 3.98 38.96 42.94 NOTE
r-devel-linux-x86_64-debian-gcc 1.5-6 3.79 36.74 40.52 NOTE
r-devel-linux-x86_64-fedora-clang 1.5-6 85.96 NOTE
r-devel-linux-x86_64-fedora-gcc 1.5-6 80.94 NOTE
r-devel-osx-x86_64-clang 1.5-6 71.36 NOTE
r-patched-linux-x86_64 1.5-6 3.80 36.07 39.87 NOTE
r-patched-solaris-sparc 1.5-6 539.90 NOTE
r-patched-solaris-x86 1.5-6 114.90 NOTE
r-release-linux-x86_64 1.5-6 3.88 37.17 41.05 NOTE
r-release-osx-x86_64-mavericks 1.5-6 NOTE
r-release-osx-x86_64-snowleopard 1.5-6 ERROR

Check Details

Version: 1.5-6
Check: dependencies in R code
Result: NOTE
    Packages in Depends field not imported from:
     ‘colorspace’ ‘snpStats’
     These packages need to be imported from (in the NAMESPACE file)
     for when this namespace is loaded but not attached.
Flavors: r-devel-linux-x86_64-debian-clang, r-devel-linux-x86_64-debian-gcc, r-devel-linux-x86_64-fedora-clang, r-devel-linux-x86_64-fedora-gcc, r-devel-osx-x86_64-clang, r-patched-linux-x86_64, r-patched-solaris-sparc, r-patched-solaris-x86, r-release-linux-x86_64, r-release-osx-x86_64-mavericks

Version: 1.5-6
Check: package dependencies
Result: ERROR
    Package required but not available: ‘snpStats’
    
    See section ‘The DESCRIPTION file’ in the ‘Writing R Extensions’
    manual.
Flavor: r-release-osx-x86_64-snowleopard