CRAN Package Check Results for Package snpStatsWriter

Last updated on 2015-11-30 08:49:19.

Flavor Version Tinstall Tcheck Ttotal Status Flags
r-devel-linux-x86_64-debian-gcc 1.5-6 3.82 33.68 37.49 NOTE
r-devel-linux-x86_64-fedora-clang 1.5-6 78.35 NOTE
r-devel-linux-x86_64-fedora-gcc 1.5-6 74.45 NOTE
r-devel-osx-x86_64-clang 1.5-6 81.09 NOTE
r-patched-linux-x86_64 1.5-6 3.94 35.86 39.80 NOTE
r-patched-solaris-sparc 1.5-6 499.40 NOTE
r-patched-solaris-x86 1.5-6 106.80 NOTE
r-release-linux-x86_64 1.5-6 4.06 37.93 41.99 NOTE
r-release-osx-x86_64-mavericks 1.5-6 NOTE

Check Details

Version: 1.5-6
Check: dependencies in R code
Result: NOTE
    Packages in Depends field not imported from:
     ‘colorspace’ ‘snpStats’
     These packages need to be imported from (in the NAMESPACE file)
     for when this namespace is loaded but not attached.
Flavors: r-devel-linux-x86_64-debian-gcc, r-devel-linux-x86_64-fedora-clang, r-devel-linux-x86_64-fedora-gcc, r-devel-osx-x86_64-clang, r-patched-linux-x86_64, r-patched-solaris-sparc, r-patched-solaris-x86, r-release-linux-x86_64, r-release-osx-x86_64-mavericks

Version: 1.5-6
Check: R code for possible problems
Result: NOTE
    check.args: no visible global function definition for ‘is’
    write.sbams: no visible global function definition for ‘as’
    write.sbams: no visible global function definition for ‘write.table’
    Undefined global functions or variables:
     as is write.table
    Consider adding
     importFrom("methods", "as", "is")
     importFrom("utils", "write.table")
    to your NAMESPACE (and ensure that your DESCRIPTION Imports field
    contains 'methods').
Flavors: r-devel-linux-x86_64-debian-gcc, r-devel-linux-x86_64-fedora-clang, r-devel-linux-x86_64-fedora-gcc