CRAN Package Check Results for Package snpStatsWriter

Last updated on 2015-03-05 12:48:13.

Flavor Version Tinstall Tcheck Ttotal Status Flags
r-devel-linux-x86_64-debian-clang 1.5-6 4.02 39.91 43.93 NOTE
r-devel-linux-x86_64-debian-gcc 1.5-6 3.86 40.32 44.18 NOTE
r-devel-linux-x86_64-fedora-clang 1.5-6 90.61 NOTE
r-devel-linux-x86_64-fedora-gcc 1.5-6 86.79 NOTE
r-devel-osx-x86_64-clang 1.5-6 83.23 NOTE
r-patched-linux-x86_64 1.5-6 5.28 53.30 58.58 NOTE
r-patched-solaris-sparc 1.5-6 758.00 NOTE
r-patched-solaris-x86 1.5-6 181.30 NOTE
r-release-linux-ix86 1.5-6 6.07 62.04 68.11 NOTE
r-release-linux-x86_64 1.5-6 5.16 53.03 58.19 NOTE
r-release-osx-x86_64-mavericks 1.5-6 NOTE
r-release-osx-x86_64-snowleopard 1.5-6 NOTE

Check Details

Version: 1.5-6
Check: dependencies in R code
Result: NOTE
    Packages in Depends field not imported from:
     ‘colorspace’ ‘snpStats’
     These packages need to be imported from (in the NAMESPACE file)
     for when this namespace is loaded but not attached.
Flavors: r-devel-linux-x86_64-debian-clang, r-devel-linux-x86_64-debian-gcc, r-devel-linux-x86_64-fedora-clang, r-devel-linux-x86_64-fedora-gcc, r-devel-osx-x86_64-clang, r-patched-linux-x86_64, r-patched-solaris-sparc, r-patched-solaris-x86

Version: 1.5-6
Check: dependencies in R code
Result: NOTE
    Packages in Depends field not imported from:
     ‘colorspace’ ‘snpStats’
     These packages need to be imported from (in the NAMESPACE file)
     for when this namespace is loaded but not attached.
    See the information on DESCRIPTION files in the chapter ‘Creating R
    packages’ of the ‘Writing R Extensions’ manual.
Flavors: r-release-linux-ix86, r-release-linux-x86_64, r-release-osx-x86_64-mavericks, r-release-osx-x86_64-snowleopard