CRAN Package Check Results for Package snpStatsWriter

Last updated on 2015-09-02 15:47:27.

Flavor Version Tinstall Tcheck Ttotal Status Flags
r-devel-linux-x86_64-debian-clang 1.5-6 3.82 37.86 41.68 NOTE
r-devel-linux-x86_64-debian-gcc 1.5-6 3.74 36.10 39.84 NOTE
r-devel-linux-x86_64-fedora-clang 1.5-6 81.24 NOTE
r-devel-linux-x86_64-fedora-gcc 1.5-6 75.44 NOTE
r-devel-osx-x86_64-clang 1.5-6 60.29 NOTE
r-patched-linux-x86_64 1.5-6 3.84 37.57 41.41 NOTE
r-patched-solaris-sparc 1.5-6 511.10 NOTE
r-patched-solaris-x86 1.5-6 117.60 NOTE
r-release-linux-x86_64 1.5-6 4.07 37.09 41.16 NOTE
r-release-osx-x86_64-mavericks 1.5-6 NOTE

Check Details

Version: 1.5-6
Check: dependencies in R code
Result: NOTE
    Packages in Depends field not imported from:
     ‘colorspace’ ‘snpStats’
     These packages need to be imported from (in the NAMESPACE file)
     for when this namespace is loaded but not attached.
Flavors: r-devel-linux-x86_64-debian-clang, r-devel-linux-x86_64-debian-gcc, r-devel-linux-x86_64-fedora-clang, r-devel-linux-x86_64-fedora-gcc, r-devel-osx-x86_64-clang, r-patched-linux-x86_64, r-patched-solaris-sparc, r-patched-solaris-x86, r-release-linux-x86_64, r-release-osx-x86_64-mavericks

Version: 1.5-6
Check: R code for possible problems
Result: NOTE
    check.args: no visible global function definition for ‘is’
    write.sbams: no visible global function definition for ‘as’
    write.sbams: no visible global function definition for ‘write.table’
    Undefined global functions or variables:
     as is write.table
    Consider adding
     importFrom("methods", "as", "is")
     importFrom("utils", "write.table")
    to your NAMESPACE (and ensure that your DESCRIPTION Imports field
    contains 'methods').
Flavors: r-devel-linux-x86_64-debian-clang, r-devel-linux-x86_64-debian-gcc, r-devel-linux-x86_64-fedora-clang, r-devel-linux-x86_64-fedora-gcc