CRAN Package Check Results for Package snpStatsWriter

Last updated on 2014-07-22 23:48:26.

Flavor Version Tinstall Tcheck Ttotal Status Flags
r-devel-linux-x86_64-debian-clang 1.5-6 5.02 53.35 58.37 NOTE
r-devel-linux-x86_64-debian-gcc 1.5-6 4.90 51.54 56.45 NOTE
r-devel-linux-x86_64-fedora-clang 1.5-6 147.77 NOTE
r-devel-linux-x86_64-fedora-gcc 1.5-6 142.93 NOTE
r-devel-osx-x86_64-clang 1.5-6 109.34 NOTE
r-patched-linux-x86_64 1.5-6 4.94 52.33 57.27 NOTE
r-patched-solaris-sparc 1.5-6 756.50 NOTE
r-patched-solaris-x86 1.5-6 187.90 NOTE
r-release-linux-ix86 1.5-6 6.16 65.46 71.61 NOTE
r-release-linux-x86_64 1.5-6 5.04 54.84 59.88 NOTE
r-release-osx-x86_64-mavericks 1.5-6 NOTE
r-release-osx-x86_64-snowleopard 1.5-6 NOTE

Check Details

Version: 1.5-6
Check: dependencies in R code
Result: NOTE
    Packages in Depends field not imported from:
     ‘colorspace’ ‘snpStats’
     These packages need to be imported from (in the NAMESPACE file)
     for when this namespace is loaded but not attached.
    See the information on DESCRIPTION files in the chapter ‘Creating R
    packages’ of the ‘Writing R Extensions’ manual.
Flavors: r-devel-linux-x86_64-debian-clang, r-devel-linux-x86_64-debian-gcc, r-devel-linux-x86_64-fedora-clang, r-devel-linux-x86_64-fedora-gcc, r-devel-osx-x86_64-clang, r-patched-linux-x86_64, r-patched-solaris-sparc, r-patched-solaris-x86, r-release-linux-ix86, r-release-linux-x86_64, r-release-osx-x86_64-mavericks, r-release-osx-x86_64-snowleopard