Last updated on 2023-06-07 10:58:50 CEST.
Flavor | Version | Tinstall | Tcheck | Ttotal | Status | Flags |
---|---|---|---|---|---|---|
r-devel-linux-x86_64-debian-clang | 0.18.2 | 36.53 | 237.06 | 273.59 | OK | |
r-devel-linux-x86_64-debian-gcc | 0.18.2 | 27.79 | 175.62 | 203.41 | OK | |
r-devel-linux-x86_64-fedora-clang | 0.18.2 | 344.43 | OK | |||
r-devel-linux-x86_64-fedora-gcc | 0.18.2 | 333.92 | OK | |||
r-devel-windows-x86_64 | 0.18.2 | 26.00 | 5.00 | 31.00 | ERROR | |
r-patched-linux-x86_64 | 0.18.2 | 35.12 | 224.70 | 259.82 | OK | |
r-release-linux-x86_64 | 0.18.2 | 27.20 | 225.60 | 252.80 | OK | |
r-release-macos-arm64 | 0.18.2 | 100.00 | OK | |||
r-release-macos-x86_64 | 0.18.2 | 128.00 | OK | |||
r-release-windows-x86_64 | 0.18.2 | 41.00 | 237.00 | 278.00 | OK | |
r-oldrel-macos-arm64 | 0.18.2 | 83.00 | OK | |||
r-oldrel-macos-x86_64 | 0.18.2 | 115.00 | OK | |||
r-oldrel-windows-x86_64 | 0.18.2 | 31.00 | 9.00 | 40.00 | ERROR |
Version: 0.18.2
Check: whether package can be installed
Result: ERROR
Installation failed.
Flavors: r-devel-windows-x86_64, r-oldrel-windows-x86_64