Last updated on 2022-06-29 20:53:29 CEST.
Flavor | Version | Tinstall | Tcheck | Ttotal | Status | Flags |
---|---|---|---|---|---|---|
r-devel-linux-x86_64-debian-clang | 0.1.0 | 10.05 | 101.92 | 111.97 | NOTE | |
r-devel-linux-x86_64-debian-gcc | 0.1.0 | 6.89 | 78.86 | 85.75 | NOTE | |
r-devel-linux-x86_64-fedora-clang | 0.1.0 | 146.19 | NOTE | |||
r-devel-linux-x86_64-fedora-gcc | 0.1.0 | 143.51 | NOTE | |||
r-devel-windows-x86_64 | 0.1.0 | 16.00 | 122.00 | 138.00 | NOTE | |
r-patched-linux-x86_64 | 0.1.0 | 8.61 | 104.09 | 112.70 | NOTE | |
r-release-linux-x86_64 | 0.1.0 | 8.93 | 100.29 | 109.22 | NOTE | |
r-release-macos-arm64 | 0.1.0 | 60.00 | NOTE | |||
r-release-macos-x86_64 | 0.1.0 | 56.00 | NOTE | |||
r-release-windows-x86_64 | 0.1.0 | 17.00 | 124.00 | 141.00 | NOTE | |
r-oldrel-macos-arm64 | 0.1.0 | 44.00 | NOTE | |||
r-oldrel-macos-x86_64 | 0.1.0 | 68.00 | NOTE | |||
r-oldrel-windows-ix86+x86_64 | 0.1.0 | 21.00 | 121.00 | 142.00 | NOTE |
Version: 0.1.0
Check: LazyData
Result: NOTE
'LazyData' is specified without a 'data' directory
Flavors: r-devel-linux-x86_64-debian-clang, r-devel-linux-x86_64-debian-gcc, r-devel-linux-x86_64-fedora-clang, r-devel-linux-x86_64-fedora-gcc, r-devel-windows-x86_64, r-patched-linux-x86_64, r-release-linux-x86_64, r-release-macos-arm64, r-release-macos-x86_64, r-release-windows-x86_64, r-oldrel-macos-arm64, r-oldrel-macos-x86_64, r-oldrel-windows-ix86+x86_64