CRAN Package Check Results for Package softImpute

Last updated on 2016-05-29 03:48:35.

Flavor Version Tinstall Tcheck Ttotal Status Flags
r-devel-linux-x86_64-debian-gcc 1.4 3.52 42.46 45.98 NOTE
r-devel-linux-x86_64-fedora-clang 1.4 89.01 NOTE
r-devel-linux-x86_64-fedora-gcc 1.4 84.17 NOTE
r-devel-osx-x86_64-clang 1.4 91.18 NOTE
r-devel-windows-ix86+x86_64 1.4 11.00 97.00 108.00 NOTE
r-patched-linux-x86_64 1.4 3.20 41.60 44.80 NOTE
r-patched-solaris-sparc 1.4 553.80 NOTE
r-patched-solaris-x86 1.4 117.60 NOTE
r-release-linux-x86_64 1.4 3.21 41.62 44.83 NOTE
r-release-osx-x86_64-mavericks 1.4 NOTE
r-release-windows-ix86+x86_64 1.4 18.00 99.00 117.00 NOTE
r-oldrel-windows-ix86+x86_64 1.4 14.00 96.00 110.00 NOTE

Check Details

Version: 1.4
Check: DESCRIPTION meta-information
Result: NOTE
    Malformed Description field: should contain one or more complete sentences.
Flavors: r-devel-linux-x86_64-debian-gcc, r-devel-linux-x86_64-fedora-clang, r-devel-linux-x86_64-fedora-gcc, r-devel-osx-x86_64-clang, r-devel-windows-ix86+x86_64, r-patched-linux-x86_64, r-patched-solaris-sparc, r-patched-solaris-x86, r-release-linux-x86_64, r-release-osx-x86_64-mavericks, r-release-windows-ix86+x86_64, r-oldrel-windows-ix86+x86_64

Version: 1.4
Check: R code for possible problems
Result: NOTE
    Ssimpute.als: no visible global function definition for ‘rnorm’
    Ssvd.als: no visible global function definition for ‘rnorm’
    cs.default: no visible binding for global variable ‘weighted.mean’
    simpute.als: no visible global function definition for ‘rnorm’
    Undefined global functions or variables:
     rnorm weighted.mean
    Consider adding
     importFrom("stats", "rnorm", "weighted.mean")
    to your NAMESPACE file.
Flavors: r-devel-linux-x86_64-debian-gcc, r-devel-linux-x86_64-fedora-clang, r-devel-linux-x86_64-fedora-gcc, r-devel-osx-x86_64-clang, r-devel-windows-ix86+x86_64, r-patched-linux-x86_64, r-patched-solaris-sparc, r-patched-solaris-x86, r-release-linux-x86_64, r-release-osx-x86_64-mavericks, r-release-windows-ix86+x86_64