CRAN Package Check Results for Package softImpute

Last updated on 2018-01-18 04:48:11 CET.

Flavor Version Tinstall Tcheck Ttotal Status Flags
r-devel-linux-x86_64-debian-clang 1.4 4.19 66.42 70.61 NOTE
r-devel-linux-x86_64-debian-gcc 1.4 3.80 54.46 58.26 NOTE
r-devel-linux-x86_64-fedora-clang 1.4 88.16 NOTE
r-devel-linux-x86_64-fedora-gcc 1.4 94.49 NOTE
r-devel-windows-ix86+x86_64 1.4 16.00 125.00 141.00 NOTE
r-patched-linux-x86_64 1.4 4.34 77.18 81.52 NOTE
r-patched-solaris-x86 1.4 158.70 NOTE
r-release-linux-x86_64 1.4 4.86 75.16 80.02 NOTE
r-release-windows-ix86+x86_64 1.4 11.00 96.00 107.00 NOTE
r-release-osx-x86_64 1.4 NOTE
r-oldrel-windows-ix86+x86_64 1.4 14.00 95.00 109.00 NOTE
r-oldrel-osx-x86_64 1.4 NOTE

Check Details

Version: 1.4
Check: DESCRIPTION meta-information
Result: NOTE
    Malformed Description field: should contain one or more complete sentences.
Flavors: r-devel-linux-x86_64-debian-clang, r-devel-linux-x86_64-debian-gcc, r-devel-linux-x86_64-fedora-clang, r-devel-linux-x86_64-fedora-gcc, r-devel-windows-ix86+x86_64, r-patched-linux-x86_64, r-patched-solaris-x86, r-release-linux-x86_64, r-release-windows-ix86+x86_64, r-release-osx-x86_64, r-oldrel-windows-ix86+x86_64, r-oldrel-osx-x86_64

Version: 1.4
Check: R code for possible problems
Result: NOTE
    Ssimpute.als: no visible global function definition for ‘rnorm’
    Ssvd.als: no visible global function definition for ‘rnorm’
    cs.default: no visible binding for global variable ‘weighted.mean’
    simpute.als: no visible global function definition for ‘rnorm’
    Undefined global functions or variables:
     rnorm weighted.mean
    Consider adding
     importFrom("stats", "rnorm", "weighted.mean")
    to your NAMESPACE file.
Flavors: r-devel-linux-x86_64-debian-clang, r-devel-linux-x86_64-debian-gcc, r-devel-linux-x86_64-fedora-clang, r-devel-linux-x86_64-fedora-gcc, r-devel-windows-ix86+x86_64, r-patched-linux-x86_64, r-patched-solaris-x86, r-release-linux-x86_64, r-release-windows-ix86+x86_64, r-release-osx-x86_64, r-oldrel-windows-ix86+x86_64, r-oldrel-osx-x86_64

Version: 1.4
Check: compiled code
Result: NOTE
    File ‘softImpute/libs/softImpute.so’:
     Found no calls to: ‘R_registerRoutines’, ‘R_useDynamicSymbols’
    
    It is good practice to register native routines and to disable symbol
    search.
    
    See ‘Writing portable packages’ in the ‘Writing R Extensions’ manual.
Flavors: r-devel-linux-x86_64-debian-clang, r-devel-linux-x86_64-debian-gcc, r-devel-linux-x86_64-fedora-clang, r-devel-linux-x86_64-fedora-gcc, r-patched-linux-x86_64, r-release-linux-x86_64