CRAN Package Check Results for Package softImpute

Last updated on 2015-10-09 09:47:19.

Flavor Version Tinstall Tcheck Ttotal Status Flags
r-devel-linux-x86_64-debian-gcc 1.4 3.13 40.67 43.80 NOTE
r-devel-linux-x86_64-fedora-clang 1.4 89.48 NOTE
r-devel-linux-x86_64-fedora-gcc 1.4 86.45 NOTE
r-devel-osx-x86_64-clang 1.4 69.84 NOTE
r-devel-windows-ix86+x86_64 1.4 15.00 87.00 102.00 NOTE
r-patched-linux-x86_64 1.4 3.24 42.02 45.26 NOTE
r-patched-solaris-sparc 1.4 590.30 NOTE
r-patched-solaris-x86 1.4 120.70 NOTE
r-release-linux-x86_64 1.4 3.36 44.29 47.66 NOTE
r-release-osx-x86_64-mavericks 1.4 NOTE
r-release-windows-ix86+x86_64 1.4 12.00 81.00 93.00 NOTE
r-oldrel-windows-ix86+x86_64 1.4 19.00 95.00 114.00 WARN

Check Details

Version: 1.4
Check: DESCRIPTION meta-information
Result: NOTE
    Malformed Description field: should contain one or more complete sentences.
Flavors: r-devel-linux-x86_64-debian-gcc, r-devel-linux-x86_64-fedora-clang, r-devel-linux-x86_64-fedora-gcc, r-devel-osx-x86_64-clang, r-devel-windows-ix86+x86_64, r-patched-linux-x86_64, r-patched-solaris-sparc, r-patched-solaris-x86, r-release-linux-x86_64, r-release-osx-x86_64-mavericks, r-release-windows-ix86+x86_64

Version: 1.4
Check: R code for possible problems
Result: NOTE
    Ssimpute.als: no visible global function definition for ‘rnorm’
    Ssvd.als: no visible global function definition for ‘rnorm’
    cs.default: no visible binding for global variable ‘weighted.mean’
    simpute.als: no visible global function definition for ‘rnorm’
    Undefined global functions or variables:
     rnorm weighted.mean
    Consider adding
     importFrom("stats", "rnorm", "weighted.mean")
    to your NAMESPACE.
Flavors: r-devel-linux-x86_64-debian-gcc, r-devel-linux-x86_64-fedora-clang, r-devel-linux-x86_64-fedora-gcc, r-devel-windows-ix86+x86_64

Version: 1.4
Check: whether package can be installed
Result: WARN
    Found the following significant warnings:
     Warning: class "xMatrix" is defined (with package slot 'Matrix') but no metadata object found to revise subclass information---not exported? Making a copy in package 'softImpute'
Flavor: r-oldrel-windows-ix86+x86_64