CRAN Package Check Results for Package softImpute

Last updated on 2016-07-26 15:47:17.

Flavor Version Tinstall Tcheck Ttotal Status Flags
r-devel-linux-x86_64-debian-clang 1.4 4.01 50.77 54.78 NOTE
r-devel-linux-x86_64-debian-gcc 1.4 3.72 49.75 53.47 NOTE
r-devel-linux-x86_64-fedora-clang 1.4 102.50 NOTE
r-devel-linux-x86_64-fedora-gcc 1.4 93.88 NOTE
r-devel-osx-x86_64-clang 1.4 73.85 NOTE
r-devel-windows-ix86+x86_64 1.4 16.00 118.00 134.00 NOTE
r-patched-linux-x86_64 1.4 3.58 48.65 52.22 NOTE
r-patched-solaris-sparc 1.4 549.90 NOTE
r-patched-solaris-x86 1.4 119.10 NOTE
r-release-linux-x86_64 1.4 3.62 50.03 53.64 NOTE
r-release-osx-x86_64-mavericks 1.4 NOTE
r-release-windows-ix86+x86_64 1.4 15.00 119.00 134.00 NOTE
r-oldrel-windows-ix86+x86_64 1.4 17.00 122.00 139.00 NOTE

Check Details

Version: 1.4
Check: DESCRIPTION meta-information
Result: NOTE
    Malformed Description field: should contain one or more complete sentences.
Flavors: r-devel-linux-x86_64-debian-clang, r-devel-linux-x86_64-debian-gcc, r-devel-linux-x86_64-fedora-clang, r-devel-linux-x86_64-fedora-gcc, r-devel-osx-x86_64-clang, r-devel-windows-ix86+x86_64, r-patched-linux-x86_64, r-patched-solaris-sparc, r-patched-solaris-x86, r-release-linux-x86_64, r-release-osx-x86_64-mavericks, r-release-windows-ix86+x86_64, r-oldrel-windows-ix86+x86_64

Version: 1.4
Check: R code for possible problems
Result: NOTE
    Ssimpute.als: no visible global function definition for ‘rnorm’
    Ssvd.als: no visible global function definition for ‘rnorm’
    cs.default: no visible binding for global variable ‘weighted.mean’
    simpute.als: no visible global function definition for ‘rnorm’
    Undefined global functions or variables:
     rnorm weighted.mean
    Consider adding
     importFrom("stats", "rnorm", "weighted.mean")
    to your NAMESPACE file.
Flavors: r-devel-linux-x86_64-debian-clang, r-devel-linux-x86_64-debian-gcc, r-devel-linux-x86_64-fedora-clang, r-devel-linux-x86_64-fedora-gcc, r-devel-osx-x86_64-clang, r-devel-windows-ix86+x86_64, r-patched-linux-x86_64, r-patched-solaris-sparc, r-patched-solaris-x86, r-release-linux-x86_64, r-release-osx-x86_64-mavericks, r-release-windows-ix86+x86_64