CRAN Package Check Results for Package softImpute

Last updated on 2016-09-29 00:47:27.

Flavor Version Tinstall Tcheck Ttotal Status Flags
r-devel-linux-x86_64-debian-clang 1.4 2.65 38.63 41.28 NOTE
r-devel-linux-x86_64-debian-gcc 1.4 2.75 39.22 41.97 NOTE
r-devel-linux-x86_64-fedora-clang 1.4 91.27 NOTE
r-devel-linux-x86_64-fedora-gcc 1.4 86.41 NOTE
r-devel-macos-x86_64-clang 1.4 69.80 NOTE
r-devel-windows-ix86+x86_64 1.4 21.00 106.00 127.00 NOTE
r-patched-linux-x86_64 1.4 2.70 40.18 42.87 NOTE
r-patched-solaris-sparc 1.4 549.90 NOTE
r-patched-solaris-x86 1.4 118.10 NOTE
r-release-linux-x86_64 1.4 2.87 40.13 43.00 NOTE
r-release-osx-x86_64-mavericks 1.4 NOTE
r-release-windows-ix86+x86_64 1.4 13.00 83.00 96.00 NOTE
r-oldrel-windows-ix86+x86_64 1.4 18.00 88.00 106.00 NOTE

Check Details

Version: 1.4
Check: DESCRIPTION meta-information
Result: NOTE
    Malformed Description field: should contain one or more complete sentences.
Flavors: r-devel-linux-x86_64-debian-clang, r-devel-linux-x86_64-debian-gcc, r-devel-linux-x86_64-fedora-clang, r-devel-linux-x86_64-fedora-gcc, r-devel-macos-x86_64-clang, r-devel-windows-ix86+x86_64, r-patched-linux-x86_64, r-patched-solaris-sparc, r-patched-solaris-x86, r-release-linux-x86_64, r-release-osx-x86_64-mavericks, r-release-windows-ix86+x86_64, r-oldrel-windows-ix86+x86_64

Version: 1.4
Check: R code for possible problems
Result: NOTE
    Ssimpute.als: no visible global function definition for ‘rnorm’
    Ssvd.als: no visible global function definition for ‘rnorm’
    cs.default: no visible binding for global variable ‘weighted.mean’
    simpute.als: no visible global function definition for ‘rnorm’
    Undefined global functions or variables:
     rnorm weighted.mean
    Consider adding
     importFrom("stats", "rnorm", "weighted.mean")
    to your NAMESPACE file.
Flavors: r-devel-linux-x86_64-debian-clang, r-devel-linux-x86_64-debian-gcc, r-devel-linux-x86_64-fedora-clang, r-devel-linux-x86_64-fedora-gcc, r-devel-macos-x86_64-clang, r-devel-windows-ix86+x86_64, r-patched-linux-x86_64, r-patched-solaris-sparc, r-patched-solaris-x86, r-release-linux-x86_64, r-release-osx-x86_64-mavericks, r-release-windows-ix86+x86_64