CRAN Package Check Results for Package softImpute

Last updated on 2015-05-23 06:46:58.

Flavor Version Tinstall Tcheck Ttotal Status Flags
r-devel-linux-x86_64-debian-clang 1.4 4.26 44.60 48.86 NOTE
r-devel-linux-x86_64-debian-gcc 1.4 3.15 43.44 46.59 NOTE
r-devel-linux-x86_64-fedora-clang 1.4 96.54 NOTE
r-devel-linux-x86_64-fedora-gcc 1.4 92.65 NOTE
r-devel-osx-x86_64-clang 1.4 79.50 NOTE
r-devel-windows-ix86+x86_64 1.4 13.00 89.00 102.00 NOTE
r-patched-linux-x86_64 1.4 3.32 42.41 45.72 NOTE
r-patched-solaris-sparc 1.4 589.40 NOTE
r-patched-solaris-x86 1.4 128.10 NOTE
r-release-linux-x86_64 1.4 3.26 45.51 48.77 NOTE
r-release-osx-x86_64-mavericks 1.4 NOTE
r-release-osx-x86_64-snowleopard 1.4 ERROR
r-release-windows-ix86+x86_64 1.4 13.00 87.00 100.00 NOTE
r-oldrel-windows-ix86+x86_64 1.4 15.00 91.00 106.00 WARN

Check Details

Version: 1.4
Check: DESCRIPTION meta-information
Result: NOTE
    Malformed Description field: should contain one or more complete sentences.
Flavors: r-devel-linux-x86_64-debian-clang, r-devel-linux-x86_64-debian-gcc, r-devel-linux-x86_64-fedora-clang, r-devel-linux-x86_64-fedora-gcc, r-devel-osx-x86_64-clang, r-devel-windows-ix86+x86_64, r-patched-linux-x86_64, r-patched-solaris-sparc, r-patched-solaris-x86, r-release-linux-x86_64, r-release-osx-x86_64-mavericks, r-release-windows-ix86+x86_64

Version: 1.4
Check: package dependencies
Result: ERROR
    Package suggested but not available for checking: ‘knitr’
    
    VignetteBuilder package required for checking but not installed: ‘knitr’
    
    See section ‘The DESCRIPTION file’ in the ‘Writing R Extensions’
    manual.
Flavor: r-release-osx-x86_64-snowleopard

Version: 1.4
Check: whether package can be installed
Result: WARN
    Found the following significant warnings:
     Warning: class "xMatrix" is defined (with package slot 'Matrix') but no metadata object found to revise subclass information---not exported? Making a copy in package 'softImpute'
Flavor: r-oldrel-windows-ix86+x86_64