CRAN Package Check Results for Package softImpute

Last updated on 2014-09-19 13:47:00.

Flavor Version Tinstall Tcheck Ttotal Status Flags
r-devel-linux-x86_64-debian-clang 1.0 3.64 42.47 46.11 NOTE
r-devel-linux-x86_64-debian-gcc 1.0 3.55 41.94 45.48 NOTE
r-devel-linux-x86_64-fedora-clang 1.0 109.00 NOTE
r-devel-linux-x86_64-fedora-gcc 1.0 103.81 NOTE
r-devel-osx-x86_64-clang 1.0 84.63 NOTE
r-devel-windows-ix86+x86_64 1.0 12.00 78.00 90.00 NOTE
r-patched-linux-x86_64 1.0 4.03 43.54 47.57 NOTE
r-patched-solaris-sparc 1.0 621.30 NOTE
r-patched-solaris-x86 1.0 145.90 NOTE
r-release-linux-ix86 1.0 4.76 54.64 59.39 NOTE
r-release-linux-x86_64 1.0 3.88 44.56 48.45 NOTE
r-release-osx-x86_64-mavericks 1.0 NOTE
r-release-osx-x86_64-snowleopard 1.0 NOTE
r-release-windows-ix86+x86_64 1.0 12.00 87.00 99.00 NOTE
r-oldrel-windows-ix86+x86_64 1.0 13.00 83.00 96.00 NOTE

Check Details

Version: 1.0
Check: dependencies in R code
Result: NOTE
    Package in Depends field not imported from: ‘methods’
     These packages need to be imported from (in the NAMESPACE file)
     for when this namespace is loaded but not attached.
    See the information on DESCRIPTION files in the chapter ‘Creating R
    packages’ of the ‘Writing R Extensions’ manual.
Flavors: r-devel-linux-x86_64-debian-clang, r-devel-linux-x86_64-debian-gcc, r-devel-linux-x86_64-fedora-clang, r-devel-linux-x86_64-fedora-gcc, r-devel-osx-x86_64-clang, r-devel-windows-ix86+x86_64, r-patched-linux-x86_64, r-patched-solaris-sparc, r-patched-solaris-x86, r-release-linux-ix86, r-release-linux-x86_64, r-release-osx-x86_64-mavericks, r-release-windows-ix86+x86_64, r-oldrel-windows-ix86+x86_64

Version: 1.0
Check: Rd line widths
Result: NOTE
    Rd file 'biScale.Rd':
     \usage lines wider than 90 characters:
     biScale(x, maxit = 20, thresh = 1e-09, row.center = TRUE, row.scale = TRUE, col.center = TRUE, col.scale = TRUE, trace = FALSE)
    
    Rd file 'softImpute.Rd':
     \usage lines wider than 90 characters:
     softImpute(x, rank.max = 2, lambda = 0, type = c("als", "svd"), thresh = 1e-05, maxit = 100, trace.it = FALSE, warm.start = NULL, final ... [TRUNCATED]
    
    Rd file 'svd.als.Rd':
     \usage lines wider than 90 characters:
     svd.als(x, rank.max = 2, lambda = 0, thresh = 1e-05, maxit = 100, trace.it = FALSE, warm.start = NULL, final.svd = TRUE)
    
    These lines will be truncated in the PDF manual.
Flavors: r-devel-linux-x86_64-debian-clang, r-devel-linux-x86_64-debian-gcc, r-devel-linux-x86_64-fedora-clang, r-devel-linux-x86_64-fedora-gcc, r-patched-linux-x86_64, r-release-linux-x86_64

Version: 1.0
Check: dependencies in R code
Result: NOTE
    Package in Depends field not imported from: 'methods'
     These packages need to be imported from for the case when
     this namespace is loaded but not attached.
    See the information on DESCRIPTION files in the chapter 'Creating R
    packages' of the 'Writing R Extensions' manual.
Flavor: r-release-osx-x86_64-snowleopard