CRAN Package Check Results for Package softclassval

Last updated on 2014-07-23 05:49:12.

Flavor Version Tinstall Tcheck Ttotal Status Flags
r-devel-linux-x86_64-debian-clang 1.0-20130317 0.84 13.53 14.37 NOTE
r-devel-linux-x86_64-debian-gcc 1.0-20130317 0.73 12.65 13.38 NOTE
r-devel-linux-x86_64-fedora-clang 1.0-20130317 30.12 NOTE
r-devel-linux-x86_64-fedora-gcc 1.0-20130317 28.63 NOTE
r-devel-osx-x86_64-clang 1.0-20130317 32.05 NOTE
r-devel-windows-ix86+x86_64 1.0-20130317 3.00 24.00 27.00 NOTE
r-patched-linux-x86_64 1.0-20130317 0.73 13.28 14.01 NOTE
r-patched-solaris-sparc 1.0-20130317 160.60 NOTE
r-patched-solaris-x86 1.0-20130317 41.70 NOTE
r-release-linux-ix86 1.0-20130317 1.12 20.13 21.25 NOTE
r-release-linux-x86_64 1.0-20130317 0.94 13.52 14.46 NOTE
r-release-osx-x86_64-mavericks 1.0-20130317 NOTE
r-release-osx-x86_64-snowleopard 1.0-20130317 OK
r-release-windows-ix86+x86_64 1.0-20130317 4.00 31.00 35.00 NOTE
r-oldrel-windows-ix86+x86_64 1.0-20130317 3.00 24.00 27.00 NOTE

Check Details

Version: 1.0-20130317
Check: dependencies in R code
Result: NOTE
    Packages in Depends field not imported from:
     ‘arrayhelpers’ ‘methods’
     These packages need to be imported from (in the NAMESPACE file)
     for when this namespace is loaded but not attached.
    See the information on DESCRIPTION files in the chapter ‘Creating R
    packages’ of the ‘Writing R Extensions’ manual.
Flavors: r-devel-linux-x86_64-debian-clang, r-devel-linux-x86_64-debian-gcc, r-devel-linux-x86_64-fedora-clang, r-devel-linux-x86_64-fedora-gcc, r-devel-osx-x86_64-clang, r-devel-windows-ix86+x86_64, r-patched-linux-x86_64, r-patched-solaris-sparc, r-patched-solaris-x86, r-release-linux-ix86, r-release-linux-x86_64, r-release-osx-x86_64-mavericks, r-release-windows-ix86+x86_64, r-oldrel-windows-ix86+x86_64