CRAN Package Check Results for Package softclassval

Last updated on 2014-04-24 21:47:51.

Flavor Version Tinstall Tcheck Ttotal Status Flags
r-devel-linux-x86_64-debian-clang 1.0-20130317 0.79 13.80 14.58 NOTE
r-devel-linux-x86_64-debian-gcc 1.0-20130317 0.81 13.59 14.40 NOTE
r-devel-linux-x86_64-fedora-clang 1.0-20130317 28.51 NOTE
r-devel-linux-x86_64-fedora-gcc 1.0-20130317 27.40 NOTE
r-devel-osx-x86_64-clang 1.0-20130317 32.53 NOTE
r-devel-osx-x86_64-gcc 1.0-20130317 NOTE
r-devel-windows-ix86+x86_64 1.0-20130317 3.00 22.00 25.00 NOTE
r-patched-linux-x86_64 1.0-20130317 0.79 13.56 14.35 NOTE
r-patched-solaris-sparc 1.0-20130317 160.60 NOTE
r-patched-solaris-x86 1.0-20130317 41.70 NOTE
r-release-linux-ix86 1.0-20130317 2.00 29.00 31.00 NOTE
r-release-linux-x86_64 1.0-20130317 0.80 13.15 13.95 NOTE
r-release-osx-x86_64-mavericks 1.0-20130317 WARN
r-release-osx-x86_64-snowleopard 1.0-20130317 OK
r-release-windows-ix86+x86_64 1.0-20130317 6.00 24.00 30.00 NOTE
r-oldrel-windows-ix86+x86_64 1.0-20130317 3.00 24.00 27.00 NOTE

Check Details

Version: 1.0-20130317
Check: dependencies in R code
Result: NOTE
    Packages in Depends field not imported from:
     ‘arrayhelpers’ ‘methods’
     These packages need to be imported from (in the NAMESPACE file)
     for when this namespace is loaded but not attached.
    See the information on DESCRIPTION files in the chapter ‘Creating R
    packages’ of the ‘Writing R Extensions’ manual.
Flavors: r-devel-linux-x86_64-debian-clang, r-devel-linux-x86_64-debian-gcc, r-devel-linux-x86_64-fedora-clang, r-devel-linux-x86_64-fedora-gcc, r-devel-osx-x86_64-clang, r-devel-osx-x86_64-gcc, r-devel-windows-ix86+x86_64, r-patched-linux-x86_64, r-patched-solaris-sparc, r-patched-solaris-x86, r-release-linux-ix86, r-release-linux-x86_64, r-release-osx-x86_64-mavericks, r-release-windows-ix86+x86_64, r-oldrel-windows-ix86+x86_64

Version: 1.0-20130317
Check: PDF version of manual
Result: WARNING
    LaTeX errors when creating PDF version.
    This typically indicates Rd problems.
    LaTeX errors found:
    ! LaTeX Error: File `upquote.sty' not found.
    
    Type X to quit or <RETURN> to proceed,
    or enter new name. (Default extension: sty)
    
    dc3605/Rd2.tex:8: ==> Fatal error occurred, no output PDF file produced!
Flavor: r-release-osx-x86_64-mavericks