CRAN Package Check Results for Package softclassval

Last updated on 2015-03-30 17:49:15.

Flavor Version Tinstall Tcheck Ttotal Status Flags
r-devel-linux-x86_64-debian-clang 1.0-20130317 0.67 12.36 13.03 NOTE
r-devel-linux-x86_64-debian-gcc 1.0-20130317 0.69 11.90 12.59 NOTE
r-devel-linux-x86_64-fedora-clang 1.0-20130317 26.71 NOTE
r-devel-linux-x86_64-fedora-gcc 1.0-20130317 23.54 NOTE
r-devel-osx-x86_64-clang 1.0-20130317 32.35 NOTE
r-prerel-windows-ix86+x86_64 1.0-20130317 4.00 22.00 26.00 NOTE
r-prerel-linux-x86_64 1.0-20130317 0.81 11.94 12.75 NOTE
r-prerel-solaris-sparc 1.0-20130317 173.10 NOTE
r-prerel-solaris-x86 1.0-20130317 36.10 NOTE
r-release-linux-x86_64 1.0-20130317 0.75 13.66 14.41 NOTE
r-release-osx-x86_64-mavericks 1.0-20130317 NOTE
r-release-osx-x86_64-snowleopard 1.0-20130317 OK
r-release-windows-ix86+x86_64 1.0-20130317 3.00 24.00 27.00 NOTE
r-oldrel-windows-ix86+x86_64 1.0-20130317 3.00 24.00 27.00 NOTE

Check Details

Version: 1.0-20130317
Check: DESCRIPTION meta-information
Result: NOTE
    Malformed Description field: should contain one or more complete sentences.
Flavors: r-devel-linux-x86_64-debian-clang, r-devel-linux-x86_64-debian-gcc, r-devel-linux-x86_64-fedora-clang, r-devel-linux-x86_64-fedora-gcc, r-devel-osx-x86_64-clang, r-prerel-windows-ix86+x86_64, r-prerel-linux-x86_64, r-prerel-solaris-sparc, r-prerel-solaris-x86

Version: 1.0-20130317
Check: dependencies in R code
Result: NOTE
    'library' or 'require' call to ‘svUnit’ in package code.
     Please use :: or requireNamespace() instead.
     See section 'Suggested packages' in the 'Writing R Extensions' manual.
    Packages in Depends field not imported from:
     ‘arrayhelpers’ ‘methods’
     These packages need to be imported from (in the NAMESPACE file)
     for when this namespace is loaded but not attached.
Flavors: r-devel-linux-x86_64-debian-clang, r-devel-linux-x86_64-debian-gcc, r-devel-linux-x86_64-fedora-clang, r-devel-linux-x86_64-fedora-gcc, r-devel-osx-x86_64-clang, r-prerel-windows-ix86+x86_64, r-prerel-linux-x86_64, r-prerel-solaris-sparc, r-prerel-solaris-x86, r-release-linux-x86_64, r-release-windows-ix86+x86_64

Version: 1.0-20130317
Check: R code for possible problems
Result: NOTE
    .testoperators: no visible global function definition for ‘checkTrue’
    .testoperators: no visible global function definition for ‘checkEquals’
    .testoperators: no visible global function definition for ‘makeNd’
    .testoperators: no visible global function definition for
     ‘checkEqualsNumeric’
    checkEqualsOrdered: no visible global function definition for
     ‘checkEquals’
    confmat: no visible global function definition for ‘slice’
    confmat: no visible global function definition for ‘ndim’
    confusion: no visible global function definition for ‘groupsum’
    confusion: no visible global function definition for ‘drop1d’
    hardclasses: no visible global function definition for ‘ndim’
    hardclasses: no visible global function definition for ‘numericindex’
    hardclasses: no visible global function definition for ‘makeNd’
    hardclasses: no visible global function definition for ‘lon’
    hardclasses: no visible global function definition for ‘drop1d’
    harden: no visible global function definition for ‘ndim’
    nsamples: no visible global function definition for ‘groupsum’
    softclassval.unittest: no visible binding for global variable ‘is.test’
    softclassval.unittest: no visible global function definition for
     ‘clearLog’
    softclassval.unittest: no visible global function definition for
     ‘runTest’
    softclassval.unittest: no visible global function definition for
     ‘stats’
    softclassval.unittest: no visible global function definition for ‘Log’
    softclassval.unittest: no visible global function definition for
     ‘errorLog’
Flavors: r-devel-linux-x86_64-debian-clang, r-devel-linux-x86_64-debian-gcc, r-devel-linux-x86_64-fedora-clang, r-devel-linux-x86_64-fedora-gcc, r-devel-osx-x86_64-clang, r-prerel-windows-ix86+x86_64, r-prerel-linux-x86_64, r-prerel-solaris-sparc, r-prerel-solaris-x86, r-release-linux-x86_64, r-release-osx-x86_64-mavericks, r-release-windows-ix86+x86_64

Version: 1.0-20130317
Check: dependencies in R code
Result: NOTE
    Packages in Depends field not imported from:
     ‘arrayhelpers’ ‘methods’
     These packages need to be imported from (in the NAMESPACE file)
     for when this namespace is loaded but not attached.
    See the information on DESCRIPTION files in the chapter ‘Creating R
    packages’ of the ‘Writing R Extensions’ manual.
Flavors: r-release-osx-x86_64-mavericks, r-oldrel-windows-ix86+x86_64