CRAN Package Check Results for Package softclassval

Last updated on 2015-07-04 23:47:34.

Flavor Version Tinstall Tcheck Ttotal Status Flags
r-devel-linux-x86_64-debian-clang 1.0-20150416 0.64 11.33 11.97 NOTE
r-devel-linux-x86_64-debian-gcc 1.0-20150416 0.62 11.37 11.99 NOTE
r-devel-linux-x86_64-fedora-clang 1.0-20150416 22.84 NOTE
r-devel-linux-x86_64-fedora-gcc 1.0-20150416 21.17 NOTE
r-devel-osx-x86_64-clang 1.0-20150416 21.37 OK
r-devel-windows-ix86+x86_64 1.0-20150416 3.00 21.00 24.00 NOTE
r-patched-linux-x86_64 1.0-20150416 0.66 11.52 12.18 OK
r-patched-solaris-sparc 1.0-20150416 150.90 OK
r-patched-solaris-x86 1.0-20150416 36.30 OK
r-release-linux-x86_64 1.0-20150416 0.64 11.58 12.22 OK
r-release-osx-x86_64-mavericks 1.0-20150416 OK
r-release-windows-ix86+x86_64 1.0-20150416 4.00 19.00 23.00 OK
r-oldrel-windows-ix86+x86_64 1.0-20150416 4.00 23.00 27.00 OK

Check Details

Version: 1.0-20150416
Check: R code for possible problems
Result: NOTE
    .testoperators: no visible global function definition for ‘runif’
    hardclasses: no visible global function definition for ‘head’
    Undefined global functions or variables:
     head runif
Flavors: r-devel-linux-x86_64-debian-clang, r-devel-linux-x86_64-debian-gcc, r-devel-linux-x86_64-fedora-clang, r-devel-linux-x86_64-fedora-gcc

Version: 1.0-20150416
Check: R code for possible problems
Result: NOTE
    .testoperators: no visible global function definition for 'runif'
    hardclasses: no visible global function definition for 'head'
Flavor: r-devel-windows-ix86+x86_64