CRAN Package Check Results for Package softclassval

Last updated on 2014-08-01 11:48:24.

Flavor Version Tinstall Tcheck Ttotal Status Flags
r-devel-linux-x86_64-debian-clang 1.0-20130317 0.74 12.56 13.30 NOTE
r-devel-linux-x86_64-debian-gcc 1.0-20130317 0.72 13.61 14.33 NOTE
r-devel-linux-x86_64-fedora-clang 1.0-20130317 29.68 NOTE
r-devel-linux-x86_64-fedora-gcc 1.0-20130317 26.66 NOTE
r-devel-osx-x86_64-clang 1.0-20130317 31.75 NOTE
r-devel-windows-ix86+x86_64 1.0-20130317 3.00 22.00 25.00 NOTE
r-patched-linux-x86_64 1.0-20130317 0.74 12.96 13.71 NOTE
r-patched-solaris-sparc 1.0-20130317 170.80 NOTE
r-patched-solaris-x86 1.0-20130317 41.20 NOTE
r-release-linux-ix86 1.0-20130317 1.11 19.78 20.90 NOTE
r-release-linux-x86_64 1.0-20130317 0.80 13.47 14.27 NOTE
r-release-osx-x86_64-mavericks 1.0-20130317 NOTE
r-release-osx-x86_64-snowleopard 1.0-20130317 OK
r-release-windows-ix86+x86_64 1.0-20130317 3.00 30.00 33.00 NOTE
r-oldrel-windows-ix86+x86_64 1.0-20130317 6.00 32.00 38.00 NOTE

Check Details

Version: 1.0-20130317
Check: dependencies in R code
Result: NOTE
    Packages in Depends field not imported from:
     arrayhelpers methods
     These packages need to be imported from (in the NAMESPACE file)
     for when this namespace is loaded but not attached.
    See the information on DESCRIPTION files in the chapter Creating R
    packages of the Writing R Extensions manual.
Flavors: r-devel-linux-x86_64-debian-clang, r-devel-linux-x86_64-debian-gcc, r-devel-linux-x86_64-fedora-clang, r-devel-linux-x86_64-fedora-gcc, r-devel-osx-x86_64-clang, r-devel-windows-ix86+x86_64, r-patched-linux-x86_64, r-patched-solaris-sparc, r-patched-solaris-x86, r-release-linux-ix86, r-release-linux-x86_64, r-release-osx-x86_64-mavericks, r-release-windows-ix86+x86_64, r-oldrel-windows-ix86+x86_64