CRAN Package Check Results for Package softclassval

Last updated on 2021-10-19 01:49:53 CEST.

Flavor Version Tinstall Tcheck Ttotal Status Flags
r-devel-linux-x86_64-debian-clang 1.0-20160527 2.35 28.56 30.91 NOTE
r-devel-linux-x86_64-debian-gcc 1.0-20160527 2.14 22.87 25.01 NOTE
r-devel-linux-x86_64-fedora-clang 1.0-20160527 48.34 NOTE
r-devel-linux-x86_64-fedora-gcc 1.0-20160527 36.63 NOTE
r-devel-windows-x86_64 1.0-20160527 5.00 41.00 46.00 NOTE
r-devel-windows-x86_64-gcc10-UCRT 1.0-20160527 NOTE
r-patched-linux-x86_64 1.0-20160527 2.73 27.75 30.48 NOTE
r-patched-solaris-x86 1.0-20160527 58.90 NOTE
r-release-linux-x86_64 1.0-20160527 2.62 27.80 30.42 NOTE
r-release-macos-arm64 1.0-20160527 NOTE
r-release-macos-x86_64 1.0-20160527 NOTE
r-release-windows-ix86+x86_64 1.0-20160527 5.00 53.00 58.00 NOTE
r-oldrel-macos-x86_64 1.0-20160527 OK
r-oldrel-windows-ix86+x86_64 1.0-20160527 7.00 53.00 60.00 OK

Check Details

Version: 1.0-20160527
Check: LazyData
Result: NOTE
     'LazyData' is specified without a 'data' directory
Flavors: r-devel-linux-x86_64-debian-clang, r-devel-linux-x86_64-debian-gcc, r-devel-linux-x86_64-fedora-clang, r-devel-linux-x86_64-fedora-gcc, r-devel-windows-x86_64, r-devel-windows-x86_64-gcc10-UCRT, r-patched-linux-x86_64, r-patched-solaris-x86, r-release-linux-x86_64, r-release-macos-arm64, r-release-macos-x86_64, r-release-windows-ix86+x86_64