CRAN Package Check Results for Package softclassval

Last updated on 2016-05-24 15:46:58.

Flavor Version Tinstall Tcheck Ttotal Status Flags
r-devel-linux-x86_64-debian-gcc 1.0-20150416 0.63 11.92 12.55 NOTE
r-devel-linux-x86_64-fedora-clang 1.0-20150416 21.62 NOTE
r-devel-linux-x86_64-fedora-gcc 1.0-20150416 20.02 NOTE
r-devel-osx-x86_64-clang 1.0-20150416 24.79 NOTE
r-devel-windows-ix86+x86_64 1.0-20150416 3.00 36.00 39.00 NOTE
r-patched-linux-x86_64 1.0-20150416 0.64 11.79 12.43 NOTE
r-patched-solaris-sparc 1.0-20150416 129.30 NOTE
r-patched-solaris-x86 1.0-20150416 29.90 NOTE
r-release-linux-x86_64 1.0-20150416 0.69 11.90 12.59 NOTE
r-release-osx-x86_64-mavericks 1.0-20150416 NOTE
r-release-windows-ix86+x86_64 1.0-20150416 3.00 36.00 39.00 NOTE
r-oldrel-windows-ix86+x86_64 1.0-20150416 3.00 31.00 34.00 OK

Check Details

Version: 1.0-20150416
Check: R code for possible problems
Result: NOTE
    .testoperators: no visible global function definition for ‘runif’
    hardclasses: no visible global function definition for ‘head’
    Undefined global functions or variables:
     head runif
    Consider adding
     importFrom("stats", "runif")
     importFrom("utils", "head")
    to your NAMESPACE file.
Flavors: r-devel-linux-x86_64-debian-gcc, r-devel-linux-x86_64-fedora-clang, r-devel-linux-x86_64-fedora-gcc, r-devel-osx-x86_64-clang, r-devel-windows-ix86+x86_64, r-patched-linux-x86_64, r-patched-solaris-sparc, r-patched-solaris-x86, r-release-linux-x86_64, r-release-osx-x86_64-mavericks, r-release-windows-ix86+x86_64