CRAN Package Check Results for Package softclassval

Last updated on 2015-09-01 10:51:11.

Flavor Version Tinstall Tcheck Ttotal Status Flags
r-devel-linux-x86_64-debian-clang 1.0-20150416 0.76 11.41 12.17 NOTE
r-devel-linux-x86_64-debian-gcc 1.0-20150416 0.67 11.12 11.79 NOTE
r-devel-linux-x86_64-fedora-clang 1.0-20150416 22.25 NOTE
r-devel-linux-x86_64-fedora-gcc 1.0-20150416 21.26 NOTE
r-devel-osx-x86_64-clang 1.0-20150416 21.03 OK
r-devel-windows-ix86+x86_64 1.0-20150416 3.00 25.00 28.00 NOTE
r-patched-linux-x86_64 1.0-20150416 0.66 11.79 12.45 OK
r-patched-solaris-sparc 1.0-20150416 154.00 OK
r-patched-solaris-x86 1.0-20150416 37.00 OK
r-release-linux-x86_64 1.0-20150416 0.67 12.36 13.03 OK
r-release-osx-x86_64-mavericks 1.0-20150416 OK
r-release-windows-ix86+x86_64 1.0-20150416 6.00 21.00 27.00 OK
r-oldrel-windows-ix86+x86_64 1.0-20150416 4.00 23.00 27.00 OK

Check Details

Version: 1.0-20150416
Check: R code for possible problems
Result: NOTE
    .testoperators: no visible global function definition for ‘runif’
    hardclasses: no visible global function definition for ‘head’
    Undefined global functions or variables:
     head runif
    Consider adding
     importFrom("stats", "runif")
     importFrom("utils", "head")
    to your NAMESPACE.
Flavors: r-devel-linux-x86_64-debian-clang, r-devel-linux-x86_64-debian-gcc, r-devel-linux-x86_64-fedora-clang, r-devel-linux-x86_64-fedora-gcc, r-devel-windows-ix86+x86_64