CRAN Package Check Results for Package softclassval

Last updated on 2014-10-31 23:47:41.

Flavor Version Tinstall Tcheck Ttotal Status Flags
r-devel-linux-x86_64-debian-clang 1.0-20130317 0.70 13.12 13.82 NOTE
r-devel-linux-x86_64-debian-gcc 1.0-20130317 0.81 13.06 13.88 NOTE
r-devel-linux-x86_64-fedora-clang 1.0-20130317 28.82 NOTE
r-devel-linux-x86_64-fedora-gcc 1.0-20130317 27.50 NOTE
r-devel-osx-x86_64-clang 1.0-20130317 31.84 NOTE
r-devel-windows-ix86+x86_64 1.0-20130317 3.00 21.00 24.00 NOTE
r-patched-linux-x86_64 1.0-20130317 0.73 13.55 14.28 NOTE
r-patched-solaris-sparc 1.0-20130317 174.10 NOTE
r-patched-solaris-x86 1.0-20130317 42.60 NOTE
r-release-linux-ix86 1.0-20130317 1.13 20.34 21.47 NOTE
r-release-linux-x86_64 1.0-20130317 0.76 13.78 14.55 NOTE
r-release-osx-x86_64-mavericks 1.0-20130317 NOTE
r-release-osx-x86_64-snowleopard 1.0-20130317 OK
r-release-windows-ix86+x86_64 1.0-20130317 3.00 30.00 33.00 NOTE
r-oldrel-windows-ix86+x86_64 1.0-20130317 6.00 32.00 38.00 NOTE

Check Details

Version: 1.0-20130317
Check: dependencies in R code
Result: NOTE
    Packages in Depends field not imported from:
     ‘arrayhelpers’ ‘methods’
     These packages need to be imported from (in the NAMESPACE file)
     for when this namespace is loaded but not attached.
    See the information on DESCRIPTION files in the chapter ‘Creating R
    packages’ of the ‘Writing R Extensions’ manual.
Flavors: r-devel-linux-x86_64-debian-clang, r-devel-linux-x86_64-debian-gcc, r-devel-linux-x86_64-fedora-clang, r-devel-linux-x86_64-fedora-gcc, r-devel-osx-x86_64-clang, r-devel-windows-ix86+x86_64, r-patched-linux-x86_64, r-patched-solaris-sparc, r-patched-solaris-x86, r-release-linux-ix86, r-release-linux-x86_64, r-release-osx-x86_64-mavericks, r-release-windows-ix86+x86_64, r-oldrel-windows-ix86+x86_64

Version: 1.0-20130317
Check: R code for possible problems
Result: NOTE
    .testoperators: no visible global function definition for ‘checkTrue’
    .testoperators: no visible global function definition for ‘checkEquals’
    .testoperators: no visible global function definition for ‘makeNd’
    .testoperators: no visible global function definition for
     ‘checkEqualsNumeric’
    checkEqualsOrdered: no visible global function definition for
     ‘checkEquals’
    confmat: no visible global function definition for ‘slice’
    confmat: no visible global function definition for ‘ndim’
    confusion: no visible global function definition for ‘groupsum’
    confusion: no visible global function definition for ‘drop1d’
    hardclasses: no visible global function definition for ‘ndim’
    hardclasses: no visible global function definition for ‘numericindex’
    hardclasses: no visible global function definition for ‘makeNd’
    hardclasses: no visible global function definition for ‘lon’
    hardclasses: no visible global function definition for ‘drop1d’
    harden: no visible global function definition for ‘ndim’
    nsamples: no visible global function definition for ‘groupsum’
    softclassval.unittest: no visible binding for global variable ‘is.test’
    softclassval.unittest: no visible global function definition for
     ‘clearLog’
    softclassval.unittest: no visible global function definition for
     ‘runTest’
    softclassval.unittest: no visible global function definition for
     ‘stats’
    softclassval.unittest: no visible global function definition for ‘Log’
    softclassval.unittest: no visible global function definition for
     ‘errorLog’
Flavors: r-devel-linux-x86_64-debian-clang, r-devel-linux-x86_64-debian-gcc, r-devel-linux-x86_64-fedora-clang, r-devel-linux-x86_64-fedora-gcc, r-devel-osx-x86_64-clang, r-devel-windows-ix86+x86_64, r-patched-linux-x86_64, r-patched-solaris-sparc, r-patched-solaris-x86