CRAN Package Check Results for Package softclassval

Last updated on 2016-02-10 02:49:22.

Flavor Version Tinstall Tcheck Ttotal Status Flags
r-devel-linux-x86_64-debian-gcc 1.0-20150416 0.65 11.10 11.75 NOTE
r-devel-linux-x86_64-fedora-clang 1.0-20150416 21.30 NOTE
r-devel-linux-x86_64-fedora-gcc 1.0-20150416 19.69 NOTE
r-devel-osx-x86_64-clang 1.0-20150416 25.16 NOTE
r-devel-windows-ix86+x86_64 1.0-20150416 5.00 29.00 34.00 NOTE
r-patched-linux-x86_64 1.0-20150416 0.84 11.57 12.41 OK
r-patched-solaris-sparc 1.0-20150416 136.20 OK
r-patched-solaris-x86 1.0-20150416 30.40 OK
r-release-linux-x86_64 1.0-20150416 0.84 11.57 12.41 OK
r-release-osx-x86_64-mavericks 1.0-20150416 OK
r-release-windows-ix86+x86_64 1.0-20150416 4.00 31.00 35.00 OK
r-oldrel-windows-ix86+x86_64 1.0-20150416 4.00 23.00 27.00 OK

Check Details

Version: 1.0-20150416
Check: R code for possible problems
Result: NOTE
    .testoperators: no visible global function definition for ‘runif’
    hardclasses: no visible global function definition for ‘head’
    Undefined global functions or variables:
     head runif
    Consider adding
     importFrom("stats", "runif")
     importFrom("utils", "head")
    to your NAMESPACE file.
Flavors: r-devel-linux-x86_64-debian-gcc, r-devel-linux-x86_64-fedora-clang, r-devel-linux-x86_64-fedora-gcc, r-devel-osx-x86_64-clang, r-devel-windows-ix86+x86_64