CRAN Package Check Results for Package soil.spec

Last updated on 2014-08-30 21:47:36.

Flavor Version Tinstall Tcheck Ttotal Status Flags
r-devel-linux-x86_64-debian-clang 2.1.3 0.81 19.13 19.94 NOTE
r-devel-linux-x86_64-debian-gcc 2.1.3 0.79 19.86 20.66 NOTE
r-devel-linux-x86_64-fedora-clang 2.1.3 41.01 NOTE
r-devel-linux-x86_64-fedora-gcc 2.1.3 38.48 NOTE
r-devel-osx-x86_64-clang 2.1.3 37.04 NOTE
r-devel-windows-ix86+x86_64 2.1.3 5.00 31.00 36.00 NOTE
r-patched-linux-x86_64 2.1.3 0.86 20.22 21.08 OK
r-patched-solaris-sparc 2.1.3 245.70 OK
r-patched-solaris-x86 2.1.3 52.30 OK
r-release-linux-ix86 2.1.3 1.30 27.84 29.14 OK
r-release-linux-x86_64 2.1.3 0.87 20.48 21.35 OK
r-release-osx-x86_64-mavericks 2.1.3 OK
r-release-osx-x86_64-snowleopard 2.1.3 OK
r-release-windows-ix86+x86_64 2.1.3 3.00 51.00 54.00 OK
r-oldrel-windows-ix86+x86_64 2.1.3 6.00 33.00 39.00 OK

Check Details

Version: 2.1.3
Check: R code for possible problems
Result: NOTE
    read.spc: no visible global function definition for ‘blockString’
    regr: no visible global function definition for ‘tune.svm’
    regr: no visible global function definition for ‘tune.control’
    regr: no visible global function definition for ‘svm’
Flavors: r-devel-linux-x86_64-debian-clang, r-devel-linux-x86_64-debian-gcc, r-devel-linux-x86_64-fedora-clang, r-devel-linux-x86_64-fedora-gcc, r-devel-osx-x86_64-clang, r-devel-windows-ix86+x86_64