CRAN Package Check Results for Package soil.spec

Last updated on 2015-03-30 17:49:16.

Flavor Version Tinstall Tcheck Ttotal Status Flags
r-devel-linux-x86_64-debian-clang 2.1.4 6.78 72.66 79.44 NOTE
r-devel-linux-x86_64-debian-gcc 2.1.4 5.54 70.54 76.08 NOTE
r-devel-linux-x86_64-fedora-clang 2.1.4 166.50 NOTE
r-devel-linux-x86_64-fedora-gcc 2.1.4 156.10 NOTE
r-devel-osx-x86_64-clang 2.1.4 137.37 NOTE
r-prerel-windows-ix86+x86_64 2.1.4 15.00 108.00 123.00 NOTE
r-prerel-linux-x86_64 2.1.4 5.88 71.92 77.80 NOTE
r-prerel-solaris-sparc 2.1.4 889.30 ERROR
r-prerel-solaris-x86 2.1.4 222.30 NOTE
r-release-linux-x86_64 2.1.4 10.18 117.44 127.62 NOTE
r-release-osx-x86_64-mavericks 2.1.4 ERROR
r-release-osx-x86_64-snowleopard 2.1.4 ERROR
r-release-windows-ix86+x86_64 2.1.4 32.00 184.00 216.00 NOTE
r-oldrel-windows-ix86+x86_64 2.1.4 33.00 190.00 223.00 OK

Check Details

Version: 2.1.4
Check: dependencies in R code
Result: NOTE
    'library' or 'require' calls in package code:
     ‘chemometrics’ ‘spatstat’
     Please use :: or requireNamespace() instead.
     See section 'Suggested packages' in the 'Writing R Extensions' manual.
Flavors: r-devel-linux-x86_64-debian-clang, r-devel-linux-x86_64-debian-gcc, r-devel-linux-x86_64-fedora-clang, r-devel-linux-x86_64-fedora-gcc, r-devel-osx-x86_64-clang, r-prerel-windows-ix86+x86_64, r-prerel-linux-x86_64, r-prerel-solaris-sparc, r-prerel-solaris-x86, r-release-linux-x86_64, r-release-windows-ix86+x86_64

Version: 2.1.4
Check: S3 generic/method consistency
Result: NOTE
    Found the following apparent S3 methods exported but not registered:
     plot.Spectra plot.ken.sto plot.trans predict.SpectraPoints
    See section ‘Registering S3 methods’ in the ‘Writing R Extensions’
    manual.
Flavors: r-devel-linux-x86_64-debian-clang, r-devel-linux-x86_64-debian-gcc, r-devel-linux-x86_64-fedora-clang, r-devel-linux-x86_64-fedora-gcc, r-devel-osx-x86_64-clang, r-prerel-linux-x86_64

Version: 2.1.4
Check: examples
Result: ERROR
    Running examples in ‘soil.spec-Ex.R’ failed
    The error most likely occurred in:
    
    > ### Name: read.opus-method
    > ### Title: Reads binary OPUS files containing spectroscopy
    > ### Aliases: read.opus read.opus,character-method read.opus,list-method
    > ### Keywords: methods
    >
    > ### ** Examples
    >
    > ## Original binary Opus files:
    > pth = system.file(package = "soil.spec")
    > lst <- as.list(list.files(path=pth, pattern="*.0$", full.names=TRUE))
    > file.info(lst[[1]])
     size isdir mode
    /home/ripley/R/Lib32/soil.spec/icr_087266_B2.0 167196 FALSE 644
     mtime
    /home/ripley/R/Lib32/soil.spec/icr_087266_B2.0 2015-03-09 01:52:01
     ctime
    /home/ripley/R/Lib32/soil.spec/icr_087266_B2.0 2015-03-09 01:53:12
     atime uid gid
    /home/ripley/R/Lib32/soil.spec/icr_087266_B2.0 2015-03-25 02:05:14 501 1
     uname grname
    /home/ripley/R/Lib32/soil.spec/icr_087266_B2.0 ripley other
    > xx <- read.opus(lst)
    Error in seq.default(lxv, fxv, (fxv - lxv)/(NPT1 - 1)) :
     wrong sign in 'by' argument
    Calls: read.opus ... read.opus -> lapply -> FUN -> rev -> seq -> seq.default
    Execution halted
Flavor: r-prerel-solaris-sparc

Version: 2.1.4
Check: package dependencies
Result: ERROR
    Package required but not available: ‘GSIF’
    
    Packages suggested but not available for checking: ‘plotKML’ ‘rgdal’
    
    See section ‘The DESCRIPTION file’ in the ‘Writing R Extensions’
    manual.
Flavor: r-release-osx-x86_64-mavericks

Version: 2.1.4
Check: package dependencies
Result: ERROR
    Package required but not available: ‘GSIF’
    
    Package suggested but not available for checking: ‘plotKML’
    
    See section ‘The DESCRIPTION file’ in the ‘Writing R Extensions’
    manual.
Flavor: r-release-osx-x86_64-snowleopard