CRAN Package Check Results for Package soil.spec

Last updated on 2014-10-30 19:49:05.

Flavor Version Tinstall Tcheck Ttotal Status Flags
r-devel-linux-x86_64-debian-clang 2.1.3 0.82 20.24 21.06 NOTE
r-devel-linux-x86_64-debian-gcc 2.1.3 0.83 20.25 21.08 NOTE
r-devel-linux-x86_64-fedora-clang 2.1.3 40.81 NOTE
r-devel-linux-x86_64-fedora-gcc 2.1.3 39.37 NOTE
r-devel-osx-x86_64-clang 2.1.3 40.08 NOTE
r-devel-windows-ix86+x86_64 2.1.3 3.00 27.00 30.00 NOTE
r-patched-linux-x86_64 2.1.3 0.84 20.64 21.48 NOTE
r-patched-solaris-sparc 2.1.3 245.70 OK
r-patched-solaris-x86 2.1.3 53.30 NOTE
r-release-linux-ix86 2.1.3 1.32 28.26 29.58 OK
r-release-linux-x86_64 2.1.3 1.12 22.03 23.15 OK
r-release-osx-x86_64-mavericks 2.1.3 OK
r-release-osx-x86_64-snowleopard 2.1.3 OK
r-release-windows-ix86+x86_64 2.1.3 3.00 33.00 36.00 OK
r-oldrel-windows-ix86+x86_64 2.1.3 4.00 34.00 38.00 OK

Check Details

Version: 2.1.3
Check: R code for possible problems
Result: NOTE
    read.spc: no visible global function definition for ‘blockString’
    regr: no visible global function definition for ‘tune.svm’
    regr: no visible global function definition for ‘tune.control’
    regr: no visible global function definition for ‘svm’
Flavors: r-devel-linux-x86_64-debian-clang, r-devel-linux-x86_64-debian-gcc, r-devel-linux-x86_64-fedora-clang, r-devel-linux-x86_64-fedora-gcc, r-devel-osx-x86_64-clang, r-devel-windows-ix86+x86_64, r-patched-linux-x86_64, r-patched-solaris-x86