CRAN Package Check Results for Package soil.spec

Last updated on 2014-09-23 07:50:19.

Flavor Version Tinstall Tcheck Ttotal Status Flags
r-devel-linux-x86_64-debian-clang 2.1.3 0.82 20.98 21.81 NOTE
r-devel-linux-x86_64-debian-gcc 2.1.3 0.80 19.48 20.29 NOTE
r-devel-linux-x86_64-fedora-clang 2.1.3 42.06 NOTE
r-devel-linux-x86_64-fedora-gcc 2.1.3 39.76 NOTE
r-devel-osx-x86_64-clang 2.1.3 39.25 NOTE
r-devel-windows-ix86+x86_64 2.1.3 4.00 30.00 34.00 NOTE
r-patched-linux-x86_64 2.1.3 0.84 20.46 21.30 OK
r-patched-solaris-sparc 2.1.3 245.70 OK
r-patched-solaris-x86 2.1.3 54.60 OK
r-release-linux-ix86 2.1.3 1.30 28.21 29.50 OK
r-release-linux-x86_64 2.1.3 0.88 21.30 22.17 OK
r-release-osx-x86_64-mavericks 2.1.3 OK
r-release-osx-x86_64-snowleopard 2.1.3 OK
r-release-windows-ix86+x86_64 2.1.3 4.00 34.00 38.00 OK
r-oldrel-windows-ix86+x86_64 2.1.3 4.00 35.00 39.00 OK

Check Details

Version: 2.1.3
Check: R code for possible problems
Result: NOTE
    read.spc: no visible global function definition for ‘blockString’
    regr: no visible global function definition for ‘tune.svm’
    regr: no visible global function definition for ‘tune.control’
    regr: no visible global function definition for ‘svm’
Flavors: r-devel-linux-x86_64-debian-clang, r-devel-linux-x86_64-debian-gcc, r-devel-linux-x86_64-fedora-clang, r-devel-linux-x86_64-fedora-gcc, r-devel-osx-x86_64-clang, r-devel-windows-ix86+x86_64