CRAN Package Check Results for Package soil.spec

Last updated on 2014-12-22 01:47:47.

Flavor Version Tinstall Tcheck Ttotal Status Flags
r-devel-linux-x86_64-debian-clang 2.1.4 8.88 106.58 115.46 OK
r-devel-linux-x86_64-debian-gcc 2.1.4 8.51 103.67 112.18 OK
r-devel-linux-x86_64-fedora-clang 2.1.4 161.32 OK
r-devel-linux-x86_64-fedora-gcc 2.1.4 252.84 OK
r-devel-osx-x86_64-clang 2.1.4 138.26 OK
r-devel-windows-ix86+x86_64 2.1.4 28.00 171.00 199.00 OK
r-patched-linux-x86_64 2.1.4 9.12 115.06 124.18 OK
r-patched-solaris-sparc 2.1.4 1263.80 ERROR
r-patched-solaris-x86 2.1.4 345.50 OK
r-release-linux-ix86 2.1.4 10.55 125.44 135.98 OK
r-release-linux-x86_64 2.1.4 9.26 113.25 122.51 OK
r-release-osx-x86_64-mavericks 2.1.4 ERROR
r-release-osx-x86_64-snowleopard 2.1.4 ERROR
r-release-windows-ix86+x86_64 2.1.4 34.00 185.00 219.00 OK
r-oldrel-windows-ix86+x86_64 2.1.4 26.00 195.00 221.00 OK

Check Details

Version: 2.1.4
Check: examples
Result: ERROR
    Running examples in ‘soil.spec-Ex.R’ failed
    The error most likely occurred in:
    
    > ### Name: read.opus-method
    > ### Title: Reads binary OPUS files containing spectroscopy
    > ### Aliases: read.opus read.opus,character-method read.opus,list-method
    > ### Keywords: methods
    >
    > ### ** Examples
    >
    > ## Original binary Opus files:
    > pth = system.file(package = "soil.spec")
    > lst <- as.list(list.files(path=pth, pattern="*.0$", full.names=TRUE))
    > file.info(lst[[1]])
     size isdir mode
    /home/ripley/R/Lib32/soil.spec/icr_087266_B2.0 167196 FALSE 644
     mtime
    /home/ripley/R/Lib32/soil.spec/icr_087266_B2.0 2014-12-17 15:27:22
     ctime
    /home/ripley/R/Lib32/soil.spec/icr_087266_B2.0 2014-12-17 15:29:04
     atime uid gid
    /home/ripley/R/Lib32/soil.spec/icr_087266_B2.0 2014-12-17 15:27:22 501 1
     uname grname
    /home/ripley/R/Lib32/soil.spec/icr_087266_B2.0 ripley other
    > xx <- read.opus(lst)
    Error in seq.default(lxv, fxv, (fxv - lxv)/(NPT1 - 1)) :
     wrong sign in 'by' argument
    Calls: read.opus ... read.opus -> lapply -> FUN -> rev -> seq -> seq.default
    Execution halted
Flavor: r-patched-solaris-sparc

Version: 2.1.4
Check: package dependencies
Result: ERROR
    Package required but not available: ‘GSIF’
    
    Packages suggested but not available for checking: ‘plotKML’ ‘rgdal’
    
    See the information on DESCRIPTION files in the chapter ‘Creating R
    packages’ of the ‘Writing R Extensions’ manual.
Flavor: r-release-osx-x86_64-mavericks

Version: 2.1.4
Check: package dependencies
Result: ERROR
    Package required but not available: ‘GSIF’
    
    Package suggested but not available for checking: ‘plotKML’
    
    See the information on DESCRIPTION files in the chapter ‘Creating R
    packages’ of the ‘Writing R Extensions’ manual.
Flavor: r-release-osx-x86_64-snowleopard