CRAN Package Check Results for Package soil.spec

Last updated on 2015-04-25 10:48:26.

Flavor Version Tinstall Tcheck Ttotal Status Flags
r-devel-linux-x86_64-debian-clang 2.1.4 0.45 1.56 2.00 ERROR
r-devel-linux-x86_64-debian-gcc 2.1.4 5.52 75.32 80.84 NOTE
r-devel-linux-x86_64-fedora-clang 2.1.4 165.78 NOTE
r-devel-linux-x86_64-fedora-gcc 2.1.4 159.71 NOTE
r-devel-osx-x86_64-clang 2.1.4 127.57 NOTE
r-devel-windows-ix86+x86_64 2.1.4 15.00 108.00 123.00 NOTE
r-patched-linux-x86_64 2.1.4 5.68 72.62 78.30 NOTE
r-patched-solaris-sparc 2.1.4 889.30 ERROR
r-patched-solaris-x86 2.1.4 217.40 NOTE
r-release-linux-x86_64 2.1.4 5.51 70.38 75.88 NOTE
r-release-osx-x86_64-mavericks 2.1.4 ERROR
r-release-osx-x86_64-snowleopard 2.1.4 ERROR
r-release-windows-ix86+x86_64 2.1.4 15.00 112.00 127.00 NOTE
r-oldrel-windows-ix86+x86_64 2.1.4 24.00 154.00 178.00 NOTE

Check Details

Version: 2.1.4
Check: dependencies in R code
Result: NOTE
    'library' or 'require' calls in package code:
     'chemometrics' 'spatstat'
     Please use :: or requireNamespace() instead.
     See section 'Suggested packages' in the 'Writing R Extensions' manual.
Flavors: r-devel-windows-ix86+x86_64, r-patched-linux-x86_64, r-release-windows-ix86+x86_64, r-oldrel-windows-ix86+x86_64

Version: 2.1.4
Check: S3 generic/method consistency
Result: NOTE
    Found the following apparent S3 methods exported but not registered:
     plot.Spectra plot.ken.sto plot.trans predict.SpectraPoints
    See section ‘Registering S3 methods’ in the ‘Writing R Extensions’
    manual.
Flavor: r-patched-linux-x86_64

Version: 2.1.4
Check: for portable file names
Result: NOTE
    Found the following non-portable file paths:
     soil.spec/soil.spec/soil.spec/soil.spec/soil.spec/soil.spec/soil.spec/soil.spec/R/predict.SpectraPoints.R
     soil.spec/soil.spec/soil.spec/soil.spec/soil.spec/soil.spec/soil.spec/soil.spec/man/fit.SpectraModel.Rd
     soil.spec/soil.spec/soil.spec/soil.spec/soil.spec/soil.spec/soil.spec/soil.spec/man/predict.SpectraPoints.Rd
     soil.spec/soil.spec/soil.spec/soil.spec/soil.spec/soil.spec/soil.spec/soil.spec/man/spectra.outliers.Rd
     soil.spec/soil.spec/soil.spec/soil.spec/soil.spec/soil.spec/soil.spec/soil.spec/soil.spec/DESCRIPTION
     soil.spec/soil.spec/soil.spec/soil.spec/soil.spec/soil.spec/soil.spec/soil.spec/soil.spec/R/AAA-classes.R
     soil.spec/soil.spec/soil.spec/soil.spec/soil.spec/soil.spec/soil.spec/soil.spec/soil.spec/R/fit.SpectraModel.R
     soil.spec/soil.spec/soil.spec/soil.spec/soil.spec/soil.spec/soil.spec/soil.spec/soil.spec/R/ken.sto.R
     soil.spec/soil.spec/soil.spec/soil.spec/soil.spec/soil.spec/soil.spec/soil.spec/soil.spec/R/plot.spectra.R
     soil.spec/soil.spec/soil.spec/soil.spec/soil.spec/soil.spec/soil.spec/soil.spec/soil.spec/R/plot.trans.R
     soil.spec/soil.spec/soil.spec/soil.spec/soil.spec/soil.spec/soil.spec/soil.spec/soil.spec/R/predict.SpectraPoints.R
     soil.spec/soil.spec/soil.spec/soil.spec/soil.spec/soil.spec/soil.spec/soil.spec/soil.spec/R/read.opus.R
     soil.spec/soil.spec/soil.spec/soil.spec/soil.spec/soil.spec/soil.spec/soil.spec/soil.spec/R/read.spc.R
     soil.spec/soil.spec/soil.spec/soil.spec/soil.spec/soil.spec/soil.spec/soil.spec/soil.spec/R/reshape.R
     soil.spec/soil.spec/soil.spec/soil.spec/soil.spec/soil.spec/soil.spec/soil.spec/soil.spec/R/spec.env.R
     soil.spec/soil.spec/soil.spec/soil.spec/soil.spec/soil.spec/soil.spec/soil.spec/soil.spec/R/spectra.R
     soil.spec/soil.spec/soil.spec/soil.spec/soil.spec/soil.spec/soil.spec/soil.spec/soil.spec/R/spectra.outliers.R
     soil.spec/soil.spec/soil.spec/soil.spec/soil.spec/soil.spec/soil.spec/soil.spec/soil.spec/R/validate.R
     soil.spec/soil.spec/soil.spec/soil.spec/soil.spec/soil.spec/soil.spec/soil.spec/soil.spec/data/afspec.rda
     soil.spec/soil.spec/soil.spec/soil.spec/soil.spec/soil.spec/soil.spec/soil.spec/soil.spec/data/afss.rda
     soil.spec/soil.spec/soil.spec/soil.spec/soil.spec/soil.spec/soil.spec/soil.spec/soil.spec/data/datalist
     soil.spec/soil.spec/soil.spec/soil.spec/soil.spec/soil.spec/soil.spec/soil.spec/soil.spec/data/m.ALUM3S.rda
     soil.spec/soil.spec/soil.spec/soil.spec/soil.spec/soil.spec/soil.spec/soil.spec/soil.spec/data/m.ECAM3S.rda
     soil.spec/soil.spec/soil.spec/soil.spec/soil.spec/soil.spec/soil.spec/soil.spec/soil.spec/data/m.EMGM3S.rda
     soil.spec/soil.spec/soil.spec/soil.spec/soil.spec/soil.spec/soil.spec/soil.spec/soil.spec/data/m.ENAM3S.rda
     soil.spec/soil.spec/soil.spec/soil.spec/soil.spec/soil.spec/soil.spec/soil.spec/soil.spec/data/m.EXB.rda
     soil.spec/soil.spec/soil.spec/soil.spec/soil.spec/soil.spec/soil.spec/soil.spec/soil.spec/data/m.EXKM3S.rda
     soil.spec/soil.spec/soil.spec/soil.spec/soil.spec/soil.spec/soil.spec/soil.spec/soil.spec/data/m.NITCNS.rda
     soil.spec/soil.spec/soil.spec/soil.spec/soil.spec/soil.spec/soil.spec/soil.spec/soil.spec/data/m.ORCCNS.rda
     soil.spec/soil.spec/soil.spec/soil.spec/soil.spec/soil.spec/soil.spec/soil.spec/soil.spec/data/m.PHIHOX.rda
     soil.spec/soil.spec/soil.spec/soil.spec/soil.spec/soil.spec/soil.spec/soil.spec/soil.spec/data/m.SNDLDF.rda
     soil.spec/soil.spec/soil.spec/soil.spec/soil.spec/soil.spec/soil.spec/soil.spec/soil.spec/data/wavenumbers.rda
     soil.spec/soil.spec/soil.spec/soil.spec/soil.spec/soil.spec/soil.spec/soil.spec/soil.spec/inst/icr_087266_B2.0
     soil.spec/soil.spec/soil.spec/soil.spec/soil.spec/soil.spec/soil.spec/soil.spec/soil.spec/inst/icr_087273_G3.0
     soil.spec/soil.spec/soil.spec/soil.spec/soil.spec/soil.spec/soil.spec/soil.spec/soil.spec/inst/icr_087273_H3.0
     soil.spec/soil.spec/soil.spec/soil.spec/soil.spec/soil.spec/soil.spec/soil.spec/soil.spec/man/SpectraPoints.Rd
     soil.spec/soil.spec/soil.spec/soil.spec/soil.spec/soil.spec/soil.spec/soil.spec/soil.spec/man/afspec.Rd
     soil.spec/soil.spec/soil.spec/soil.spec/soil.spec/soil.spec/soil.spec/soil.spec/soil.spec/man/afss.Rd
     soil.spec/soil.spec/soil.spec/soil.spec/soil.spec/soil.spec/soil.spec/soil.spec/soil.spec/man/fit.SpectraModel.Rd
     soil.spec/soil.spec/soil.spec/soil.spec/soil.spec/soil.spec/soil.spec/soil.spec/soil.spec/man/ken.sto.Rd
     soil.spec/soil.spec/soil.spec/soil.spec/soil.spec/soil.spec/soil.spec/soil.spec/soil.spec/man/plot.Spectra.Rd
     soil.spec/soil.spec/soil.spec/soil.spec/soil.spec/soil.spec/soil.spec/soil.spec/soil.spec/man/predict.SpectraPoints.Rd
     soil.spec/soil.spec/soil.spec/soil.spec/soil.spec/soil.spec/soil.spec/soil.spec/soil.spec/man/read.opus.Rd
     soil.spec/soil.spec/soil.spec/soil.spec/soil.spec/soil.spec/soil.spec/soil.spec/soil.spec/man/read.spc.Rd
     soil.spec/soil.spec/soil.spec/soil.spec/soil.spec/soil.spec/soil.spec/soil.spec/soil.spec/man/spec.env.Rd
     soil.spec/soil.spec/soil.spec/soil.spec/soil.spec/soil.spec/soil.spec/soil.spec/soil.spec/man/spectra.outliers.Rd
     soil.spec/soil.spec/soil.spec/soil.spec/soil.spec/soil.spec/soil.spec/soil.spec/soil.spec/man/trans.Rd
     soil.spec/soil.spec/soil.spec/soil.spec/soil.spec/soil.spec/soil.spec/soil.spec/soil.spec/man/wavenumbers.Rd
     soil.spec/soil.spec/soil.spec/soil.spec/soil.spec/soil.spec/soil.spec/soil.spec/soil.spec/soil.spec/DESCRIPTION
     soil.spec/soil.spec/soil.spec/soil.spec/soil.spec/soil.spec/soil.spec/soil.spec/soil.spec/soil.spec/MD5
     soil.spec/soil.spec/soil.spec/soil.spec/soil.spec/soil.spec/soil.spec/soil.spec/soil.spec/soil.spec/NAMESPACE
     soil.spec/soil.spec/soil.spec/soil.spec/soil.spec/soil.spec/soil.spec/soil.spec/soil.spec/soil.spec/R/AAA-classes.R
     soil.spec/soil.spec/soil.spec/soil.spec/soil.spec/soil.spec/soil.spec/soil.spec/soil.spec/soil.spec/R/ZZZ.R
     soil.spec/soil.spec/soil.spec/soil.spec/soil.spec/soil.spec/soil.spec/soil.spec/soil.spec/soil.spec/R/fit.SpectraModel.R
     soil.spec/soil.spec/soil.spec/soil.spec/soil.spec/soil.spec/soil.spec/soil.spec/soil.spec/soil.spec/R/ken.sto.R
     soil.spec/soil.spec/soil.spec/soil.spec/soil.spec/soil.spec/soil.spec/soil.spec/soil.spec/soil.spec/R/plot.spectra.R
     soil.spec/soil.spec/soil.spec/soil.spec/soil.spec/soil.spec/soil.spec/soil.spec/soil.spec/soil.spec/R/plot.trans.R
     soil.spec/soil.spec/soil.spec/soil.spec/soil.spec/soil.spec/soil.spec/soil.spec/soil.spec/soil.spec/R/predict.SpectraPoints.R
     soil.spec/soil.spec/soil.spec/soil.spec/soil.spec/soil.spec/soil.spec/soil.spec/soil.spec/soil.spec/R/read.opus.R
     soil.spec/soil.spec/soil.spec/soil.spec/soil.spec/soil.spec/soil.spec/soil.spec/soil.spec/soil.spec/R/read.spc.R
     soil.spec/soil.spec/soil.spec/soil.spec/soil.spec/soil.spec/soil.spec/soil.spec/soil.spec/soil.spec/R/reshape.R
     soil.spec/soil.spec/soil.spec/soil.spec/soil.spec/soil.spec/soil.spec/soil.spec/soil.spec/soil.spec/R/spec.env.R
     soil.spec/soil.spec/soil.spec/soil.spec/soil.spec/soil.spec/soil.spec/soil.spec/soil.spec/soil.spec/R/spectra.R
     soil.spec/soil.spec/soil.spec/soil.spec/soil.spec/soil.spec/soil.spec/soil.spec/soil.spec/soil.spec/R/spectra.outliers.R
     soil.spec/soil.spec/soil.spec/soil.spec/soil.spec/soil.spec/soil.spec/soil.spec/soil.spec/soil.spec/R/trans.R
     soil.spec/soil.spec/soil.spec/soil.spec/soil.spec/soil.spec/soil.spec/soil.spec/soil.spec/soil.spec/R/validate.R
     soil.spec/soil.spec/soil.spec/soil.spec/soil.spec/soil.spec/soil.spec/soil.spec/soil.spec/soil.spec/data/afspec.rda
     soil.spec/soil.spec/soil.spec/soil.spec/soil.spec/soil.spec/soil.spec/soil.spec/soil.spec/soil.spec/data/afss.rda
     soil.spec/soil.spec/soil.spec/soil.spec/soil.spec/soil.spec/soil.spec/soil.spec/soil.spec/soil.spec/data/datalist
     soil.spec/soil.spec/soil.spec/soil.spec/soil.spec/soil.spec/soil.spec/soil.spec/soil.spec/soil.spec/data/m.ALUM3S.rda
     soil.spec/soil.spec/soil.spec/soil.spec/soil.spec/soil.spec/soil.spec/soil.spec/soil.spec/soil.spec/data/m.ECAM3S.rda
     soil.spec/soil.spec/soil.spec/soil.spec/soil.spec/soil.spec/soil.spec/soil.spec/soil.spec/soil.spec/data/m.EMGM3S.rda
     soil.spec/soil.spec/soil.spec/soil.spec/soil.spec/soil.spec/soil.spec/soil.spec/soil.spec/soil.spec/data/m.ENAM3S.rda
     soil.spec/soil.spec/soil.spec/soil.spec/soil.spec/soil.spec/soil.spec/soil.spec/soil.spec/soil.spec/data/m.EXB.rda
     soil.spec/soil.spec/soil.spec/soil.spec/soil.spec/soil.spec/soil.spec/soil.spec/soil.spec/soil.spec/data/m.EXKM3S.rda
     soil.spec/soil.spec/soil.spec/soil.spec/soil.spec/soil.spec/soil.spec/soil.spec/soil.spec/soil.spec/data/m.NITCNS.rda
     soil.spec/soil.spec/soil.spec/soil.spec/soil.spec/soil.spec/soil.spec/soil.spec/soil.spec/soil.spec/data/m.ORCCNS.rda
     soil.spec/soil.spec/soil.spec/soil.spec/soil.spec/soil.spec/soil.spec/soil.spec/soil.spec/soil.spec/data/m.PHIHOX.rda
     soil.spec/soil.spec/soil.spec/soil.spec/soil.spec/soil.spec/soil.spec/soil.spec/soil.spec/soil.spec/data/m.SNDLDF.rda
     soil.spec/soil.spec/soil.spec/soil.spec/soil.spec/soil.spec/soil.spec/soil.spec/soil.spec/soil.spec/data/wavenumbers.rda
     soil.spec/soil.spec/soil.spec/soil.spec/soil.spec/soil.spec/soil.spec/soil.spec/soil.spec/soil.spec/inst/icr_087266_B2.0
     soil.spec/soil.spec/soil.spec/soil.spec/soil.spec/soil.spec/soil.spec/soil.spec/soil.spec/soil.spec/inst/icr_087273_G3.0
     soil.spec/soil.spec/soil.spec/soil.spec/soil.spec/soil.spec/soil.spec/soil.spec/soil.spec/soil.spec/inst/icr_087273_H3.0
     soil.spec/soil.spec/soil.spec/soil.spec/soil.spec/soil.spec/soil.spec/soil.spec/soil.spec/soil.spec/man/SpectraPoints.Rd
     soil.spec/soil.spec/soil.spec/soil.spec/soil.spec/soil.spec/soil.spec/soil.spec/soil.spec/soil.spec/man/afspec.Rd
     soil.spec/soil.spec/soil.spec/soil.spec/soil.spec/soil.spec/soil.spec/soil.spec/soil.spec/soil.spec/man/afss.Rd
     soil.spec/soil.spec/soil.spec/soil.spec/soil.spec/soil.spec/soil.spec/soil.spec/soil.spec/soil.spec/man/fit.SpectraModel.Rd
     soil.spec/soil.spec/soil.spec/soil.spec/soil.spec/soil.spec/soil.spec/soil.spec/soil.spec/soil.spec/man/ken.sto.Rd
     soil.spec/soil.spec/soil.spec/soil.spec/soil.spec/soil.spec/soil.spec/soil.spec/soil.spec/soil.spec/man/plot.Spectra.Rd
     soil.spec/soil.spec/soil.spec/soil.spec/soil.spec/soil.spec/soil.spec/soil.spec/soil.spec/soil.spec/man/predict.SpectraPoints.Rd
     soil.spec/soil.spec/soil.spec/soil.spec/soil.spec/soil.spec/soil.spec/soil.spec/soil.spec/soil.spec/man/read.opus.Rd
     soil.spec/soil.spec/soil.spec/soil.spec/soil.spec/soil.spec/soil.spec/soil.spec/soil.spec/soil.spec/man/read.spc.Rd
     soil.spec/soil.spec/soil.spec/soil.spec/soil.spec/soil.spec/soil.spec/soil.spec/soil.spec/soil.spec/man/spec.env.Rd
     soil.spec/soil.spec/soil.spec/soil.spec/soil.spec/soil.spec/soil.spec/soil.spec/soil.spec/soil.spec/man/spectra.outliers.Rd
     soil.spec/soil.spec/soil.spec/soil.spec/soil.spec/soil.spec/soil.spec/soil.spec/soil.spec/soil.spec/man/trans.Rd
     soil.spec/soil.spec/soil.spec/soil.spec/soil.spec/soil.spec/soil.spec/soil.spec/soil.spec/soil.spec/man/wavenumbers.Rd
     soil.spec/soil.spec/soil.spec/soil.spec/soil.spec/soil.spec/soil.spec/soil.spec/soil.spec/soil.spec/soil.spec/DESCRIPTION
     soil.spec/soil.spec/soil.spec/soil.spec/soil.spec/soil.spec/soil.spec/soil.spec/soil.spec/soil.spec/soil.spec/MD5
     soil.spec/soil.spec/soil.spec/soil.spec/soil.spec/soil.spec/soil.spec/soil.spec/soil.spec/soil.spec/soil.spec/NAMESPACE
     soil.spec/soil.spec/soil.spec/soil.spec/soil.spec/soil.spec/soil.spec/soil.spec/soil.spec/soil.spec/soil.spec/R/AAA-classes.R
     soil.spec/soil.spec/soil.spec/soil.spec/soil.spec/soil.spec/soil.spec/soil.spec/soil.spec/soil.spec/soil.spec/R/ZZZ.R
     soil.spec/soil.spec/soil.spec/soil.spec/soil.spec/soil.spec/soil.spec/soil.spec/soil.spec/soil.spec/soil.spec/R/fit.SpectraModel.R
     soil.spec/soil.spec/soil.spec/soil.spec/soil.spec/soil.spec/soil.spec/soil.spec/soil.spec/soil.spec/soil.spec/R/ken.sto.R
     soil.spec/soil.spec/soil.spec/soil.spec/soil.spec/soil.spec/soil.spec/soil.spec/soil.spec/soil.spec/soil.spec/R/plot.spectra.R
     soil.spec/soil.spec/soil.spec/soil.spec/soil.spec/soil.spec/soil.spec/soil.spec/soil.spec/soil.spec/soil.spec/R/plot.trans.R
     soil.spec/soil.spec/soil.spec/soil.spec/soil.spec/soil.spec/soil.spec/soil.spec/soil.spec/soil.spec/soil.spec/R/predict.SpectraPoints.R
     soil.spec/soil.spec/soil.spec/soil.spec/soil.spec/soil.spec/soil.spec/soil.spec/soil.spec/soil.spec/soil.spec/R/read.opus.R
     soil.spec/soil.spec/soil.spec/soil.spec/soil.spec/soil.spec/soil.spec/soil.spec/soil.spec/soil.spec/soil.spec/R/read.spc.R
     soil.spec/soil.spec/soil.spec/soil.spec/soil.spec/soil.spec/soil.spec/soil.spec/soil.spec/soil.spec/soil.spec/R/reshape.R
     soil.spec/soil.spec/soil.spec/soil.spec/soil.spec/soil.spec/soil.spec/soil.spec/soil.spec/soil.spec/soil.spec/R/spec.env.R
     soil.spec/soil.spec/soil.spec/soil.spec/soil.spec/soil.spec/soil.spec/soil.spec/soil.spec/soil.spec/soil.spec/R/spectra.R
     soil.spec/soil.spec/soil.spec/soil.spec/soil.spec/soil.spec/soil.spec/soil.spec/soil.spec/soil.spec/soil.spec/R/spectra.outliers.R
     soil.spec/soil.spec/soil.spec/soil.spec/soil.spec/soil.spec/soil.spec/soil.spec/soil.spec/soil.spec/soil.spec/R/trans.R
     soil.spec/soil.spec/soil.spec/soil.spec/soil.spec/soil.spec/soil.spec/soil.spec/soil.spec/soil.spec/soil.spec/R/validate.R
     soil.spec/soil.spec/soil.spec/soil.spec/soil.spec/soil.spec/soil.spec/soil.spec/soil.spec/soil.spec/soil.spec/data/afspec.rda
     soil.spec/soil.spec/soil.spec/soil.spec/soil.spec/soil.spec/soil.spec/soil.spec/soil.spec/soil.spec/soil.spec/data/afss.rda
     soil.spec/soil.spec/soil.spec/soil.spec/soil.spec/soil.spec/soil.spec/soil.spec/soil.spec/soil.spec/soil.spec/data/datalist
     soil.spec/soil.spec/soil.spec/soil.spec/soil.spec/soil.spec/soil.spec/soil.spec/soil.spec/soil.spec/soil.spec/data/m.ALUM3S.rda
     soil.spec/soil.spec/soil.spec/soil.spec/soil.spec/soil.spec/soil.spec/soil.spec/soil.spec/soil.spec/soil.spec/data/m.ECAM3S.rda
     soil.spec/soil.spec/soil.spec/soil.spec/soil.spec/soil.spec/soil.spec/soil.spec/soil.spec/soil.spec/soil.spec/data/m.EMGM3S.rda
     soil.spec/soil.spec/soil.spec/soil.spec/soil.spec/soil.spec/soil.spec/soil.spec/soil.spec/soil.spec/soil.spec/data/m.ENAM3S.rda
     soil.spec/soil.spec/soil.spec/soil.spec/soil.spec/soil.spec/soil.spec/soil.spec/soil.spec/soil.spec/soil.spec/data/m.EXB.rda
     soil.spec/soil.spec/soil.spec/soil.spec/soil.spec/soil.spec/soil.spec/soil.spec/soil.spec/soil.spec/soil.spec/data/m.EXKM3S.rda
     soil.spec/soil.spec/soil.spec/soil.spec/soil.spec/soil.spec/soil.spec/soil.spec/soil.spec/soil.spec/soil.spec/data/m.NITCNS.rda
     soil.spec/soil.spec/soil.spec/soil.spec/soil.spec/soil.spec/soil.spec/soil.spec/soil.spec/soil.spec/soil.spec/data/m.ORCCNS.rda
     soil.spec/soil.spec/soil.spec/soil.spec/soil.spec/soil.spec/soil.spec/soil.spec/soil.spec/soil.spec/soil.spec/data/m.PHIHOX.rda
     soil.spec/soil.spec/soil.spec/soil.spec/soil.spec/soil.spec/soil.spec/soil.spec/soil.spec/soil.spec/soil.spec/data/m.SNDLDF.rda
     soil.spec/soil.spec/soil.spec/soil.spec/soil.spec/soil.spec/soil.spec/soil.spec/soil.spec/soil.spec/soil.spec/data/wavenumbers.rda
     soil.spec/soil.spec/soil.spec/soil.spec/soil.spec/soil.spec/soil.spec/soil.spec/soil.spec/soil.spec/soil.spec/inst/icr_087266_B2.0
     soil.spec/soil.spec/soil.spec/soil.spec/soil.spec/soil.spec/soil.spec/soil.spec/soil.spec/soil.spec/soil.spec/inst/icr_087273_G3.0
     soil.spec/soil.spec/soil.spec/soil.spec/soil.spec/soil.spec/soil.spec/soil.spec/soil.spec/soil.spec/soil.spec/inst/icr_087273_H3.0
     soil.spec/soil.spec/soil.spec/soil.spec/soil.spec/soil.spec/soil.spec/soil.spec/soil.spec/soil.spec/soil.spec/man/SpectraPoints.Rd
     soil.spec/soil.spec/soil.spec/soil.spec/soil.spec/soil.spec/soil.spec/soil.spec/soil.spec/soil.spec/soil.spec/man/afspec.Rd
     soil.spec/soil.spec/soil.spec/soil.spec/soil.spec/soil.spec/soil.spec/soil.spec/soil.spec/soil.spec/soil.spec/man/afss.Rd
     soil.spec/soil.spec/soil.spec/soil.spec/soil.spec/soil.spec/soil.spec/soil.spec/soil.spec/soil.spec/soil.spec/man/fit.SpectraModel.Rd
     soil.spec/soil.spec/soil.spec/soil.spec/soil.spec/soil.spec/soil.spec/soil.spec/soil.spec/soil.spec/soil.spec/man/ken.sto.Rd
     soil.spec/soil.spec/soil.spec/soil.spec/soil.spec/soil.spec/soil.spec/soil.spec/soil.spec/soil.spec/soil.spec/man/plot.Spectra.Rd
     soil.spec/soil.spec/soil.spec/soil.spec/soil.spec/soil.spec/soil.spec/soil.spec/soil.spec/soil.spec/soil.spec/man/predict.SpectraPoints.Rd
     soil.spec/soil.spec/soil.spec/soil.spec/soil.spec/soil.spec/soil.spec/soil.spec/soil.spec/soil.spec/soil.spec/man/read.opus.Rd
     soil.spec/soil.spec/soil.spec/soil.spec/soil.spec/soil.spec/soil.spec/soil.spec/soil.spec/soil.spec/soil.spec/man/read.spc.Rd
     soil.spec/soil.spec/soil.spec/soil.spec/soil.spec/soil.spec/soil.spec/soil.spec/soil.spec/soil.spec/soil.spec/man/spec.env.Rd
     soil.spec/soil.spec/soil.spec/soil.spec/soil.spec/soil.spec/soil.spec/soil.spec/soil.spec/soil.spec/soil.spec/man/spectra.outliers.Rd
     soil.spec/soil.spec/soil.spec/soil.spec/soil.spec/soil.spec/soil.spec/soil.spec/soil.spec/soil.spec/soil.spec/man/trans.Rd
     soil.spec/soil.spec/soil.spec/soil.spec/soil.spec/soil.spec/soil.spec/soil.spec/soil.spec/soil.spec/soil.spec/man/wavenumbers.Rd
     soil.spec/soil.spec/soil.spec/soil.spec/soil.spec/soil.spec/soil.spec/soil.spec/soil.spec/soil.spec/soil.spec/soil.spec/DESCRIPTION
     soil.spec/soil.spec/soil.spec/soil.spec/soil.spec/soil.spec/soil.spec/soil.spec/soil.spec/soil.spec/soil.spec/soil.spec/MD5
     soil.spec/soil.spec/soil.spec/soil.spec/soil.spec/soil.spec/soil.spec/soil.spec/soil.spec/soil.spec/soil.spec/soil.spec/NAMESPACE
     soil.spec/soil.spec/soil.spec/soil.spec/soil.spec/soil.spec/soil.spec/soil.spec/soil.spec/soil.spec/soil.spec/soil.spec/R/AAA-classes.R
     soil.spec/soil.spec/soil.spec/soil.spec/soil.spec/soil.spec/soil.spec/soil.spec/soil.spec/soil.spec/soil.spec/soil.spec/R/ZZZ.R
     soil.spec/soil.spec/soil.spec/soil.spec/soil.spec/soil.spec/soil.spec/soil.spec/soil.spec/soil.spec/soil.spec/soil.spec/R/fit.SpectraModel.R
     soil.spec/soil.spec/soil.spec/soil.spec/soil.spec/soil.spec/soil.spec/soil.spec/soil.spec/soil.spec/soil.spec/soil.spec/R/ken.sto.R
     soil.spec/soil.spec/soil.spec/soil.spec/soil.spec/soil.spec/soil.spec/soil.spec/soil.spec/soil.spec/soil.spec/soil.spec/R/plot.spectra.R
     soil.spec/soil.spec/soil.spec/soil.spec/soil.spec/soil.spec/soil.spec/soil.spec/soil.spec/soil.spec/soil.spec/soil.spec/R/plot.trans.R
     soil.spec/soil.spec/soil.spec/soil.spec/soil.spec/soil.spec/soil.spec/soil.spec/soil.spec/soil.spec/soil.spec/soil.spec/R/predict.SpectraPoints.R
     soil.spec/soil.spec/soil.spec/soil.spec/soil.spec/soil.spec/soil.spec/soil.spec/soil.spec/soil.spec/soil.spec/soil.spec/R/read.opus.R
     soil.spec/soil.spec/soil.spec/soil.spec/soil.spec/soil.spec/soil.spec/soil.spec/soil.spec/soil.spec/soil.spec/soil.spec/R/read.spc.R
     soil.spec/soil.spec/soil.spec/soil.spec/soil.spec/soil.spec/soil.spec/soil.spec/soil.spec/soil.spec/soil.spec/soil.spec/R/reshape.R
     soil.spec/soil.spec/soil.spec/soil.spec/soil.spec/soil.spec/soil.spec/soil.spec/soil.spec/soil.spec/soil.spec/soil.spec/R/spec.env.R
     soil.spec/soil.spec/soil.spec/soil.spec/soil.spec/soil.spec/soil.spec/soil.spec/soil.spec/soil.spec/soil.spec/soil.spec/R/spectra.R
     soil.spec/soil.spec/soil.spec/soil.spec/soil.spec/soil.spec/soil.spec/soil.spec/soil.spec/soil.spec/soil.spec/soil.spec/R/spectra.outliers.R
     soil.spec/soil.spec/soil.spec/soil.spec/soil.spec/soil.spec/soil.spec/soil.spec/soil.spec/soil.spec/soil.spec/soil.spec/R/trans.R
     soil.spec/soil.spec/soil.spec/soil.spec/soil.spec/soil.spec/soil.spec/soil.spec/soil.spec/soil.spec/soil.spec/soil.spec/R/validate.R
     soil.spec/soil.spec/soil.spec/soil.spec/soil.spec/soil.spec/soil.spec/soil.spec/soil.spec/soil.spec/soil.spec/soil.spec/data/afspec.rda
     soil.spec/soil.spec/soil.spec/soil.spec/soil.spec/soil.spec/soil.spec/soil.spec/soil.spec/soil.spec/soil.spec/soil.spec/data/afss.rda
     soil.spec/soil.spec/soil.spec/soil.spec/soil.spec/soil.spec/soil.spec/soil.spec/soil.spec/soil.spec/soil.spec/soil.spec/data/datalist
     soil.spec/soil.spec/soil.spec/soil.spec/soil.spec/soil.spec/soil.spec/soil.spec/soil.spec/soil.spec/soil.spec/soil.spec/data/m.ALUM3S.rda
     soil.spec/soil.spec/soil.spec/soil.spec/soil.spec/soil.spec/soil.spec/soil.spec/soil.spec/soil.spec/soil.spec/soil.spec/data/m.ECAM3S.rda
     soil.spec/soil.spec/soil.spec/soil.spec/soil.spec/soil.spec/soil.spec/soil.spec/soil.spec/soil.spec/soil.spec/soil.spec/data/m.EMGM3S.rda
     soil.spec/soil.spec/soil.spec/soil.spec/soil.spec/soil.spec/soil.spec/soil.spec/soil.spec/soil.spec/soil.spec/soil.spec/data/m.ENAM3S.rda
     soil.spec/soil.spec/soil.spec/soil.spec/soil.spec/soil.spec/soil.spec/soil.spec/soil.spec/soil.spec/soil.spec/soil.spec/data/m.EXB.rda
     soil.spec/soil.spec/soil.spec/soil.spec/soil.spec/soil.spec/soil.spec/soil.spec/soil.spec/soil.spec/soil.spec/soil.spec/data/m.EXKM3S.rda
     soil.spec/soil.spec/soil.spec/soil.spec/soil.spec/soil.spec/soil.spec/soil.spec/soil.spec/soil.spec/soil.spec/soil.spec/data/m.NITCNS.rda
     soil.spec/soil.spec/soil.spec/soil.spec/soil.spec/soil.spec/soil.spec/soil.spec/soil.spec/soil.spec/soil.spec/soil.spec/data/m.ORCCNS.rda
     soil.spec/soil.spec/soil.spec/soil.spec/soil.spec/soil.spec/soil.spec/soil.spec/soil.spec/soil.spec/soil.spec/soil.spec/data/m.PHIHOX.rda
     soil.spec/soil.spec/soil.spec/soil.spec/soil.spec/soil.spec/soil.spec/soil.spec/soil.spec/soil.spec/soil.spec/soil.spec/data/m.SNDLDF.rda
     soil.spec/soil.spec/soil.spec/soil.spec/soil.spec/soil.spec/soil.spec/soil.spec/soil.spec/soil.spec/soil.spec/soil.spec/data/wavenumbers.rda
     soil.spec/soil.spec/soil.spec/soil.spec/soil.spec/soil.spec/soil.spec/soil.spec/soil.spec/soil.spec/soil.spec/soil.spec/inst/icr_087266_B2.0
     soil.spec/soil.spec/soil.spec/soil.spec/soil.spec/soil.spec/soil.spec/soil.spec/soil.spec/soil.spec/soil.spec/soil.spec/inst/icr_087273_G3.0
     soil.spec/soil.spec/soil.spec/soil.spec/soil.spec/soil.spec/soil.spec/soil.spec/soil.spec/soil.spec/soil.spec/soil.spec/inst/icr_087273_H3.0
     soil.spec/soil.spec/soil.spec/soil.spec/soil.spec/soil.spec/soil.spec/soil.spec/soil.spec/soil.spec/soil.spec/soil.spec/man/SpectraPoints.Rd
     soil.spec/soil.spec/soil.spec/soil.spec/soil.spec/soil.spec/soil.spec/soil.spec/soil.spec/soil.spec/soil.spec/soil.spec/man/afspec.Rd
     soil.spec/soil.spec/soil.spec/soil.spec/soil.spec/soil.spec/soil.spec/soil.spec/soil.spec/soil.spec/soil.spec/soil.spec/man/afss.Rd
     soil.spec/soil.spec/soil.spec/soil.spec/soil.spec/soil.spec/soil.spec/soil.spec/soil.spec/soil.spec/soil.spec/soil.spec/man/fit.SpectraModel.Rd
     soil.spec/soil.spec/soil.spec/soil.spec/soil.spec/soil.spec/soil.spec/soil.spec/soil.spec/soil.spec/soil.spec/soil.spec/man/ken.sto.Rd
     soil.spec/soil.spec/soil.spec/soil.spec/soil.spec/soil.spec/soil.spec/soil.spec/soil.spec/soil.spec/soil.spec/soil.spec/man/plot.Spectra.Rd
     soil.spec/soil.spec/soil.spec/soil.spec/soil.spec/soil.spec/soil.spec/soil.spec/soil.spec/soil.spec/soil.spec/soil.spec/man/predict.SpectraPoints.Rd
     soil.spec/soil.spec/soil.spec/soil.spec/soil.spec/soil.spec/soil.spec/soil.spec/soil.spec/soil.spec/soil.spec/soil.spec/man/read.opus.Rd
     soil.spec/soil.spec/soil.spec/soil.spec/soil.spec/soil.spec/soil.spec/soil.spec/soil.spec/soil.spec/soil.spec/soil.spec/man/read.spc.Rd
     soil.spec/soil.spec/soil.spec/soil.spec/soil.spec/soil.spec/soil.spec/soil.spec/soil.spec/soil.spec/soil.spec/soil.spec/man/spec.env.Rd
     soil.spec/soil.spec/soil.spec/soil.spec/soil.spec/soil.spec/soil.spec/soil.spec/soil.spec/soil.spec/soil.spec/soil.spec/man/spectra.outliers.Rd
     soil.spec/soil.spec/soil.spec/soil.spec/soil.spec/soil.spec/soil.spec/soil.spec/soil.spec/soil.spec/soil.spec/soil.spec/man/trans.Rd
     soil.spec/soil.spec/soil.spec/soil.spec/soil.spec/soil.spec/soil.spec/soil.spec/soil.spec/soil.spec/soil.spec/soil.spec/man/wavenumbers.Rd
     soil.spec/soil.spec/soil.spec/soil.spec/soil.spec/soil.spec/soil.spec/soil.spec/soil.spec/soil.spec/soil.spec/soil.spec/soil.spec/DESCRIPTION
     soil.spec/soil.spec/soil.spec/soil.spec/soil.spec/soil.spec/soil.spec/soil.spec/soil.spec/soil.spec/soil.spec/soil.spec/soil.spec/MD5
     soil.spec/soil.spec/soil.spec/soil.spec/soil.spec/soil.spec/soil.spec/soil.spec/soil.spec/soil.spec/soil.spec/soil.spec/soil.spec/NAMESPACE
     soil.spec/soil.spec/soil.spec/soil.spec/soil.spec/soil.spec/soil.spec/soil.spec/soil.spec/soil.spec/soil.spec/soil.spec/soil.spec/R/AAA-classes.R
     soil.spec/soil.spec/soil.spec/soil.spec/soil.spec/soil.spec/soil.spec/soil.spec/soil.spec/soil.spec/soil.spec/soil.spec/soil.spec/R/ZZZ.R
     soil.spec/soil.spec/soil.spec/soil.spec/soil.spec/soil.spec/soil.spec/soil.spec/soil.spec/soil.spec/soil.spec/soil.spec/soil.spec/R/fit.SpectraModel.R
     soil.spec/soil.spec/soil.spec/soil.spec/soil.spec/soil.spec/soil.spec/soil.spec/soil.spec/soil.spec/soil.spec/soil.spec/soil.spec/R/ken.sto.R
     soil.spec/soil.spec/soil.spec/soil.spec/soil.spec/soil.spec/soil.spec/soil.spec/soil.spec/soil.spec/soil.spec/soil.spec/soil.spec/R/plot.spectra.R
     soil.spec/soil.spec/soil.spec/soil.spec/soil.spec/soil.spec/soil.spec/soil.spec/soil.spec/soil.spec/soil.spec/soil.spec/soil.spec/R/plot.trans.R
     soil.spec/soil.spec/soil.spec/soil.spec/soil.spec/soil.spec/soil.spec/soil.spec/soil.spec/soil.spec/soil.spec/soil.spec/soil.spec/R/predict.SpectraPoints.R
     soil.spec/soil.spec/soil.spec/soil.spec/soil.spec/soil.spec/soil.spec/soil.spec/soil.spec/soil.spec/soil.spec/soil.spec/soil.spec/R/read.opus.R
     soil.spec/soil.spec/soil.spec/soil.spec/soil.spec/soil.spec/soil.spec/soil.spec/soil.spec/soil.spec/soil.spec/soil.spec/soil.spec/R/read.spc.R
     soil.spec/soil.spec/soil.spec/soil.spec/soil.spec/soil.spec/soil.spec/soil.spec/soil.spec/soil.spec/soil.spec/soil.spec/soil.spec/R/reshape.R
     soil.spec/soil.spec/soil.spec/soil.spec/soil.spec/soil.spec/soil.spec/soil.spec/soil.spec/soil.spec/soil.spec/soil.spec/soil.spec/R/spec.env.R
     soil.spec/soil.spec/soil.spec/soil.spec/soil.spec/soil.spec/soil.spec/soil.spec/soil.spec/soil.spec/soil.spec/soil.spec/soil.spec/R/spectra.R
     soil.spec/soil.spec/soil.spec/soil.spec/soil.spec/soil.spec/soil.spec/soil.spec/soil.spec/soil.spec/soil.spec/soil.spec/soil.spec/R/spectra.outliers.R
     soil.spec/soil.spec/soil.spec/soil.spec/soil.spec/soil.spec/soil.spec/soil.spec/soil.spec/soil.spec/soil.spec/soil.spec/soil.spec/R/trans.R
     soil.spec/soil.spec/soil.spec/soil.spec/soil.spec/soil.spec/soil.spec/soil.spec/soil.spec/soil.spec/soil.spec/soil.spec/soil.spec/R/validate.R
     soil.spec/soil.spec/soil.spec/soil.spec/soil.spec/soil.spec/soil.spec/soil.spec/soil.spec/soil.spec/soil.spec/soil.spec/soil.spec/data/afspec.rda
     soil.spec/soil.spec/soil.spec/soil.spec/soil.spec/soil.spec/soil.spec/soil.spec/soil.spec/soil.spec/soil.spec/soil.spec/soil.spec/data/afss.rda
     soil.spec/soil.spec/soil.spec/soil.spec/soil.spec/soil.spec/soil.spec/soil.spec/soil.spec/soil.spec/soil.spec/soil.spec/soil.spec/data/datalist
     soil.spec/soil.spec/soil.spec/soil.spec/soil.spec/soil.spec/soil.spec/soil.spec/soil.spec/soil.spec/soil.spec/soil.spec/soil.spec/data/m.ALUM3S.rda
     soil.spec/soil.spec/soil.spec/soil.spec/soil.spec/soil.spec/soil.spec/soil.spec/soil.spec/soil.spec/soil.spec/soil.spec/soil.spec/data/m.ECAM3S.rda
     soil.spec/soil.spec/soil.spec/soil.spec/soil.spec/soil.spec/soil.spec/soil.spec/soil.spec/soil.spec/soil.spec/soil.spec/soil.spec/data/m.EMGM3S.rda
     soil.spec/soil.spec/soil.spec/soil.spec/soil.spec/soil.spec/soil.spec/soil.spec/soil.spec/soil.spec/soil.spec/soil.spec/soil.spec/data/m.ENAM3S.rda
     soil.spec/soil.spec/soil.spec/soil.spec/soil.spec/soil.spec/soil.spec/soil.spec/soil.spec/soil.spec/soil.spec/soil.spec/soil.spec/data/m.EXB.rda
     soil.spec/soil.spec/soil.spec/soil.spec/soil.spec/soil.spec/soil.spec/soil.spec/soil.spec/soil.spec/soil.spec/soil.spec/soil.spec/data/m.EXKM3S.rda
     soil.spec/soil.spec/soil.spec/soil.spec/soil.spec/soil.spec/soil.spec/soil.spec/soil.spec/soil.spec/soil.spec/soil.spec/soil.spec/data/m.NITCNS.rda
     soil.spec/soil.spec/soil.spec/soil.spec/soil.spec/soil.spec/soil.spec/soil.spec/soil.spec/soil.spec/soil.spec/soil.spec/soil.spec/data/m.ORCCNS.rda
     soil.spec/soil.spec/soil.spec/soil.spec/soil.spec/soil.spec/soil.spec/soil.spec/soil.spec/soil.spec/soil.spec/soil.spec/soil.spec/data/m.PHIHOX.rda
     soil.spec/soil.spec/soil.spec/soil.spec/soil.spec/soil.spec/soil.spec/soil.spec/soil.spec/soil.spec/soil.spec/soil.spec/soil.spec/data/m.SNDLDF.rda
     soil.spec/soil.spec/soil.spec/soil.spec/soil.spec/soil.spec/soil.spec/soil.spec/soil.spec/soil.spec/soil.spec/soil.spec/soil.spec/data/wavenumbers.rda
     soil.spec/soil.spec/soil.spec/soil.spec/soil.spec/soil.spec/soil.spec/soil.spec/soil.spec/soil.spec/soil.spec/soil.spec/soil.spec/inst/icr_087266_B2.0
     soil.spec/soil.spec/soil.spec/soil.spec/soil.spec/soil.spec/soil.spec/soil.spec/soil.spec/soil.spec/soil.spec/soil.spec/soil.spec/inst/icr_087273_G3.0
     soil.spec/soil.spec/soil.spec/soil.spec/soil.spec/soil.spec/soil.spec/soil.spec/soil.spec/soil.spec/soil.spec/soil.spec/soil.spec/inst/icr_087273_H3.0
     soil.spec/soil.spec/soil.spec/soil.spec/soil.spec/soil.spec/soil.spec/soil.spec/soil.spec/soil.spec/soil.spec/soil.spec/soil.spec/man/SpectraPoints.Rd
     soil.spec/soil.spec/soil.spec/soil.spec/soil.spec/soil.spec/soil.spec/soil.spec/soil.spec/soil.spec/soil.spec/soil.spec/soil.spec/man/afspec.Rd
     soil.spec/soil.spec/soil.spec/soil.spec/soil.spec/soil.spec/soil.spec/soil.spec/soil.spec/soil.spec/soil.spec/soil.spec/soil.spec/man/afss.Rd
     soil.spec/soil.spec/soil.spec/soil.spec/soil.spec/soil.spec/soil.spec/soil.spec/soil.spec/soil.spec/soil.spec/soil.spec/soil.spec/man/fit.SpectraModel.Rd
     soil.spec/soil.spec/soil.spec/soil.spec/soil.spec/soil.spec/soil.spec/soil.spec/soil.spec/soil.spec/soil.spec/soil.spec/soil.spec/man/ken.sto.Rd
     soil.spec/soil.spec/soil.spec/soil.spec/soil.spec/soil.spec/soil.spec/soil.spec/soil.spec/soil.spec/soil.spec/soil.spec/soil.spec/man/plot.Spectra.Rd
     soil.spec/soil.spec/soil.spec/soil.spec/soil.spec/soil.spec/soil.spec/soil.spec/soil.spec/soil.spec/soil.spec/soil.spec/soil.spec/man/predict.SpectraPoints.Rd
     soil.spec/soil.spec/soil.spec/soil.spec/soil.spec/soil.spec/soil.spec/soil.spec/soil.spec/soil.spec/soil.spec/soil.spec/soil.spec/man/read.opus.Rd
     soil.spec/soil.spec/soil.spec/soil.spec/soil.spec/soil.spec/soil.spec/soil.spec/soil.spec/soil.spec/soil.spec/soil.spec/soil.spec/man/read.spc.Rd
     soil.spec/soil.spec/soil.spec/soil.spec/soil.spec/soil.spec/soil.spec/soil.spec/soil.spec/soil.spec/soil.spec/soil.spec/soil.spec/man/spec.env.Rd
     soil.spec/soil.spec/soil.spec/soil.spec/soil.spec/soil.spec/soil.spec/soil.spec/soil.spec/soil.spec/soil.spec/soil.spec/soil.spec/man/spectra.outliers.Rd
     soil.spec/soil.spec/soil.spec/soil.spec/soil.spec/soil.spec/soil.spec/soil.spec/soil.spec/soil.spec/soil.spec/soil.spec/soil.spec/man/trans.Rd
     soil.spec/soil.spec/soil.spec/soil.spec/soil.spec/soil.spec/soil.spec/soil.spec/soil.spec/soil.spec/soil.spec/soil.spec/soil.spec/man/wavenumbers.Rd
     soil.spec/soil.spec/soil.spec/soil.spec/soil.spec/soil.spec/soil.spec/soil.spec/soil.spec/soil.spec/soil.spec/soil.spec/soil.spec/soil.spec/DESCRIPTION
     soil.spec/soil.spec/soil.spec/soil.spec/soil.spec/soil.spec/soil.spec/soil.spec/soil.spec/soil.spec/soil.spec/soil.spec/soil.spec/soil.spec/MD5
     soil.spec/soil.spec/soil.spec/soil.spec/soil.spec/soil.spec/soil.spec/soil.spec/soil.spec/soil.spec/soil.spec/soil.spec/soil.spec/soil.spec/NAMESPACE
     soil.spec/soil.spec/soil.spec/soil.spec/soil.spec/soil.spec/soil.spec/soil.spec/soil.spec/soil.spec/soil.spec/soil.spec/soil.spec/soil.spec/R/AAA-classes.R
     soil.spec/soil.spec/soil.spec/soil.spec/soil.spec/soil.spec/soil.spec/soil.spec/soil.spec/soil.spec/soil.spec/soil.spec/soil.spec/soil.spec/R/ZZZ.R
     soil.spec/soil.spec/soil.spec/soil.spec/soil.spec/soil.spec/soil.spec/soil.spec/soil.spec/soil.spec/soil.spec/soil.spec/soil.spec/soil.spec/R/fit.SpectraModel.R
     soil.spec/soil.spec/soil.spec/soil.spec/soil.spec/soil.spec/soil.spec/soil.spec/soil.spec/soil.spec/soil.spec/soil.spec/soil.spec/soil.spec/R/ken.sto.R
     soil.spec/soil.spec/soil.spec/soil.spec/soil.spec/soil.spec/soil.spec/soil.spec/soil.spec/soil.spec/soil.spec/soil.spec/soil.spec/soil.spec/R/plot.spectra.R
     soil.spec/soil.spec/soil.spec/soil.spec/soil.spec/soil.spec/soil.spec/soil.spec/soil.spec/soil.spec/soil.spec/soil.spec/soil.spec/soil.spec/R/plot.trans.R
     soil.spec/soil.spec/soil.spec/soil.spec/soil.spec/soil.spec/soil.spec/soil.spec/soil.spec/soil.spec/soil.spec/soil.spec/soil.spec/soil.spec/R/predict.SpectraPoints.R
     soil.spec/soil.spec/soil.spec/soil.spec/soil.spec/soil.spec/soil.spec/soil.spec/soil.spec/soil.spec/soil.spec/soil.spec/soil.spec/soil.spec/R/read.opus.R
     soil.spec/soil.spec/soil.spec/soil.spec/soil.spec/soil.spec/soil.spec/soil.spec/soil.spec/soil.spec/soil.spec/soil.spec/soil.spec/soil.spec/R/read.spc.R
     soil.spec/soil.spec/soil.spec/soil.spec/soil.spec/soil.spec/soil.spec/soil.spec/soil.spec/soil.spec/soil.spec/soil.spec/soil.spec/soil.spec/R/reshape.R
     soil.spec/soil.spec/soil.spec/soil.spec/soil.spec/soil.spec/soil.spec/soil.spec/soil.spec/soil.spec/soil.spec/soil.spec/soil.spec/soil.spec/R/spec.env.R
     soil.spec/soil.spec/soil.spec/soil.spec/soil.spec/soil.spec/soil.spec/soil.spec/soil.spec/soil.spec/soil.spec/soil.spec/soil.spec/soil.spec/R/spectra.R
     soil.spec/soil.spec/soil.spec/soil.spec/soil.spec/soil.spec/soil.spec/soil.spec/soil.spec/soil.spec/soil.spec/soil.spec/soil.spec/soil.spec/R/spectra.outliers.R
     soil.spec/soil.spec/soil.spec/soil.spec/soil.spec/soil.spec/soil.spec/soil.spec/soil.spec/soil.spec/soil.spec/soil.spec/soil.spec/soil.spec/R/trans.R
     soil.spec/soil.spec/soil.spec/soil.spec/soil.spec/soil.spec/soil.spec/soil.spec/soil.spec/soil.spec/soil.spec/soil.spec/soil.spec/soil.spec/R/validate.R
     soil.spec/soil.spec/soil.spec/soil.spec/soil.spec/soil.spec/soil.spec/soil.spec/soil.spec/soil.spec/soil.spec/soil.spec/soil.spec/soil.spec/data/afspec.rda
     soil.spec/soil.spec/soil.spec/soil.spec/soil.spec/soil.spec/soil.spec/soil.spec/soil.spec/soil.spec/soil.spec/soil.spec/soil.spec/soil.spec/data/afss.rda
     soil.spec/soil.spec/soil.spec/soil.spec/soil.spec/soil.spec/soil.spec/soil.spec/soil.spec/soil.spec/soil.spec/soil.spec/soil.spec/soil.spec/data/datalist
     soil.spec/soil.spec/soil.spec/soil.spec/soil.spec/soil.spec/soil.spec/soil.spec/soil.spec/soil.spec/soil.spec/soil.spec/soil.spec/soil.spec/data/m.ALUM3S.rda
     soil.spec/soil.spec/soil.spec/soil.spec/soil.spec/soil.spec/soil.spec/soil.spec/soil.spec/soil.spec/soil.spec/soil.spec/soil.spec/soil.spec/data/m.ECAM3S.rda
     soil.spec/soil.spec/soil.spec/soil.spec/soil.spec/soil.spec/soil.spec/soil.spec/soil.spec/soil.spec/soil.spec/soil.spec/soil.spec/soil.spec/data/m.EMGM3S.rda
     soil.spec/soil.spec/soil.spec/soil.spec/soil.spec/soil.spec/soil.spec/soil.spec/soil.spec/soil.spec/soil.spec/soil.spec/soil.spec/soil.spec/data/m.ENAM3S.rda
     soil.spec/soil.spec/soil.spec/soil.spec/soil.spec/soil.spec/soil.spec/soil.spec/soil.spec/soil.spec/soil.spec/soil.spec/soil.spec/soil.spec/data/m.EXB.rda
     soil.spec/soil.spec/soil.spec/soil.spec/soil.spec/soil.spec/soil.spec/soil.spec/soil.spec/soil.spec/soil.spec/soil.spec/soil.spec/soil.spec/data/m.EXKM3S.rda
     soil.spec/soil.spec/soil.spec/soil.spec/soil.spec/soil.spec/soil.spec/soil.spec/soil.spec/soil.spec/soil.spec/soil.spec/soil.spec/soil.spec/data/m.NITCNS.rda
     soil.spec/soil.spec/soil.spec/soil.spec/soil.spec/soil.spec/soil.spec/soil.spec/soil.spec/soil.spec/soil.spec/soil.spec/soil.spec/soil.spec/data/m.ORCCNS.rda
     soil.spec/soil.spec/soil.spec/soil.spec/soil.spec/soil.spec/soil.spec/soil.spec/soil.spec/soil.spec/soil.spec/soil.spec/soil.spec/soil.spec/data/m.PHIHOX.rda
     soil.spec/soil.spec/soil.spec/soil.spec/soil.spec/soil.spec/soil.spec/soil.spec/soil.spec/soil.spec/soil.spec/soil.spec/soil.spec/soil.spec/data/m.SNDLDF.rda
     soil.spec/soil.spec/soil.spec/soil.spec/soil.spec/soil.spec/soil.spec/soil.spec/soil.spec/soil.spec/soil.spec/soil.spec/soil.spec/soil.spec/data/wavenumbers.rda
     soil.spec/soil.spec/soil.spec/soil.spec/soil.spec/soil.spec/soil.spec/soil.spec/soil.spec/soil.spec/soil.spec/soil.spec/soil.spec/soil.spec/inst/icr_087266_B2.0
     soil.spec/soil.spec/soil.spec/soil.spec/soil.spec/soil.spec/soil.spec/soil.spec/soil.spec/soil.spec/soil.spec/soil.spec/soil.spec/soil.spec/inst/icr_087273_G3.0
     soil.spec/soil.spec/soil.spec/soil.spec/soil.spec/soil.spec/soil.spec/soil.spec/soil.spec/soil.spec/soil.spec/soil.spec/soil.spec/soil.spec/inst/icr_087273_H3.0
     soil.spec/soil.spec/soil.spec/soil.spec/soil.spec/soil.spec/soil.spec/soil.spec/soil.spec/soil.spec/soil.spec/soil.spec/soil.spec/soil.spec/man/SpectraPoints.Rd
     soil.spec/soil.spec/soil.spec/soil.spec/soil.spec/soil.spec/soil.spec/soil.spec/soil.spec/soil.spec/soil.spec/soil.spec/soil.spec/soil.spec/man/afspec.Rd
     soil.spec/soil.spec/soil.spec/soil.spec/soil.spec/soil.spec/soil.spec/soil.spec/soil.spec/soil.spec/soil.spec/soil.spec/soil.spec/soil.spec/man/afss.Rd
     soil.spec/soil.spec/soil.spec/soil.spec/soil.spec/soil.spec/soil.spec/soil.spec/soil.spec/soil.spec/soil.spec/soil.spec/soil.spec/soil.spec/man/fit.SpectraModel.Rd
     soil.spec/soil.spec/soil.spec/soil.spec/soil.spec/soil.spec/soil.spec/soil.spec/soil.spec/soil.spec/soil.spec/soil.spec/soil.spec/soil.spec/man/ken.sto.Rd
     soil.spec/soil.spec/soil.spec/soil.spec/soil.spec/soil.spec/soil.spec/soil.spec/soil.spec/soil.spec/soil.spec/soil.spec/soil.spec/soil.spec/man/plot.Spectra.Rd
     soil.spec/soil.spec/soil.spec/soil.spec/soil.spec/soil.spec/soil.spec/soil.spec/soil.spec/soil.spec/soil.spec/soil.spec/soil.spec/soil.spec/man/predict.SpectraPoints.Rd
     soil.spec/soil.spec/soil.spec/soil.spec/soil.spec/soil.spec/soil.spec/soil.spec/soil.spec/soil.spec/soil.spec/soil.spec/soil.spec/soil.spec/man/read.opus.Rd
     soil.spec/soil.spec/soil.spec/soil.spec/soil.spec/soil.spec/soil.spec/soil.spec/soil.spec/soil.spec/soil.spec/soil.spec/soil.spec/soil.spec/man/read.spc.Rd
     soil.spec/soil.spec/soil.spec/soil.spec/soil.spec/soil.spec/soil.spec/soil.spec/soil.spec/soil.spec/soil.spec/soil.spec/soil.spec/soil.spec/man/spec.env.Rd
     soil.spec/soil.spec/soil.spec/soil.spec/soil.spec/soil.spec/soil.spec/soil.spec/soil.spec/soil.spec/soil.spec/soil.spec/soil.spec/soil.spec/man/spectra.outliers.Rd
     soil.spec/soil.spec/soil.spec/soil.spec/soil.spec/soil.spec/soil.spec/soil.spec/soil.spec/soil.spec/soil.spec/soil.spec/soil.spec/soil.spec/man/trans.Rd
     soil.spec/soil.spec/soil.spec/soil.spec/soil.spec/soil.spec/soil.spec/soil.spec/soil.spec/soil.spec/soil.spec/soil.spec/soil.spec/soil.spec/man/wavenumbers.Rd
     soil.spec/soil.spec/soil.spec/soil.spec/soil.spec/soil.spec/soil.spec/soil.spec/soil.spec/soil.spec/soil.spec/soil.spec/soil.spec/soil.spec/soil.spec/DESCRIPTION
     soil.spec/soil.spec/soil.spec/soil.spec/soil.spec/soil.spec/soil.spec/soil.spec/soil.spec/soil.spec/soil.spec/soil.spec/soil.spec/soil.spec/soil.spec/MD5
     soil.spec/soil.spec/soil.spec/soil.spec/soil.spec/soil.spec/soil.spec/soil.spec/soil.spec/soil.spec/soil.spec/soil.spec/soil.spec/soil.spec/soil.spec/NAMESPACE
     soil.spec/soil.spec/soil.spec/soil.spec/soil.spec/soil.spec/soil.spec/soil.spec/soil.spec/soil.spec/soil.spec/soil.spec/soil.spec/soil.spec/soil.spec/R/AAA-classes.R
     soil.spec/soil.spec/soil.spec/soil.spec/soil.spec/soil.spec/soil.spec/soil.spec/soil.spec/soil.spec/soil.spec/soil.spec/soil.spec/soil.spec/soil.spec/R/ZZZ.R
     soil.spec/soil.spec/soil.spec/soil.spec/soil.spec/soil.spec/soil.spec/soil.spec/soil.spec/soil.spec/soil.spec/soil.spec/soil.spec/soil.spec/soil.spec/R/fit.SpectraModel.R
     soil.spec/soil.spec/soil.spec/soil.spec/soil.spec/soil.spec/soil.spec/soil.spec/soil.spec/soil.spec/soil.spec/soil.spec/soil.spec/soil.spec/soil.spec/R/ken.sto.R
     soil.spec/soil.spec/soil.spec/soil.spec/soil.spec/soil.spec/soil.spec/soil.spec/soil.spec/soil.spec/soil.spec/soil.spec/soil.spec/soil.spec/soil.spec/R/plot.spectra.R
     soil.spec/soil.spec/soil.spec/soil.spec/soil.spec/soil.spec/soil.spec/soil.spec/soil.spec/soil.spec/soil.spec/soil.spec/soil.spec/soil.spec/soil.spec/R/plot.trans.R
     soil.spec/soil.spec/soil.spec/soil.spec/soil.spec/soil.spec/soil.spec/soil.spec/soil.spec/soil.spec/soil.spec/soil.spec/soil.spec/soil.spec/soil.spec/R/predict.SpectraPoints.R
     soil.spec/soil.spec/soil.spec/soil.spec/soil.spec/soil.spec/soil.spec/soil.spec/soil.spec/soil.spec/soil.spec/soil.spec/soil.spec/soil.spec/soil.spec/R/read.opus.R
     soil.spec/soil.spec/soil.spec/soil.spec/soil.spec/soil.spec/soil.spec/soil.spec/soil.spec/soil.spec/soil.spec/soil.spec/soil.spec/soil.spec/soil.spec/R/read.spc.R
     soil.spec/soil.spec/soil.spec/soil.spec/soil.spec/soil.spec/soil.spec/soil.spec/soil.spec/soil.spec/soil.spec/soil.spec/soil.spec/soil.spec/soil.spec/R/reshape.R
     soil.spec/soil.spec/soil.spec/soil.spec/soil.spec/soil.spec/soil.spec/soil.spec/soil.spec/soil.spec/soil.spec/soil.spec/soil.spec/soil.spec/soil.spec/R/spec.env.R
     soil.spec/soil.spec/soil.spec/soil.spec/soil.spec/soil.spec/soil.spec/soil.spec/soil.spec/soil.spec/soil.spec/soil.spec/soil.spec/soil.spec/soil.spec/R/spectra.R
     soil.spec/soil.spec/soil.spec/soil.spec/soil.spec/soil.spec/soil.spec/soil.spec/soil.spec/soil.spec/soil.spec/soil.spec/soil.spec/soil.spec/soil.spec/R/spectra.outliers.R
     soil.spec/soil.spec/soil.spec/soil.spec/soil.spec/soil.spec/soil.spec/soil.spec/soil.spec/soil.spec/soil.spec/soil.spec/soil.spec/soil.spec/soil.spec/R/trans.R
     soil.spec/soil.spec/soil.spec/soil.spec/soil.spec/soil.spec/soil.spec/soil.spec/soil.spec/soil.spec/soil.spec/soil.spec/soil.spec/soil.spec/soil.spec/R/validate.R
     soil.spec/soil.spec/soil.spec/soil.spec/soil.spec/soil.spec/soil.spec/soil.spec/soil.spec/soil.spec/soil.spec/soil.spec/soil.spec/soil.spec/soil.spec/data/afspec.rda
     soil.spec/soil.spec/soil.spec/soil.spec/soil.spec/soil.spec/soil.spec/soil.spec/soil.spec/soil.spec/soil.spec/soil.spec/soil.spec/soil.spec/soil.spec/data/afss.rda
     soil.spec/soil.spec/soil.spec/soil.spec/soil.spec/soil.spec/soil.spec/soil.spec/soil.spec/soil.spec/soil.spec/soil.spec/soil.spec/soil.spec/soil.spec/data/datalist
     soil.spec/soil.spec/soil.spec/soil.spec/soil.spec/soil.spec/soil.spec/soil.spec/soil.spec/soil.spec/soil.spec/soil.spec/soil.spec/soil.spec/soil.spec/data/m.ALUM3S.rda
     soil.spec/soil.spec/soil.spec/soil.spec/soil.spec/soil.spec/soil.spec/soil.spec/soil.spec/soil.spec/soil.spec/soil.spec/soil.spec/soil.spec/soil.spec/data/m.ECAM3S.rda
     soil.spec/soil.spec/soil.spec/soil.spec/soil.spec/soil.spec/soil.spec/soil.spec/soil.spec/soil.spec/soil.spec/soil.spec/soil.spec/soil.spec/soil.spec/data/m.EMGM3S.rda
     soil.spec/soil.spec/soil.spec/soil.spec/soil.spec/soil.spec/soil.spec/soil.spec/soil.spec/soil.spec/soil.spec/soil.spec/soil.spec/soil.spec/soil.spec/data/m.ENAM3S.rda
     soil.spec/soil.spec/soil.spec/soil.spec/soil.spec/soil.spec/soil.spec/soil.spec/soil.spec/soil.spec/soil.spec/soil.spec/soil.spec/soil.spec/soil.spec/data/m.EXB.rda
     soil.spec/soil.spec/soil.spec/soil.spec/soil.spec/soil.spec/soil.spec/soil.spec/soil.spec/soil.spec/soil.spec/soil.spec/soil.spec/soil.spec/soil.spec/data/m.EXKM3S.rda
     soil.spec/soil.spec/soil.spec/soil.spec/soil.spec/soil.spec/soil.spec/soil.spec/soil.spec/soil.spec/soil.spec/soil.spec/soil.spec/soil.spec/soil.spec/data/m.NITCNS.rda
     soil.spec/soil.spec/soil.spec/soil.spec/soil.spec/soil.spec/soil.spec/soil.spec/soil.spec/soil.spec/soil.spec/soil.spec/soil.spec/soil.spec/soil.spec/data/m.ORCCNS.rda
     soil.spec/soil.spec/soil.spec/soil.spec/soil.spec/soil.spec/soil.spec/soil.spec/soil.spec/soil.spec/soil.spec/soil.spec/soil.spec/soil.spec/soil.spec/data/m.PHIHOX.rda
     soil.spec/soil.spec/soil.spec/soil.spec/soil.spec/soil.spec/soil.spec/soil.spec/soil.spec/soil.spec/soil.spec/soil.spec/soil.spec/soil.spec/soil.spec/data/m.SNDLDF.rda
     soil.spec/soil.spec/soil.spec/soil.spec/soil.spec/soil.spec/soil.spec/soil.spec/soil.spec/soil.spec/soil.spec/soil.spec/soil.spec/soil.spec/soil.spec/data/wavenumbers.rda
     soil.spec/soil.spec/soil.spec/soil.spec/soil.spec/soil.spec/soil.spec/soil.spec/soil.spec/soil.spec/soil.spec/soil.spec/soil.spec/soil.spec/soil.spec/inst/icr_087266_B2.0
     soil.spec/soil.spec/soil.spec/soil.spec/soil.spec/soil.spec/soil.spec/soil.spec/soil.spec/soil.spec/soil.spec/soil.spec/soil.spec/soil.spec/soil.spec/inst/icr_087273_G3.0
     soil.spec/soil.spec/soil.spec/soil.spec/soil.spec/soil.spec/soil.spec/soil.spec/soil.spec/soil.spec/soil.spec/soil.spec/soil.spec/soil.spec/soil.spec/inst/icr_087273_H3.0
     soil.spec/soil.spec/soil.spec/soil.spec/soil.spec/soil.spec/soil.spec/soil.spec/soil.spec/soil.spec/soil.spec/soil.spec/soil.spec/soil.spec/soil.spec/man/SpectraPoints.Rd
     soil.spec/soil.spec/soil.spec/soil.spec/soil.spec/soil.spec/soil.spec/soil.spec/soil.spec/soil.spec/soil.spec/soil.spec/soil.spec/soil.spec/soil.spec/man/afspec.Rd
     soil.spec/soil.spec/soil.spec/soil.spec/soil.spec/soil.spec/soil.spec/soil.spec/soil.spec/soil.spec/soil.spec/soil.spec/soil.spec/soil.spec/soil.spec/man/afss.Rd
     soil.spec/soil.spec/soil.spec/soil.spec/soil.spec/soil.spec/soil.spec/soil.spec/soil.spec/soil.spec/soil.spec/soil.spec/soil.spec/soil.spec/soil.spec/man/fit.SpectraModel.Rd
     soil.spec/soil.spec/soil.spec/soil.spec/soil.spec/soil.spec/soil.spec/soil.spec/soil.spec/soil.spec/soil.spec/soil.spec/soil.spec/soil.spec/soil.spec/man/ken.sto.Rd
     soil.spec/soil.spec/soil.spec/soil.spec/soil.spec/soil.spec/soil.spec/soil.spec/soil.spec/soil.spec/soil.spec/soil.spec/soil.spec/soil.spec/soil.spec/man/plot.Spectra.Rd
     soil.spec/soil.spec/soil.spec/soil.spec/soil.spec/soil.spec/soil.spec/soil.spec/soil.spec/soil.spec/soil.spec/soil.spec/soil.spec/soil.spec/soil.spec/man/predict.SpectraPoints.Rd
     soil.spec/soil.spec/soil.spec/soil.spec/soil.spec/soil.spec/soil.spec/soil.spec/soil.spec/soil.spec/soil.spec/soil.spec/soil.spec/soil.spec/soil.spec/man/read.opus.Rd
     soil.spec/soil.spec/soil.spec/soil.spec/soil.spec/soil.spec/soil.spec/soil.spec/soil.spec/soil.spec/soil.spec/soil.spec/soil.spec/soil.spec/soil.spec/man/read.spc.Rd
     soil.spec/soil.spec/soil.spec/soil.spec/soil.spec/soil.spec/soil.spec/soil.spec/soil.spec/soil.spec/soil.spec/soil.spec/soil.spec/soil.spec/soil.spec/man/spec.env.Rd
     soil.spec/soil.spec/soil.spec/soil.spec/soil.spec/soil.spec/soil.spec/soil.spec/soil.spec/soil.spec/soil.spec/soil.spec/soil.spec/soil.spec/soil.spec/man/spectra.outliers.Rd
     soil.spec/soil.spec/soil.spec/soil.spec/soil.spec/soil.spec/soil.spec/soil.spec/soil.spec/soil.spec/soil.spec/soil.spec/soil.spec/soil.spec/soil.spec/man/trans.Rd
     soil.spec/soil.spec/soil.spec/soil.spec/soil.spec/soil.spec/soil.spec/soil.spec/soil.spec/soil.spec/soil.spec/soil.spec/soil.spec/soil.spec/soil.spec/man/wavenumbers.Rd
     soil.spec/soil.spec/soil.spec/soil.spec/soil.spec/soil.spec/soil.spec/soil.spec/soil.spec/soil.spec/soil.spec/soil.spec/soil.spec/soil.spec/soil.spec/soil.spec/DESCRIPTION
     soil.spec/soil.spec/soil.spec/soil.spec/soil.spec/soil.spec/soil.spec/soil.spec/soil.spec/soil.spec/soil.spec/soil.spec/soil.spec/soil.spec/soil.spec/soil.spec/MD5
     soil.spec/soil.spec/soil.spec/soil.spec/soil.spec/soil.spec/soil.spec/soil.spec/soil.spec/soil.spec/soil.spec/soil.spec/soil.spec/soil.spec/soil.spec/soil.spec/NAMESPACE
     soil.spec/soil.spec/soil.spec/soil.spec/soil.spec/soil.spec/soil.spec/soil.spec/soil.spec/soil.spec/soil.spec/soil.spec/soil.spec/soil.spec/soil.spec/soil.spec/R/AAA-classes.R
     soil.spec/soil.spec/soil.spec/soil.spec/soil.spec/soil.spec/soil.spec/soil.spec/soil.spec/soil.spec/soil.spec/soil.spec/soil.spec/soil.spec/soil.spec/soil.spec/R/ZZZ.R
     soil.spec/soil.spec/soil.spec/soil.spec/soil.spec/soil.spec/soil.spec/soil.spec/soil.spec/soil.spec/soil.spec/soil.spec/soil.spec/soil.spec/soil.spec/soil.spec/R/fit.SpectraModel.R
     soil.spec/soil.spec/soil.spec/soil.spec/soil.spec/soil.spec/soil.spec/soil.spec/soil.spec/soil.spec/soil.spec/soil.spec/soil.spec/soil.spec/soil.spec/soil.spec/R/ken.sto.R
     soil.spec/soil.spec/soil.spec/soil.spec/soil.spec/soil.spec/soil.spec/soil.spec/soil.spec/soil.spec/soil.spec/soil.spec/soil.spec/soil.spec/soil.spec/soil.spec/R/plot.spectra.R
     soil.spec/soil.spec/soil.spec/soil.spec/soil.spec/soil.spec/soil.spec/soil.spec/soil.spec/soil.spec/soil.spec/soil.spec/soil.spec/soil.spec/soil.spec/soil.spec/R/plot.trans.R
     soil.spec/soil.spec/soil.spec/soil.spec/soil.spec/soil.spec/soil.spec/soil.spec/soil.spec/soil.spec/soil.spec/soil.spec/soil.spec/soil.spec/soil.spec/soil.spec/R/predict.SpectraPoints.R
     soil.spec/soil.spec/soil.spec/soil.spec/soil.spec/soil.spec/soil.spec/soil.spec/soil.spec/soil.spec/soil.spec/soil.spec/soil.spec/soil.spec/soil.spec/soil.spec/R/read.opus.R
     soil.spec/soil.spec/soil.spec/soil.spec/soil.spec/soil.spec/soil.spec/soil.spec/soil.spec/soil.spec/soil.spec/soil.spec/soil.spec/soil.spec/soil.spec/soil.spec/R/read.spc.R
     soil.spec/soil.spec/soil.spec/soil.spec/soil.spec/soil.spec/soil.spec/soil.spec/soil.spec/soil.spec/soil.spec/soil.spec/soil.spec/soil.spec/soil.spec/soil.spec/R/reshape.R
     soil.spec/soil.spec/soil.spec/soil.spec/soil.spec/soil.spec/soil.spec/soil.spec/soil.spec/soil.spec/soil.spec/soil.spec/soil.spec/soil.spec/soil.spec/soil.spec/R/spec.env.R
     soil.spec/soil.spec/soil.spec/soil.spec/soil.spec/soil.spec/soil.spec/soil.spec/soil.spec/soil.spec/soil.spec/soil.spec/soil.spec/soil.spec/soil.spec/soil.spec/R/spectra.R
     soil.spec/soil.spec/soil.spec/soil.spec/soil.spec/soil.spec/soil.spec/soil.spec/soil.spec/soil.spec/soil.spec/soil.spec/soil.spec/soil.spec/soil.spec/soil.spec/R/spectra.outliers.R
     soil.spec/soil.spec/soil.spec/soil.spec/soil.spec/soil.spec/soil.spec/soil.spec/soil.spec/soil.spec/soil.spec/soil.spec/soil.spec/soil.spec/soil.spec/soil.spec/R/trans.R
     soil.spec/soil.spec/soil.spec/soil.spec/soil.spec/soil.spec/soil.spec/soil.spec/soil.spec/soil.spec/soil.spec/soil.spec/soil.spec/soil.spec/soil.spec/soil.spec/R/validate.R
     soil.spec/soil.spec/soil.spec/soil.spec/soil.spec/soil.spec/soil.spec/soil.spec/soil.spec/soil.spec/soil.spec/soil.spec/soil.spec/soil.spec/soil.spec/soil.spec/data/afspec.rda
     soil.spec/soil.spec/soil.spec/soil.spec/soil.spec/soil.spec/soil.spec/soil.spec/soil.spec/soil.spec/soil.spec/soil.spec/soil.spec/soil.spec/soil.spec/soil.spec/data/afss.rda
     soil.spec/soil.spec/soil.spec/soil.spec/soil.spec/soil.spec/soil.spec/soil.spec/soil.spec/soil.spec/soil.spec/soil.spec/soil.spec/soil.spec/soil.spec/soil.spec/data/datalist
     soil.spec/soil.spec/soil.spec/soil.spec/soil.spec/soil.spec/soil.spec/soil.spec/soil.spec/soil.spec/soil.spec/soil.spec/soil.spec/soil.spec/soil.spec/soil.spec/data/m.ALUM3S.rda
     soil.spec/soil.spec/soil.spec/soil.spec/soil.spec/soil.spec/soil.spec/soil.spec/soil.spec/soil.spec/soil.spec/soil.spec/soil.spec/soil.spec/soil.spec/soil.spec/data/m.ECAM3S.rda
     soil.spec/soil.spec/soil.spec/soil.spec/soil.spec/soil.spec/soil.spec/soil.spec/soil.spec/soil.spec/soil.spec/soil.spec/soil.spec/soil.spec/soil.spec/soil.spec/data/m.EMGM3S.rda
     soil.spec/soil.spec/soil.spec/soil.spec/soil.spec/soil.spec/soil.spec/soil.spec/soil.spec/soil.spec/soil.spec/soil.spec/soil.spec/soil.spec/soil.spec/soil.spec/data/m.ENAM3S.rda
     soil.spec/soil.spec/soil.spec/soil.spec/soil.spec/soil.spec/soil.spec/soil.spec/soil.spec/soil.spec/soil.spec/soil.spec/soil.spec/soil.spec/soil.spec/soil.spec/data/m.EXB.rda
     soil.spec/soil.spec/soil.spec/soil.spec/soil.spec/soil.spec/soil.spec/soil.spec/soil.spec/soil.spec/soil.spec/soil.spec/soil.spec/soil.spec/soil.spec/soil.spec/data/m.EXKM3S.rda
     soil.spec/soil.spec/soil.spec/soil.spec/soil.spec/soil.spec/soil.spec/soil.spec/soil.spec/soil.spec/soil.spec/soil.spec/soil.spec/soil.spec/soil.spec/soil.spec/data/m.NITCNS.rda
     soil.spec/soil.spec/soil.spec/soil.spec/soil.spec/soil.spec/soil.spec/soil.spec/soil.spec/soil.spec/soil.spec/soil.spec/soil.spec/soil.spec/soil.spec/soil.spec/data/m.ORCCNS.rda
     soil.spec/soil.spec/soil.spec/soil.spec/soil.spec/soil.spec/soil.spec/soil.spec/soil.spec/soil.spec/soil.spec/soil.spec/soil.spec/soil.spec/soil.spec/soil.spec/data/m.PHIHOX.rda
     soil.spec/soil.spec/soil.spec/soil.spec/soil.spec/soil.spec/soil.spec/soil.spec/soil.spec/soil.spec/soil.spec/soil.spec/soil.spec/soil.spec/soil.spec/soil.spec/data/m.SNDLDF.rda
     soil.spec/soil.spec/soil.spec/soil.spec/soil.spec/soil.spec/soil.spec/soil.spec/soil.spec/soil.spec/soil.spec/soil.spec/soil.spec/soil.spec/soil.spec/soil.spec/data/wavenumbers.rda
     soil.spec/soil.spec/soil.spec/soil.spec/soil.spec/soil.spec/soil.spec/soil.spec/soil.spec/soil.spec/soil.spec/soil.spec/soil.spec/soil.spec/soil.spec/soil.spec/inst/icr_087266_B2.0
     soil.spec/soil.spec/soil.spec/soil.spec/soil.spec/soil.spec/soil.spec/soil.spec/soil.spec/soil.spec/soil.spec/soil.spec/soil.spec/soil.spec/soil.spec/soil.spec/inst/icr_087273_G3.0
     soil.spec/soil.spec/soil.spec/soil.spec/soil.spec/soil.spec/soil.spec/soil.spec/soil.spec/soil.spec/soil.spec/soil.spec/soil.spec/soil.spec/soil.spec/soil.spec/inst/icr_087273_H3.0
     soil.spec/soil.spec/soil.spec/soil.spec/soil.spec/soil.spec/soil.spec/soil.spec/soil.spec/soil.spec/soil.spec/soil.spec/soil.spec/soil.spec/soil.spec/soil.spec/man/SpectraPoints.Rd
     soil.spec/soil.spec/soil.spec/soil.spec/soil.spec/soil.spec/soil.spec/soil.spec/soil.spec/soil.spec/soil.spec/soil.spec/soil.spec/soil.spec/soil.spec/soil.spec/man/afspec.Rd
     soil.spec/soil.spec/soil.spec/soil.spec/soil.spec/soil.spec/soil.spec/soil.spec/soil.spec/soil.spec/soil.spec/soil.spec/soil.spec/soil.spec/soil.spec/soil.spec/man/afss.Rd
     soil.spec/soil.spec/soil.spec/soil.spec/soil.spec/soil.spec/soil.spec/soil.spec/soil.spec/soil.spec/soil.spec/soil.spec/soil.spec/soil.spec/soil.spec/soil.spec/man/fit.SpectraModel.Rd
     soil.spec/soil.spec/soil.spec/soil.spec/soil.spec/soil.spec/soil.spec/soil.spec/soil.spec/soil.spec/soil.spec/soil.spec/soil.spec/soil.spec/soil.spec/soil.spec/man/ken.sto.Rd
     soil.spec/soil.spec/soil.spec/soil.spec/soil.spec/soil.spec/soil.spec/soil.spec/soil.spec/soil.spec/soil.spec/soil.spec/soil.spec/soil.spec/soil.spec/soil.spec/man/plot.Spectra.Rd
     soil.spec/soil.spec/soil.spec/soil.spec/soil.spec/soil.spec/soil.spec/soil.spec/soil.spec/soil.spec/soil.spec/soil.spec/soil.spec/soil.spec/soil.spec/soil.spec/man/predict.SpectraPoints.Rd
     soil.spec/soil.spec/soil.spec/soil.spec/soil.spec/soil.spec/soil.spec/soil.spec/soil.spec/soil.spec/soil.spec/soil.spec/soil.spec/soil.spec/soil.spec/soil.spec/man/read.opus.Rd
     soil.spec/soil.spec/soil.spec/soil.spec/soil.spec/soil.spec/soil.spec/soil.spec/soil.spec/soil.spec/soil.spec/soil.spec/soil.spec/soil.spec/soil.spec/soil.spec/man/read.spc.Rd
     soil.spec/soil.spec/soil.spec/soil.spec/soil.spec/soil.spec/soil.spec/soil.spec/soil.spec/soil.spec/soil.spec/soil.spec/soil.spec/soil.spec/soil.spec/soil.spec/man/spec.env.Rd
     soil.spec/soil.spec/soil.spec/soil.spec/soil.spec/soil.spec/soil.spec/soil.spec/soil.spec/soil.spec/soil.spec/soil.spec/soil.spec/soil.spec/soil.spec/soil.spec/man/spectra.outliers.Rd
     soil.spec/soil.spec/soil.spec/soil.spec/soil.spec/soil.spec/soil.spec/soil.spec/soil.spec/soil.spec/soil.spec/soil.spec/soil.spec/soil.spec/soil.spec/soil.spec/man/trans.Rd
     soil.spec/soil.spec/soil.spec/soil.spec/soil.spec/soil.spec/soil.spec/soil.spec/soil.spec/soil.spec/soil.spec/soil.spec/soil.spec/soil.spec/soil.spec/soil.spec/man/wavenumbers.Rd
     soil.spec/soil.spec/soil.spec/soil.spec/soil.spec/soil.spec/soil.spec/soil.spec/soil.spec/soil.spec/soil.spec/soil.spec/soil.spec/soil.spec/soil.spec/soil.spec/soil.spec/DESCRIPTION
     soil.spec/soil.spec/soil.spec/soil.spec/soil.spec/soil.spec/soil.spec/soil.spec/soil.spec/soil.spec/soil.spec/soil.spec/soil.spec/soil.spec/soil.spec/soil.spec/soil.spec/MD5
     soil.spec/soil.spec/soil.spec/soil.spec/soil.spec/soil.spec/soil.spec/soil.spec/soil.spec/soil.spec/soil.spec/soil.spec/soil.spec/soil.spec/soil.spec/soil.spec/soil.spec/NAMESPACE
     soil.spec/soil.spec/soil.spec/soil.spec/soil.spec/soil.spec/soil.spec/soil.spec/soil.spec/soil.spec/soil.spec/soil.spec/soil.spec/soil.spec/soil.spec/soil.spec/soil.spec/R/AAA-classes.R
     soil.spec/soil.spec/soil.spec/soil.spec/soil.spec/soil.spec/soil.spec/soil.spec/soil.spec/soil.spec/soil.spec/soil.spec/soil.spec/soil.spec/soil.spec/soil.spec/soil.spec/R/ZZZ.R
     soil.spec/soil.spec/soil.spec/soil.spec/soil.spec/soil.spec/soil.spec/soil.spec/soil.spec/soil.spec/soil.spec/soil.spec/soil.spec/soil.spec/soil.spec/soil.spec/soil.spec/R/fit.SpectraModel.R
     soil.spec/soil.spec/soil.spec/soil.spec/soil.spec/soil.spec/soil.spec/soil.spec/soil.spec/soil.spec/soil.spec/soil.spec/soil.spec/soil.spec/soil.spec/soil.spec/soil.spec/R/ken.sto.R
     soil.spec/soil.spec/soil.spec/soil.spec/soil.spec/soil.spec/soil.spec/soil.spec/soil.spec/soil.spec/soil.spec/soil.spec/soil.spec/soil.spec/soil.spec/soil.spec/soil.spec/R/plot.spectra.R
     soil.spec/soil.spec/soil.spec/soil.spec/soil.spec/soil.spec/soil.spec/soil.spec/soil.spec/soil.spec/soil.spec/soil.spec/soil.spec/soil.spec/soil.spec/soil.spec/soil.spec/R/plot.trans.R
     soil.spec/soil.spec/soil.spec/soil.spec/soil.spec/soil.spec/soil.spec/soil.spec/soil.spec/soil.spec/soil.spec/soil.spec/soil.spec/soil.spec/soil.spec/soil.spec/soil.spec/R/predict.SpectraPoints.R
     soil.spec/soil.spec/soil.spec/soil.spec/soil.spec/soil.spec/soil.spec/soil.spec/soil.spec/soil.spec/soil.spec/soil.spec/soil.spec/soil.spec/soil.spec/soil.spec/soil.spec/R/read.opus.R
     soil.spec/soil.spec/soil.spec/soil.spec/soil.spec/soil.spec/soil.spec/soil.spec/soil.spec/soil.spec/soil.spec/soil.spec/soil.spec/soil.spec/soil.spec/soil.spec/soil.spec/R/read.spc.R
     soil.spec/soil.spec/soil.spec/soil.spec/soil.spec/soil.spec/soil.spec/soil.spec/soil.spec/soil.spec/soil.spec/soil.spec/soil.spec/soil.spec/soil.spec/soil.spec/soil.spec/R/reshape.R
     soil.spec/soil.spec/soil.spec/soil.spec/soil.spec/soil.spec/soil.spec/soil.spec/soil.spec/soil.spec/soil.spec/soil.spec/soil.spec/soil.spec/soil.spec/soil.spec/soil.spec/R/spec.env.R
     soil.spec/soil.spec/soil.spec/soil.spec/soil.spec/soil.spec/soil.spec/soil.spec/soil.spec/soil.spec/soil.spec/soil.spec/soil.spec/soil.spec/soil.spec/soil.spec/soil.spec/R/spectra.R
     soil.spec/soil.spec/soil.spec/soil.spec/soil.spec/soil.spec/soil.spec/soil.spec/soil.spec/soil.spec/soil.spec/soil.spec/soil.spec/soil.spec/soil.spec/soil.spec/soil.spec/R/spectra.outliers.R
     soil.spec/soil.spec/soil.spec/soil.spec/soil.spec/soil.spec/soil.spec/soil.spec/soil.spec/soil.spec/soil.spec/soil.spec/soil.spec/soil.spec/soil.spec/soil.spec/soil.spec/R/trans.R
     soil.spec/soil.spec/soil.spec/soil.spec/soil.spec/soil.spec/soil.spec/soil.spec/soil.spec/soil.spec/soil.spec/soil.spec/soil.spec/soil.spec/soil.spec/soil.spec/soil.spec/R/validate.R
     soil.spec/soil.spec/soil.spec/soil.spec/soil.spec/soil.spec/soil.spec/soil.spec/soil.spec/soil.spec/soil.spec/soil.spec/soil.spec/soil.spec/soil.spec/soil.spec/soil.spec/data/afspec.rda
     soil.spec/soil.spec/soil.spec/soil.spec/soil.spec/soil.spec/soil.spec/soil.spec/soil.spec/soil.spec/soil.spec/soil.spec/soil.spec/soil.spec/soil.spec/soil.spec/soil.spec/data/afss.rda
     soil.spec/soil.spec/soil.spec/soil.spec/soil.spec/soil.spec/soil.spec/soil.spec/soil.spec/soil.spec/soil.spec/soil.spec/soil.spec/soil.spec/soil.spec/soil.spec/soil.spec/data/datalist
     soil.spec/soil.spec/soil.spec/soil.spec/soil.spec/soil.spec/soil.spec/soil.spec/soil.spec/soil.spec/soil.spec/soil.spec/soil.spec/soil.spec/soil.spec/soil.spec/soil.spec/data/m.ALUM3S.rda
     soil.spec/soil.spec/soil.spec/soil.spec/soil.spec/soil.spec/soil.spec/soil.spec/soil.spec/soil.spec/soil.spec/soil.spec/soil.spec/soil.spec/soil.spec/soil.spec/soil.spec/data/m.ECAM3S.rda
     soil.spec/soil.spec/soil.spec/soil.spec/soil.spec/soil.spec/soil.spec/soil.spec/soil.spec/soil.spec/soil.spec/soil.spec/soil.spec/soil.spec/soil.spec/soil.spec/soil.spec/data/m.EMGM3S.rda
     soil.spec/soil.spec/soil.spec/soil.spec/soil.spec/soil.spec/soil.spec/soil.spec/soil.spec/soil.spec/soil.spec/soil.spec/soil.spec/soil.spec/soil.spec/soil.spec/soil.spec/data/m.ENAM3S.rda
     soil.spec/soil.spec/soil.spec/soil.spec/soil.spec/soil.spec/soil.spec/soil.spec/soil.spec/soil.spec/soil.spec/soil.spec/soil.spec/soil.spec/soil.spec/soil.spec/soil.spec/data/m.EXB.rda
     soil.spec/soil.spec/soil.spec/soil.spec/soil.spec/soil.spec/soil.spec/soil.spec/soil.spec/soil.spec/soil.spec/soil.spec/soil.spec/soil.spec/soil.spec/soil.spec/soil.spec/data/m.EXKM3S.rda
     soil.spec/soil.spec/soil.spec/soil.spec/soil.spec/soil.spec/soil.spec/soil.spec/soil.spec/soil.spec/soil.spec/soil.spec/soil.spec/soil.spec/soil.spec/soil.spec/soil.spec/data/m.NITCNS.rda
     soil.spec/soil.spec/soil.spec/soil.spec/soil.spec/soil.spec/soil.spec/soil.spec/soil.spec/soil.spec/soil.spec/soil.spec/soil.spec/soil.spec/soil.spec/soil.spec/soil.spec/data/m.ORCCNS.rda
     soil.spec/soil.spec/soil.spec/soil.spec/soil.spec/soil.spec/soil.spec/soil.spec/soil.spec/soil.spec/soil.spec/soil.spec/soil.spec/soil.spec/soil.spec/soil.spec/soil.spec/data/m.PHIHOX.rda
     soil.spec/soil.spec/soil.spec/soil.spec/soil.spec/soil.spec/soil.spec/soil.spec/soil.spec/soil.spec/soil.spec/soil.spec/soil.spec/soil.spec/soil.spec/soil.spec/soil.spec/data/m.SNDLDF.rda
     soil.spec/soil.spec/soil.spec/soil.spec/soil.spec/soil.spec/soil.spec/soil.spec/soil.spec/soil.spec/soil.spec/soil.spec/soil.spec/soil.spec/soil.spec/soil.spec/soil.spec/data/wavenumbers.rda
     soil.spec/soil.spec/soil.spec/soil.spec/soil.spec/soil.spec/soil.spec/soil.spec/soil.spec/soil.spec/soil.spec/soil.spec/soil.spec/soil.spec/soil.spec/soil.spec/soil.spec/inst/icr_087266_B2.0
     soil.spec/soil.spec/soil.spec/soil.spec/soil.spec/soil.spec/soil.spec/soil.spec/soil.spec/soil.spec/soil.spec/soil.spec/soil.spec/soil.spec/soil.spec/soil.spec/soil.spec/inst/icr_087273_G3.0
     soil.spec/soil.spec/soil.spec/soil.spec/soil.spec/soil.spec/soil.spec/soil.spec/soil.spec/soil.spec/soil.spec/soil.spec/soil.spec/soil.spec/soil.spec/soil.spec/soil.spec/inst/icr_087273_H3.0
     soil.spec/soil.spec/soil.spec/soil.spec/soil.spec/soil.spec/soil.spec/soil.spec/soil.spec/soil.spec/soil.spec/soil.spec/soil.spec/soil.spec/soil.spec/soil.spec/soil.spec/man/SpectraPoints.Rd
     soil.spec/soil.spec/soil.spec/soil.spec/soil.spec/soil.spec/soil.spec/soil.spec/soil.spec/soil.spec/soil.spec/soil.spec/soil.spec/soil.spec/soil.spec/soil.spec/soil.spec/man/afspec.Rd
     soil.spec/soil.spec/soil.spec/soil.spec/soil.spec/soil.spec/soil.spec/soil.spec/soil.spec/soil.spec/soil.spec/soil.spec/soil.spec/soil.spec/soil.spec/soil.spec/soil.spec/man/afss.Rd
     soil.spec/soil.spec/soil.spec/soil.spec/soil.spec/soil.spec/soil.spec/soil.spec/soil.spec/soil.spec/soil.spec/soil.spec/soil.spec/soil.spec/soil.spec/soil.spec/soil.spec/man/fit.SpectraModel.Rd
     soil.spec/soil.spec/soil.spec/soil.spec/soil.spec/soil.spec/soil.spec/soil.spec/soil.spec/soil.spec/soil.spec/soil.spec/soil.spec/soil.spec/soil.spec/soil.spec/soil.spec/man/ken.sto.Rd
     soil.spec/soil.spec/soil.spec/soil.spec/soil.spec/soil.spec/soil.spec/soil.spec/soil.spec/soil.spec/soil.spec/soil.spec/soil.spec/soil.spec/soil.spec/soil.spec/soil.spec/man/plot.Spectra.Rd
     soil.spec/soil.spec/soil.spec/soil.spec/soil.spec/soil.spec/soil.spec/soil.spec/soil.spec/soil.spec/soil.spec/soil.spec/soil.spec/soil.spec/soil.spec/soil.spec/soil.spec/man/predict.SpectraPoints.Rd
     soil.spec/soil.spec/soil.spec/soil.spec/soil.spec/soil.spec/soil.spec/soil.spec/soil.spec/soil.spec/soil.spec/soil.spec/soil.spec/soil.spec/soil.spec/soil.spec/soil.spec/man/read.opus.Rd
     soil.spec/soil.spec/soil.spec/soil.spec/soil.spec/soil.spec/soil.spec/soil.spec/soil.spec/soil.spec/soil.spec/soil.spec/soil.spec/soil.spec/soil.spec/soil.spec/soil.spec/man/read.spc.Rd
     soil.spec/soil.spec/soil.spec/soil.spec/soil.spec/soil.spec/soil.spec/soil.spec/soil.spec/soil.spec/soil.spec/soil.spec/soil.spec/soil.spec/soil.spec/soil.spec/soil.spec/man/spec.env.Rd
     soil.spec/soil.spec/soil.spec/soil.spec/soil.spec/soil.spec/soil.spec/soil.spec/soil.spec/soil.spec/soil.spec/soil.spec/soil.spec/soil.spec/soil.spec/soil.spec/soil.spec/man/spectra.outliers.Rd
     soil.spec/soil.spec/soil.spec/soil.spec/soil.spec/soil.spec/soil.spec/soil.spec/soil.spec/soil.spec/soil.spec/soil.spec/soil.spec/soil.spec/soil.spec/soil.spec/soil.spec/man/trans.Rd
     soil.spec/soil.spec/soil.spec/soil.spec/soil.spec/soil.spec/soil.spec/soil.spec/soil.spec/soil.spec/soil.spec/soil.spec/soil.spec/soil.spec/soil.spec/soil.spec/soil.spec/man/wavenumbers.Rd
     soil.spec/soil.spec/soil.spec/soil.spec/soil.spec/soil.spec/soil.spec/soil.spec/soil.spec/soil.spec/soil.spec/soil.spec/soil.spec/soil.spec/soil.spec/soil.spec/soil.spec/soil.spec/DESCRIPTION
     soil.spec/soil.spec/soil.spec/soil.spec/soil.spec/soil.spec/soil.spec/soil.spec/soil.spec/soil.spec/soil.spec/soil.spec/soil.spec/soil.spec/soil.spec/soil.spec/soil.spec/soil.spec/MD5
     soil.spec/soil.spec/soil.spec/soil.spec/soil.spec/soil.spec/soil.spec/soil.spec/soil.spec/soil.spec/soil.spec/soil.spec/soil.spec/soil.spec/soil.spec/soil.spec/soil.spec/soil.spec/NAMESPACE
     soil.spec/soil.spec/soil.spec/soil.spec/soil.spec/soil.spec/soil.spec/soil.spec/soil.spec/soil.spec/soil.spec/soil.spec/soil.spec/soil.spec/soil.spec/soil.spec/soil.spec/soil.spec/R/AAA-classes.R
     soil.spec/soil.spec/soil.spec/soil.spec/soil.spec/soil.spec/soil.spec/soil.spec/soil.spec/soil.spec/soil.spec/soil.spec/soil.spec/soil.spec/soil.spec/soil.spec/soil.spec/soil.spec/R/ZZZ.R
     soil.spec/soil.spec/soil.spec/soil.spec/soil.spec/soil.spec/soil.spec/soil.spec/soil.spec/soil.spec/soil.spec/soil.spec/soil.spec/soil.spec/soil.spec/soil.spec/soil.spec/soil.spec/R/fit.SpectraModel.R
     soil.spec/soil.spec/soil.spec/soil.spec/soil.spec/soil.spec/soil.spec/soil.spec/soil.spec/soil.spec/soil.spec/soil.spec/soil.spec/soil.spec/soil.spec/soil.spec/soil.spec/soil.spec/R/ken.sto.R
     soil.spec/soil.spec/soil.spec/soil.spec/soil.spec/soil.spec/soil.spec/soil.spec/soil.spec/soil.spec/soil.spec/soil.spec/soil.spec/soil.spec/soil.spec/soil.spec/soil.spec/soil.spec/R/plot.spectra.R
     soil.spec/soil.spec/soil.spec/soil.spec/soil.spec/soil.spec/soil.spec/soil.spec/soil.spec/soil.spec/soil.spec/soil.spec/soil.spec/soil.spec/soil.spec/soil.spec/soil.spec/soil.spec/R/plot.trans.R
     soil.spec/soil.spec/soil.spec/soil.spec/soil.spec/soil.spec/soil.spec/soil.spec/soil.spec/soil.spec/soil.spec/soil.spec/soil.spec/soil.spec/soil.spec/soil.spec/soil.spec/soil.spec/R/predict.SpectraPoints.R
     soil.spec/soil.spec/soil.spec/soil.spec/soil.spec/soil.spec/soil.spec/soil.spec/soil.spec/soil.spec/soil.spec/soil.spec/soil.spec/soil.spec/soil.spec/soil.spec/soil.spec/soil.spec/R/read.opus.R
     soil.spec/soil.spec/soil.spec/soil.spec/soil.spec/soil.spec/soil.spec/soil.spec/soil.spec/soil.spec/soil.spec/soil.spec/soil.spec/soil.spec/soil.spec/soil.spec/soil.spec/soil.spec/R/read.spc.R
     soil.spec/soil.spec/soil.spec/soil.spec/soil.spec/soil.spec/soil.spec/soil.spec/soil.spec/soil.spec/soil.spec/soil.spec/soil.spec/soil.spec/soil.spec/soil.spec/soil.spec/soil.spec/R/reshape.R
     soil.spec/soil.spec/soil.spec/soil.spec/soil.spec/soil.spec/soil.spec/soil.spec/soil.spec/soil.spec/soil.spec/soil.spec/soil.spec/soil.spec/soil.spec/soil.spec/soil.spec/soil.spec/R/spec.env.R
     soil.spec/soil.spec/soil.spec/soil.spec/soil.spec/soil.spec/soil.spec/soil.spec/soil.spec/soil.spec/soil.spec/soil.spec/soil.spec/soil.spec/soil.spec/soil.spec/soil.spec/soil.spec/R/spectra.R
     soil.spec/soil.spec/soil.spec/soil.spec/soil.spec/soil.spec/soil.spec/soil.spec/soil.spec/soil.spec/soil.spec/soil.spec/soil.spec/soil.spec/soil.spec/soil.spec/soil.spec/soil.spec/R/spectra.outliers.R
     soil.spec/soil.spec/soil.spec/soil.spec/soil.spec/soil.spec/soil.spec/soil.spec/soil.spec/soil.spec/soil.spec/soil.spec/soil.spec/soil.spec/soil.spec/soil.spec/soil.spec/soil.spec/R/trans.R
     soil.spec/soil.spec/soil.spec/soil.spec/soil.spec/soil.spec/soil.spec/soil.spec/soil.spec/soil.spec/soil.spec/soil.spec/soil.spec/soil.spec/soil.spec/soil.spec/soil.spec/soil.spec/R/validate.R
     soil.spec/soil.spec/soil.spec/soil.spec/soil.spec/soil.spec/soil.spec/soil.spec/soil.spec/soil.spec/soil.spec/soil.spec/soil.spec/soil.spec/soil.spec/soil.spec/soil.spec/soil.spec/data/afspec.rda
     soil.spec/soil.spec/soil.spec/soil.spec/soil.spec/soil.spec/soil.spec/soil.spec/soil.spec/soil.spec/soil.spec/soil.spec/soil.spec/soil.spec/soil.spec/soil.spec/soil.spec/soil.spec/data/afss.rda
     soil.spec/soil.spec/soil.spec/soil.spec/soil.spec/soil.spec/soil.spec/soil.spec/soil.spec/soil.spec/soil.spec/soil.spec/soil.spec/soil.spec/soil.spec/soil.spec/soil.spec/soil.spec/data/datalist
     soil.spec/soil.spec/soil.spec/soil.spec/soil.spec/soil.spec/soil.spec/soil.spec/soil.spec/soil.spec/soil.spec/soil.spec/soil.spec/soil.spec/soil.spec/soil.spec/soil.spec/soil.spec/data/m.ALUM3S.rda
     soil.spec/soil.spec/soil.spec/soil.spec/soil.spec/soil.spec/soil.spec/soil.spec/soil.spec/soil.spec/soil.spec/soil.spec/soil.spec/soil.spec/soil.spec/soil.spec/soil.spec/soil.spec/data/m.ECAM3S.rda
     soil.spec/soil.spec/soil.spec/soil.spec/soil.spec/soil.spec/soil.spec/soil.spec/soil.spec/soil.spec/soil.spec/soil.spec/soil.spec/soil.spec/soil.spec/soil.spec/soil.spec/soil.spec/data/m.EMGM3S.rda
     soil.spec/soil.spec/soil.spec/soil.spec/soil.spec/soil.spec/soil.spec/soil.spec/soil.spec/soil.spec/soil.spec/soil.spec/soil.spec/soil.spec/soil.spec/soil.spec/soil.spec/soil.spec/data/m.ENAM3S.rda
     soil.spec/soil.spec/soil.spec/soil.spec/soil.spec/soil.spec/soil.spec/soil.spec/soil.spec/soil.spec/soil.spec/soil.spec/soil.spec/soil.spec/soil.spec/soil.spec/soil.spec/soil.spec/data/m.EXB.rda
     soil.spec/soil.spec/soil.spec/soil.spec/soil.spec/soil.spec/soil.spec/soil.spec/soil.spec/soil.spec/soil.spec/soil.spec/soil.spec/soil.spec/soil.spec/soil.spec/soil.spec/soil.spec/data/m.EXKM3S.rda
     soil.spec/soil.spec/soil.spec/soil.spec/soil.spec/soil.spec/soil.spec/soil.spec/soil.spec/soil.spec/soil.spec/soil.spec/soil.spec/soil.spec/soil.spec/soil.spec/soil.spec/soil.spec/data/m.NITCNS.rda
     soil.spec/soil.spec/soil.spec/soil.spec/soil.spec/soil.spec/soil.spec/soil.spec/soil.spec/soil.spec/soil.spec/soil.spec/soil.spec/soil.spec/soil.spec/soil.spec/soil.spec/soil.spec/data/m.ORCCNS.rda
     soil.spec/soil.spec/soil.spec/soil.spec/soil.spec/soil.spec/soil.spec/soil.spec/soil.spec/soil.spec/soil.spec/soil.spec/soil.spec/soil.spec/soil.spec/soil.spec/soil.spec/soil.spec/data/m.PHIHOX.rda
     soil.spec/soil.spec/soil.spec/soil.spec/soil.spec/soil.spec/soil.spec/soil.spec/soil.spec/soil.spec/soil.spec/soil.spec/soil.spec/soil.spec/soil.spec/soil.spec/soil.spec/soil.spec/data/m.SNDLDF.rda
     soil.spec/soil.spec/soil.spec/soil.spec/soil.spec/soil.spec/soil.spec/soil.spec/soil.spec/soil.spec/soil.spec/soil.spec/soil.spec/soil.spec/soil.spec/soil.spec/soil.spec/soil.spec/data/wavenumbers.rda
     soil.spec/soil.spec/soil.spec/soil.spec/soil.spec/soil.spec/soil.spec/soil.spec/soil.spec/soil.spec/soil.spec/soil.spec/soil.spec/soil.spec/soil.spec/soil.spec/soil.spec/soil.spec/inst/icr_087266_B2.0
     soil.spec/soil.spec/soil.spec/soil.spec/soil.spec/soil.spec/soil.spec/soil.spec/soil.spec/soil.spec/soil.spec/soil.spec/soil.spec/soil.spec/soil.spec/soil.spec/soil.spec/soil.spec/inst/icr_087273_G3.0
     soil.spec/soil.spec/soil.spec/soil.spec/soil.spec/soil.spec/soil.spec/soil.spec/soil.spec/soil.spec/soil.spec/soil.spec/soil.spec/soil.spec/soil.spec/soil.spec/soil.spec/soil.spec/inst/icr_087273_H3.0
     soil.spec/soil.spec/soil.spec/soil.spec/soil.spec/soil.spec/soil.spec/soil.spec/soil.spec/soil.spec/soil.spec/soil.spec/soil.spec/soil.spec/soil.spec/soil.spec/soil.spec/soil.spec/man/SpectraPoints.Rd
     soil.spec/soil.spec/soil.spec/soil.spec/soil.spec/soil.spec/soil.spec/soil.spec/soil.spec/soil.spec/soil.spec/soil.spec/soil.spec/soil.spec/soil.spec/soil.spec/soil.spec/soil.spec/man/afspec.Rd
     soil.spec/soil.spec/soil.spec/soil.spec/soil.spec/soil.spec/soil.spec/soil.spec/soil.spec/soil.spec/soil.spec/soil.spec/soil.spec/soil.spec/soil.spec/soil.spec/soil.spec/soil.spec/man/afss.Rd
     soil.spec/soil.spec/soil.spec/soil.spec/soil.spec/soil.spec/soil.spec/soil.spec/soil.spec/soil.spec/soil.spec/soil.spec/soil.spec/soil.spec/soil.spec/soil.spec/soil.spec/soil.spec/man/fit.SpectraModel.Rd
     soil.spec/soil.spec/soil.spec/soil.spec/soil.spec/soil.spec/soil.spec/soil.spec/soil.spec/soil.spec/soil.spec/soil.spec/soil.spec/soil.spec/soil.spec/soil.spec/soil.spec/soil.spec/man/ken.sto.Rd
     soil.spec/soil.spec/soil.spec/soil.spec/soil.spec/soil.spec/soil.spec/soil.spec/soil.spec/soil.spec/soil.spec/soil.spec/soil.spec/soil.spec/soil.spec/soil.spec/soil.spec/soil.spec/man/plot.Spectra.Rd
     soil.spec/soil.spec/soil.spec/soil.spec/soil.spec/soil.spec/soil.spec/soil.spec/soil.spec/soil.spec/soil.spec/soil.spec/soil.spec/soil.spec/soil.spec/soil.spec/soil.spec/soil.spec/man/predict.SpectraPoints.Rd
     soil.spec/soil.spec/soil.spec/soil.spec/soil.spec/soil.spec/soil.spec/soil.spec/soil.spec/soil.spec/soil.spec/soil.spec/soil.spec/soil.spec/soil.spec/soil.spec/soil.spec/soil.spec/man/read.opus.Rd
     soil.spec/soil.spec/soil.spec/soil.spec/soil.spec/soil.spec/soil.spec/soil.spec/soil.spec/soil.spec/soil.spec/soil.spec/soil.spec/soil.spec/soil.spec/soil.spec/soil.spec/soil.spec/man/read.spc.Rd
     soil.spec/soil.spec/soil.spec/soil.spec/soil.spec/soil.spec/soil.spec/soil.spec/soil.spec/soil.spec/soil.spec/soil.spec/soil.spec/soil.spec/soil.spec/soil.spec/soil.spec/soil.spec/man/spec.env.Rd
     soil.spec/soil.spec/soil.spec/soil.spec/soil.spec/soil.spec/soil.spec/soil.spec/soil.spec/soil.spec/soil.spec/soil.spec/soil.spec/soil.spec/soil.spec/soil.spec/soil.spec/soil.spec/man/spectra.outliers.Rd
     soil.spec/soil.spec/soil.spec/soil.spec/soil.spec/soil.spec/soil.spec/soil.spec/soil.spec/soil.spec/soil.spec/soil.spec/soil.spec/soil.spec/soil.spec/soil.spec/soil.spec/soil.spec/man/trans.Rd
     soil.spec/soil.spec/soil.spec/soil.spec/soil.spec/soil.spec/soil.spec/soil.spec/soil.spec/soil.spec/soil.spec/soil.spec/soil.spec/soil.spec/soil.spec/soil.spec/soil.spec/soil.spec/man/wavenumbers.Rd
     soil.spec/soil.spec/soil.spec/soil.spec/soil.spec/soil.spec/soil.spec/soil.spec/soil.spec/soil.spec/soil.spec/soil.spec/soil.spec/soil.spec/soil.spec/soil.spec/soil.spec/soil.spec/soil.spec/DESCRIPTION
     soil.spec/soil.spec/soil.spec/soil.spec/soil.spec/soil.spec/soil.spec/soil.spec/soil.spec/soil.spec/soil.spec/soil.spec/soil.spec/soil.spec/soil.spec/soil.spec/soil.spec/soil.spec/soil.spec/MD5
     soil.spec/soil.spec/soil.spec/soil.spec/soil.spec/soil.spec/soil.spec/soil.spec/soil.spec/soil.spec/soil.spec/soil.spec/soil.spec/soil.spec/soil.spec/soil.spec/soil.spec/soil.spec/soil.spec/NAMESPACE
     soil.spec/soil.spec/soil.spec/soil.spec/soil.spec/soil.spec/soil.spec/soil.spec/soil.spec/soil.spec/soil.spec/soil.spec/soil.spec/soil.spec/soil.spec/soil.spec/soil.spec/soil.spec/soil.spec/R/AAA-classes.R
     soil.spec/soil.spec/soil.spec/soil.spec/soil.spec/soil.spec/soil.spec/soil.spec/soil.spec/soil.spec/soil.spec/soil.spec/soil.spec/soil.spec/soil.spec/soil.spec/soil.spec/soil.spec/soil.spec/R/ZZZ.R
     soil.spec/soil.spec/soil.spec/soil.spec/soil.spec/soil.spec/soil.spec/soil.spec/soil.spec/soil.spec/soil.spec/soil.spec/soil.spec/soil.spec/soil.spec/soil.spec/soil.spec/soil.spec/soil.spec/R/fit.SpectraModel.R
     soil.spec/soil.spec/soil.spec/soil.spec/soil.spec/soil.spec/soil.spec/soil.spec/soil.spec/soil.spec/soil.spec/soil.spec/soil.spec/soil.spec/soil.spec/soil.spec/soil.spec/soil.spec/soil.spec/R/ken.sto.R
     soil.spec/soil.spec/soil.spec/soil.spec/soil.spec/soil.spec/soil.spec/soil.spec/soil.spec/soil.spec/soil.spec/soil.spec/soil.spec/soil.spec/soil.spec/soil.spec/soil.spec/soil.spec/soil.spec/R/plot.spectra.R
     soil.spec/soil.spec/soil.spec/soil.spec/soil.spec/soil.spec/soil.spec/soil.spec/soil.spec/soil.spec/soil.spec/soil.spec/soil.spec/soil.spec/soil.spec/soil.spec/soil.spec/soil.spec/soil.spec/R/plot.trans.R
     soil.spec/soil.spec/soil.spec/soil.spec/soil.spec/soil.spec/soil.spec/soil.spec/soil.spec/soil.spec/soil.spec/soil.spec/soil.spec/soil.spec/soil.spec/soil.spec/soil.spec/soil.spec/soil.spec/R/predict.SpectraPoints.R
     soil.spec/soil.spec/soil.spec/soil.spec/soil.spec/soil.spec/soil.spec/soil.spec/soil.spec/soil.spec/soil.spec/soil.spec/soil.spec/soil.spec/soil.spec/soil.spec/soil.spec/soil.spec/soil.spec/R/read.opus.R
     soil.spec/soil.spec/soil.spec/soil.spec/soil.spec/soil.spec/soil.spec/soil.spec/soil.spec/soil.spec/soil.spec/soil.spec/soil.spec/soil.spec/soil.spec/soil.spec/soil.spec/soil.spec/soil.spec/R/read.spc.R
     soil.spec/soil.spec/soil.spec/soil.spec/soil.spec/soil.spec/soil.spec/soil.spec/soil.spec/soil.spec/soil.spec/soil.spec/soil.spec/soil.spec/soil.spec/soil.spec/soil.spec/soil.spec/soil.spec/R/reshape.R
     soil.spec/soil.spec/soil.spec/soil.spec/soil.spec/soil.spec/soil.spec/soil.spec/soil.spec/soil.spec/soil.spec/soil.spec/soil.spec/soil.spec/soil.spec/soil.spec/soil.spec/soil.spec/soil.spec/R/spec.env.R
     soil.spec/soil.spec/soil.spec/soil.spec/soil.spec/soil.spec/soil.spec/soil.spec/soil.spec/soil.spec/soil.spec/soil.spec/soil.spec/soil.spec/soil.spec/soil.spec/soil.spec/soil.spec/soil.spec/R/spectra.R
     soil.spec/soil.spec/soil.spec/soil.spec/soil.spec/soil.spec/soil.spec/soil.spec/soil.spec/soil.spec/soil.spec/soil.spec/soil.spec/soil.spec/soil.spec/soil.spec/soil.spec/soil.spec/soil.spec/R/spectra.outliers.R
     soil.spec/soil.spec/soil.spec/soil.spec/soil.spec/soil.spec/soil.spec/soil.spec/soil.spec/soil.spec/soil.spec/soil.spec/soil.spec/soil.spec/soil.spec/soil.spec/soil.spec/soil.spec/soil.spec/R/trans.R
     soil.spec/soil.spec/soil.spec/soil.spec/soil.spec/soil.spec/soil.spec/soil.spec/soil.spec/soil.spec/soil.spec/soil.spec/soil.spec/soil.spec/soil.spec/soil.spec/soil.spec/soil.spec/soil.spec/R/validate.R
     soil.spec/soil.spec/soil.spec/soil.spec/soil.spec/soil.spec/soil.spec/soil.spec/soil.spec/soil.spec/soil.spec/soil.spec/soil.spec/soil.spec/soil.spec/soil.spec/soil.spec/soil.spec/soil.spec/data/afspec.rda
     soil.spec/soil.spec/soil.spec/soil.spec/soil.spec/soil.spec/soil.spec/soil.spec/soil.spec/soil.spec/soil.spec/soil.spec/soil.spec/soil.spec/soil.spec/soil.spec/soil.spec/soil.spec/soil.spec/data/afss.rda
     soil.spec/soil.spec/soil.spec/soil.spec/soil.spec/soil.spec/soil.spec/soil.spec/soil.spec/soil.spec/soil.spec/soil.spec/soil.spec/soil.spec/soil.spec/soil.spec/soil.spec/soil.spec/soil.spec/data/datalist
     soil.spec/soil.spec/soil.spec/soil.spec/soil.spec/soil.spec/soil.spec/soil.spec/soil.spec/soil.spec/soil.spec/soil.spec/soil.spec/soil.spec/soil.spec/soil.spec/soil.spec/soil.spec/soil.spec/data/m.ALUM3S.rda
     soil.spec/soil.spec/soil.spec/soil.spec/soil.spec/soil.spec/soil.spec/soil.spec/soil.spec/soil.spec/soil.spec/soil.spec/soil.spec/soil.spec/soil.spec/soil.spec/soil.spec/soil.spec/soil.spec/data/m.ECAM3S.rda
     soil.spec/soil.spec/soil.spec/soil.spec/soil.spec/soil.spec/soil.spec/soil.spec/soil.spec/soil.spec/soil.spec/soil.spec/soil.spec/soil.spec/soil.spec/soil.spec/soil.spec/soil.spec/soil.spec/data/m.EMGM3S.rda
     soil.spec/soil.spec/soil.spec/soil.spec/soil.spec/soil.spec/soil.spec/soil.spec/soil.spec/soil.spec/soil.spec/soil.spec/soil.spec/soil.spec/soil.spec/soil.spec/soil.spec/soil.spec/soil.spec/data/m.ENAM3S.rda
     soil.spec/soil.spec/soil.spec/soil.spec/soil.spec/soil.spec/soil.spec/soil.spec/soil.spec/soil.spec/soil.spec/soil.spec/soil.spec/soil.spec/soil.spec/soil.spec/soil.spec/soil.spec/soil.spec/data/m.EXB.rda
     soil.spec/soil.spec/soil.spec/soil.spec/soil.spec/soil.spec/soil.spec/soil.spec/soil.spec/soil.spec/soil.spec/soil.spec/soil.spec/soil.spec/soil.spec/soil.spec/soil.spec/soil.spec/soil.spec/data/m.EXKM3S.rda
     soil.spec/soil.spec/soil.spec/soil.spec/soil.spec/soil.spec/soil.spec/soil.spec/soil.spec/soil.spec/soil.spec/soil.spec/soil.spec/soil.spec/soil.spec/soil.spec/soil.spec/soil.spec/soil.spec/data/m.NITCNS.rda
     soil.spec/soil.spec/soil.spec/soil.spec/soil.spec/soil.spec/soil.spec/soil.spec/soil.spec/soil.spec/soil.spec/soil.spec/soil.spec/soil.spec/soil.spec/soil.spec/soil.spec/soil.spec/soil.spec/data/m.ORCCNS.rda
     soil.spec/soil.spec/soil.spec/soil.spec/soil.spec/soil.spec/soil.spec/soil.spec/soil.spec/soil.spec/soil.spec/soil.spec/soil.spec/soil.spec/soil.spec/soil.spec/soil.spec/soil.spec/soil.spec/data/m.PHIHOX.rda
     soil.spec/soil.spec/soil.spec/soil.spec/soil.spec/soil.spec/soil.spec/soil.spec/soil.spec/soil.spec/soil.spec/soil.spec/soil.spec/soil.spec/soil.spec/soil.spec/soil.spec/soil.spec/soil.spec/data/m.SNDLDF.rda
     soil.spec/soil.spec/soil.spec/soil.spec/soil.spec/soil.spec/soil.spec/soil.spec/soil.spec/soil.spec/soil.spec/soil.spec/soil.spec/soil.spec/soil.spec/soil.spec/soil.spec/soil.spec/soil.spec/data/wavenumbers.rda
     soil.spec/soil.spec/soil.spec/soil.spec/soil.spec/soil.spec/soil.spec/soil.spec/soil.spec/soil.spec/soil.spec/soil.spec/soil.spec/soil.spec/soil.spec/soil.spec/soil.spec/soil.spec/soil.spec/inst/icr_087266_B2.0
     soil.spec/soil.spec/soil.spec/soil.spec/soil.spec/soil.spec/soil.spec/soil.spec/soil.spec/soil.spec/soil.spec/soil.spec/soil.spec/soil.spec/soil.spec/soil.spec/soil.spec/soil.spec/soil.spec/inst/icr_087273_G3.0
     soil.spec/soil.spec/soil.spec/soil.spec/soil.spec/soil.spec/soil.spec/soil.spec/soil.spec/soil.spec/soil.spec/soil.spec/soil.spec/soil.spec/soil.spec/soil.spec/soil.spec/soil.spec/soil.spec/inst/icr_087273_H3.0
     soil.spec/soil.spec/soil.spec/soil.spec/soil.spec/soil.spec/soil.spec/soil.spec/soil.spec/soil.spec/soil.spec/soil.spec/soil.spec/soil.spec/soil.spec/soil.spec/soil.spec/soil.spec/soil.spec/man/SpectraPoints.Rd
     soil.spec/soil.spec/soil.spec/soil.spec/soil.spec/soil.spec/soil.spec/soil.spec/soil.spec/soil.spec/soil.spec/soil.spec/soil.spec/soil.spec/soil.spec/soil.spec/soil.spec/soil.spec/soil.spec/man/afspec.Rd
     soil.spec/soil.spec/soil.spec/soil.spec/soil.spec/soil.spec/soil.spec/soil.spec/soil.spec/soil.spec/soil.spec/soil.spec/soil.spec/soil.spec/soil.spec/soil.spec/soil.spec/soil.spec/soil.spec/man/afss.Rd
     soil.spec/soil.spec/soil.spec/soil.spec/soil.spec/soil.spec/soil.spec/soil.spec/soil.spec/soil.spec/soil.spec/soil.spec/soil.spec/soil.spec/soil.spec/soil.spec/soil.spec/soil.spec/soil.spec/man/fit.SpectraModel.Rd
     soil.spec/soil.spec/soil.spec/soil.spec/soil.spec/soil.spec/soil.spec/soil.spec/soil.spec/soil.spec/soil.spec/soil.spec/soil.spec/soil.spec/soil.spec/soil.spec/soil.spec/soil.spec/soil.spec/man/ken.sto.Rd
     soil.spec/soil.spec/soil.spec/soil.spec/soil.spec/soil.spec/soil.spec/soil.spec/soil.spec/soil.spec/soil.spec/soil.spec/soil.spec/soil.spec/soil.spec/soil.spec/soil.spec/soil.spec/soil.spec/man/plot.Spectra.Rd
     soil.spec/soil.spec/soil.spec/soil.spec/soil.spec/soil.spec/soil.spec/soil.spec/soil.spec/soil.spec/soil.spec/soil.spec/soil.spec/soil.spec/soil.spec/soil.spec/soil.spec/soil.spec/soil.spec/man/predict.SpectraPoints.Rd
     soil.spec/soil.spec/soil.spec/soil.spec/soil.spec/soil.spec/soil.spec/soil.spec/soil.spec/soil.spec/soil.spec/soil.spec/soil.spec/soil.spec/soil.spec/soil.spec/soil.spec/soil.spec/soil.spec/man/read.opus.Rd
     soil.spec/soil.spec/soil.spec/soil.spec/soil.spec/soil.spec/soil.spec/soil.spec/soil.spec/soil.spec/soil.spec/soil.spec/soil.spec/soil.spec/soil.spec/soil.spec/soil.spec/soil.spec/soil.spec/man/read.spc.Rd
     soil.spec/soil.spec/soil.spec/soil.spec/soil.spec/soil.spec/soil.spec/soil.spec/soil.spec/soil.spec/soil.spec/soil.spec/soil.spec/soil.spec/soil.spec/soil.spec/soil.spec/soil.spec/soil.spec/man/spec.env.Rd
     soil.spec/soil.spec/soil.spec/soil.spec/soil.spec/soil.spec/soil.spec/soil.spec/soil.spec/soil.spec/soil.spec/soil.spec/soil.spec/soil.spec/soil.spec/soil.spec/soil.spec/soil.spec/soil.spec/man/spectra.outliers.Rd
     soil.spec/soil.spec/soil.spec/soil.spec/soil.spec/soil.spec/soil.spec/soil.spec/soil.spec/soil.spec/soil.spec/soil.spec/soil.spec/soil.spec/soil.spec/soil.spec/soil.spec/soil.spec/soil.spec/man/trans.Rd
     soil.spec/soil.spec/soil.spec/soil.spec/soil.spec/soil.spec/soil.spec/soil.spec/soil.spec/soil.spec/soil.spec/soil.spec/soil.spec/soil.spec/soil.spec/soil.spec/soil.spec/soil.spec/soil.spec/man/wavenumbers.Rd
     soil.spec/soil.spec/soil.spec/soil.spec/soil.spec/soil.spec/soil.spec/soil.spec/soil.spec/soil.spec/soil.spec/soil.spec/soil.spec/soil.spec/soil.spec/soil.spec/soil.spec/soil.spec/soil.spec/soil.spec/DESCRIPTION
     soil.spec/soil.spec/soil.spec/soil.spec/soil.spec/soil.spec/soil.spec/soil.spec/soil.spec/soil.spec/soil.spec/soil.spec/soil.spec/soil.spec/soil.spec/soil.spec/soil.spec/soil.spec/soil.spec/soil.spec/MD5
     soil.spec/soil.spec/soil.spec/soil.spec/soil.spec/soil.spec/soil.spec/soil.spec/soil.spec/soil.spec/soil.spec/soil.spec/soil.spec/soil.spec/soil.spec/soil.spec/soil.spec/soil.spec/soil.spec/soil.spec/NAMESPACE
     soil.spec/soil.spec/soil.spec/soil.spec/soil.spec/soil.spec/soil.spec/soil.spec/soil.spec/soil.spec/soil.spec/soil.spec/soil.spec/soil.spec/soil.spec/soil.spec/soil.spec/soil.spec/soil.spec/soil.spec/R/AAA-classes.R
     soil.spec/soil.spec/soil.spec/soil.spec/soil.spec/soil.spec/soil.spec/soil.spec/soil.spec/soil.spec/soil.spec/soil.spec/soil.spec/soil.spec/soil.spec/soil.spec/soil.spec/soil.spec/soil.spec/soil.spec/R/ZZZ.R
     soil.spec/soil.spec/soil.spec/soil.spec/soil.spec/soil.spec/soil.spec/soil.spec/soil.spec/soil.spec/soil.spec/soil.spec/soil.spec/soil.spec/soil.spec/soil.spec/soil.spec/soil.spec/soil.spec/soil.spec/R/fit.SpectraModel.R
     soil.spec/soil.spec/soil.spec/soil.spec/soil.spec/soil.spec/soil.spec/soil.spec/soil.spec/soil.spec/soil.spec/soil.spec/soil.spec/soil.spec/soil.spec/soil.spec/soil.spec/soil.spec/soil.spec/soil.spec/R/ken.sto.R
     soil.spec/soil.spec/soil.spec/soil.spec/soil.spec/soil.spec/soil.spec/soil.spec/soil.spec/soil.spec/soil.spec/soil.spec/soil.spec/soil.spec/soil.spec/soil.spec/soil.spec/soil.spec/soil.spec/soil.spec/R/plot.spectra.R
     soil.spec/soil.spec/soil.spec/soil.spec/soil.spec/soil.spec/soil.spec/soil.spec/soil.spec/soil.spec/soil.spec/soil.spec/soil.spec/soil.spec/soil.spec/soil.spec/soil.spec/soil.spec/soil.spec/soil.spec/R/plot.trans.R
     soil.spec/soil.spec/soil.spec/soil.spec/soil.spec/soil.spec/soil.spec/soil.spec/soil.spec/soil.spec/soil.spec/soil.spec/soil.spec/soil.spec/soil.spec/soil.spec/soil.spec/soil.spec/soil.spec/soil.spec/R/predict.SpectraPoints.R
     soil.spec/soil.spec/soil.spec/soil.spec/soil.spec/soil.spec/soil.spec/soil.spec/soil.spec/soil.spec/soil.spec/soil.spec/soil.spec/soil.spec/soil.spec/soil.spec/soil.spec/soil.spec/soil.spec/soil.spec/R/read.opus.R
     soil.spec/soil.spec/soil.spec/soil.spec/soil.spec/soil.spec/soil.spec/soil.spec/soil.spec/soil.spec/soil.spec/soil.spec/soil.spec/soil.spec/soil.spec/soil.spec/soil.spec/soil.spec/soil.spec/soil.spec/R/read.spc.R
     soil.spec/soil.spec/soil.spec/soil.spec/soil.spec/soil.spec/soil.spec/soil.spec/soil.spec/soil.spec/soil.spec/soil.spec/soil.spec/soil.spec/soil.spec/soil.spec/soil.spec/soil.spec/soil.spec/soil.spec/R/reshape.R
     soil.spec/soil.spec/soil.spec/soil.spec/soil.spec/soil.spec/soil.spec/soil.spec/soil.spec/soil.spec/soil.spec/soil.spec/soil.spec/soil.spec/soil.spec/soil.spec/soil.spec/soil.spec/soil.spec/soil.spec/R/spec.env.R
     soil.spec/soil.spec/soil.spec/soil.spec/soil.spec/soil.spec/soil.spec/soil.spec/soil.spec/soil.spec/soil.spec/soil.spec/soil.spec/soil.spec/soil.spec/soil.spec/soil.spec/soil.spec/soil.spec/soil.spec/R/spectra.R
     soil.spec/soil.spec/soil.spec/soil.spec/soil.spec/soil.spec/soil.spec/soil.spec/soil.spec/soil.spec/soil.spec/soil.spec/soil.spec/soil.spec/soil.spec/soil.spec/soil.spec/soil.spec/soil.spec/soil.spec/R/spectra.outliers.R
     soil.spec/soil.spec/soil.spec/soil.spec/soil.spec/soil.spec/soil.spec/soil.spec/soil.spec/soil.spec/soil.spec/soil.spec/soil.spec/soil.spec/soil.spec/soil.spec/soil.spec/soil.spec/soil.spec/soil.spec/R/trans.R
     soil.spec/soil.spec/soil.spec/soil.spec/soil.spec/soil.spec/soil.spec/soil.spec/soil.spec/soil.spec/soil.spec/soil.spec/soil.spec/soil.spec/soil.spec/soil.spec/soil.spec/soil.spec/soil.spec/soil.spec/R/validate.R
     soil.spec/soil.spec/soil.spec/soil.spec/soil.spec/soil.spec/soil.spec/soil.spec/soil.spec/soil.spec/soil.spec/soil.spec/soil.spec/soil.spec/soil.spec/soil.spec/soil.spec/soil.spec/soil.spec/soil.spec/data/afspec.rda
     soil.spec/soil.spec/soil.spec/soil.spec/soil.spec/soil.spec/soil.spec/soil.spec/soil.spec/soil.spec/soil.spec/soil.spec/soil.spec/soil.spec/soil.spec/soil.spec/soil.spec/soil.spec/soil.spec/soil.spec/data/afss.rda
     soil.spec/soil.spec/soil.spec/soil.spec/soil.spec/soil.spec/soil.spec/soil.spec/soil.spec/soil.spec/soil.spec/soil.spec/soil.spec/soil.spec/soil.spec/soil.spec/soil.spec/soil.spec/soil.spec/soil.spec/data/datalist
     soil.spec/soil.spec/soil.spec/soil.spec/soil.spec/soil.spec/soil.spec/soil.spec/soil.spec/soil.spec/soil.spec/soil.spec/soil.spec/soil.spec/soil.spec/soil.spec/soil.spec/soil.spec/soil.spec/soil.spec/data/m.ALUM3S.rda
     soil.spec/soil.spec/soil.spec/soil.spec/soil.spec/soil.spec/soil.spec/soil.spec/soil.spec/soil.spec/soil.spec/soil.spec/soil.spec/soil.spec/soil.spec/soil.spec/soil.spec/soil.spec/soil.spec/soil.spec/data/m.ECAM3S.rda
     soil.spec/soil.spec/soil.spec/soil.spec/soil.spec/soil.spec/soil.spec/soil.spec/soil.spec/soil.spec/soil.spec/soil.spec/soil.spec/soil.spec/soil.spec/soil.spec/soil.spec/soil.spec/soil.spec/soil.spec/data/m.EMGM3S.rda
     soil.spec/soil.spec/soil.spec/soil.spec/soil.spec/soil.spec/soil.spec/soil.spec/soil.spec/soil.spec/soil.spec/soil.spec/soil.spec/soil.spec/soil.spec/soil.spec/soil.spec/soil.spec/soil.spec/soil.spec/data/m.ENAM3S.rda
     soil.spec/soil.spec/soil.spec/soil.spec/soil.spec/soil.spec/soil.spec/soil.spec/soil.spec/soil.spec/soil.spec/soil.spec/soil.spec/soil.spec/soil.spec/soil.spec/soil.spec/soil.spec/soil.spec/soil.spec/data/m.EXB.rda
     soil.spec/soil.spec/soil.spec/soil.spec/soil.spec/soil.spec/soil.spec/soil.spec/soil.spec/soil.spec/soil.spec/soil.spec/soil.spec/soil.spec/soil.spec/soil.spec/soil.spec/soil.spec/soil.spec/soil.spec/data/m.EXKM3S.rda
     soil.spec/soil.spec/soil.spec/soil.spec/soil.spec/soil.spec/soil.spec/soil.spec/soil.spec/soil.spec/soil.spec/soil.spec/soil.spec/soil.spec/soil.spec/soil.spec/soil.spec/soil.spec/soil.spec/soil.spec/data/m.NITCNS.rda
     soil.spec/soil.spec/soil.spec/soil.spec/soil.spec/soil.spec/soil.spec/soil.spec/soil.spec/soil.spec/soil.spec/soil.spec/soil.spec/soil.spec/soil.spec/soil.spec/soil.spec/soil.spec/soil.spec/soil.spec/data/m.ORCCNS.rda
     soil.spec/soil.spec/soil.spec/soil.spec/soil.spec/soil.spec/soil.spec/soil.spec/soil.spec/soil.spec/soil.spec/soil.spec/soil.spec/soil.spec/soil.spec/soil.spec/soil.spec/soil.spec/soil.spec/soil.spec/data/m.PHIHOX.rda
     soil.spec/soil.spec/soil.spec/soil.spec/soil.spec/soil.spec/soil.spec/soil.spec/soil.spec/soil.spec/soil.spec/soil.spec/soil.spec/soil.spec/soil.spec/soil.spec/soil.spec/soil.spec/soil.spec/soil.spec/data/m.SNDLDF.rda
     soil.spec/soil.spec/soil.spec/soil.spec/soil.spec/soil.spec/soil.spec/soil.spec/soil.spec/soil.spec/soil.spec/soil.spec/soil.spec/soil.spec/soil.spec/soil.spec/soil.spec/soil.spec/soil.spec/soil.spec/data/wavenumbers.rda
     soil.spec/soil.spec/soil.spec/soil.spec/soil.spec/soil.spec/soil.spec/soil.spec/soil.spec/soil.spec/soil.spec/soil.spec/soil.spec/soil.spec/soil.spec/soil.spec/soil.spec/soil.spec/soil.spec/soil.spec/inst/icr_087266_B2.0
     soil.spec/soil.spec/soil.spec/soil.spec/soil.spec/soil.spec/soil.spec/soil.spec/soil.spec/soil.spec/soil.spec/soil.spec/soil.spec/soil.spec/soil.spec/soil.spec/soil.spec/soil.spec/soil.spec/soil.spec/inst/icr_087273_G3.0
     soil.spec/soil.spec/soil.spec/soil.spec/soil.spec/soil.spec/soil.spec/soil.spec/soil.spec/soil.spec/soil.spec/soil.spec/soil.spec/soil.spec/soil.spec/soil.spec/soil.spec/soil.spec/soil.spec/soil.spec/inst/icr_087273_H3.0
     soil.spec/soil.spec/soil.spec/soil.spec/soil.spec/soil.spec/soil.spec/soil.spec/soil.spec/soil.spec/soil.spec/soil.spec/soil.spec/soil.spec/soil.spec/soil.spec/soil.spec/soil.spec/soil.spec/soil.spec/man/SpectraPoints.Rd
     soil.spec/soil.spec/soil.spec/soil.spec/soil.spec/soil.spec/soil.spec/soil.spec/soil.spec/soil.spec/soil.spec/soil.spec/soil.spec/soil.spec/soil.spec/soil.spec/soil.spec/soil.spec/soil.spec/soil.spec/man/afspec.Rd
     soil.spec/soil.spec/soil.spec/soil.spec/soil.spec/soil.spec/soil.spec/soil.spec/soil.spec/soil.spec/soil.spec/soil.spec/soil.spec/soil.spec/soil.spec/soil.spec/soil.spec/soil.spec/soil.spec/soil.spec/man/afss.Rd
     soil.spec/soil.spec/soil.spec/soil.spec/soil.spec/soil.spec/soil.spec/soil.spec/soil.spec/soil.spec/soil.spec/soil.spec/soil.spec/soil.spec/soil.spec/soil.spec/soil.spec/soil.spec/soil.spec/soil.spec/man/fit.SpectraModel.Rd
     soil.spec/soil.spec/soil.spec/soil.spec/soil.spec/soil.spec/soil.spec/soil.spec/soil.spec/soil.spec/soil.spec/soil.spec/soil.spec/soil.spec/soil.spec/soil.spec/soil.spec/soil.spec/soil.spec/soil.spec/man/ken.sto.Rd
     soil.spec/soil.spec/soil.spec/soil.spec/soil.spec/soil.spec/soil.spec/soil.spec/soil.spec/soil.spec/soil.spec/soil.spec/soil.spec/soil.spec/soil.spec/soil.spec/soil.spec/soil.spec/soil.spec/soil.spec/man/plot.Spectra.Rd
     soil.spec/soil.spec/soil.spec/soil.spec/soil.spec/soil.spec/soil.spec/soil.spec/soil.spec/soil.spec/soil.spec/soil.spec/soil.spec/soil.spec/soil.spec/soil.spec/soil.spec/soil.spec/soil.spec/soil.spec/man/predict.SpectraPoints.Rd
     soil.spec/soil.spec/soil.spec/soil.spec/soil.spec/soil.spec/soil.spec/soil.spec/soil.spec/soil.spec/soil.spec/soil.spec/soil.spec/soil.spec/soil.spec/soil.spec/soil.spec/soil.spec/soil.spec/soil.spec/man/read.opus.Rd
     soil.spec/soil.spec/soil.spec/soil.spec/soil.spec/soil.spec/soil.spec/soil.spec/soil.spec/soil.spec/soil.spec/soil.spec/soil.spec/soil.spec/soil.spec/soil.spec/soil.spec/soil.spec/soil.spec/soil.spec/man/read.spc.Rd
     soil.spec/soil.spec/soil.spec/soil.spec/soil.spec/soil.spec/soil.spec/soil.spec/soil.spec/soil.spec/soil.spec/soil.spec/soil.spec/soil.spec/soil.spec/soil.spec/soil.spec/soil.spec/soil.spec/soil.spec/man/spec.env.Rd
     soil.spec/soil.spec/soil.spec/soil.spec/soil.spec/soil.spec/soil.spec/soil.spec/soil.spec/soil.spec/soil.spec/soil.spec/soil.spec/soil.spec/soil.spec/soil.spec/soil.spec/soil.spec/soil.spec/soil.spec/man/spectra.outliers.Rd
     soil.spec/soil.spec/soil.spec/soil.spec/soil.spec/soil.spec/soil.spec/soil.spec/soil.spec/soil.spec/soil.spec/soil.spec/soil.spec/soil.spec/soil.spec/soil.spec/soil.spec/soil.spec/soil.spec/soil.spec/man/trans.Rd
     soil.spec/soil.spec/soil.spec/soil.spec/soil.spec/soil.spec/soil.spec/soil.spec/soil.spec/soil.spec/soil.spec/soil.spec/soil.spec/soil.spec/soil.spec/soil.spec/soil.spec/soil.spec/soil.spec/soil.spec/man/wavenumbers.Rd
     soil.spec/soil.spec/soil.spec/soil.spec/soil.spec/soil.spec/soil.spec/soil.spec/soil.spec/soil.spec/soil.spec/soil.spec/soil.spec/soil.spec/soil.spec/soil.spec/soil.spec/soil.spec/soil.spec/soil.spec/soil.spec/DESCRIPTION
     soil.spec/soil.spec/soil.spec/soil.spec/soil.spec/soil.spec/soil.spec/soil.spec/soil.spec/soil.spec/soil.spec/soil.spec/soil.spec/soil.spec/soil.spec/soil.spec/soil.spec/soil.spec/soil.spec/soil.spec/soil.spec/MD5
     soil.spec/soil.spec/soil.spec/soil.spec/soil.spec/soil.spec/soil.spec/soil.spec/soil.spec/soil.spec/soil.spec/soil.spec/soil.spec/soil.spec/soil.spec/soil.spec/soil.spec/soil.spec/soil.spec/soil.spec/soil.spec/NAMESPACE
     soil.spec/soil.spec/soil.spec/soil.spec/soil.spec/soil.spec/soil.spec/soil.spec/soil.spec/soil.spec/soil.spec/soil.spec/soil.spec/soil.spec/soil.spec/soil.spec/soil.spec/soil.spec/soil.spec/soil.spec/soil.spec/R/AAA-classes.R
     soil.spec/soil.spec/soil.spec/soil.spec/soil.spec/soil.spec/soil.spec/soil.spec/soil.spec/soil.spec/soil.spec/soil.spec/soil.spec/soil.spec/soil.spec/soil.spec/soil.spec/soil.spec/soil.spec/soil.spec/soil.spec/R/ZZZ.R
     soil.spec/soil.spec/soil.spec/soil.spec/soil.spec/soil.spec/soil.spec/soil.spec/soil.spec/soil.spec/soil.spec/soil.spec/soil.spec/soil.spec/soil.spec/soil.spec/soil.spec/soil.spec/soil.spec/soil.spec/soil.spec/R/fit.SpectraModel.R
     soil.spec/soil.spec/soil.spec/soil.spec/soil.spec/soil.spec/soil.spec/soil.spec/soil.spec/soil.spec/soil.spec/soil.spec/soil.spec/soil.spec/soil.spec/soil.spec/soil.spec/soil.spec/soil.spec/soil.spec/soil.spec/R/ken.sto.R
     soil.spec/soil.spec/soil.spec/soil.spec/soil.spec/soil.spec/soil.spec/soil.spec/soil.spec/soil.spec/soil.spec/soil.spec/soil.spec/soil.spec/soil.spec/soil.spec/soil.spec/soil.spec/soil.spec/soil.spec/soil.spec/R/plot.spectra.R
     soil.spec/soil.spec/soil.spec/soil.spec/soil.spec/soil.spec/soil.spec/soil.spec/soil.spec/soil.spec/soil.spec/soil.spec/soil.spec/soil.spec/soil.spec/soil.spec/soil.spec/soil.spec/soil.spec/soil.spec/soil.spec/R/plot.trans.R
     soil.spec/soil.spec/soil.spec/soil.spec/soil.spec/soil.spec/soil.spec/soil.spec/soil.spec/soil.spec/soil.spec/soil.spec/soil.spec/soil.spec/soil.spec/soil.spec/soil.spec/soil.spec/soil.spec/soil.spec/soil.spec/R/predict.SpectraPoints.R
     soil.spec/soil.spec/soil.spec/soil.spec/soil.spec/soil.spec/soil.spec/soil.spec/soil.spec/soil.spec/soil.spec/soil.spec/soil.spec/soil.spec/soil.spec/soil.spec/soil.spec/soil.spec/soil.spec/soil.spec/soil.spec/R/read.opus.R
     soil.spec/soil.spec/soil.spec/soil.spec/soil.spec/soil.spec/soil.spec/soil.spec/soil.spec/soil.spec/soil.spec/soil.spec/soil.spec/soil.spec/soil.spec/soil.spec/soil.spec/soil.spec/soil.spec/soil.spec/soil.spec/R/read.spc.R
     soil.spec/soil.spec/soil.spec/soil.spec/soil.spec/soil.spec/soil.spec/soil.spec/soil.spec/soil.spec/soil.spec/soil.spec/soil.spec/soil.spec/soil.spec/soil.spec/soil.spec/soil.spec/soil.spec/soil.spec/soil.spec/R/reshape.R
     soil.spec/soil.spec/soil.spec/soil.spec/soil.spec/soil.spec/soil.spec/soil.spec/soil.spec/soil.spec/soil.spec/soil.spec/soil.spec/soil.spec/soil.spec/soil.spec/soil.spec/soil.spec/soil.spec/soil.spec/soil.spec/R/spec.env.R
     soil.spec/soil.spec/soil.spec/soil.spec/soil.spec/soil.spec/soil.spec/soil.spec/soil.spec/soil.spec/soil.spec/soil.spec/soil.spec/soil.spec/soil.spec/soil.spec/soil.spec/soil.spec/soil.spec/soil.spec/soil.spec/R/spectra.R
     soil.spec/soil.spec/soil.spec/soil.spec/soil.spec/soil.spec/soil.spec/soil.spec/soil.spec/soil.spec/soil.spec/soil.spec/soil.spec/soil.spec/soil.spec/soil.spec/soil.spec/soil.spec/soil.spec/soil.spec/soil.spec/R/spectra.outliers.R
     soil.spec/soil.spec/soil.spec/soil.spec/soil.spec/soil.spec/soil.spec/soil.spec/soil.spec/soil.spec/soil.spec/soil.spec/soil.spec/soil.spec/soil.spec/soil.spec/soil.spec/soil.spec/soil.spec/soil.spec/soil.spec/R/trans.R
     soil.spec/soil.spec/soil.spec/soil.spec/soil.spec/soil.spec/soil.spec/soil.spec/soil.spec/soil.spec/soil.spec/soil.spec/soil.spec/soil.spec/soil.spec/soil.spec/soil.spec/soil.spec/soil.spec/soil.spec/soil.spec/R/validate.R
     soil.spec/soil.spec/soil.spec/soil.spec/soil.spec/soil.spec/soil.spec/soil.spec/soil.spec/soil.spec/soil.spec/soil.spec/soil.spec/soil.spec/soil.spec/soil.spec/soil.spec/soil.spec/soil.spec/soil.spec/soil.spec/data/afspec.rda
     soil.spec/soil.spec/soil.spec/soil.spec/soil.spec/soil.spec/soil.spec/soil.spec/soil.spec/soil.spec/soil.spec/soil.spec/soil.spec/soil.spec/soil.spec/soil.spec/soil.spec/soil.spec/soil.spec/soil.spec/soil.spec/data/afss.rda
     soil.spec/soil.spec/soil.spec/soil.spec/soil.spec/soil.spec/soil.spec/soil.spec/soil.spec/soil.spec/soil.spec/soil.spec/soil.spec/soil.spec/soil.spec/soil.spec/soil.spec/soil.spec/soil.spec/soil.spec/soil.spec/data/datalist
     soil.spec/soil.spec/soil.spec/soil.spec/soil.spec/soil.spec/soil.spec/soil.spec/soil.spec/soil.spec/soil.spec/soil.spec/soil.spec/soil.spec/soil.spec/soil.spec/soil.spec/soil.spec/soil.spec/soil.spec/soil.spec/data/m.ALUM3S.rda
     soil.spec/soil.spec/soil.spec/soil.spec/soil.spec/soil.spec/soil.spec/soil.spec/soil.spec/soil.spec/soil.spec/soil.spec/soil.spec/soil.spec/soil.spec/soil.spec/soil.spec/soil.spec/soil.spec/soil.spec/soil.spec/data/m.ECAM3S.rda
     soil.spec/soil.spec/soil.spec/soil.spec/soil.spec/soil.spec/soil.spec/soil.spec/soil.spec/soil.spec/soil.spec/soil.spec/soil.spec/soil.spec/soil.spec/soil.spec/soil.spec/soil.spec/soil.spec/soil.spec/soil.spec/data/m.EMGM3S.rda
     soil.spec/soil.spec/soil.spec/soil.spec/soil.spec/soil.spec/soil.spec/soil.spec/soil.spec/soil.spec/soil.spec/soil.spec/soil.spec/soil.spec/soil.spec/soil.spec/soil.spec/soil.spec/soil.spec/soil.spec/soil.spec/data/m.ENAM3S.rda
     soil.spec/soil.spec/soil.spec/soil.spec/soil.spec/soil.spec/soil.spec/soil.spec/soil.spec/soil.spec/soil.spec/soil.spec/soil.spec/soil.spec/soil.spec/soil.spec/soil.spec/soil.spec/soil.spec/soil.spec/soil.spec/data/m.EXB.rda
     soil.spec/soil.spec/soil.spec/soil.spec/soil.spec/soil.spec/soil.spec/soil.spec/soil.spec/soil.spec/soil.spec/soil.spec/soil.spec/soil.spec/soil.spec/soil.spec/soil.spec/soil.spec/soil.spec/soil.spec/soil.spec/data/m.EXKM3S.rda
     soil.spec/soil.spec/soil.spec/soil.spec/soil.spec/soil.spec/soil.spec/soil.spec/soil.spec/soil.spec/soil.spec/soil.spec/soil.spec/soil.spec/soil.spec/soil.spec/soil.spec/soil.spec/soil.spec/soil.spec/soil.spec/data/m.NITCNS.rda
     soil.spec/soil.spec/soil.spec/soil.spec/soil.spec/soil.spec/soil.spec/soil.spec/soil.spec/soil.spec/soil.spec/soil.spec/soil.spec/soil.spec/soil.spec/soil.spec/soil.spec/soil.spec/soil.spec/soil.spec/soil.spec/data/m.ORCCNS.rda
     soil.spec/soil.spec/soil.spec/soil.spec/soil.spec/soil.spec/soil.spec/soil.spec/soil.spec/soil.spec/soil.spec/soil.spec/soil.spec/soil.spec/soil.spec/soil.spec/soil.spec/soil.spec/soil.spec/soil.spec/soil.spec/data/m.PHIHOX.rda
     soil.spec/soil.spec/soil.spec/soil.spec/soil.spec/soil.spec/soil.spec/soil.spec/soil.spec/soil.spec/soil.spec/soil.spec/soil.spec/soil.spec/soil.spec/soil.spec/soil.spec/soil.spec/soil.spec/soil.spec/soil.spec/data/m.SNDLDF.rda
     soil.spec/soil.spec/soil.spec/soil.spec/soil.spec/soil.spec/soil.spec/soil.spec/soil.spec/soil.spec/soil.spec/soil.spec/soil.spec/soil.spec/soil.spec/soil.spec/soil.spec/soil.spec/soil.spec/soil.spec/soil.spec/data/wavenumbers.rda
     soil.spec/soil.spec/soil.spec/soil.spec/soil.spec/soil.spec/soil.spec/soil.spec/soil.spec/soil.spec/soil.spec/soil.spec/soil.spec/soil.spec/soil.spec/soil.spec/soil.spec/soil.spec/soil.spec/soil.spec/soil.spec/inst/icr_087266_B2.0
     soil.spec/soil.spec/soil.spec/soil.spec/soil.spec/soil.spec/soil.spec/soil.spec/soil.spec/soil.spec/soil.spec/soil.spec/soil.spec/soil.spec/soil.spec/soil.spec/soil.spec/soil.spec/soil.spec/soil.spec/soil.spec/inst/icr_087273_G3.0
     soil.spec/soil.spec/soil.spec/soil.spec/soil.spec/soil.spec/soil.spec/soil.spec/soil.spec/soil.spec/soil.spec/soil.spec/soil.spec/soil.spec/soil.spec/soil.spec/soil.spec/soil.spec/soil.spec/soil.spec/soil.spec/inst/icr_087273_H3.0
     soil.spec/soil.spec/soil.spec/soil.spec/soil.spec/soil.spec/soil.spec/soil.spec/soil.spec/soil.spec/soil.spec/soil.spec/soil.spec/soil.spec/soil.spec/soil.spec/soil.spec/soil.spec/soil.spec/soil.spec/soil.spec/man/SpectraPoints.Rd
     soil.spec/soil.spec/soil.spec/soil.spec/soil.spec/soil.spec/soil.spec/soil.spec/soil.spec/soil.spec/soil.spec/soil.spec/soil.spec/soil.spec/soil.spec/soil.spec/soil.spec/soil.spec/soil.spec/soil.spec/soil.spec/man/afspec.Rd
     soil.spec/soil.spec/soil.spec/soil.spec/soil.spec/soil.spec/soil.spec/soil.spec/soil.spec/soil.spec/soil.spec/soil.spec/soil.spec/soil.spec/soil.spec/soil.spec/soil.spec/soil.spec/soil.spec/soil.spec/soil.spec/man/afss.Rd
     soil.spec/soil.spec/soil.spec/soil.spec/soil.spec/soil.spec/soil.spec/soil.spec/soil.spec/soil.spec/soil.spec/soil.spec/soil.spec/soil.spec/soil.spec/soil.spec/soil.spec/soil.spec/soil.spec/soil.spec/soil.spec/man/fit.SpectraModel.Rd
     soil.spec/soil.spec/soil.spec/soil.spec/soil.spec/soil.spec/soil.spec/soil.spec/soil.spec/soil.spec/soil.spec/soil.spec/soil.spec/soil.spec/soil.spec/soil.spec/soil.spec/soil.spec/soil.spec/soil.spec/soil.spec/man/ken.sto.Rd
     soil.spec/soil.spec/soil.spec/soil.spec/soil.spec/soil.spec/soil.spec/soil.spec/soil.spec/soil.spec/soil.spec/soil.spec/soil.spec/soil.spec/soil.spec/soil.spec/soil.spec/soil.spec/soil.spec/soil.spec/soil.spec/man/plot.Spectra.Rd
     soil.spec/soil.spec/soil.spec/soil.spec/soil.spec/soil.spec/soil.spec/soil.spec/soil.spec/soil.spec/soil.spec/soil.spec/soil.spec/soil.spec/soil.spec/soil.spec/soil.spec/soil.spec/soil.spec/soil.spec/soil.spec/man/predict.SpectraPoints.Rd
     soil.spec/soil.spec/soil.spec/soil.spec/soil.spec/soil.spec/soil.spec/soil.spec/soil.spec/soil.spec/soil.spec/soil.spec/soil.spec/soil.spec/soil.spec/soil.spec/soil.spec/soil.spec/soil.spec/soil.spec/soil.spec/man/read.opus.Rd
     soil.spec/soil.spec/soil.spec/soil.spec/soil.spec/soil.spec/soil.spec/soil.spec/soil.spec/soil.spec/soil.spec/soil.spec/soil.spec/soil.spec/soil.spec/soil.spec/soil.spec/soil.spec/soil.spec/soil.spec/soil.spec/man/read.spc.Rd
     soil.spec/soil.spec/soil.spec/soil.spec/soil.spec/soil.spec/soil.spec/soil.spec/soil.spec/soil.spec/soil.spec/soil.spec/soil.spec/soil.spec/soil.spec/soil.spec/soil.spec/soil.spec/soil.spec/soil.spec/soil.spec/man/spec.env.Rd
     soil.spec/soil.spec/soil.spec/soil.spec/soil.spec/soil.spec/soil.spec/soil.spec/soil.spec/soil.spec/soil.spec/soil.spec/soil.spec/soil.spec/soil.spec/soil.spec/soil.spec/soil.spec/soil.spec/soil.spec/soil.spec/man/spectra.outliers.Rd
     soil.spec/soil.spec/soil.spec/soil.spec/soil.spec/soil.spec/soil.spec/soil.spec/soil.spec/soil.spec/soil.spec/soil.spec/soil.spec/soil.spec/soil.spec/soil.spec/soil.spec/soil.spec/soil.spec/soil.spec/soil.spec/man/trans.Rd
     soil.spec/soil.spec/soil.spec/soil.spec/soil.spec/soil.spec/soil.spec/soil.spec/soil.spec/soil.spec/soil.spec/soil.spec/soil.spec/soil.spec/soil.spec/soil.spec/soil.spec/soil.spec/soil.spec/soil.spec/soil.spec/man/wavenumbers.Rd
     soil.spec/soil.spec/soil.spec/soil.spec/soil.spec/soil.spec/soil.spec/soil.spec/soil.spec/soil.spec/soil.spec/soil.spec/soil.spec/soil.spec/soil.spec/soil.spec/soil.spec/soil.spec/soil.spec/soil.spec/soil.spec/soil.spec/DESCRIPTION
     soil.spec/soil.spec/soil.spec/soil.spec/soil.spec/soil.spec/soil.spec/soil.spec/soil.spec/soil.spec/soil.spec/soil.spec/soil.spec/soil.spec/soil.spec/soil.spec/soil.spec/soil.spec/soil.spec/soil.spec/soil.spec/soil.spec/MD5
     soil.spec/soil.spec/soil.spec/soil.spec/soil.spec/soil.spec/soil.spec/soil.spec/soil.spec/soil.spec/soil.spec/soil.spec/soil.spec/soil.spec/soil.spec/soil.spec/soil.spec/soil.spec/soil.spec/soil.spec/soil.spec/soil.spec/NAMESPACE
     soil.spec/soil.spec/soil.spec/soil.spec/soil.spec/soil.spec/soil.spec/soil.spec/soil.spec/soil.spec/soil.spec/soil.spec/soil.spec/soil.spec/soil.spec/soil.spec/soil.spec/soil.spec/soil.spec/soil.spec/soil.spec/soil.spec/R/AAA-classes.R
     soil.spec/soil.spec/soil.spec/soil.spec/soil.spec/soil.spec/soil.spec/soil.spec/soil.spec/soil.spec/soil.spec/soil.spec/soil.spec/soil.spec/soil.spec/soil.spec/soil.spec/soil.spec/soil.spec/soil.spec/soil.spec/soil.spec/R/ZZZ.R
     soil.spec/soil.spec/soil.spec/soil.spec/soil.spec/soil.spec/soil.spec/soil.spec/soil.spec/soil.spec/soil.spec/soil.spec/soil.spec/soil.spec/soil.spec/soil.spec/soil.spec/soil.spec/soil.spec/soil.spec/soil.spec/soil.spec/R/fit.SpectraModel.R
     soil.spec/soil.spec/soil.spec/soil.spec/soil.spec/soil.spec/soil.spec/soil.spec/soil.spec/soil.spec/soil.spec/soil.spec/soil.spec/soil.spec/soil.spec/soil.spec/soil.spec/soil.spec/soil.spec/soil.spec/soil.spec/soil.spec/R/ken.sto.R
     soil.spec/soil.spec/soil.spec/soil.spec/soil.spec/soil.spec/soil.spec/soil.spec/soil.spec/soil.spec/soil.spec/soil.spec/soil.spec/soil.spec/soil.spec/soil.spec/soil.spec/soil.spec/soil.spec/soil.spec/soil.spec/soil.spec/R/plot.spectra.R
     soil.spec/soil.spec/soil.spec/soil.spec/soil.spec/soil.spec/soil.spec/soil.spec/soil.spec/soil.spec/soil.spec/soil.spec/soil.spec/soil.spec/soil.spec/soil.spec/soil.spec/soil.spec/soil.spec/soil.spec/soil.spec/soil.spec/R/plot.trans.R
     soil.spec/soil.spec/soil.spec/soil.spec/soil.spec/soil.spec/soil.spec/soil.spec/soil.spec/soil.spec/soil.spec/soil.spec/soil.spec/soil.spec/soil.spec/soil.spec/soil.spec/soil.spec/soil.spec/soil.spec/soil.spec/soil.spec/R/predict.SpectraPoints.R
     soil.spec/soil.spec/soil.spec/soil.spec/soil.spec/soil.spec/soil.spec/soil.spec/soil.spec/soil.spec/soil.spec/soil.spec/soil.spec/soil.spec/soil.spec/soil.spec/soil.spec/soil.spec/soil.spec/soil.spec/soil.spec/soil.spec/R/read.opus.R
     soil.spec/soil.spec/soil.spec/soil.spec/soil.spec/soil.spec/soil.spec/soil.spec/soil.spec/soil.spec/soil.spec/soil.spec/soil.spec/soil.spec/soil.spec/soil.spec/soil.spec/soil.spec/soil.spec/soil.spec/soil.spec/soil.spec/R/read.spc.R
     soil.spec/soil.spec/soil.spec/soil.spec/soil.spec/soil.spec/soil.spec/soil.spec/soil.spec/soil.spec/soil.spec/soil.spec/soil.spec/soil.spec/soil.spec/soil.spec/soil.spec/soil.spec/soil.spec/soil.spec/soil.spec/soil.spec/R/reshape.R
     soil.spec/soil.spec/soil.spec/soil.spec/soil.spec/soil.spec/soil.spec/soil.spec/soil.spec/soil.spec/soil.spec/soil.spec/soil.spec/soil.spec/soil.spec/soil.spec/soil.spec/soil.spec/soil.spec/soil.spec/soil.spec/soil.spec/R/spec.env.R
     soil.spec/soil.spec/soil.spec/soil.spec/soil.spec/soil.spec/soil.spec/soil.spec/soil.spec/soil.spec/soil.spec/soil.spec/soil.spec/soil.spec/soil.spec/soil.spec/soil.spec/soil.spec/soil.spec/soil.spec/soil.spec/soil.spec/R/spectra.R
     soil.spec/soil.spec/soil.spec/soil.spec/soil.spec/soil.spec/soil.spec/soil.spec/soil.spec/soil.spec/soil.spec/soil.spec/soil.spec/soil.spec/soil.spec/soil.spec/soil.spec/soil.spec/soil.spec/soil.spec/soil.spec/soil.spec/R/spectra.outliers.R
     soil.spec/soil.spec/soil.spec/soil.spec/soil.spec/soil.spec/soil.spec/soil.spec/soil.spec/soil.spec/soil.spec/soil.spec/soil.spec/soil.spec/soil.spec/soil.spec/soil.spec/soil.spec/soil.spec/soil.spec/soil.spec/soil.spec/R/trans.R
     soil.spec/soil.spec/soil.spec/soil.spec/soil.spec/soil.spec/soil.spec/soil.spec/soil.spec/soil.spec/soil.spec/soil.spec/soil.spec/soil.spec/soil.spec/soil.spec/soil.spec/soil.spec/soil.spec/soil.spec/soil.spec/soil.spec/R/validate.R
     soil.spec/soil.spec/soil.spec/soil.spec/soil.spec/soil.spec/soil.spec/soil.spec/soil.spec/soil.spec/soil.spec/soil.spec/soil.spec/soil.spec/soil.spec/soil.spec/soil.spec/soil.spec/soil.spec/soil.spec/soil.spec/soil.spec/data/afspec.rda
     soil.spec/soil.spec/soil.spec/soil.spec/soil.spec/soil.spec/soil.spec/soil.spec/soil.spec/soil.spec/soil.spec/soil.spec/soil.spec/soil.spec/soil.spec/soil.spec/soil.spec/soil.spec/soil.spec/soil.spec/soil.spec/soil.spec/data/afss.rda
     soil.spec/soil.spec/soil.spec/soil.spec/soil.spec/soil.spec/soil.spec/soil.spec/soil.spec/soil.spec/soil.spec/soil.spec/soil.spec/soil.spec/soil.spec/soil.spec/soil.spec/soil.spec/soil.spec/soil.spec/soil.spec/soil.spec/data/datalist
     soil.spec/soil.spec/soil.spec/soil.spec/soil.spec/soil.spec/soil.spec/soil.spec/soil.spec/soil.spec/soil.spec/soil.spec/soil.spec/soil.spec/soil.spec/soil.spec/soil.spec/soil.spec/soil.spec/soil.spec/soil.spec/soil.spec/data/m.ALUM3S.rda
     soil.spec/soil.spec/soil.spec/soil.spec/soil.spec/soil.spec/soil.spec/soil.spec/soil.spec/soil.spec/soil.spec/soil.spec/soil.spec/soil.spec/soil.spec/soil.spec/soil.spec/soil.spec/soil.spec/soil.spec/soil.spec/soil.spec/data/m.ECAM3S.rda
     soil.spec/soil.spec/soil.spec/soil.spec/soil.spec/soil.spec/soil.spec/soil.spec/soil.spec/soil.spec/soil.spec/soil.spec/soil.spec/soil.spec/soil.spec/soil.spec/soil.spec/soil.spec/soil.spec/soil.spec/soil.spec/soil.spec/data/m.EMGM3S.rda
     soil.spec/soil.spec/soil.spec/soil.spec/soil.spec/soil.spec/soil.spec/soil.spec/soil.spec/soil.spec/soil.spec/soil.spec/soil.spec/soil.spec/soil.spec/soil.spec/soil.spec/soil.spec/soil.spec/soil.spec/soil.spec/soil.spec/data/m.ENAM3S.rda
     soil.spec/soil.spec/soil.spec/soil.spec/soil.spec/soil.spec/soil.spec/soil.spec/soil.spec/soil.spec/soil.spec/soil.spec/soil.spec/soil.spec/soil.spec/soil.spec/soil.spec/soil.spec/soil.spec/soil.spec/soil.spec/soil.spec/data/m.EXB.rda
     soil.spec/soil.spec/soil.spec/soil.spec/soil.spec/soil.spec/soil.spec/soil.spec/soil.spec/soil.spec/soil.spec/soil.spec/soil.spec/soil.spec/soil.spec/soil.spec/soil.spec/soil.spec/soil.spec/soil.spec/soil.spec/soil.spec/data/m.EXKM3S.rda
     soil.spec/soil.spec/soil.spec/soil.spec/soil.spec/soil.spec/soil.spec/soil.spec/soil.spec/soil.spec/soil.spec/soil.spec/soil.spec/soil.spec/soil.spec/soil.spec/soil.spec/soil.spec/soil.spec/soil.spec/soil.spec/soil.spec/data/m.NITCNS.rda
     soil.spec/soil.spec/soil.spec/soil.spec/soil.spec/soil.spec/soil.spec/soil.spec/soil.spec/soil.spec/soil.spec/soil.spec/soil.spec/soil.spec/soil.spec/soil.spec/soil.spec/soil.spec/soil.spec/soil.spec/soil.spec/soil.spec/data/m.ORCCNS.rda
     soil.spec/soil.spec/soil.spec/soil.spec/soil.spec/soil.spec/soil.spec/soil.spec/soil.spec/soil.spec/soil.spec/soil.spec/soil.spec/soil.spec/soil.spec/soil.spec/soil.spec/soil.spec/soil.spec/soil.spec/soil.spec/soil.spec/data/m.PHIHOX.rda
     soil.spec/soil.spec/soil.spec/soil.spec/soil.spec/soil.spec/soil.spec/soil.spec/soil.spec/soil.spec/soil.spec/soil.spec/soil.spec/soil.spec/soil.spec/soil.spec/soil.spec/soil.spec/soil.spec/soil.spec/soil.spec/soil.spec/data/m.SNDLDF.rda
     soil.spec/soil.spec/soil.spec/soil.spec/soil.spec/soil.spec/soil.spec/soil.spec/soil.spec/soil.spec/soil.spec/soil.spec/soil.spec/soil.spec/soil.spec/soil.spec/soil.spec/soil.spec/soil.spec/soil.spec/soil.spec/soil.spec/data/wavenumbers.rda
     soil.spec/soil.spec/soil.spec/soil.spec/soil.spec/soil.spec/soil.spec/soil.spec/soil.spec/soil.spec/soil.spec/soil.spec/soil.spec/soil.spec/soil.spec/soil.spec/soil.spec/soil.spec/soil.spec/soil.spec/soil.spec/soil.spec/inst/icr_087266_B2.0
     soil.spec/soil.spec/soil.spec/soil.spec/soil.spec/soil.spec/soil.spec/soil.spec/soil.spec/soil.spec/soil.spec/soil.spec/soil.spec/soil.spec/soil.spec/soil.spec/soil.spec/soil.spec/soil.spec/soil.spec/soil.spec/soil.spec/inst/icr_087273_G3.0
     soil.spec/soil.spec/soil.spec/soil.spec/soil.spec/soil.spec/soil.spec/soil.spec/soil.spec/soil.spec/soil.spec/soil.spec/soil.spec/soil.spec/soil.spec/soil.spec/soil.spec/soil.spec/soil.spec/soil.spec/soil.spec/soil.spec/inst/icr_087273_H3.0
     soil.spec/soil.spec/soil.spec/soil.spec/soil.spec/soil.spec/soil.spec/soil.spec/soil.spec/soil.spec/soil.spec/soil.spec/soil.spec/soil.spec/soil.spec/soil.spec/soil.spec/soil.spec/soil.spec/soil.spec/soil.spec/soil.spec/man/SpectraPoints.Rd
     soil.spec/soil.spec/soil.spec/soil.spec/soil.spec/soil.spec/soil.spec/soil.spec/soil.spec/soil.spec/soil.spec/soil.spec/soil.spec/soil.spec/soil.spec/soil.spec/soil.spec/soil.spec/soil.spec/soil.spec/soil.spec/soil.spec/man/afspec.Rd
     soil.spec/soil.spec/soil.spec/soil.spec/soil.spec/soil.spec/soil.spec/soil.spec/soil.spec/soil.spec/soil.spec/soil.spec/soil.spec/soil.spec/soil.spec/soil.spec/soil.spec/soil.spec/soil.spec/soil.spec/soil.spec/soil.spec/man/afss.Rd
     soil.spec/soil.spec/soil.spec/soil.spec/soil.spec/soil.spec/soil.spec/soil.spec/soil.spec/soil.spec/soil.spec/soil.spec/soil.spec/soil.spec/soil.spec/soil.spec/soil.spec/soil.spec/soil.spec/soil.spec/soil.spec/soil.spec/man/fit.SpectraModel.Rd
     soil.spec/soil.spec/soil.spec/soil.spec/soil.spec/soil.spec/soil.spec/soil.spec/soil.spec/soil.spec/soil.spec/soil.spec/soil.spec/soil.spec/soil.spec/soil.spec/soil.spec/soil.spec/soil.spec/soil.spec/soil.spec/soil.spec/man/ken.sto.Rd
     soil.spec/soil.spec/soil.spec/soil.spec/soil.spec/soil.spec/soil.spec/soil.spec/soil.spec/soil.spec/soil.spec/soil.spec/soil.spec/soil.spec/soil.spec/soil.spec/soil.spec/soil.spec/soil.spec/soil.spec/soil.spec/soil.spec/man/plot.Spectra.Rd
     soil.spec/soil.spec/soil.spec/soil.spec/soil.spec/soil.spec/soil.spec/soil.spec/soil.spec/soil.spec/soil.spec/soil.spec/soil.spec/soil.spec/soil.spec/soil.spec/soil.spec/soil.spec/soil.spec/soil.spec/soil.spec/soil.spec/man/predict.SpectraPoints.Rd
     soil.spec/soil.spec/soil.spec/soil.spec/soil.spec/soil.spec/soil.spec/soil.spec/soil.spec/soil.spec/soil.spec/soil.spec/soil.spec/soil.spec/soil.spec/soil.spec/soil.spec/soil.spec/soil.spec/soil.spec/soil.spec/soil.spec/man/read.opus.Rd
     soil.spec/soil.spec/soil.spec/soil.spec/soil.spec/soil.spec/soil.spec/soil.spec/soil.spec/soil.spec/soil.spec/soil.spec/soil.spec/soil.spec/soil.spec/soil.spec/soil.spec/soil.spec/soil.spec/soil.spec/soil.spec/soil.spec/man/read.spc.Rd
     soil.spec/soil.spec/soil.spec/soil.spec/soil.spec/soil.spec/soil.spec/soil.spec/soil.spec/soil.spec/soil.spec/soil.spec/soil.spec/soil.spec/soil.spec/soil.spec/soil.spec/soil.spec/soil.spec/soil.spec/soil.spec/soil.spec/man/spec.env.Rd
     soil.spec/soil.spec/soil.spec/soil.spec/soil.spec/soil.spec/soil.spec/soil.spec/soil.spec/soil.spec/soil.spec/soil.spec/soil.spec/soil.spec/soil.spec/soil.spec/soil.spec/soil.spec/soil.spec/soil.spec/soil.spec/soil.spec/man/spectra.outliers.Rd
     soil.spec/soil.spec/soil.spec/soil.spec/soil.spec/soil.spec/soil.spec/soil.spec/soil.spec/soil.spec/soil.spec/soil.spec/soil.spec/soil.spec/soil.spec/soil.spec/soil.spec/soil.spec/soil.spec/soil.spec/soil.spec/soil.spec/man/trans.Rd
     soil.spec/soil.spec/soil.spec/soil.spec/soil.spec/soil.spec/soil.spec/soil.spec/soil.spec/soil.spec/soil.spec/soil.spec/soil.spec/soil.spec/soil.spec/soil.spec/soil.spec/soil.spec/soil.spec/soil.spec/soil.spec/soil.spec/man/wavenumbers.Rd
     soil.spec/soil.spec/soil.spec/soil.spec/soil.spec/soil.spec/soil.spec/soil.spec/soil.spec/soil.spec/soil.spec/soil.spec/soil.spec/soil.spec/soil.spec/soil.spec/soil.spec/soil.spec/soil.spec/soil.spec/soil.spec/soil.spec/soil.spec
     soil.spec/soil.spec/soil.spec/soil.spec/soil.spec/soil.spec/soil.spec/soil.spec/soil.spec/soil.spec/R
     soil.spec/soil.spec/soil.spec/soil.spec/soil.spec/soil.spec/soil.spec/soil.spec/soil.spec/soil.spec/data
     soil.spec/soil.spec/soil.spec/soil.spec/soil.spec/soil.spec/soil.spec/soil.spec/soil.spec/soil.spec/inst
     soil.spec/soil.spec/soil.spec/soil.spec/soil.spec/soil.spec/soil.spec/soil.spec/soil.spec/soil.spec/man
     soil.spec/soil.spec/soil.spec/soil.spec/soil.spec/soil.spec/soil.spec/soil.spec/soil.spec/soil.spec/soil.spec
     soil.spec/soil.spec/soil.spec/soil.spec/soil.spec/soil.spec/soil.spec/soil.spec/soil.spec/soil.spec/soil.spec/R
     soil.spec/soil.spec/soil.spec/soil.spec/soil.spec/soil.spec/soil.spec/soil.spec/soil.spec/soil.spec/soil.spec/data
     soil.spec/soil.spec/soil.spec/soil.spec/soil.spec/soil.spec/soil.spec/soil.spec/soil.spec/soil.spec/soil.spec/inst
     soil.spec/soil.spec/soil.spec/soil.spec/soil.spec/soil.spec/soil.spec/soil.spec/soil.spec/soil.spec/soil.spec/man
     soil.spec/soil.spec/soil.spec/soil.spec/soil.spec/soil.spec/soil.spec/soil.spec/soil.spec/soil.spec/soil.spec/soil.spec
     soil.spec/soil.spec/soil.spec/soil.spec/soil.spec/soil.spec/soil.spec/soil.spec/soil.spec/soil.spec/soil.spec/soil.spec/R
     soil.spec/soil.spec/soil.spec/soil.spec/soil.spec/soil.spec/soil.spec/soil.spec/soil.spec/soil.spec/soil.spec/soil.spec/data
     soil.spec/soil.spec/soil.spec/soil.spec/soil.spec/soil.spec/soil.spec/soil.spec/soil.spec/soil.spec/soil.spec/soil.spec/inst
     soil.spec/soil.spec/soil.spec/soil.spec/soil.spec/soil.spec/soil.spec/soil.spec/soil.spec/soil.spec/soil.spec/soil.spec/man
     soil.spec/soil.spec/soil.spec/soil.spec/soil.spec/soil.spec/soil.spec/soil.spec/soil.spec/soil.spec/soil.spec/soil.spec/soil.spec
     soil.spec/soil.spec/soil.spec/soil.spec/soil.spec/soil.spec/soil.spec/soil.spec/soil.spec/soil.spec/soil.spec/soil.spec/soil.spec/R
     soil.spec/soil.spec/soil.spec/soil.spec/soil.spec/soil.spec/soil.spec/soil.spec/soil.spec/soil.spec/soil.spec/soil.spec/soil.spec/data
     soil.spec/soil.spec/soil.spec/soil.spec/soil.spec/soil.spec/soil.spec/soil.spec/soil.spec/soil.spec/soil.spec/soil.spec/soil.spec/inst
     soil.spec/soil.spec/soil.spec/soil.spec/soil.spec/soil.spec/soil.spec/soil.spec/soil.spec/soil.spec/soil.spec/soil.spec/soil.spec/man
     soil.spec/soil.spec/soil.spec/soil.spec/soil.spec/soil.spec/soil.spec/soil.spec/soil.spec/soil.spec/soil.spec/soil.spec/soil.spec/soil.spec
     soil.spec/soil.spec/soil.spec/soil.spec/soil.spec/soil.spec/soil.spec/soil.spec/soil.spec/soil.spec/soil.spec/soil.spec/soil.spec/soil.spec/R
     soil.spec/soil.spec/soil.spec/soil.spec/soil.spec/soil.spec/soil.spec/soil.spec/soil.spec/soil.spec/soil.spec/soil.spec/soil.spec/soil.spec/data
     soil.spec/soil.spec/soil.spec/soil.spec/soil.spec/soil.spec/soil.spec/soil.spec/soil.spec/soil.spec/soil.spec/soil.spec/soil.spec/soil.spec/inst
     soil.spec/soil.spec/soil.spec/soil.spec/soil.spec/soil.spec/soil.spec/soil.spec/soil.spec/soil.spec/soil.spec/soil.spec/soil.spec/soil.spec/man
     soil.spec/soil.spec/soil.spec/soil.spec/soil.spec/soil.spec/soil.spec/soil.spec/soil.spec/soil.spec/soil.spec/soil.spec/soil.spec/soil.spec/soil.spec
     soil.spec/soil.spec/soil.spec/soil.spec/soil.spec/soil.spec/soil.spec/soil.spec/soil.spec/soil.spec/soil.spec/soil.spec/soil.spec/soil.spec/soil.spec/R
     soil.spec/soil.spec/soil.spec/soil.spec/soil.spec/soil.spec/soil.spec/soil.spec/soil.spec/soil.spec/soil.spec/soil.spec/soil.spec/soil.spec/soil.spec/data
     soil.spec/soil.spec/soil.spec/soil.spec/soil.spec/soil.spec/soil.spec/soil.spec/soil.spec/soil.spec/soil.spec/soil.spec/soil.spec/soil.spec/soil.spec/inst
     soil.spec/soil.spec/soil.spec/soil.spec/soil.spec/soil.spec/soil.spec/soil.spec/soil.spec/soil.spec/soil.spec/soil.spec/soil.spec/soil.spec/soil.spec/man
     soil.spec/soil.spec/soil.spec/soil.spec/soil.spec/soil.spec/soil.spec/soil.spec/soil.spec/soil.spec/soil.spec/soil.spec/soil.spec/soil.spec/soil.spec/soil.spec
     soil.spec/soil.spec/soil.spec/soil.spec/soil.spec/soil.spec/soil.spec/soil.spec/soil.spec/soil.spec/soil.spec/soil.spec/soil.spec/soil.spec/soil.spec/soil.spec/R
     soil.spec/soil.spec/soil.spec/soil.spec/soil.spec/soil.spec/soil.spec/soil.spec/soil.spec/soil.spec/soil.spec/soil.spec/soil.spec/soil.spec/soil.spec/soil.spec/data
     soil.spec/soil.spec/soil.spec/soil.spec/soil.spec/soil.spec/soil.spec/soil.spec/soil.spec/soil.spec/soil.spec/soil.spec/soil.spec/soil.spec/soil.spec/soil.spec/inst
     soil.spec/soil.spec/soil.spec/soil.spec/soil.spec/soil.spec/soil.spec/soil.spec/soil.spec/soil.spec/soil.spec/soil.spec/soil.spec/soil.spec/soil.spec/soil.spec/man
     soil.spec/soil.spec/soil.spec/soil.spec/soil.spec/soil.spec/soil.spec/soil.spec/soil.spec/soil.spec/soil.spec/soil.spec/soil.spec/soil.spec/soil.spec/soil.spec/soil.spec
     soil.spec/soil.spec/soil.spec/soil.spec/soil.spec/soil.spec/soil.spec/soil.spec/soil.spec/soil.spec/soil.spec/soil.spec/soil.spec/soil.spec/soil.spec/soil.spec/soil.spec/R
     soil.spec/soil.spec/soil.spec/soil.spec/soil.spec/soil.spec/soil.spec/soil.spec/soil.spec/soil.spec/soil.spec/soil.spec/soil.spec/soil.spec/soil.spec/soil.spec/soil.spec/data
     soil.spec/soil.spec/soil.spec/soil.spec/soil.spec/soil.spec/soil.spec/soil.spec/soil.spec/soil.spec/soil.spec/soil.spec/soil.spec/soil.spec/soil.spec/soil.spec/soil.spec/inst
     soil.spec/soil.spec/soil.spec/soil.spec/soil.spec/soil.spec/soil.spec/soil.spec/soil.spec/soil.spec/soil.spec/soil.spec/soil.spec/soil.spec/soil.spec/soil.spec/soil.spec/man
     soil.spec/soil.spec/soil.spec/soil.spec/soil.spec/soil.spec/soil.spec/soil.spec/soil.spec/soil.spec/soil.spec/soil.spec/soil.spec/soil.spec/soil.spec/soil.spec/soil.spec/soil.spec
     soil.spec/soil.spec/soil.spec/soil.spec/soil.spec/soil.spec/soil.spec/soil.spec/soil.spec/soil.spec/soil.spec/soil.spec/soil.spec/soil.spec/soil.spec/soil.spec/soil.spec/soil.spec/R
     soil.spec/soil.spec/soil.spec/soil.spec/soil.spec/soil.spec/soil.spec/soil.spec/soil.spec/soil.spec/soil.spec/soil.spec/soil.spec/soil.spec/soil.spec/soil.spec/soil.spec/soil.spec/data
     soil.spec/soil.spec/soil.spec/soil.spec/soil.spec/soil.spec/soil.spec/soil.spec/soil.spec/soil.spec/soil.spec/soil.spec/soil.spec/soil.spec/soil.spec/soil.spec/soil.spec/soil.spec/inst
     soil.spec/soil.spec/soil.spec/soil.spec/soil.spec/soil.spec/soil.spec/soil.spec/soil.spec/soil.spec/soil.spec/soil.spec/soil.spec/soil.spec/soil.spec/soil.spec/soil.spec/soil.spec/man
     soil.spec/soil.spec/soil.spec/soil.spec/soil.spec/soil.spec/soil.spec/soil.spec/soil.spec/soil.spec/soil.spec/soil.spec/soil.spec/soil.spec/soil.spec/soil.spec/soil.spec/soil.spec/soil.spec
     soil.spec/soil.spec/soil.spec/soil.spec/soil.spec/soil.spec/soil.spec/soil.spec/soil.spec/soil.spec/soil.spec/soil.spec/soil.spec/soil.spec/soil.spec/soil.spec/soil.spec/soil.spec/soil.spec/R
     soil.spec/soil.spec/soil.spec/soil.spec/soil.spec/soil.spec/soil.spec/soil.spec/soil.spec/soil.spec/soil.spec/soil.spec/soil.spec/soil.spec/soil.spec/soil.spec/soil.spec/soil.spec/soil.spec/data
     soil.spec/soil.spec/soil.spec/soil.spec/soil.spec/soil.spec/soil.spec/soil.spec/soil.spec/soil.spec/soil.spec/soil.spec/soil.spec/soil.spec/soil.spec/soil.spec/soil.spec/soil.spec/soil.spec/inst
     soil.spec/soil.spec/soil.spec/soil.spec/soil.spec/soil.spec/soil.spec/soil.spec/soil.spec/soil.spec/soil.spec/soil.spec/soil.spec/soil.spec/soil.spec/soil.spec/soil.spec/soil.spec/soil.spec/man
     soil.spec/soil.spec/soil.spec/soil.spec/soil.spec/soil.spec/soil.spec/soil.spec/soil.spec/soil.spec/soil.spec/soil.spec/soil.spec/soil.spec/soil.spec/soil.spec/soil.spec/soil.spec/soil.spec/soil.spec
     soil.spec/soil.spec/soil.spec/soil.spec/soil.spec/soil.spec/soil.spec/soil.spec/soil.spec/soil.spec/soil.spec/soil.spec/soil.spec/soil.spec/soil.spec/soil.spec/soil.spec/soil.spec/soil.spec/soil.spec/R
     soil.spec/soil.spec/soil.spec/soil.spec/soil.spec/soil.spec/soil.spec/soil.spec/soil.spec/soil.spec/soil.spec/soil.spec/soil.spec/soil.spec/soil.spec/soil.spec/soil.spec/soil.spec/soil.spec/soil.spec/data
     soil.spec/soil.spec/soil.spec/soil.spec/soil.spec/soil.spec/soil.spec/soil.spec/soil.spec/soil.spec/soil.spec/soil.spec/soil.spec/soil.spec/soil.spec/soil.spec/soil.spec/soil.spec/soil.spec/soil.spec/inst
     soil.spec/soil.spec/soil.spec/soil.spec/soil.spec/soil.spec/soil.spec/soil.spec/soil.spec/soil.spec/soil.spec/soil.spec/soil.spec/soil.spec/soil.spec/soil.spec/soil.spec/soil.spec/soil.spec/soil.spec/man
     soil.spec/soil.spec/soil.spec/soil.spec/soil.spec/soil.spec/soil.spec/soil.spec/soil.spec/soil.spec/soil.spec/soil.spec/soil.spec/soil.spec/soil.spec/soil.spec/soil.spec/soil.spec/soil.spec/soil.spec/soil.spec
     soil.spec/soil.spec/soil.spec/soil.spec/soil.spec/soil.spec/soil.spec/soil.spec/soil.spec/soil.spec/soil.spec/soil.spec/soil.spec/soil.spec/soil.spec/soil.spec/soil.spec/soil.spec/soil.spec/soil.spec/soil.spec/R
     soil.spec/soil.spec/soil.spec/soil.spec/soil.spec/soil.spec/soil.spec/soil.spec/soil.spec/soil.spec/soil.spec/soil.spec/soil.spec/soil.spec/soil.spec/soil.spec/soil.spec/soil.spec/soil.spec/soil.spec/soil.spec/data
     soil.spec/soil.spec/soil.spec/soil.spec/soil.spec/soil.spec/soil.spec/soil.spec/soil.spec/soil.spec/soil.spec/soil.spec/soil.spec/soil.spec/soil.spec/soil.spec/soil.spec/soil.spec/soil.spec/soil.spec/soil.spec/inst
     soil.spec/soil.spec/soil.spec/soil.spec/soil.spec/soil.spec/soil.spec/soil.spec/soil.spec/soil.spec/soil.spec/soil.spec/soil.spec/soil.spec/soil.spec/soil.spec/soil.spec/soil.spec/soil.spec/soil.spec/soil.spec/man
     soil.spec/soil.spec/soil.spec/soil.spec/soil.spec/soil.spec/soil.spec/soil.spec/soil.spec/soil.spec/soil.spec/soil.spec/soil.spec/soil.spec/soil.spec/soil.spec/soil.spec/soil.spec/soil.spec/soil.spec/soil.spec/soil.spec
     soil.spec/soil.spec/soil.spec/soil.spec/soil.spec/soil.spec/soil.spec/soil.spec/soil.spec/soil.spec/soil.spec/soil.spec/soil.spec/soil.spec/soil.spec/soil.spec/soil.spec/soil.spec/soil.spec/soil.spec/soil.spec/soil.spec/R
     soil.spec/soil.spec/soil.spec/soil.spec/soil.spec/soil.spec/soil.spec/soil.spec/soil.spec/soil.spec/soil.spec/soil.spec/soil.spec/soil.spec/soil.spec/soil.spec/soil.spec/soil.spec/soil.spec/soil.spec/soil.spec/soil.spec/data
     soil.spec/soil.spec/soil.spec/soil.spec/soil.spec/soil.spec/soil.spec/soil.spec/soil.spec/soil.spec/soil.spec/soil.spec/soil.spec/soil.spec/soil.spec/soil.spec/soil.spec/soil.spec/soil.spec/soil.spec/soil.spec/soil.spec/inst
     soil.spec/soil.spec/soil.spec/soil.spec/soil.spec/soil.spec/soil.spec/soil.spec/soil.spec/soil.spec/soil.spec/soil.spec/soil.spec/soil.spec/soil.spec/soil.spec/soil.spec/soil.spec/soil.spec/soil.spec/soil.spec/soil.spec/man
    
    Tarballs are only required to store paths of up to 100 bytes and cannot
    store those of more than 256 bytes, with restrictions including to 100
    bytes for the final component.
    See section 'Package structure' in the 'Writing R Extensions' manual.
Flavor: r-oldrel-windows-ix86+x86_64