CRAN Package Check Results for Package soil.spec

Last updated on 2015-05-26 02:47:01.

Flavor Version Tinstall Tcheck Ttotal Status Flags
r-devel-linux-x86_64-debian-clang 2.1.4 5.59 74.59 80.18 NOTE
r-devel-linux-x86_64-debian-gcc 2.1.4 5.58 70.52 76.10 NOTE
r-devel-linux-x86_64-fedora-clang 2.1.4 164.49 NOTE
r-devel-linux-x86_64-fedora-gcc 2.1.4 158.50 NOTE
r-devel-osx-x86_64-clang 2.1.4 129.87 NOTE
r-devel-windows-ix86+x86_64 2.1.4 13.00 107.00 120.00 NOTE
r-patched-linux-x86_64 2.1.4 5.57 73.32 78.89 NOTE
r-patched-solaris-sparc 2.1.4 902.60 ERROR
r-patched-solaris-x86 2.1.4 229.30 NOTE
r-release-linux-x86_64 2.1.4 5.47 73.40 78.86 NOTE
r-release-osx-x86_64-mavericks 2.1.4 NOTE
r-release-osx-x86_64-snowleopard 2.1.4 ERROR
r-release-windows-ix86+x86_64 2.1.4 21.00 105.00 126.00 NOTE
r-oldrel-windows-ix86+x86_64 2.1.4 39.00 198.00 237.00 NOTE

Check Details

Version: 2.1.4
Check: dependencies in R code
Result: NOTE
    'library' or 'require' calls in package code:
     ‘chemometrics’ ‘spatstat’
     Please use :: or requireNamespace() instead.
     See section 'Suggested packages' in the 'Writing R Extensions' manual.
Flavors: r-devel-linux-x86_64-debian-clang, r-devel-linux-x86_64-debian-gcc, r-devel-linux-x86_64-fedora-clang, r-devel-linux-x86_64-fedora-gcc, r-devel-osx-x86_64-clang, r-devel-windows-ix86+x86_64, r-patched-linux-x86_64, r-patched-solaris-sparc, r-patched-solaris-x86, r-release-linux-x86_64, r-release-osx-x86_64-mavericks, r-release-windows-ix86+x86_64, r-oldrel-windows-ix86+x86_64

Version: 2.1.4
Check: S3 generic/method consistency
Result: NOTE
    Found the following apparent S3 methods exported but not registered:
     plot.Spectra plot.ken.sto plot.trans predict.SpectraPoints
    See section ‘Registering S3 methods’ in the ‘Writing R Extensions’
    manual.
Flavors: r-devel-linux-x86_64-debian-clang, r-devel-linux-x86_64-debian-gcc, r-devel-linux-x86_64-fedora-clang, r-devel-linux-x86_64-fedora-gcc, r-devel-osx-x86_64-clang, r-patched-linux-x86_64, r-patched-solaris-sparc, r-patched-solaris-x86, r-release-linux-x86_64

Version: 2.1.4
Check: examples
Result: ERROR
    Running examples in ‘soil.spec-Ex.R’ failed
    The error most likely occurred in:
    
    > ### Name: read.opus-method
    > ### Title: Reads binary OPUS files containing spectroscopy
    > ### Aliases: read.opus read.opus,character-method read.opus,list-method
    > ### Keywords: methods
    >
    > ### ** Examples
    >
    > ## Original binary Opus files:
    > pth = system.file(package = "soil.spec")
    > lst <- as.list(list.files(path=pth, pattern="*.0$", full.names=TRUE))
    > file.info(lst[[1]])
     size isdir mode
    /home/ripley/R/Lib32/soil.spec/icr_087266_B2.0 167196 FALSE 644
     mtime
    /home/ripley/R/Lib32/soil.spec/icr_087266_B2.0 2015-05-19 20:30:00
     ctime
    /home/ripley/R/Lib32/soil.spec/icr_087266_B2.0 2015-05-19 20:31:04
     atime uid gid
    /home/ripley/R/Lib32/soil.spec/icr_087266_B2.0 2015-05-20 00:20:05 501 1
     uname grname
    /home/ripley/R/Lib32/soil.spec/icr_087266_B2.0 ripley other
    > xx <- read.opus(lst)
    Error in seq.default(lxv, fxv, (fxv - lxv)/(NPT1 - 1)) :
     wrong sign in 'by' argument
    Calls: read.opus ... read.opus -> lapply -> FUN -> rev -> seq -> seq.default
    Execution halted
Flavor: r-patched-solaris-sparc

Version: 2.1.4
Check: package dependencies
Result: ERROR
    Package required but not available: ‘GSIF’
    
    Packages suggested but not available for checking: ‘plotKML’ ‘scales’
    
    See section ‘The DESCRIPTION file’ in the ‘Writing R Extensions’
    manual.
Flavor: r-release-osx-x86_64-snowleopard