CRAN Package Check Results for Package soil.spec

Last updated on 2015-01-30 23:48:57.

Flavor Version Tinstall Tcheck Ttotal Status Flags
r-devel-linux-x86_64-debian-clang 2.1.4 5.82 70.70 76.51 NOTE
r-devel-linux-x86_64-debian-gcc 2.1.4 6.67 77.34 84.01 NOTE
r-devel-linux-x86_64-fedora-clang 2.1.4 215.66 NOTE
r-devel-linux-x86_64-fedora-gcc 2.1.4 211.59 NOTE
r-devel-osx-x86_64-clang 2.1.4 199.58 NOTE
r-devel-windows-ix86+x86_64 2.1.4 14.00 98.00 112.00 NOTE
r-patched-linux-x86_64 2.1.4 8.95 110.83 119.78 OK
r-patched-solaris-sparc 2.1.4 1256.70 ERROR
r-patched-solaris-x86 2.1.4 338.60 OK
r-release-linux-ix86 2.1.4 10.23 124.44 134.67 OK
r-release-linux-x86_64 2.1.4 8.84 112.15 120.98 OK
r-release-osx-x86_64-mavericks 2.1.4 ERROR
r-release-osx-x86_64-snowleopard 2.1.4 ERROR
r-release-windows-ix86+x86_64 2.1.4 26.00 174.00 200.00 OK
r-oldrel-windows-ix86+x86_64 2.1.4 29.00 187.00 216.00 OK

Check Details

Version: 2.1.4
Check: dependencies in R code
Result: NOTE
    'library' or 'require' calls in package code:
     ‘chemometrics’ ‘spatstat’
     Please use :: or requireNamespace() instead.
     See section 'Suggested packages' in the 'Writing R Extensions' manual.
Flavors: r-devel-linux-x86_64-debian-clang, r-devel-linux-x86_64-debian-gcc, r-devel-linux-x86_64-fedora-clang, r-devel-linux-x86_64-fedora-gcc, r-devel-osx-x86_64-clang, r-devel-windows-ix86+x86_64

Version: 2.1.4
Check: S3 generic/method consistency
Result: NOTE
    Found the following apparent S3 methods exported but not registered:
     plot.Spectra plot.ken.sto plot.trans predict.SpectraPoints
    See section ‘Registering S3 methods’ in the ‘Writing R Extensions’
    manual.
Flavors: r-devel-linux-x86_64-debian-clang, r-devel-linux-x86_64-debian-gcc, r-devel-linux-x86_64-fedora-clang, r-devel-linux-x86_64-fedora-gcc, r-devel-osx-x86_64-clang

Version: 2.1.4
Check: examples
Result: ERROR
    Running examples in ‘soil.spec-Ex.R’ failed
    The error most likely occurred in:
    
    > ### Name: read.opus-method
    > ### Title: Reads binary OPUS files containing spectroscopy
    > ### Aliases: read.opus read.opus,character-method read.opus,list-method
    > ### Keywords: methods
    >
    > ### ** Examples
    >
    > ## Original binary Opus files:
    > pth = system.file(package = "soil.spec")
    > lst <- as.list(list.files(path=pth, pattern="*.0$", full.names=TRUE))
    > file.info(lst[[1]])
     size isdir mode
    /home/ripley/R/Lib32/soil.spec/icr_087266_B2.0 167196 FALSE 644
     mtime
    /home/ripley/R/Lib32/soil.spec/icr_087266_B2.0 2014-12-18 20:07:53
     ctime
    /home/ripley/R/Lib32/soil.spec/icr_087266_B2.0 2014-12-18 20:09:34
     atime uid gid
    /home/ripley/R/Lib32/soil.spec/icr_087266_B2.0 2015-01-03 02:51:43 501 1
     uname grname
    /home/ripley/R/Lib32/soil.spec/icr_087266_B2.0 ripley other
    > xx <- read.opus(lst)
    Error in seq.default(lxv, fxv, (fxv - lxv)/(NPT1 - 1)) :
     wrong sign in 'by' argument
    Calls: read.opus ... read.opus -> lapply -> FUN -> rev -> seq -> seq.default
    Execution halted
Flavor: r-patched-solaris-sparc

Version: 2.1.4
Check: package dependencies
Result: ERROR
    Package required but not available: ‘GSIF’
    
    Packages suggested but not available for checking: ‘plotKML’ ‘rgdal’
    
    See the information on DESCRIPTION files in the chapter ‘Creating R
    packages’ of the ‘Writing R Extensions’ manual.
Flavor: r-release-osx-x86_64-mavericks

Version: 2.1.4
Check: package dependencies
Result: ERROR
    Package required but not available: ‘GSIF’
    
    Package suggested but not available for checking: ‘plotKML’
    
    See the information on DESCRIPTION files in the chapter ‘Creating R
    packages’ of the ‘Writing R Extensions’ manual.
Flavor: r-release-osx-x86_64-snowleopard