CRAN Package Check Results for Package soil.spec

Last updated on 2014-04-25 09:52:24.

Flavor Version Tinstall Tcheck Ttotal Status Flags
r-devel-linux-x86_64-debian-clang 2.1.3 1.04 21.77 22.82 OK
r-devel-linux-x86_64-debian-gcc 2.1.3 0.92 20.93 21.85 OK
r-devel-linux-x86_64-fedora-clang 2.1.3 41.94 OK
r-devel-linux-x86_64-fedora-gcc 2.1.3 40.19 OK
r-devel-osx-x86_64-clang 2.1.3 41.18 OK
r-devel-osx-x86_64-gcc 2.1.3 OK
r-devel-windows-ix86+x86_64 2.1.3 4.00 30.00 34.00 OK
r-patched-linux-x86_64 2.1.3 0.92 21.38 22.30 OK
r-patched-solaris-sparc 2.1.3 235.00 OK
r-patched-solaris-x86 2.1.3 52.70 OK
r-release-linux-ix86 2.1.3 2.00 39.00 41.00 OK
r-release-linux-x86_64 2.1.3 0.90 21.04 21.94 OK
r-release-osx-x86_64-mavericks 2.1.3 WARN
r-release-osx-x86_64-snowleopard 2.1.3 OK
r-release-windows-ix86+x86_64 2.1.3 3.00 32.00 35.00 OK
r-oldrel-windows-ix86+x86_64 2.1.3 5.00 33.00 38.00 OK

Check Details

Version: 2.1.3
Check: PDF version of manual
Result: WARNING
    LaTeX errors when creating PDF version.
    This typically indicates Rd problems.
    LaTeX errors found:
    ! LaTeX Error: File `upquote.sty' not found.
    
    Type X to quit or <RETURN> to proceed,
    or enter new name. (Default extension: sty)
    
    e910f3/Rd2.tex:8: ==> Fatal error occurred, no output PDF file produced!
Flavor: r-release-osx-x86_64-mavericks