CRAN Package Check Results for Package soilDB

Last updated on 2014-07-23 17:49:05.

Flavor Version Tinstall Tcheck Ttotal Status Flags
r-devel-linux-x86_64-debian-clang 1.3-2 2.30 33.86 36.16 NOTE
r-devel-linux-x86_64-debian-gcc 1.3-2 2.92 33.32 36.24 NOTE
r-devel-linux-x86_64-fedora-clang 1.3-2 82.40 NOTE
r-devel-linux-x86_64-fedora-gcc 1.3-2 77.47 NOTE
r-devel-osx-x86_64-clang 1.3-2 65.71 NOTE
r-devel-windows-ix86+x86_64 1.3-2 10.00 54.00 64.00 OK
r-patched-linux-x86_64 1.3-2 2.27 33.63 35.90 NOTE
r-patched-solaris-sparc 1.3-2 406.10 NOTE
r-patched-solaris-x86 1.3-2 102.70 NOTE
r-release-linux-ix86 1.3-2 2.92 43.93 46.85 NOTE
r-release-linux-x86_64 1.3-2 2.33 34.18 36.52 NOTE
r-release-osx-x86_64-mavericks 1.3-2 ERROR
r-release-osx-x86_64-snowleopard 1.3-2 ERROR
r-release-windows-ix86+x86_64 1.3-2 10.00 57.00 67.00 OK
r-oldrel-windows-ix86+x86_64 1.3-2 10.00 64.00 74.00 OK

Check Details

Version: 1.3-2
Check: R code for possible problems
Result: NOTE
    get_colors_from_pedon_db: no visible global function definition for
     ‘odbcConnectAccess2007’
    get_extended_data_from_pedon_db: no visible global function definition
     for ‘odbcConnectAccess2007’
    get_hz_data_from_pedon_db: no visible global function definition for
     ‘odbcConnectAccess2007’
    get_site_data_from_pedon_db: no visible global function definition for
     ‘odbcConnectAccess2007’
    get_veg_from_AK_Site: no visible global function definition for
     ‘odbcConnectAccess’
    get_veg_from_MT_veg_db: no visible global function definition for
     ‘odbcConnectAccess’
    get_veg_from_NPS_PLOTS_db: no visible global function definition for
     ‘odbcConnectAccess2007’
    get_veg_other_from_MT_veg_db: no visible global function definition for
     ‘odbcConnectAccess’
    get_veg_species_from_MT_veg_db: no visible global function definition
     for ‘odbcConnectAccess’
Flavors: r-devel-linux-x86_64-debian-clang, r-devel-linux-x86_64-debian-gcc, r-devel-linux-x86_64-fedora-clang, r-devel-linux-x86_64-fedora-gcc, r-devel-osx-x86_64-clang, r-patched-linux-x86_64, r-patched-solaris-sparc, r-patched-solaris-x86, r-release-linux-ix86, r-release-linux-x86_64

Version: 1.3-2
Check: package dependencies
Result: ERROR
    Packages required but not available: ‘RODBC’ ‘aqp’
    
    Packages suggested but not available for checking:
     ‘rgdal’ ‘SSOAP’ ‘XMLSchema’
    
    See the information on DESCRIPTION files in the chapter ‘Creating R
    packages’ of the ‘Writing R Extensions’ manual.
Flavor: r-release-osx-x86_64-mavericks

Version: 1.3-2
Check: package dependencies
Result: ERROR
    Package required but not available: ‘aqp’
    
    Packages suggested but not available for checking: ‘SSOAP’ ‘XMLSchema’
    
    See the information on DESCRIPTION files in the chapter ‘Creating R
    packages’ of the ‘Writing R Extensions’ manual.
Flavor: r-release-osx-x86_64-snowleopard