CRAN Package Check Results for Package soilDB

Last updated on 2017-04-28 05:48:54.

Flavor Version Tinstall Tcheck Ttotal Status Flags
r-devel-linux-x86_64-debian-clang 1.8-7 5.68 69.71 75.39 OK
r-devel-linux-x86_64-debian-gcc 1.8-7 6.00 70.20 76.20 OK
r-devel-linux-x86_64-fedora-clang 1.8-7 206.68 OK --no-stop-on-test-error
r-devel-linux-x86_64-fedora-gcc 1.8-7 172.83 OK --no-stop-on-test-error
r-devel-windows-ix86+x86_64 1.8-7 16.00 113.00 129.00 OK
r-patched-linux-x86_64 1.8-7 5.73 72.89 78.62 OK
r-patched-solaris-sparc 1.8-7 910.90 OK
r-patched-solaris-x86 1.8-7 225.00 OK
r-release-linux-x86_64 1.8-7 5.65 68.55 74.20 OK
r-release-windows-ix86+x86_64 1.8-7 17.00 121.00 138.00 OK
r-release-osx-x86_64 1.8-7 NOTE
r-oldrel-windows-ix86+x86_64 1.8-7 25.00 146.00 171.00 OK
r-oldrel-osx-x86_64 1.8-7 NOTE

Check Details

Version: 1.8-7
Check: package dependencies
Result: NOTE
    Packages suggested but not available for checking: ‘rgdal’ ‘RODBC’ ‘rgeos’
Flavor: r-release-osx-x86_64

Version: 1.8-7
Check: package dependencies
Result: NOTE
    Package suggested but not available for checking: ‘RODBC’
Flavor: r-oldrel-osx-x86_64