CRAN Package Check Results for Package soilDB

Last updated on 2016-02-11 23:47:42.

Flavor Version Tinstall Tcheck Ttotal Status Flags
r-devel-linux-x86_64-debian-gcc 1.6.6 2.04 29.02 31.06 OK
r-devel-linux-x86_64-fedora-clang 1.6.6 61.56 OK
r-devel-linux-x86_64-fedora-gcc 1.6.6 59.18 OK
r-devel-osx-x86_64-clang 1.6.6 63.82 OK
r-devel-windows-ix86+x86_64 1.6.6 12.00 50.00 62.00 OK
r-patched-linux-x86_64 1.6.6 2.52 31.94 34.46 OK
r-patched-solaris-sparc 1.6.6 395.20 OK
r-patched-solaris-x86 1.6.6 92.80 OK
r-release-linux-x86_64 1.6.6 2.68 31.55 34.22 OK
r-release-osx-x86_64-mavericks 1.6.6 NOTE
r-release-windows-ix86+x86_64 1.6.6 14.00 74.00 88.00 OK
r-oldrel-windows-ix86+x86_64 1.6.6 24.00 132.00 156.00 OK

Check Details

Version: 1.6.6
Check: package dependencies
Result: NOTE
    Package suggested but not available for checking: ‘RODBC’
Flavor: r-release-osx-x86_64-mavericks