CRAN Package Check Results for Package soilDB

Last updated on 2017-10-18 05:48:00.

Flavor Version Tinstall Tcheck Ttotal Status Flags
r-devel-linux-x86_64-debian-clang 1.8-7 5.78 71.76 77.54 OK
r-devel-linux-x86_64-debian-gcc 1.8-7 5.60 72.14 77.74 OK
r-devel-linux-x86_64-fedora-clang 1.8-7 169.84 OK
r-devel-linux-x86_64-fedora-gcc 1.8-7 171.15 OK
r-devel-windows-ix86+x86_64 1.8-7 15.00 169.00 184.00 OK
r-patched-linux-x86_64 1.8-7 6.01 70.70 76.71 OK
r-patched-solaris-x86 1.8-7 230.50 OK
r-release-linux-x86_64 1.8-7 5.72 71.02 76.74 OK
r-release-windows-ix86+x86_64 1.8-7 22.00 162.00 184.00 OK
r-release-osx-x86_64 1.8-7 NOTE
r-oldrel-windows-ix86+x86_64 1.8-7 19.00 152.00 171.00 OK
r-oldrel-osx-x86_64 1.8-7 NOTE

Check Details

Version: 1.8-7
Check: package dependencies
Result: NOTE
    Packages suggested but not available for checking: ‘rgdal’ ‘RODBC’ ‘rgeos’
Flavor: r-release-osx-x86_64

Version: 1.8-7
Check: package dependencies
Result: NOTE
    Package suggested but not available for checking: ‘RODBC’
Flavor: r-oldrel-osx-x86_64