CRAN Package Check Results for Package soilDB

Last updated on 2017-03-24 23:56:12.

Flavor Version Tinstall Tcheck Ttotal Status Flags
r-devel-linux-x86_64-debian-clang 1.8-7 6.03 72.63 78.66 OK
r-devel-linux-x86_64-debian-gcc 1.8-7 5.57 68.73 74.31 OK
r-devel-linux-x86_64-fedora-clang 1.8-7 187.82 OK --no-stop-on-test-error
r-devel-linux-x86_64-fedora-gcc 1.8-7 167.97 OK --no-stop-on-test-error
r-devel-macos-x86_64-clang 1.8-7 124.74 OK --no-stop-on-test-error
r-patched-linux-x86_64 1.8-7 5.63 66.92 72.55 OK
r-patched-solaris-sparc 1.8-7 910.90 OK
r-patched-solaris-x86 1.8-7 230.50 OK
r-release-linux-x86_64 1.8-7 5.66 65.28 70.94 OK
r-release-osx-x86_64-mavericks 1.8-7 NOTE
r-release-windows-ix86+x86_64 1.8-7 21.00 154.00 175.00 OK
r-oldrel-windows-ix86+x86_64 1.8-7 19.00 111.00 130.00 OK

Check Details

Version: 1.8-7
Check: package dependencies
Result: NOTE
    Package suggested but not available for checking: ‘RODBC’
Flavor: r-release-osx-x86_64-mavericks