CRAN Package Check Results for Package soilDB

Last updated on 2016-05-31 03:50:02.

Flavor Version Tinstall Tcheck Ttotal Status Flags
r-devel-linux-x86_64-debian-gcc 1.8 3.98 51.56 55.54 OK
r-devel-linux-x86_64-fedora-clang 1.8 110.50 OK
r-devel-linux-x86_64-fedora-gcc 1.8 102.53 OK
r-devel-osx-x86_64-clang 1.8 114.02 OK
r-devel-windows-ix86+x86_64 1.8 12.00 89.00 101.00 OK
r-patched-linux-x86_64 1.8 4.16 50.71 54.87 OK
r-patched-solaris-sparc 1.8 656.70 OK
r-patched-solaris-x86 1.8 150.30 OK
r-release-linux-x86_64 1.8 4.09 50.52 54.61 OK
r-release-osx-x86_64-mavericks 1.8 NOTE
r-release-windows-ix86+x86_64 1.8 19.00 93.00 112.00 OK
r-oldrel-windows-ix86+x86_64 1.8 13.00 98.00 111.00 OK

Check Details

Version: 1.8
Check: package dependencies
Result: NOTE
    Package suggested but not available for checking: ‘RODBC’
Flavor: r-release-osx-x86_64-mavericks