CRAN Package Check Results for Package soilDB

Last updated on 2016-07-29 03:48:24.

Flavor Version Tinstall Tcheck Ttotal Status Flags
r-devel-linux-x86_64-debian-clang 1.8 5.35 61.66 67.01 OK
r-devel-linux-x86_64-debian-gcc 1.8 5.57 53.53 59.10 OK
r-devel-linux-x86_64-fedora-clang 1.8 127.68 OK
r-devel-linux-x86_64-fedora-gcc 1.8 116.74 OK
r-devel-osx-x86_64-clang 1.8 91.02 OK
r-devel-windows-ix86+x86_64 1.8 19.00 113.00 132.00 OK
r-patched-linux-x86_64 1.8 5.67 58.27 63.94 OK
r-patched-solaris-sparc 1.8 655.60 OK
r-patched-solaris-x86 1.8 151.70 OK
r-release-linux-x86_64 1.8 5.22 60.00 65.22 OK
r-release-osx-x86_64-mavericks 1.8 NOTE
r-release-windows-ix86+x86_64 1.8 19.00 122.00 141.00 OK
r-oldrel-windows-ix86+x86_64 1.8 20.00 158.00 178.00 OK

Check Details

Version: 1.8
Check: package dependencies
Result: NOTE
    Package suggested but not available for checking: ‘RODBC’
Flavor: r-release-osx-x86_64-mavericks