CRAN Package Check Results for Package soilDB

Last updated on 2016-06-26 00:47:22.

Flavor Version Tinstall Tcheck Ttotal Status Flags
r-devel-linux-x86_64-debian-gcc 1.8 4.25 50.86 55.11 OK
r-devel-linux-x86_64-fedora-clang 1.8 113.59 OK
r-devel-linux-x86_64-fedora-gcc 1.8 102.75 OK
r-devel-osx-x86_64-clang 1.8 52.10 OK
r-devel-windows-ix86+x86_64 1.8 15.00 137.00 152.00 OK
r-patched-linux-x86_64 1.8 4.56 51.55 56.11 OK
r-patched-solaris-sparc 1.8 655.60 OK
r-patched-solaris-x86 1.8 152.80 OK
r-release-linux-x86_64 1.8 4.49 51.87 56.36 OK
r-release-osx-x86_64-mavericks 1.8 NOTE
r-release-windows-ix86+x86_64 1.8 17.00 98.00 115.00 OK
r-oldrel-windows-ix86+x86_64 1.8 20.00 139.00 159.00 OK

Check Details

Version: 1.8
Check: package dependencies
Result: NOTE
    Package suggested but not available for checking: ‘RODBC’
Flavor: r-release-osx-x86_64-mavericks