CRAN Package Check Results for Package soilDB

Last updated on 2016-12-06 21:48:41.

Flavor Version Tinstall Tcheck Ttotal Status Flags
r-devel-linux-x86_64-debian-clang 1.8-7 5.71 70.04 75.75 OK
r-devel-linux-x86_64-debian-gcc 1.8-7 5.64 68.15 73.80 OK
r-devel-linux-x86_64-fedora-clang 1.8-7 173.93 OK --no-stop-on-test-error
r-devel-linux-x86_64-fedora-gcc 1.8-7 169.97 OK --no-stop-on-test-error
r-devel-macos-x86_64-clang 1.8-7 123.18 OK --no-stop-on-test-error
r-devel-windows-ix86+x86_64 1.8-7 16.00 122.00 138.00 OK
r-patched-linux-x86_64 1.8-7 5.14 62.06 67.20 OK
r-patched-solaris-sparc 1.8-7 866.90 OK
r-patched-solaris-x86 1.8-7 198.30 OK
r-release-linux-x86_64 1.8-7 5.62 62.76 68.38 OK
r-release-osx-x86_64-mavericks 1.8-7 NOTE
r-release-windows-ix86+x86_64 1.8-7 16.00 98.00 114.00 OK
r-oldrel-windows-ix86+x86_64 1.8-7 27.00 155.00 182.00 OK

Check Details

Version: 1.8-7
Check: package dependencies
Result: NOTE
    Package suggested but not available for checking: ‘RODBC’
Flavor: r-release-osx-x86_64-mavericks