CRAN Package Check Results for Package soilDB

Last updated on 2015-02-01 10:47:05.

Flavor Version Tinstall Tcheck Ttotal Status Flags
r-devel-linux-x86_64-debian-clang 1.3-2 1.79 23.16 24.95 NOTE
r-devel-linux-x86_64-debian-gcc 1.3-2 1.89 22.78 24.66 NOTE
r-devel-linux-x86_64-fedora-clang 1.3-2 63.91 NOTE
r-devel-linux-x86_64-fedora-gcc 1.3-2 49.65 NOTE
r-devel-osx-x86_64-clang 1.3-2 53.18 NOTE
r-devel-windows-ix86+x86_64 1.3-2 11.00 38.00 49.00 NOTE
r-patched-linux-x86_64 1.3-2 2.41 36.81 39.22 NOTE
r-patched-solaris-sparc 1.3-2 407.00 NOTE
r-patched-solaris-x86 1.3-2 100.20 NOTE
r-release-linux-ix86 1.3-2 2.94 43.40 46.34 NOTE
r-release-linux-x86_64 1.3-2 2.39 36.03 38.42 NOTE
r-release-osx-x86_64-mavericks 1.3-2 ERROR
r-release-osx-x86_64-snowleopard 1.3-2 ERROR
r-release-windows-ix86+x86_64 1.3-2 12.00 63.00 75.00 NOTE
r-oldrel-windows-ix86+x86_64 1.3-2 15.00 72.00 87.00 OK

Check Details

Version: 1.3-2
Check: dependencies in R code
Result: NOTE
    'library' or 'require' calls in package code:
     ‘RCurl’ ‘SSOAP’ ‘XML’ ‘XMLSchema’ ‘dismo’ ‘rgdal’
     Please use :: or requireNamespace() instead.
     See section 'Suggested packages' in the 'Writing R Extensions' manual.
Flavors: r-devel-linux-x86_64-debian-clang, r-devel-linux-x86_64-debian-gcc, r-devel-linux-x86_64-fedora-clang, r-devel-linux-x86_64-fedora-gcc, r-devel-osx-x86_64-clang, r-devel-windows-ix86+x86_64

Version: 1.3-2
Check: R code for possible problems
Result: NOTE
    MUKEYS_by_ll_bbox: no visible global function definition for ‘getURL’
    MUKEYS_by_ll_bbox: no visible global function definition for
     ‘htmlTreeParse’
    MUKEYS_by_ll_bbox: no visible global function definition for
     ‘getNodeSet’
    MUKEYS_by_ll_bbox: no visible global function definition for ‘xmlValue’
    SDA_query: no visible global function definition for ‘SOAPServer’
    SDA_query: no visible global function definition for ‘.SOAP’
    fetchSCAN: no visible global function definition for ‘curlOptions’
    fetchSCAN: no visible global function definition for ‘postForm’
    get_colors_from_pedon_db: no visible global function definition for
     ‘odbcConnectAccess2007’
    get_extended_data_from_pedon_db: no visible global function definition
     for ‘odbcConnectAccess2007’
    get_hz_data_from_pedon_db: no visible global function definition for
     ‘odbcConnectAccess2007’
    get_site_data_from_pedon_db: no visible global function definition for
     ‘odbcConnectAccess2007’
    get_veg_from_AK_Site: no visible global function definition for
     ‘odbcConnectAccess’
    get_veg_from_MT_veg_db: no visible global function definition for
     ‘odbcConnectAccess’
    get_veg_from_NPS_PLOTS_db: no visible global function definition for
     ‘odbcConnectAccess2007’
    get_veg_other_from_MT_veg_db: no visible global function definition for
     ‘odbcConnectAccess’
    get_veg_species_from_MT_veg_db: no visible global function definition
     for ‘odbcConnectAccess’
    mapunit_geom_by_ll_bbox: no visible global function definition for
     ‘ogrDrivers’
    mapunit_geom_by_ll_bbox: no visible global function definition for
     ‘readOGR’
    seriesExtent: no visible global function definition for ‘readOGR’
    seriesExtentAsGmap: no visible global function definition for ‘extent’
    seriesExtentAsGmap: no visible global function definition for
     ‘spTransform’
    seriesExtentAsGmap: no visible global function definition for ‘CRS’
    seriesExtentAsGmap: no visible global function definition for ‘gmap’
Flavors: r-devel-linux-x86_64-debian-clang, r-devel-linux-x86_64-debian-gcc, r-devel-linux-x86_64-fedora-clang, r-devel-linux-x86_64-fedora-gcc, r-devel-osx-x86_64-clang, r-devel-windows-ix86+x86_64, r-patched-linux-x86_64, r-patched-solaris-sparc, r-patched-solaris-x86, r-release-linux-ix86, r-release-linux-x86_64, r-release-windows-ix86+x86_64

Version: 1.3-2
Check: package dependencies
Result: ERROR
    Packages required but not available: ‘RODBC’ ‘aqp’
    
    Packages suggested but not available for checking:
     ‘rgdal’ ‘SSOAP’ ‘XMLSchema’
    
    See the information on DESCRIPTION files in the chapter ‘Creating R
    packages’ of the ‘Writing R Extensions’ manual.
Flavor: r-release-osx-x86_64-mavericks

Version: 1.3-2
Check: package dependencies
Result: ERROR
    Package required but not available: ‘aqp’
    
    Packages suggested but not available for checking: ‘SSOAP’ ‘XMLSchema’
    
    See the information on DESCRIPTION files in the chapter ‘Creating R
    packages’ of the ‘Writing R Extensions’ manual.
Flavor: r-release-osx-x86_64-snowleopard