CRAN Package Check Results for Package soilDB

Last updated on 2015-04-26 12:46:42.

Flavor Version Tinstall Tcheck Ttotal Status Flags
r-devel-linux-x86_64-debian-clang 1.5-4 2.58 31.56 34.14 OK
r-devel-linux-x86_64-debian-gcc 1.5-4 2.40 31.37 33.77 OK
r-devel-linux-x86_64-fedora-clang 1.5-4 73.14 OK
r-devel-linux-x86_64-fedora-gcc 1.5-4 68.46 OK
r-devel-osx-x86_64-clang 1.5-4 61.52 OK
r-devel-windows-ix86+x86_64 1.5-4 10.00 49.00 59.00 OK
r-patched-linux-x86_64 1.5-4 2.43 30.86 33.29 OK
r-patched-solaris-sparc 1.5-4 367.50 OK
r-patched-solaris-x86 1.5-4 95.40 OK
r-release-linux-x86_64 1.5-4 2.38 31.08 33.46 OK
r-release-osx-x86_64-mavericks 1.5-4 NOTE
r-release-osx-x86_64-snowleopard 1.5-4 ERROR
r-release-windows-ix86+x86_64 1.5-4 9.00 52.00 61.00 OK
r-oldrel-windows-ix86+x86_64 1.5-2 16.00 86.00 102.00 OK

Check Details

Version: 1.5-4
Check: package dependencies
Result: NOTE
    Packages suggested but not available for checking:
     ‘XMLSchema’ ‘SSOAP’ ‘rgdal’ ‘RODBC’
Flavor: r-release-osx-x86_64-mavericks