CRAN Package Check Results for Package soilDB

Last updated on 2017-08-17 09:47:26.

Flavor Version Tinstall Tcheck Ttotal Status Flags
r-devel-linux-x86_64-debian-clang 1.8-7 5.82 72.82 78.63 OK
r-devel-linux-x86_64-debian-gcc 1.8-7 5.42 75.06 80.48 OK
r-devel-linux-x86_64-fedora-clang 1.8-7 168.31 OK
r-devel-linux-x86_64-fedora-gcc 1.8-7 167.42 OK
r-devel-windows-ix86+x86_64 1.8-7 14.00 103.00 117.00 OK
r-patched-linux-x86_64 1.8-7 6.47 74.75 81.22 OK
r-patched-solaris-x86 1.8-7 252.60 OK
r-release-linux-x86_64 1.8-7 5.96 75.03 80.99 OK
r-release-windows-ix86+x86_64 1.8-7 16.00 121.00 137.00 OK
r-release-osx-x86_64 1.8-7 NOTE
r-oldrel-windows-ix86+x86_64 1.8-7 15.00 107.00 122.00 OK
r-oldrel-osx-x86_64 1.8-7 NOTE

Check Details

Version: 1.8-7
Check: package dependencies
Result: NOTE
    Packages suggested but not available for checking: ‘rgdal’ ‘RODBC’ ‘rgeos’
Flavor: r-release-osx-x86_64

Version: 1.8-7
Check: package dependencies
Result: NOTE
    Package suggested but not available for checking: ‘RODBC’
Flavor: r-oldrel-osx-x86_64