CRAN Package Check Results for Package soilDB

Last updated on 2016-08-28 11:48:43.

Flavor Version Tinstall Tcheck Ttotal Status Flags
r-devel-linux-x86_64-debian-clang 1.8 4.51 53.88 58.38 OK
r-devel-linux-x86_64-debian-gcc 1.8 4.80 54.20 59.00 OK
r-devel-linux-x86_64-fedora-clang 1.8 116.59 OK
r-devel-linux-x86_64-fedora-gcc 1.8 111.70 OK
r-devel-osx-x86_64-clang 1.8 91.76 OK
r-devel-windows-ix86+x86_64 1.8 22.00 201.00 223.00 OK
r-patched-linux-x86_64 1.8 4.24 52.38 56.62 OK
r-patched-solaris-sparc 1.8 655.60 OK
r-patched-solaris-x86 1.8 152.80 OK
r-release-linux-x86_64 1.8 4.47 52.94 57.41 OK
r-release-osx-x86_64-mavericks 1.8 NOTE
r-release-windows-ix86+x86_64 1.8 18.00 100.00 118.00 OK
r-oldrel-windows-ix86+x86_64 1.8 12.00 100.00 112.00 OK

Check Details

Version: 1.8
Check: package dependencies
Result: NOTE
    Package suggested but not available for checking: ‘RODBC’
Flavor: r-release-osx-x86_64-mavericks