CRAN Package Check Results for Package soilDB

Last updated on 2015-05-23 11:51:34.

Flavor Version Tinstall Tcheck Ttotal Status Flags
r-devel-linux-x86_64-debian-clang 1.5-4 2.45 32.77 35.22 OK
r-devel-linux-x86_64-debian-gcc 1.5-4 3.02 32.28 35.30 OK
r-devel-linux-x86_64-fedora-clang 1.5-4 72.77 OK
r-devel-linux-x86_64-fedora-gcc 1.5-4 68.86 OK
r-devel-osx-x86_64-clang 1.5-4 60.46 OK
r-devel-windows-ix86+x86_64 1.5-4 9.00 48.00 57.00 OK
r-patched-linux-x86_64 1.5-4 2.43 32.72 35.15 OK
r-patched-solaris-sparc 1.5-4 432.10 OK
r-patched-solaris-x86 1.5-4 99.40 OK
r-release-linux-x86_64 1.5-4 2.54 32.50 35.04 OK
r-release-osx-x86_64-mavericks 1.5-4 NOTE
r-release-osx-x86_64-snowleopard 1.5-4 ERROR
r-release-windows-ix86+x86_64 1.5-4 10.00 53.00 63.00 OK
r-oldrel-windows-ix86+x86_64 1.5-4 18.00 103.00 121.00 OK

Check Details

Version: 1.5-4
Check: package dependencies
Result: NOTE
    Packages suggested but not available for checking:
     ‘XMLSchema’ ‘SSOAP’ ‘rgdal’ ‘RODBC’
Flavor: r-release-osx-x86_64-mavericks

Version: 1.5-4
Check: package dependencies
Result: ERROR
    Packages required but not available: ‘aqp’ ‘Hmisc’ ‘XML’
    
    Packages suggested but not available for checking:
     ‘XMLSchema’ ‘SSOAP’ ‘dismo’ ‘raster’
    
    See section ‘The DESCRIPTION file’ in the ‘Writing R Extensions’
    manual.
Flavor: r-release-osx-x86_64-snowleopard