CRAN Package Check Results for Package soilDB

Last updated on 2015-03-04 00:47:21.

Flavor Version Tinstall Tcheck Ttotal Status Flags
r-devel-linux-x86_64-debian-clang 1.5-2 2.54 33.47 36.01 OK
r-devel-linux-x86_64-debian-gcc 1.5-2 2.33 30.79 33.12 OK
r-devel-linux-x86_64-fedora-clang 1.5-2 71.97 OK
r-devel-linux-x86_64-fedora-gcc 1.5-2 68.03 OK
r-devel-osx-x86_64-clang 1.5-2 61.22 OK
r-devel-windows-ix86+x86_64 1.5-2 11.00 53.00 64.00 OK
r-patched-linux-x86_64 1.5-2 6.27 51.80 58.08 OK
r-patched-solaris-sparc 1.5-2 628.10 OK
r-patched-solaris-x86 1.5-2 145.00 OK
r-release-linux-ix86 1.5 4.03 58.36 62.39 OK
r-release-linux-x86_64 1.5-2 5.76 51.06 56.82 OK
r-release-osx-x86_64-mavericks 1.5-2 ERROR
r-release-osx-x86_64-snowleopard 1.5-2 ERROR
r-release-windows-ix86+x86_64 1.5-2 17.00 120.00 137.00 OK
r-oldrel-windows-ix86+x86_64 1.5-2 14.00 87.00 101.00 OK

Check Details

Version: 1.5-2
Check: package dependencies
Result: ERROR
    Package required but not available: ‘aqp’
    
    Packages suggested but not available for checking:
     ‘XMLSchema’ ‘SSOAP’ ‘rgdal’ ‘RODBC’
    
    See section ‘The DESCRIPTION file’ in the ‘Writing R Extensions’
    manual.
Flavor: r-release-osx-x86_64-mavericks

Version: 1.5-2
Check: package dependencies
Result: ERROR
    Package required but not available: ‘aqp’
    
    Packages suggested but not available for checking: ‘XMLSchema’ ‘SSOAP’
    
    See section ‘The DESCRIPTION file’ in the ‘Writing R Extensions’
    manual.
Flavor: r-release-osx-x86_64-snowleopard