CRAN Package Check Results for Package soilDB

Last updated on 2017-02-24 11:48:40.

Flavor Version Tinstall Tcheck Ttotal Status Flags
r-devel-linux-x86_64-debian-clang 1.8-7 5.62 69.74 75.35 OK
r-devel-linux-x86_64-debian-gcc 1.8-7 5.68 69.79 75.47 OK
r-devel-linux-x86_64-fedora-clang 1.8-7 168.89 OK --no-stop-on-test-error
r-devel-linux-x86_64-fedora-gcc 1.8-7 176.22 OK --no-stop-on-test-error
r-devel-macos-x86_64-clang 1.8-7 123.96 OK --no-stop-on-test-error
r-devel-windows-ix86+x86_64 1.8-7 22.00 158.00 180.00 OK
r-patched-linux-x86_64 1.8-7 5.59 66.07 71.67 OK
r-patched-solaris-sparc 1.8-7 851.90 OK
r-patched-solaris-x86 1.8-7 208.10 OK
r-release-linux-x86_64 1.8-7 6.01 66.22 72.23 OK
r-release-osx-x86_64-mavericks 1.8-7 NOTE
r-release-windows-ix86+x86_64 1.8-7 24.00 160.00 184.00 OK
r-oldrel-windows-ix86+x86_64 1.8-7 27.00 161.00 188.00 OK

Check Details

Version: 1.8-7
Check: package dependencies
Result: NOTE
    Package suggested but not available for checking: ‘RODBC’
Flavor: r-release-osx-x86_64-mavericks