CRAN Package Check Results for Package soilDB

Last updated on 2015-07-28 06:48:08.

Flavor Version Tinstall Tcheck Ttotal Status Flags
r-devel-linux-x86_64-debian-clang 1.5-4 2.68 33.12 35.80 NOTE
r-devel-linux-x86_64-debian-gcc 1.5-4 2.42 32.20 34.61 NOTE
r-devel-linux-x86_64-fedora-clang 1.5-4 71.92 NOTE
r-devel-linux-x86_64-fedora-gcc 1.5-4 68.36 NOTE
r-devel-osx-x86_64-clang 1.5-4 53.32 OK
r-devel-windows-ix86+x86_64 1.5-4 9.00 52.00 61.00 NOTE
r-patched-linux-x86_64 1.5-4 2.46 31.80 34.26 OK
r-patched-solaris-sparc 1.5-4 438.80 OK
r-patched-solaris-x86 1.5-4 107.30 OK
r-release-linux-x86_64 1.5-4 2.47 32.15 34.62 OK
r-release-osx-x86_64-mavericks 1.5-4 NOTE
r-release-windows-ix86+x86_64 1.5-4 14.00 54.00 68.00 OK
r-oldrel-windows-ix86+x86_64 1.5-4 26.00 95.00 121.00 OK

Check Details

Version: 1.5-4
Check: R code for possible problems
Result: NOTE
    .diagHzLongtoWide: no visible global function definition for ‘na.omit’
    SDA_query: no visible global function definition for ‘write.table’
    SDA_query: no visible global function definition for ‘read.table’
    fetchHenry: no visible global function definition for ‘URLencode’
    fetchHenry: no visible global function definition for ‘download.file’
    fetchHenry: no visible global function definition for ‘read.table’
    fetchHenry: no visible global function definition for ‘object.size’
    fetchKSSL: no visible global function definition for ‘read.table’
    fetchNASIS: no visible global function definition for ‘complete.cases’
    fetchOSD: no visible global function definition for ‘URLencode’
    fetchOSD: no visible global function definition for ‘read.csv’
    fetchPedonPC: no visible global function definition for
     ‘complete.cases’
    fetchRaCA: no visible global function definition for ‘URLencode’
    fetchRaCA: no visible global function definition for ‘download.file’
    fetchRaCA: no visible global function definition for ‘read.table’
    fetchRaCA: no visible global function definition for ‘object.size’
    fetchSCAN: no visible global function definition for ‘read.table’
    fetchSCAN: no visible global function definition for ‘na.omit’
    get_hz_data_from_pedon_db: no visible global function definition for
     ‘aggregate’
    get_site_data_from_NASIS_db: no visible global function definition for
     ‘na.omit’
    get_site_data_from_pedon_db: no visible global function definition for
     ‘na.omit’
    mapunit_geom_by_ll_bbox: no visible global function definition for
     ‘download.file’
    seriesExtent: no visible global function definition for ‘URLencode’
    seriesExtent: no visible global function definition for ‘download.file’
    seriesExtentAsGmap: no visible global function definition for ‘plot’
    seriesExtentAsGmap: no visible global function definition for ‘rgb’
    Undefined global functions or variables:
     URLencode aggregate complete.cases download.file na.omit object.size
     plot read.csv read.table rgb write.table
    Consider adding
     importFrom("grDevices", "rgb")
     importFrom("graphics", "plot")
     importFrom("stats", "aggregate", "complete.cases", "na.omit")
     importFrom("utils", "URLencode", "download.file", "object.size",
     "read.csv", "read.table", "write.table")
    to your NAMESPACE.
Flavors: r-devel-linux-x86_64-debian-clang, r-devel-linux-x86_64-debian-gcc, r-devel-linux-x86_64-fedora-clang, r-devel-linux-x86_64-fedora-gcc, r-devel-windows-ix86+x86_64

Version: 1.5-4
Check: package dependencies
Result: NOTE
    Packages suggested but not available for checking:
     ‘XMLSchema’ ‘SSOAP’ ‘rgdal’ ‘RODBC’
Flavor: r-release-osx-x86_64-mavericks