CRAN Package Check Results for Package soilDB

Last updated on 2016-09-25 15:49:04.

Flavor Version Tinstall Tcheck Ttotal Status Flags
r-devel-linux-x86_64-debian-clang 1.8 3.97 47.99 51.95 OK
r-devel-linux-x86_64-debian-gcc 1.8 4.08 47.67 51.75 OK
r-devel-linux-x86_64-fedora-clang 1.8 112.29 OK
r-devel-linux-x86_64-fedora-gcc 1.8 109.27 OK
r-devel-macos-x86_64-clang 1.8 85.88 OK
r-devel-windows-ix86+x86_64 1.8 10.00 197.00 207.00 OK
r-patched-linux-x86_64 1.8 3.92 49.91 53.82 OK
r-patched-solaris-sparc 1.8 655.60 OK
r-patched-solaris-x86 1.8 149.20 OK
r-release-linux-x86_64 1.8 3.75 49.40 53.15 OK
r-release-osx-x86_64-mavericks 1.8 NOTE
r-release-windows-ix86+x86_64 1.8 11.00 90.00 101.00 OK
r-oldrel-windows-ix86+x86_64 1.8 20.00 112.00 132.00 OK

Check Details

Version: 1.8
Check: package dependencies
Result: NOTE
    Package suggested but not available for checking: ‘RODBC’
Flavor: r-release-osx-x86_64-mavericks