CRAN Package Check Results for Package soilDB

Last updated on 2017-01-22 06:47:35.

Flavor Version Tinstall Tcheck Ttotal Status Flags
r-devel-linux-x86_64-debian-clang 1.8-7 5.70 67.61 73.31 OK
r-devel-linux-x86_64-debian-gcc 1.8-7 5.72 68.39 74.11 OK
r-devel-linux-x86_64-fedora-clang 1.8-7 163.73 OK --no-stop-on-test-error
r-devel-linux-x86_64-fedora-gcc 1.8-7 148.62 OK --no-stop-on-test-error
r-devel-macos-x86_64-clang 1.8-7 117.02 OK --no-stop-on-test-error
r-devel-windows-ix86+x86_64 1.8-7 23.00 159.00 182.00 OK
r-patched-linux-x86_64 1.8-7 5.76 64.86 70.62 OK
r-patched-solaris-sparc 1.8-7 851.90 OK
r-patched-solaris-x86 1.8-7 199.60 OK
r-release-linux-x86_64 1.8-7 5.64 63.40 69.04 OK
r-release-osx-x86_64-mavericks 1.8-7 NOTE
r-release-windows-ix86+x86_64 1.8-7 36.00 112.00 148.00 OK
r-oldrel-windows-ix86+x86_64 1.8-7 28.00 155.00 183.00 OK

Check Details

Version: 1.8-7
Check: package dependencies
Result: NOTE
    Package suggested but not available for checking: ‘RODBC’
Flavor: r-release-osx-x86_64-mavericks