CRAN Package Check Results for Package soilDB

Last updated on 2014-04-23 07:55:09.

Flavor Version Tinstall Tcheck Ttotal Status Flags
r-devel-linux-x86_64-debian-clang 1.3-1 2.50 37.62 40.12 NOTE
r-devel-linux-x86_64-debian-gcc 1.3-1 2.55 37.72 40.27 NOTE
r-devel-linux-x86_64-fedora-clang 1.3-1 80.12 NOTE
r-devel-linux-x86_64-fedora-gcc 1.3-1 78.81 NOTE
r-devel-osx-x86_64-clang 1.3-1 79.29 NOTE
r-devel-osx-x86_64-gcc 1.3-1 ERROR
r-devel-windows-ix86+x86_64 1.3-1 9.00 62.00 71.00 OK
r-patched-linux-x86_64 1.3-1 2.54 38.46 41.00 NOTE
r-patched-solaris-sparc 1.3-1 431.20 NOTE
r-patched-solaris-x86 1.3-1 103.20 NOTE
r-release-linux-ix86 1.3-1 4.00 66.00 70.00 NOTE
r-release-linux-x86_64 1.3-1 2.50 38.36 40.86 NOTE
r-release-osx-x86_64-mavericks 1.3-1 ERROR
r-release-osx-x86_64-snowleopard 1.3-1 ERROR
r-release-windows-ix86+x86_64 1.3-1 10.00 60.00 70.00 OK
r-oldrel-windows-ix86+x86_64 1.3-1 11.00 59.00 70.00 OK

Check Details

Version: 1.3-1
Check: R code for possible problems
Result: NOTE
    get_colors_from_pedon_db: no visible global function definition for
     ‘odbcConnectAccess2007’
    get_extended_data_from_pedon_db: no visible global function definition
     for ‘odbcConnectAccess2007’
    get_hz_data_from_pedon_db: no visible global function definition for
     ‘odbcConnectAccess2007’
    get_site_data_from_pedon_db: no visible global function definition for
     ‘odbcConnectAccess2007’
    get_veg_from_AK_Site: no visible global function definition for
     ‘odbcConnectAccess’
    get_veg_from_MT_veg_db: no visible global function definition for
     ‘odbcConnectAccess’
    get_veg_from_NPS_PLOTS_db: no visible global function definition for
     ‘odbcConnectAccess2007’
    get_veg_other_from_MT_veg_db: no visible global function definition for
     ‘odbcConnectAccess’
    get_veg_species_from_MT_veg_db: no visible global function definition
     for ‘odbcConnectAccess’
Flavors: r-devel-linux-x86_64-debian-clang, r-devel-linux-x86_64-debian-gcc, r-devel-linux-x86_64-fedora-clang, r-devel-linux-x86_64-fedora-gcc, r-devel-osx-x86_64-clang, r-patched-linux-x86_64, r-patched-solaris-sparc, r-patched-solaris-x86, r-release-linux-ix86, r-release-linux-x86_64

Version: 1.3-1
Check: package dependencies
Result: ERROR
    Packages required but not available: ‘aqp’ ‘Hmisc’
    
    Packages suggested but not available for checking:
     ‘XML’ ‘SSOAP’ ‘XMLSchema’ ‘dismo’
    
    See the information on DESCRIPTION files in the chapter ‘Creating R
    packages’ of the ‘Writing R Extensions’ manual.
Flavor: r-devel-osx-x86_64-gcc

Version: 1.3-1
Check: package dependencies
Result: ERROR
    Packages required but not available: ‘RODBC’ ‘aqp’
    
    Packages suggested but not available for checking:
     ‘rgdal’ ‘SSOAP’ ‘XMLSchema’
    
    See the information on DESCRIPTION files in the chapter ‘Creating R
    packages’ of the ‘Writing R Extensions’ manual.
Flavor: r-release-osx-x86_64-mavericks

Version: 1.3-1
Check: package dependencies
Result: ERROR
    Package required but not available: ‘aqp’
    
    Packages suggested but not available for checking: ‘SSOAP’ ‘XMLSchema’
    
    See the information on DESCRIPTION files in the chapter ‘Creating R
    packages’ of the ‘Writing R Extensions’ manual.
Flavor: r-release-osx-x86_64-snowleopard