CRAN Package Check Results for Package soilDB

Last updated on 2017-06-29 06:53:23.

Flavor Version Tinstall Tcheck Ttotal Status Flags
r-devel-linux-x86_64-debian-clang 1.8-7 5.44 74.39 79.82 OK
r-devel-linux-x86_64-debian-gcc 1.8-7 5.70 68.58 74.28 OK
r-devel-linux-x86_64-fedora-clang 1.8-7 186.77 OK
r-devel-linux-x86_64-fedora-gcc 1.8-7 166.38 OK
r-devel-windows-ix86+x86_64 1.8-7 25.00 117.00 142.00 OK
r-patched-linux-x86_64 1.8-7 5.78 70.60 76.38 OK
r-patched-solaris-sparc 1.8-7 1025.20 OK
r-patched-solaris-x86 1.8-7 230.00 OK
r-release-linux-x86_64 1.8-7 5.72 70.43 76.15 OK
r-release-windows-ix86+x86_64 1.8-7 16.00 116.00 132.00 OK
r-release-osx-x86_64 1.8-7 NOTE
r-oldrel-windows-ix86+x86_64 1.8-7 22.00 162.00 184.00 OK
r-oldrel-osx-x86_64 1.8-7 NOTE

Check Details

Version: 1.8-7
Check: package dependencies
Result: NOTE
    Packages suggested but not available for checking: ‘rgdal’ ‘RODBC’ ‘rgeos’
Flavor: r-release-osx-x86_64

Version: 1.8-7
Check: package dependencies
Result: NOTE
    Package suggested but not available for checking: ‘RODBC’
Flavor: r-oldrel-osx-x86_64