CRAN Package Check Results for Package soiltexture

Last updated on 2015-07-04 19:47:57.

Flavor Version Tinstall Tcheck Ttotal Status Flags
r-devel-linux-x86_64-debian-clang 1.3.3 1.64 50.04 51.68 NOTE
r-devel-linux-x86_64-debian-gcc 1.3.3 1.60 48.93 50.53 NOTE
r-devel-linux-x86_64-fedora-clang 1.3.3 102.10 NOTE
r-devel-linux-x86_64-fedora-gcc 1.3.3 97.56 NOTE
r-devel-osx-x86_64-clang 1.3.3 84.16 OK
r-devel-windows-ix86+x86_64 1.3.3 12.00 70.00 82.00 NOTE
r-patched-linux-x86_64 1.3.3 1.70 50.16 51.87 OK
r-patched-solaris-sparc 1.3.3 539.50 OK
r-patched-solaris-x86 1.3.3 140.10 OK
r-release-linux-x86_64 1.3.3 1.76 49.16 50.92 OK
r-release-osx-x86_64-mavericks 1.3.3 OK
r-release-windows-ix86+x86_64 1.3.3 9.00 78.00 87.00 OK
r-oldrel-windows-ix86+x86_64 1.3.3 6.00 121.00 127.00 OK

Check Details

Version: 1.3.3
Check: R code for possible problems
Result: NOTE
    .onAttach: no visible global function definition for ‘packageVersion’
    .read.table.menu: no visible global function definition for
     ‘read.table’
    .select.list2: no visible global function definition for ‘select.list’
    TT.DJ.col: no visible global function definition for ‘col2rgb’
    TT.DJ.col : <anonymous>: no visible global function definition for
     ‘weighted.mean’
    TT.DJ.col: no visible global function definition for ‘rgb’
    TT.auto.set: no visible global function definition for ‘par’
    TT.axis.arrows : <anonymous>: no visible global function definition for
     ‘segments’
    TT.axis.arrows : <anonymous>: no visible global function definition for
     ‘points’
    TT.axis.arrows : <anonymous>: no visible global function definition for
     ‘arrows’
    TT.axis.arrows : <anonymous>: no visible global function definition for
     ‘text’
    TT.baseplot: no visible global function definition for ‘plot’
    TT.classes: no visible global function definition for ‘hsv’
    TT.classes: no visible global function definition for ‘par’
    TT.classes: no visible global function definition for ‘polygon’
    TT.classes: no visible global function definition for ‘text’
    TT.col2hsv: no visible global function definition for ‘rgb2hsv’
    TT.col2hsv: no visible global function definition for ‘col2rgb’
    TT.contour: no visible global function definition for ‘par’
    TT.contour: no visible global function definition for ‘contour’
    TT.edges: no visible global function definition for ‘polygon’
    TT.grid: no visible global function definition for ‘hsv’
    TT.grid: no visible global function definition for ‘col2rgb’
    TT.grid: no visible global function definition for ‘rgb’
    TT.grid : <anonymous>: no visible global function definition for
     ‘segments’
    TT.image: no visible global function definition for ‘heat.colors’
    TT.image: no visible global function definition for ‘image’
    TT.iwd: no visible global function definition for ‘dist’
    TT.iwd: no visible global function definition for ‘quantile’
    TT.locator: no visible global function definition for ‘locator’
    TT.mahalanobis: no visible global function definition for ‘cov’
    TT.mahalanobis: no visible global function definition for ‘mahalanobis’
    TT.par.op.set: no visible global function definition for ‘par’
    TT.points: no visible global function definition for ‘dev.cur’
    TT.points: no visible global function definition for ‘hsv’
    TT.points: no visible global function definition for ‘points’
    TT.text: no visible global function definition for ‘dev.cur’
    TT.text: no visible global function definition for ‘text’
    TT.text.transf : <anonymous>: no visible global function definition for
     ‘approx’
    TT.text.transf.X : <anonymous>: no visible global function definition
     for ‘approx’
    TT.ticks : <anonymous>: no visible global function definition for
     ‘segments’
    TT.ticks.lab : <anonymous>: no visible global function definition for
     ‘text’
    soiltextureInfo : cap2: no visible global function definition for
     ‘capture.output’
    soiltexture_gui: no visible global function definition for ‘png’
    soiltexture_gui: no visible global function definition for ‘dev.off’
    soiltexture_gui: no visible global function definition for
     ‘write.table’
    soiltexture_gui: no visible global function definition for ‘browseURL’
    Undefined global functions or variables:
     approx arrows browseURL capture.output col2rgb contour cov dev.cur
     dev.off dist heat.colors hsv image locator mahalanobis packageVersion
     par plot png points polygon quantile read.table rgb rgb2hsv segments
     select.list text weighted.mean write.table
Flavors: r-devel-linux-x86_64-debian-clang, r-devel-linux-x86_64-debian-gcc, r-devel-linux-x86_64-fedora-clang, r-devel-linux-x86_64-fedora-gcc, r-devel-windows-ix86+x86_64