CRAN Package Check Results for Package soiltexture

Last updated on 2016-08-29 10:47:30.

Flavor Version Tinstall Tcheck Ttotal Status Flags
r-devel-linux-x86_64-debian-clang 1.4.1 1.98 50.10 52.08 OK
r-devel-linux-x86_64-debian-gcc 1.4.1 1.61 48.67 50.28 OK
r-devel-linux-x86_64-fedora-clang 1.4.1 88.91 OK
r-devel-linux-x86_64-fedora-gcc 1.4.1 85.56 OK
r-devel-osx-x86_64-clang 1.4.1 73.22 OK
r-devel-windows-ix86+x86_64 1.4.1 15.00 102.00 117.00 OK
r-patched-linux-x86_64 1.4.1 1.64 48.09 49.73 OK
r-patched-solaris-sparc 1.4.1 503.40 OK
r-patched-solaris-x86 1.4.1 115.30 OK
r-release-linux-x86_64 1.4.1 2.16 49.26 51.42 OK
r-release-osx-x86_64-mavericks 1.4.1 WARN
r-release-windows-ix86+x86_64 1.4.1 15.00 114.00 129.00 OK
r-oldrel-windows-ix86+x86_64 1.3.3 12.00 121.00 133.00 OK

Check Details

Version: 1.4.1
Check: dependencies in R code
Result: NOTE
    Invalid MIT-MAGIC-COOKIE-1 key
Flavor: r-release-osx-x86_64-mavericks

Version: 1.4.1
Check: S3 generic/method consistency
Result: WARN
    Invalid MIT-MAGIC-COOKIE-1 key
    See section ‘Generic functions and methods’ in the ‘Writing R
    Extensions’ manual.
Flavor: r-release-osx-x86_64-mavericks

Version: 1.4.1
Check: replacement functions
Result: WARN
    Invalid MIT-MAGIC-COOKIE-1 key
    The argument of a replacement function which corresponds to the right
    hand side must be named ‘value’.
Flavor: r-release-osx-x86_64-mavericks

Version: 1.4.1
Check: foreign function calls
Result: NOTE
    Invalid MIT-MAGIC-COOKIE-1 key
    See chapter ‘System and foreign language interfaces’ in the ‘Writing R
    Extensions’ manual.
Flavor: r-release-osx-x86_64-mavericks

Version: 1.4.1
Check: R code for possible problems
Result: NOTE
    Invalid MIT-MAGIC-COOKIE-1 key
Flavor: r-release-osx-x86_64-mavericks

Version: 1.4.1
Check: for missing documentation entries
Result: WARN
    Invalid MIT-MAGIC-COOKIE-1 key
    All user-level objects in a package should have documentation entries.
    See chapter ‘Writing R documentation files’ in the ‘Writing R
    Extensions’ manual.
Flavor: r-release-osx-x86_64-mavericks

Version: 1.4.1
Check: for code/documentation mismatches
Result: WARN
    Invalid MIT-MAGIC-COOKIE-1 key
    Invalid MIT-MAGIC-COOKIE-1 key
    Invalid MIT-MAGIC-COOKIE-1 key
Flavor: r-release-osx-x86_64-mavericks

Version: 1.4.1
Check: Rd \usage sections
Result: NOTE
    Invalid MIT-MAGIC-COOKIE-1 key
    The \usage entries for S3 methods should use the \method markup and not
    their full name.
    See chapter ‘Writing R documentation files’ in the ‘Writing R
    Extensions’ manual.
Flavor: r-release-osx-x86_64-mavericks