CRAN Package Check Results for Package soiltexture

Last updated on 2015-01-28 15:47:22.

Flavor Version Tinstall Tcheck Ttotal Status Flags
r-devel-linux-x86_64-debian-clang 1.2.19 1.72 48.42 50.14 NOTE
r-devel-linux-x86_64-debian-gcc 1.2.19 1.69 49.11 50.80 NOTE
r-devel-linux-x86_64-fedora-clang 1.2.19 109.97 NOTE
r-devel-linux-x86_64-fedora-gcc 1.2.19 108.57 NOTE
r-devel-osx-x86_64-clang 1.2.19 99.39 NOTE
r-devel-windows-ix86+x86_64 1.2.19 9.00 73.00 82.00 NOTE
r-patched-linux-x86_64 1.2.19 1.69 52.65 54.34 OK
r-patched-solaris-sparc 1.2.19 575.30 OK
r-patched-solaris-x86 1.2.19 124.70 OK
r-release-linux-ix86 1.2.19 2.10 70.54 72.64 OK
r-release-linux-x86_64 1.2.19 2.24 53.43 55.67 OK
r-release-osx-x86_64-mavericks 1.2.19 OK
r-release-osx-x86_64-snowleopard 1.2.19 OK
r-release-windows-ix86+x86_64 1.2.19 5.00 85.00 90.00 OK
r-oldrel-windows-ix86+x86_64 1.2.13 5.00 74.00 79.00 OK

Check Details

Version: 1.2.19
Check: dependencies in R code
Result: NOTE
    'library' or 'require' calls in package code:
     ‘tools’ ‘utils’
     Please use :: or requireNamespace() instead.
     See section 'Suggested packages' in the 'Writing R Extensions' manual.
Flavors: r-devel-linux-x86_64-debian-clang, r-devel-linux-x86_64-debian-gcc, r-devel-linux-x86_64-fedora-clang, r-devel-linux-x86_64-fedora-gcc, r-devel-osx-x86_64-clang, r-devel-windows-ix86+x86_64