CRAN Package Check Results for Package soiltexture

Last updated on 2014-09-02 05:46:45.

Flavor Version Tinstall Tcheck Ttotal Status Flags
r-devel-linux-x86_64-debian-clang 1.2.13 1.72 47.91 49.63 NOTE
r-devel-linux-x86_64-debian-gcc 1.2.13 1.62 43.85 45.47 NOTE
r-devel-linux-x86_64-fedora-clang 1.2.13 107.12 NOTE
r-devel-linux-x86_64-fedora-gcc 1.2.13 100.99 NOTE
r-devel-osx-x86_64-clang 1.2.13 86.76 NOTE
r-devel-windows-ix86+x86_64 1.2.13 7.00 76.00 83.00 NOTE
r-patched-linux-x86_64 1.2.13 1.73 46.78 48.51 OK
r-patched-solaris-sparc 1.2.13 585.40 OK
r-patched-solaris-x86 1.2.13 128.80 OK
r-release-linux-ix86 1.2.13 2.20 85.23 87.44 OK
r-release-linux-x86_64 1.2.13 1.73 47.00 48.72 OK
r-release-osx-x86_64-mavericks 1.2.13 OK
r-release-osx-x86_64-snowleopard 1.2.13 OK
r-release-windows-ix86+x86_64 1.2.13 6.00 77.00 83.00 OK
r-oldrel-windows-ix86+x86_64 1.2.13 6.00 74.00 80.00 OK

Check Details

Version: 1.2.13
Check: R code for possible problems
Result: NOTE
    .onAttach: no visible binding for global variable ‘lang.par2’
Flavors: r-devel-linux-x86_64-debian-clang, r-devel-linux-x86_64-debian-gcc, r-devel-linux-x86_64-fedora-clang, r-devel-linux-x86_64-fedora-gcc, r-devel-osx-x86_64-clang, r-devel-windows-ix86+x86_64