CRAN Package Check Results for Package soiltexture

Last updated on 2014-04-24 11:48:56.

Flavor Version Tinstall Tcheck Ttotal Status Flags
r-devel-linux-x86_64-debian-clang 1.2.13 1.85 48.64 50.50 OK
r-devel-linux-x86_64-debian-gcc 1.2.13 1.80 49.13 50.93 OK
r-devel-linux-x86_64-fedora-clang 1.2.13 109.84 OK
r-devel-linux-x86_64-fedora-gcc 1.2.13 107.36 OK
r-devel-osx-x86_64-clang 1.2.13 99.58 OK
r-devel-osx-x86_64-gcc 1.2.13 OK
r-devel-windows-ix86+x86_64 1.2.13 5.00 74.00 79.00 OK
r-patched-linux-x86_64 1.2.13 1.80 48.28 50.08 OK
r-patched-solaris-sparc 1.2.13 553.10 OK
r-patched-solaris-x86 1.2.13 127.40 OK
r-release-linux-ix86 1.2.13 3.00 151.00 154.00 OK
r-release-linux-x86_64 1.2.13 1.94 48.32 50.26 OK
r-release-osx-x86_64-mavericks 1.2.13 WARN
r-release-osx-x86_64-snowleopard 1.2.13 OK
r-release-windows-ix86+x86_64 1.2.13 5.00 74.00 79.00 OK
r-oldrel-windows-ix86+x86_64 1.2.13 5.00 75.00 80.00 OK

Check Details

Version: 1.2.13
Check: PDF version of manual
Result: WARNING
    LaTeX errors when creating PDF version.
    This typically indicates Rd problems.
    LaTeX errors found:
    ! LaTeX Error: File `upquote.sty' not found.
    
    Type X to quit or <RETURN> to proceed,
    or enter new name. (Default extension: sty)
    
    7a68c5f/Rd2.tex:8: ==> Fatal error occurred, no output PDF file produced!
Flavor: r-release-osx-x86_64-mavericks