CRAN Package Check Results for Package soiltexture

Last updated on 2015-05-29 13:49:22.

Flavor Version Tinstall Tcheck Ttotal Status Flags
r-devel-linux-x86_64-debian-clang 1.3.3 1.69 50.62 52.31 OK
r-devel-linux-x86_64-debian-gcc 1.3.3 1.86 49.42 51.29 OK
r-devel-linux-x86_64-fedora-clang 1.3.3 104.20 OK
r-devel-linux-x86_64-fedora-gcc 1.3.3 97.17 OK
r-devel-osx-x86_64-clang 1.3.3 97.61 OK
r-devel-windows-ix86+x86_64 1.3.3 5.00 68.00 73.00 OK
r-patched-linux-x86_64 1.3.3 1.83 50.11 51.94 OK
r-patched-solaris-sparc 1.3.3 539.50 OK
r-patched-solaris-x86 1.3.3 136.80 OK
r-release-linux-x86_64 1.3.3 1.69 50.47 52.16 OK
r-release-osx-x86_64-mavericks 1.3.3 OK
r-release-osx-x86_64-snowleopard 1.2.19 NOTE
r-release-windows-ix86+x86_64 1.3.3 7.00 75.00 82.00 OK
r-oldrel-windows-ix86+x86_64 1.3.3 7.00 71.00 78.00 OK

Check Details

Version: 1.2.19
Check: dependencies in R code
Result: NOTE
    'library' or 'require' calls in package code:
     ‘tools’ ‘utils’
     Please use :: or requireNamespace() instead.
     See section 'Suggested packages' in the 'Writing R Extensions' manual.
Flavor: r-release-osx-x86_64-snowleopard