CRAN Package Check Results for Package soiltexture

Last updated on 2015-03-29 19:48:53.

Flavor Version Tinstall Tcheck Ttotal Status Flags
r-devel-linux-x86_64-debian-clang 1.2.19 2.06 47.69 49.75 NOTE
r-devel-linux-x86_64-debian-gcc 1.2.19 1.56 46.02 47.58 NOTE
r-devel-linux-x86_64-fedora-clang 1.2.19 100.08 NOTE
r-devel-linux-x86_64-fedora-gcc 1.2.19 94.04 NOTE
r-devel-osx-x86_64-clang 1.2.19 115.70 NOTE
r-prerel-windows-ix86+x86_64 1.2.19 9.00 77.00 86.00 NOTE
r-prerel-linux-x86_64 1.2.19 1.52 46.86 48.38 NOTE
r-prerel-solaris-sparc 1.2.19 558.90 NOTE
r-prerel-solaris-x86 1.2.19 113.00 NOTE
r-release-linux-x86_64 1.2.19 1.71 52.32 54.03 NOTE
r-release-osx-x86_64-mavericks 1.2.19 OK
r-release-osx-x86_64-snowleopard 1.2.19 OK
r-release-windows-ix86+x86_64 1.2.19 5.00 92.00 97.00 NOTE
r-oldrel-windows-ix86+x86_64 1.2.13 5.00 74.00 79.00 OK

Check Details

Version: 1.2.19
Check: dependencies in R code
Result: NOTE
    'library' or 'require' calls in package code:
     ‘tools’ ‘utils’
     Please use :: or requireNamespace() instead.
     See section 'Suggested packages' in the 'Writing R Extensions' manual.
Flavors: r-devel-linux-x86_64-debian-clang, r-devel-linux-x86_64-debian-gcc, r-devel-linux-x86_64-fedora-clang, r-devel-linux-x86_64-fedora-gcc, r-devel-osx-x86_64-clang, r-prerel-windows-ix86+x86_64, r-prerel-linux-x86_64, r-prerel-solaris-sparc, r-prerel-solaris-x86, r-release-linux-x86_64, r-release-windows-ix86+x86_64