CRAN Package Check Results for Package soiltexture

Last updated on 2015-04-21 03:49:42.

Flavor Version Tinstall Tcheck Ttotal Status Flags
r-devel-linux-x86_64-debian-clang 1.2.19 1.58 48.51 50.09 NOTE
r-devel-linux-x86_64-debian-gcc 1.2.19 1.63 46.14 47.77 NOTE
r-devel-linux-x86_64-fedora-clang 1.2.19 97.98 NOTE
r-devel-linux-x86_64-fedora-gcc 1.2.19 91.29 NOTE
r-devel-osx-x86_64-clang 1.2.19 103.74 NOTE
r-devel-windows-ix86+x86_64 1.2.19 9.00 77.00 86.00 NOTE
r-patched-linux-x86_64 1.2.19 1.54 49.52 51.06 NOTE
r-patched-solaris-sparc 1.2.19 558.90 NOTE
r-patched-solaris-x86 1.2.19 111.20 NOTE
r-release-linux-x86_64 1.2.19 1.63 47.19 48.82 NOTE
r-release-osx-x86_64-mavericks 1.2.19 NOTE
r-release-osx-x86_64-snowleopard 1.2.19 NOTE
r-release-windows-ix86+x86_64 1.2.19 3.00 69.00 72.00 NOTE
r-oldrel-windows-ix86+x86_64 1.2.19 5.00 72.00 77.00 NOTE

Check Details

Version: 1.2.19
Check: dependencies in R code
Result: NOTE
    'library' or 'require' calls in package code:
     ‘tools’ ‘utils’
     Please use :: or requireNamespace() instead.
     See section 'Suggested packages' in the 'Writing R Extensions' manual.
Flavors: r-devel-linux-x86_64-debian-clang, r-devel-linux-x86_64-debian-gcc, r-devel-linux-x86_64-fedora-clang, r-devel-linux-x86_64-fedora-gcc, r-devel-osx-x86_64-clang, r-devel-windows-ix86+x86_64, r-patched-linux-x86_64, r-patched-solaris-sparc, r-patched-solaris-x86, r-release-linux-x86_64, r-release-osx-x86_64-mavericks, r-release-osx-x86_64-snowleopard, r-release-windows-ix86+x86_64, r-oldrel-windows-ix86+x86_64