CRAN Package Check Results for Package soiltexture

Last updated on 2016-12-08 23:49:50.

Flavor Version Tinstall Tcheck Ttotal Status Flags
r-devel-linux-x86_64-debian-clang 1.4.1 1.93 57.13 59.06 OK
r-devel-linux-x86_64-debian-gcc 1.4.1 2.07 57.81 59.88 OK
r-devel-linux-x86_64-fedora-clang 1.4.1 105.84 OK --no-stop-on-test-error
r-devel-linux-x86_64-fedora-gcc 1.4.1 104.57 OK --no-stop-on-test-error
r-devel-macos-x86_64-clang 1.4.1 86.10 OK --no-stop-on-test-error
r-devel-windows-ix86+x86_64 1.4.1 6.00 130.00 136.00 OK
r-patched-linux-x86_64 1.4.1 1.64 48.36 50.00 OK
r-patched-solaris-sparc 1.4.1 503.40 OK
r-patched-solaris-x86 1.4.1 113.50 OK
r-release-linux-x86_64 1.4.1 1.84 47.56 49.40 OK
r-release-osx-x86_64-mavericks 1.4.1 WARN
r-release-windows-ix86+x86_64 1.4.1 6.00 73.00 79.00 OK
r-oldrel-windows-ix86+x86_64 1.3.3 12.00 121.00 133.00 OK

Check Details

Version: 1.4.1
Check: dependencies in R code
Result: NOTE
    Invalid MIT-MAGIC-COOKIE-1 key
Flavor: r-release-osx-x86_64-mavericks

Version: 1.4.1
Check: S3 generic/method consistency
Result: WARN
    Invalid MIT-MAGIC-COOKIE-1 key
    See section ‘Generic functions and methods’ in the ‘Writing R
    Extensions’ manual.
Flavor: r-release-osx-x86_64-mavericks

Version: 1.4.1
Check: replacement functions
Result: WARN
    Invalid MIT-MAGIC-COOKIE-1 key
    The argument of a replacement function which corresponds to the right
    hand side must be named ‘value’.
Flavor: r-release-osx-x86_64-mavericks

Version: 1.4.1
Check: foreign function calls
Result: NOTE
    Invalid MIT-MAGIC-COOKIE-1 key
    See chapter ‘System and foreign language interfaces’ in the ‘Writing R
    Extensions’ manual.
Flavor: r-release-osx-x86_64-mavericks

Version: 1.4.1
Check: R code for possible problems
Result: NOTE
    Invalid MIT-MAGIC-COOKIE-1 key
Flavor: r-release-osx-x86_64-mavericks

Version: 1.4.1
Check: for missing documentation entries
Result: WARN
    Invalid MIT-MAGIC-COOKIE-1 key
    All user-level objects in a package should have documentation entries.
    See chapter ‘Writing R documentation files’ in the ‘Writing R
    Extensions’ manual.
Flavor: r-release-osx-x86_64-mavericks

Version: 1.4.1
Check: for code/documentation mismatches
Result: WARN
    Invalid MIT-MAGIC-COOKIE-1 key
    Invalid MIT-MAGIC-COOKIE-1 key
    Invalid MIT-MAGIC-COOKIE-1 key
Flavor: r-release-osx-x86_64-mavericks

Version: 1.4.1
Check: Rd \usage sections
Result: NOTE
    Invalid MIT-MAGIC-COOKIE-1 key
    The \usage entries for S3 methods should use the \method markup and not
    their full name.
    See chapter ‘Writing R documentation files’ in the ‘Writing R
    Extensions’ manual.
Flavor: r-release-osx-x86_64-mavericks