CRAN Package Check Results for Package soiltexture

Last updated on 2017-03-30 20:47:29.

Flavor Version Tinstall Tcheck Ttotal Status Flags
r-devel-linux-x86_64-debian-clang 1.4.1 2.10 57.17 59.27 OK
r-devel-linux-x86_64-debian-gcc 1.4.1 1.82 54.64 56.46 OK
r-devel-linux-x86_64-fedora-clang 1.4.1 107.21 OK --no-stop-on-test-error
r-devel-linux-x86_64-fedora-gcc 1.4.1 102.39 OK --no-stop-on-test-error
r-devel-macos-x86_64-clang 1.4.1 80.94 OK --no-stop-on-test-error
r-devel-windows-ix86+x86_64 1.4.1 6.00 111.00 117.00 OK
r-patched-linux-x86_64 1.4.1 2.05 56.30 58.35 OK
r-patched-solaris-sparc 1.4.1 551.00 OK
r-release-linux-x86_64 1.4.1 1.81 47.94 49.75 OK
r-release-osx-x86_64-mavericks 1.4.1 WARN
r-release-windows-ix86+x86_64 1.4.1 14.00 112.00 126.00 WARN
r-oldrel-windows-ix86+x86_64 1.3.3 12.00 121.00 133.00 OK

Check Details

Version: 1.4.1
Check: dependencies in R code
Result: NOTE
    Invalid MIT-MAGIC-COOKIE-1 key
Flavor: r-release-osx-x86_64-mavericks

Version: 1.4.1
Check: S3 generic/method consistency
Result: WARN
    Invalid MIT-MAGIC-COOKIE-1 key
    See section ‘Generic functions and methods’ in the ‘Writing R
    Extensions’ manual.
Flavor: r-release-osx-x86_64-mavericks

Version: 1.4.1
Check: replacement functions
Result: WARN
    Invalid MIT-MAGIC-COOKIE-1 key
    The argument of a replacement function which corresponds to the right
    hand side must be named ‘value’.
Flavor: r-release-osx-x86_64-mavericks

Version: 1.4.1
Check: foreign function calls
Result: NOTE
    Invalid MIT-MAGIC-COOKIE-1 key
    See chapter ‘System and foreign language interfaces’ in the ‘Writing R
    Extensions’ manual.
Flavor: r-release-osx-x86_64-mavericks

Version: 1.4.1
Check: R code for possible problems
Result: NOTE
    Invalid MIT-MAGIC-COOKIE-1 key
Flavor: r-release-osx-x86_64-mavericks

Version: 1.4.1
Check: for missing documentation entries
Result: WARN
    Invalid MIT-MAGIC-COOKIE-1 key
    All user-level objects in a package should have documentation entries.
    See chapter ‘Writing R documentation files’ in the ‘Writing R
    Extensions’ manual.
Flavor: r-release-osx-x86_64-mavericks

Version: 1.4.1
Check: for code/documentation mismatches
Result: WARN
    Invalid MIT-MAGIC-COOKIE-1 key
    Invalid MIT-MAGIC-COOKIE-1 key
    Invalid MIT-MAGIC-COOKIE-1 key
Flavor: r-release-osx-x86_64-mavericks

Version: 1.4.1
Check: Rd \usage sections
Result: NOTE
    Invalid MIT-MAGIC-COOKIE-1 key
    The \usage entries for S3 methods should use the \method markup and not
    their full name.
    See chapter ‘Writing R documentation files’ in the ‘Writing R
    Extensions’ manual.
Flavor: r-release-osx-x86_64-mavericks

Version: 1.4.1
Check: re-building of vignette outputs
Result: WARN
    Error in re-building vignettes:
     ...
    Warning: running command '"D:\compiler\texmf\miktex\bin\texify.exe" --quiet --pdf "soiltexture_vignette.tex" --max-iterations=20 -I "D:/RCompile/recent/R-3.3.3/share/texmf/tex/latex" -I "D:/RCompile/recent/R-3.3.3/share/texmf/bibtex/bst"' had status 1
    Error in find_vignette_product(name, by = "texi2pdf", engine = engine) :
     Failed to locate the 'texi2pdf' output file (by engine 'utils::Sweave') for vignette with name 'soiltexture_vignette'. The following files exist in directory '.': 'soiltexture_vignette-004.pdf', 'soiltexture_vignette-005.pdf', 'soiltexture_vignette-006.pdf', 'soiltexture_vignette-013.pdf', 'soiltexture_vignette-014.pdf', 'soiltexture_vignette-016.pdf', 'soiltexture_vignette-018.pdf', 'soiltexture_vignette-020.pdf', 'soiltexture_vignette-022.pdf', 'soiltexture_vignette-024.pdf', 'soiltexture_vignette-026.pdf', 'soiltexture_vignette-029.pdf', 'soiltexture_vignette-030.pdf', 'soiltexture_vignette-033.pdf', 'soiltexture_vignette-034.pdf', 'soiltexture_vignette-036.pdf', 'soiltexture_vignette-038.pdf', 'soiltexture_vignette-040.pdf', 'soiltexture_vignette-041.pdf', 'soiltexture_vignette-044.pdf', 'soiltexture_vignette-046.pdf', 'soiltexture_vignette-048.pdf', 'soiltexture_vignette-049.pdf', 'soiltexture_vignette-052.pdf', 'soiltexture_vignette-054.pdf', 'soiltexture_vignette-056.p
    Calls: buildVignettes -> find_vignette_product
    Execution halted
Flavor: r-release-windows-ix86+x86_64