CRAN Package Check Results for Package solaR

Last updated on 2017-04-27 10:48:49.

Flavor Version Tinstall Tcheck Ttotal Status Flags
r-devel-linux-x86_64-debian-clang 0.44 2.01 48.24 50.25 OK
r-devel-linux-x86_64-debian-gcc 0.44 2.02 48.55 50.57 OK
r-devel-linux-x86_64-fedora-clang 0.44 100.65 OK --no-stop-on-test-error
r-devel-linux-x86_64-fedora-gcc 0.44 89.66 OK --no-stop-on-test-error
r-devel-windows-ix86+x86_64 0.44 7.00 163.00 170.00 OK
r-patched-linux-x86_64 0.44 2.01 49.08 51.09 OK
r-patched-solaris-sparc 0.44 508.10 OK
r-patched-solaris-x86 0.44 109.40 OK
r-release-linux-x86_64 0.44 1.98 47.65 49.63 OK
r-release-windows-ix86+x86_64 0.44 7.00 93.00 100.00 OK
r-release-osx-x86_64 0.44 NOTE
r-oldrel-windows-ix86+x86_64 0.44 7.00 90.00 97.00 OK
r-oldrel-osx-x86_64 0.44 OK

Check Details

Version: 0.44
Check: package dependencies
Result: NOTE
    Package suggested but not available for checking: ‘meteoForecast’
Flavor: r-release-osx-x86_64