CRAN Package Check Results for Package solaR

Last updated on 2017-06-26 08:48:12.

Flavor Version Tinstall Tcheck Ttotal Status Flags
r-devel-linux-x86_64-debian-clang 0.44 1.96 50.02 51.98 OK
r-devel-linux-x86_64-debian-gcc 0.44 1.98 47.06 49.04 OK
r-devel-linux-x86_64-fedora-clang 0.44 98.78 OK
r-devel-linux-x86_64-fedora-gcc 0.44 89.89 OK
r-devel-windows-ix86+x86_64 0.44 11.00 101.00 112.00 OK
r-patched-linux-x86_64 0.44 1.97 48.38 50.35 OK
r-patched-solaris-sparc 0.44 508.10 OK
r-patched-solaris-x86 0.44 109.40 OK
r-release-linux-x86_64 0.44 1.96 51.24 53.20 OK
r-release-windows-ix86+x86_64 0.44 11.00 141.00 152.00 OK
r-release-osx-x86_64 0.44 NOTE
r-oldrel-windows-ix86+x86_64 0.44 6.00 126.00 132.00 OK
r-oldrel-osx-x86_64 0.44 OK

Check Details

Version: 0.44
Check: package dependencies
Result: NOTE
    Package suggested but not available for checking: ‘meteoForecast’
Flavor: r-release-osx-x86_64