CRAN Package Check Results for Package solaR

Last updated on 2015-07-30 09:47:45.

Flavor Version Tinstall Tcheck Ttotal Status Flags
r-devel-linux-x86_64-debian-clang 0.41 2.21 38.12 40.33 NOTE
r-devel-linux-x86_64-debian-gcc 0.41 2.01 38.28 40.28 NOTE
r-devel-linux-x86_64-fedora-clang 0.41 80.34 NOTE
r-devel-linux-x86_64-fedora-gcc 0.41 76.75 NOTE
r-devel-osx-x86_64-clang 0.41 61.70 OK
r-devel-windows-ix86+x86_64 0.41 11.00 88.00 99.00 NOTE
r-patched-linux-x86_64 0.41 2.07 38.48 40.55 OK
r-patched-solaris-sparc 0.41 507.60 OK
r-patched-solaris-x86 0.41 107.80 OK
r-release-linux-x86_64 0.41 1.90 38.48 40.38 OK
r-release-osx-x86_64-mavericks 0.41 OK
r-release-windows-ix86+x86_64 0.41 11.00 85.00 96.00 OK
r-oldrel-windows-ix86+x86_64 0.41 11.00 93.00 104.00 OK

Check Details

Version: 0.41
Check: R code for possible problems
Result: NOTE
    DeltaT: no visible global function definition for ‘median’
    FdKtBRL: no visible global function definition for ‘median’
    FdKtBRL: no visible global function definition for ‘ave’
    FdKtBRL: no visible global function definition for ‘na.omit’
    FdKtBRL: no visible global function definition for ‘lag’
    NmgPVPS: no visible global function definition for ‘aggregate’
    NmgPVPS: no visible global function definition for ‘modifyList’
    NmgPVPS: no visible global function definition for ‘update’
    TargetDiagram: no visible global function definition for ‘window’
    TargetDiagram: no visible global function definition for ‘quantile’
    analyzeData : myStats: no visible global function definition for
     ‘median’
    analyzeData : myStats: no visible global function definition for ‘sd’
    analyzeData : myStats: no visible global function definition for ‘mad’
    analyzeData : myStats: no visible global function definition for ‘IQR’
    calcG0: no visible global function definition for ‘modifyList’
    calcG0: no visible global function definition for ‘aggregate’
    calcGef: no visible global function definition for ‘aggregate’
    calcShd: no visible global function definition for ‘aggregate’
    compareFunction : foo: no visible global function definition for
     ‘stack’
    dailyMean: no visible global function definition for ‘aggregate’
    dailySum: no visible global function definition for ‘aggregate’
    fCompI: no visible global function definition for ‘ave’
    fProd: no visible global function definition for ‘modifyList’
    fProd : raiz: no visible global function definition for ‘uniroot’
    fPump: no visible global function definition for ‘splinefun’
    fSolI: no visible global function definition for ‘start’
    fSolI: no visible global function definition for ‘end’
    fSolI: no visible global function definition for ‘median’
    markovG0: no visible global function definition for ‘aggregate’
    markovG0: no visible global function definition for ‘runif’
    monthlyMean: no visible global function definition for ‘aggregate’
    monthlySum: no visible global function definition for ‘aggregate’
    optimShd: no visible global function definition for ‘txtProgressBar’
    optimShd: no visible global function definition for ‘setTxtProgressBar’
    optimShd: no visible global function definition for ‘modifyList’
    optimShd: no visible global function definition for ‘loess’
    prodGCPV: no visible global function definition for ‘aggregate’
    prodPVPS: no visible global function definition for ‘modifyList’
    prodPVPS: no visible global function definition for ‘aggregate’
    readBD: no visible global function definition for ‘read.table’
    readBDi: no visible global function definition for ‘read.table’
    yearlyMean: no visible global function definition for ‘aggregate’
    yearlySum: no visible global function definition for ‘aggregate’
    zoo2Meteo: no visible global function definition for ‘median’
    [,G0: no visible global function definition for ‘window’
    [,G0: no visible global function definition for ‘aggregate’
    [,Gef: no visible global function definition for ‘window’
    [,Gef: no visible global function definition for ‘aggregate’
    [,Meteo: no visible global function definition for ‘window’
    [,ProdGCPV: no visible global function definition for ‘window’
    [,ProdGCPV: no visible global function definition for ‘aggregate’
    [,ProdPVPS: no visible global function definition for ‘window’
    [,ProdPVPS: no visible global function definition for ‘aggregate’
    [,Sol: no visible global function definition for ‘window’
    histogram,Meteo-missing: no visible global function definition for
     ‘as.formula’
    shadeplot,Shade: no visible global function definition for ‘predict’
    shadeplot,Shade: no visible global function definition for
     ‘heat.colors’
    shadeplot,Shade: no visible global function definition for ‘par’
    shadeplot,Shade: no visible global function definition for
     ‘filled.contour’
    shadeplot,Shade: no visible global function definition for ‘title’
    shadeplot,Shade: no visible global function definition for ‘axis’
    shadeplot,Shade: no visible global function definition for ‘contour’
    shadeplot,Shade: no visible global function definition for ‘grid’
    Undefined global functions or variables:
     IQR aggregate as.formula ave axis contour end filled.contour grid
     heat.colors lag loess mad median modifyList na.omit par predict
     quantile read.table runif sd setTxtProgressBar splinefun stack start
     title txtProgressBar uniroot update window
    Consider adding
     importFrom("grDevices", "heat.colors")
     importFrom("graphics", "axis", "contour", "filled.contour", "grid",
     "par", "title")
     importFrom("stats", "IQR", "aggregate", "as.formula", "ave", "end",
     "lag", "loess", "mad", "median", "na.omit", "predict",
     "quantile", "runif", "sd", "splinefun", "start", "uniroot",
     "update", "window")
     importFrom("utils", "modifyList", "read.table", "setTxtProgressBar",
     "stack", "txtProgressBar")
    to your NAMESPACE.
Flavors: r-devel-linux-x86_64-debian-clang, r-devel-linux-x86_64-debian-gcc, r-devel-linux-x86_64-fedora-clang, r-devel-linux-x86_64-fedora-gcc, r-devel-windows-ix86+x86_64