CRAN Package Check Results for Package solaR

Last updated on 2017-10-18 02:47:28.

Flavor Version Tinstall Tcheck Ttotal Status Flags
r-devel-linux-x86_64-debian-clang 0.44 2.18 55.38 57.56 OK
r-devel-linux-x86_64-debian-gcc 0.44 2.04 50.96 53.00 OK
r-devel-linux-x86_64-fedora-clang 0.44 93.41 OK
r-devel-linux-x86_64-fedora-gcc 0.44 95.11 OK
r-devel-windows-ix86+x86_64 0.44 7.00 157.00 164.00 OK
r-patched-linux-x86_64 0.44 2.09 47.48 49.56 OK
r-patched-solaris-x86 0.44 110.20 OK
r-release-linux-x86_64 0.44 2.23 47.61 49.84 OK
r-release-windows-ix86+x86_64 0.44 9.00 145.00 154.00 OK
r-release-osx-x86_64 0.44 NOTE
r-oldrel-windows-ix86+x86_64 0.44 11.00 128.00 139.00 OK
r-oldrel-osx-x86_64 0.44 OK

Check Details

Version: 0.44
Check: package dependencies
Result: NOTE
    Package suggested but not available for checking: ‘meteoForecast’
Flavor: r-release-osx-x86_64