CRAN Package Check Results for Package solaR

Last updated on 2014-11-25 23:46:57.

Flavor Version Tinstall Tcheck Ttotal Status Flags
r-devel-linux-x86_64-debian-clang 0.38 2.54 42.67 45.21 NOTE
r-devel-linux-x86_64-debian-gcc 0.38 2.06 40.92 42.98 NOTE
r-devel-linux-x86_64-fedora-clang 0.38 97.81 NOTE
r-devel-linux-x86_64-fedora-gcc 0.38 90.49 NOTE
r-devel-osx-x86_64-clang 0.38 83.81 NOTE
r-devel-windows-ix86+x86_64 0.38 8.00 78.00 86.00 NOTE
r-patched-linux-x86_64 0.38 2.38 43.96 46.34 NOTE
r-patched-solaris-sparc 0.38 550.30 NOTE
r-patched-solaris-x86 0.38 122.20 NOTE
r-release-linux-ix86 0.38 2.83 54.32 57.15 NOTE
r-release-linux-x86_64 0.38 2.79 44.28 47.07 NOTE
r-release-osx-x86_64-mavericks 0.38 OK
r-release-osx-x86_64-snowleopard 0.38 OK
r-release-windows-ix86+x86_64 0.38 5.00 86.00 91.00 NOTE
r-oldrel-windows-ix86+x86_64 0.38 6.00 74.00 80.00 OK

Check Details

Version: 0.38
Check: R code for possible problems
Result: NOTE
    markovG0: no visible binding for global variable ‘Ktm’
    markovG0: no visible binding for global variable ‘Ktlim’
    markovG0: no visible binding for global variable ‘MTM’
    solaR.theme: no visible global function definition for ‘brewer.pal’
    solaR.theme.2: no visible global function definition for ‘brewer.pal’
Flavors: r-devel-linux-x86_64-debian-clang, r-devel-linux-x86_64-debian-gcc, r-devel-linux-x86_64-fedora-clang, r-devel-linux-x86_64-fedora-gcc, r-devel-osx-x86_64-clang, r-devel-windows-ix86+x86_64, r-patched-linux-x86_64, r-patched-solaris-sparc, r-patched-solaris-x86, r-release-linux-ix86, r-release-linux-x86_64, r-release-windows-ix86+x86_64