CRAN Package Check Results for Package solaR

Last updated on 2014-10-22 01:47:38.

Flavor Version Tinstall Tcheck Ttotal Status Flags
r-devel-linux-x86_64-debian-clang 0.38 2.27 41.80 44.06 NOTE
r-devel-linux-x86_64-debian-gcc 0.38 2.12 41.25 43.37 NOTE
r-devel-linux-x86_64-fedora-clang 0.38 94.21 NOTE
r-devel-linux-x86_64-fedora-gcc 0.38 90.36 NOTE
r-devel-osx-x86_64-clang 0.38 80.90 NOTE
r-devel-windows-ix86+x86_64 0.38 7.00 75.00 82.00 NOTE
r-patched-linux-x86_64 0.38 2.23 43.81 46.04 NOTE
r-patched-solaris-sparc 0.38 550.30 NOTE
r-patched-solaris-x86 0.38 121.50 NOTE
r-release-linux-ix86 0.38 2.97 59.06 62.02 OK
r-release-linux-x86_64 0.38 2.27 49.96 52.22 OK
r-release-osx-x86_64-mavericks 0.38 OK
r-release-osx-x86_64-snowleopard 0.38 OK
r-release-windows-ix86+x86_64 0.38 6.00 84.00 90.00 OK
r-oldrel-windows-ix86+x86_64 0.38 8.00 72.00 80.00 OK

Check Details

Version: 0.38
Check: R code for possible problems
Result: NOTE
    markovG0: no visible binding for global variable ‘Ktm’
    markovG0: no visible binding for global variable ‘Ktlim’
    markovG0: no visible binding for global variable ‘MTM’
    solaR.theme: no visible global function definition for ‘brewer.pal’
    solaR.theme.2: no visible global function definition for ‘brewer.pal’
Flavors: r-devel-linux-x86_64-debian-clang, r-devel-linux-x86_64-debian-gcc, r-devel-linux-x86_64-fedora-clang, r-devel-linux-x86_64-fedora-gcc, r-devel-osx-x86_64-clang, r-devel-windows-ix86+x86_64, r-patched-linux-x86_64, r-patched-solaris-sparc, r-patched-solaris-x86