CRAN Package Check Results for Package solaR

Last updated on 2015-05-24 14:47:10.

Flavor Version Tinstall Tcheck Ttotal Status Flags
r-devel-linux-x86_64-debian-clang 0.41 1.96 39.06 41.02 OK
r-devel-linux-x86_64-debian-gcc 0.41 1.94 38.29 40.23 OK
r-devel-linux-x86_64-fedora-clang 0.41 80.64 OK
r-devel-linux-x86_64-fedora-gcc 0.41 77.08 OK
r-devel-osx-x86_64-clang 0.41 74.17 OK
r-devel-windows-ix86+x86_64 0.41 8.00 80.00 88.00 OK
r-patched-linux-x86_64 0.41 1.90 37.93 39.83 OK
r-patched-solaris-sparc 0.41 497.10 OK
r-patched-solaris-x86 0.41 105.00 OK
r-release-linux-x86_64 0.41 2.18 39.01 41.19 OK
r-release-osx-x86_64-mavericks 0.41 OK
r-release-osx-x86_64-snowleopard 0.41 ERROR
r-release-windows-ix86+x86_64 0.41 8.00 81.00 89.00 OK
r-oldrel-windows-ix86+x86_64 0.41 6.00 80.00 86.00 OK

Check Details

Version: 0.41
Check: package dependencies
Result: ERROR
    Packages required but not available: ‘zoo’ ‘latticeExtra’
    
    Packages suggested but not available for checking:
     ‘raster’ ‘rasterVis’ ‘tdr’
    
    See section ‘The DESCRIPTION file’ in the ‘Writing R Extensions’
    manual.
Flavor: r-release-osx-x86_64-snowleopard