CRAN Package Check Results for Package solaR

Last updated on 2014-08-28 14:47:41.

Flavor Version Tinstall Tcheck Ttotal Status Flags
r-devel-linux-x86_64-debian-clang 0.38 2.22 42.79 45.00 NOTE
r-devel-linux-x86_64-debian-gcc 0.38 3.06 41.78 44.84 NOTE
r-devel-linux-x86_64-fedora-clang 0.38 96.87 NOTE
r-devel-linux-x86_64-fedora-gcc 0.38 90.76 NOTE
r-devel-osx-x86_64-clang 0.38 78.36 NOTE
r-devel-windows-ix86+x86_64 0.38 7.00 86.00 93.00 NOTE
r-patched-linux-x86_64 0.38 2.30 46.89 49.18 OK
r-patched-solaris-sparc 0.38 578.40 OK
r-patched-solaris-x86 0.38 127.30 OK
r-release-linux-ix86 0.38 3.00 58.25 61.26 OK
r-release-linux-x86_64 0.38 2.44 46.05 48.50 OK
r-release-osx-x86_64-mavericks 0.38 OK
r-release-osx-x86_64-snowleopard 0.38 OK
r-release-windows-ix86+x86_64 0.38 7.00 87.00 94.00 OK
r-oldrel-windows-ix86+x86_64 0.38 7.00 71.00 78.00 OK

Check Details

Version: 0.38
Check: R code for possible problems
Result: NOTE
    markovG0: no visible binding for global variable ‘Ktm’
    markovG0: no visible binding for global variable ‘Ktlim’
    markovG0: no visible binding for global variable ‘MTM’
    solaR.theme: no visible global function definition for ‘brewer.pal’
    solaR.theme.2: no visible global function definition for ‘brewer.pal’
Flavors: r-devel-linux-x86_64-debian-clang, r-devel-linux-x86_64-debian-gcc, r-devel-linux-x86_64-fedora-clang, r-devel-linux-x86_64-fedora-gcc, r-devel-osx-x86_64-clang, r-devel-windows-ix86+x86_64