CRAN Package Check Results for Package solaR

Last updated on 2014-04-24 11:48:56.

Flavor Version Tinstall Tcheck Ttotal Status Flags
r-devel-linux-x86_64-debian-clang 0.37 2.47 47.19 49.66 OK
r-devel-linux-x86_64-debian-gcc 0.37 2.43 46.75 49.18 OK
r-devel-linux-x86_64-fedora-clang 0.37 104.24 OK
r-devel-linux-x86_64-fedora-gcc 0.37 101.48 OK
r-devel-osx-x86_64-clang 0.37 84.07 OK
r-devel-osx-x86_64-gcc 0.37 ERROR
r-devel-windows-ix86+x86_64 0.37 5.00 83.00 88.00 OK
r-patched-linux-x86_64 0.37 2.43 46.99 49.42 OK
r-patched-solaris-sparc 0.37 570.40 OK
r-patched-solaris-x86 0.37 128.20 OK
r-release-linux-ix86 0.37 4.00 75.00 79.00 OK
r-release-linux-x86_64 0.37 2.42 47.96 50.39 OK
r-release-osx-x86_64-mavericks 0.37 WARN
r-release-osx-x86_64-snowleopard 0.37 WARN
r-release-windows-ix86+x86_64 0.37 6.00 88.00 94.00 OK
r-oldrel-windows-ix86+x86_64 0.37 6.00 74.00 80.00 OK

Check Details

Version: 0.37
Check: package dependencies
Result: ERROR
    Packages required but not available: ‘latticeExtra’ ‘zoo’
    
    Packages suggested but not available for checking: ‘raster’ ‘rasterVis’
    
    See the information on DESCRIPTION files in the chapter ‘Creating R
    packages’ of the ‘Writing R Extensions’ manual.
Flavor: r-devel-osx-x86_64-gcc

Version: 0.37
Check: PDF version of manual
Result: WARNING
    LaTeX errors when creating PDF version.
    This typically indicates Rd problems.
    LaTeX errors found:
    ! LaTeX Error: File `upquote.sty' not found.
    
    Type X to quit or <RETURN> to proceed,
    or enter new name. (Default extension: sty)
    
    dd23ab/Rd2.tex:8: ==> Fatal error occurred, no output PDF file produced!
Flavor: r-release-osx-x86_64-mavericks

Version: 0.37
Check: examples
Result: WARNING
    checking a package with encoding 'UTF-8' in an ASCII locale
    
     OK
Flavor: r-release-osx-x86_64-snowleopard