CRAN Package Check Results for Package solaR

Last updated on 2014-09-16 03:48:56.

Flavor Version Tinstall Tcheck Ttotal Status Flags
r-devel-linux-x86_64-debian-clang 0.38 3.05 44.25 47.30 NOTE
r-devel-linux-x86_64-debian-gcc 0.38 3.19 42.62 45.81 NOTE
r-devel-linux-x86_64-fedora-clang 0.38 95.64 NOTE
r-devel-linux-x86_64-fedora-gcc 0.38 87.87 NOTE
r-devel-osx-x86_64-clang 0.38 79.65 NOTE
r-devel-windows-ix86+x86_64 0.38 6.00 77.00 83.00 NOTE
r-patched-linux-x86_64 0.38 2.22 46.39 48.61 OK
r-patched-solaris-sparc 0.38 578.40 OK
r-patched-solaris-x86 0.38 126.60 OK
r-release-linux-ix86 0.38 2.94 58.57 61.51 OK
r-release-linux-x86_64 0.38 3.44 47.70 51.13 OK
r-release-osx-x86_64-mavericks 0.38 OK
r-release-osx-x86_64-snowleopard 0.38 OK
r-release-windows-ix86+x86_64 0.38 6.00 87.00 93.00 OK
r-oldrel-windows-ix86+x86_64 0.38 7.00 76.00 83.00 OK

Check Details

Version: 0.38
Check: R code for possible problems
Result: NOTE
    markovG0: no visible binding for global variable ‘Ktm’
    markovG0: no visible binding for global variable ‘Ktlim’
    markovG0: no visible binding for global variable ‘MTM’
    solaR.theme: no visible global function definition for ‘brewer.pal’
    solaR.theme.2: no visible global function definition for ‘brewer.pal’
Flavors: r-devel-linux-x86_64-debian-clang, r-devel-linux-x86_64-debian-gcc, r-devel-linux-x86_64-fedora-clang, r-devel-linux-x86_64-fedora-gcc, r-devel-osx-x86_64-clang, r-devel-windows-ix86+x86_64