CRAN Package Check Results for Package solaR

Last updated on 2015-04-18 13:49:00.

Flavor Version Tinstall Tcheck Ttotal Status Flags
r-devel-linux-x86_64-debian-clang 0.38 2.02 39.55 41.58 NOTE
r-devel-linux-x86_64-debian-gcc 0.38 3.05 40.29 43.34 NOTE
r-devel-linux-x86_64-fedora-clang 0.38 82.04 NOTE
r-devel-linux-x86_64-fedora-gcc 0.38 77.31 NOTE
r-devel-osx-x86_64-clang 0.38 73.61 NOTE
r-patched-linux-x86_64 0.38 2.26 38.76 41.02 NOTE
r-patched-solaris-sparc 0.38 509.20 NOTE
r-patched-solaris-x86 0.38 103.90 NOTE
r-release-linux-x86_64 0.38 2.00 36.26 38.26 NOTE
r-release-osx-x86_64-mavericks 0.38 NOTE
r-release-osx-x86_64-snowleopard 0.38 OK
r-release-windows-ix86+x86_64 0.38 7.00 112.00 119.00 NOTE
r-oldrel-windows-ix86+x86_64 0.38 8.00 103.00 111.00 OK

Check Details

Version: 0.38
Check: R code for possible problems
Result: NOTE
    markovG0: no visible binding for global variable ‘Ktm’
    markovG0: no visible binding for global variable ‘Ktlim’
    markovG0: no visible binding for global variable ‘MTM’
    solaR.theme: no visible global function definition for ‘brewer.pal’
    solaR.theme.2: no visible global function definition for ‘brewer.pal’
Flavors: r-devel-linux-x86_64-debian-clang, r-devel-linux-x86_64-debian-gcc, r-devel-linux-x86_64-fedora-clang, r-devel-linux-x86_64-fedora-gcc, r-devel-osx-x86_64-clang, r-patched-linux-x86_64, r-patched-solaris-sparc, r-patched-solaris-x86, r-release-linux-x86_64, r-release-osx-x86_64-mavericks, r-release-windows-ix86+x86_64