CRAN Package Check Results for Package solaR

Last updated on 2018-02-23 06:55:12 CET.

Flavor Version Tinstall Tcheck Ttotal Status Flags
r-devel-linux-x86_64-debian-clang 0.44 8.38 58.70 67.08 OK
r-devel-linux-x86_64-debian-gcc 0.44 5.00 49.83 54.83 OK
r-devel-linux-x86_64-fedora-clang 0.44 90.96 OK
r-devel-linux-x86_64-fedora-gcc 0.44 87.05 OK
r-devel-windows-ix86+x86_64 0.44 19.00 124.00 143.00 OK
r-patched-linux-x86_64 0.44 2.63 75.14 77.77 OK
r-patched-solaris-x86 0.44 109.70 OK
r-release-linux-x86_64 0.44 2.83 76.00 78.83 OK
r-release-windows-ix86+x86_64 0.44 9.00 142.00 151.00 OK
r-release-osx-x86_64 0.44 NOTE
r-oldrel-windows-ix86+x86_64 0.44 6.00 100.00 106.00 OK
r-oldrel-osx-x86_64 0.44 OK

Check Details

Version: 0.44
Check: package dependencies
Result: NOTE
    Package suggested but not available for checking: ‘meteoForecast’
Flavor: r-release-osx-x86_64