CRAN Package Check Results for Package solaR

Last updated on 2014-12-20 12:47:37.

Flavor Version Tinstall Tcheck Ttotal Status Flags
r-devel-linux-x86_64-debian-clang 0.38 2.14 42.48 44.61 NOTE
r-devel-linux-x86_64-debian-gcc 0.38 2.66 40.97 43.63 NOTE
r-devel-linux-x86_64-fedora-clang 0.38 96.40 NOTE
r-devel-linux-x86_64-fedora-gcc 0.38 87.32 NOTE
r-devel-osx-x86_64-clang 0.38 80.80 NOTE
r-devel-windows-ix86+x86_64 0.38 8.00 79.00 87.00 NOTE
r-patched-linux-x86_64 0.38 3.50 46.54 50.04 NOTE
r-patched-solaris-sparc 0.38 550.30 NOTE
r-patched-solaris-x86 0.38 118.00 NOTE
r-release-linux-ix86 0.38 2.82 54.18 57.00 NOTE
r-release-linux-x86_64 0.38 2.19 45.87 48.06 NOTE
r-release-osx-x86_64-mavericks 0.38 OK
r-release-osx-x86_64-snowleopard 0.38 OK
r-release-windows-ix86+x86_64 0.38 8.00 86.00 94.00 NOTE
r-oldrel-windows-ix86+x86_64 0.38 7.00 74.00 81.00 OK

Check Details

Version: 0.38
Check: R code for possible problems
Result: NOTE
    markovG0: no visible binding for global variable ‘Ktm’
    markovG0: no visible binding for global variable ‘Ktlim’
    markovG0: no visible binding for global variable ‘MTM’
    solaR.theme: no visible global function definition for ‘brewer.pal’
    solaR.theme.2: no visible global function definition for ‘brewer.pal’
Flavors: r-devel-linux-x86_64-debian-clang, r-devel-linux-x86_64-debian-gcc, r-devel-linux-x86_64-fedora-clang, r-devel-linux-x86_64-fedora-gcc, r-devel-osx-x86_64-clang, r-devel-windows-ix86+x86_64, r-patched-linux-x86_64, r-patched-solaris-sparc, r-patched-solaris-x86, r-release-linux-ix86, r-release-linux-x86_64, r-release-windows-ix86+x86_64