CRAN Package Check Results for Package solaR

Last updated on 2018-04-25 19:47:31 CEST.

Flavor Version Tinstall Tcheck Ttotal Status Flags
r-devel-linux-x86_64-debian-clang 0.44 7.42 66.95 74.37 OK
r-devel-linux-x86_64-debian-gcc 0.44 6.95 49.61 56.56 OK
r-devel-linux-x86_64-fedora-clang 0.44 88.53 OK
r-devel-linux-x86_64-fedora-gcc 0.44 87.45 OK
r-devel-windows-ix86+x86_64 0.44 18.00 96.00 114.00 OK
r-patched-linux-x86_64 0.44 6.22 63.34 69.56 OK
r-patched-solaris-x86 0.44 122.60 OK
r-release-linux-x86_64 0.44 7.13 62.68 69.81 OK
r-release-windows-ix86+x86_64 0.44 18.00 96.00 114.00 OK
r-release-osx-x86_64 0.44 OK
r-oldrel-windows-ix86+x86_64 0.44 8.00 141.00 149.00 OK
r-oldrel-osx-x86_64 0.44 NOTE

Check Details

Version: 0.44
Check: package dependencies
Result: NOTE
    Package suggested but not available for checking: ‘meteoForecast’
Flavor: r-oldrel-osx-x86_64