CRAN Package Check Results for Package solaR

Last updated on 2015-02-27 22:49:31.

Flavor Version Tinstall Tcheck Ttotal Status Flags
r-devel-linux-x86_64-debian-clang 0.38 2.23 39.95 42.18 NOTE
r-devel-linux-x86_64-debian-gcc 0.38 2.12 38.56 40.68 NOTE
r-devel-linux-x86_64-fedora-clang 0.38 83.68 NOTE
r-devel-linux-x86_64-fedora-gcc 0.38 76.12 NOTE
r-devel-osx-x86_64-clang 0.38 76.44 NOTE
r-devel-windows-ix86+x86_64 0.38 10.00 77.00 87.00 NOTE
r-patched-linux-x86_64 0.38 2.34 44.84 47.18 NOTE
r-patched-solaris-sparc 0.38 534.70 NOTE
r-release-linux-ix86 0.38 2.80 55.70 58.49 NOTE
r-release-linux-x86_64 0.38 2.38 44.56 46.93 NOTE
r-release-osx-x86_64-mavericks 0.38 NOTE
r-release-osx-x86_64-snowleopard 0.38 OK
r-release-windows-ix86+x86_64 0.38 8.00 83.00 91.00 NOTE
r-oldrel-windows-ix86+x86_64 0.38 8.00 77.00 85.00 OK

Check Details

Version: 0.38
Check: R code for possible problems
Result: NOTE
    markovG0: no visible binding for global variable ‘Ktm’
    markovG0: no visible binding for global variable ‘Ktlim’
    markovG0: no visible binding for global variable ‘MTM’
    solaR.theme: no visible global function definition for ‘brewer.pal’
    solaR.theme.2: no visible global function definition for ‘brewer.pal’
Flavors: r-devel-linux-x86_64-debian-clang, r-devel-linux-x86_64-debian-gcc, r-devel-linux-x86_64-fedora-clang, r-devel-linux-x86_64-fedora-gcc, r-devel-osx-x86_64-clang, r-devel-windows-ix86+x86_64, r-patched-linux-x86_64, r-patched-solaris-sparc, r-release-linux-ix86, r-release-linux-x86_64, r-release-osx-x86_64-mavericks, r-release-windows-ix86+x86_64