CRAN Package Check Results for Package solaR

Last updated on 2017-08-18 17:48:11.

Flavor Version Tinstall Tcheck Ttotal Status Flags
r-devel-linux-x86_64-debian-clang 0.44 1.91 55.04 56.95 OK
r-devel-linux-x86_64-debian-gcc 0.44 2.07 50.00 52.07 OK
r-devel-linux-x86_64-fedora-clang 0.44 88.90 OK
r-devel-linux-x86_64-fedora-gcc 0.44 89.31 OK
r-devel-windows-ix86+x86_64 0.44 6.00 114.00 120.00 OK
r-patched-linux-x86_64 0.44 2.02 51.07 53.09 OK
r-patched-solaris-x86 0.44 119.80 OK
r-release-linux-x86_64 0.44 2.00 48.33 50.33 OK
r-release-windows-ix86+x86_64 0.44 9.00 158.00 167.00 OK
r-release-osx-x86_64 0.44 NOTE
r-oldrel-windows-ix86+x86_64 0.44 6.00 121.00 127.00 OK
r-oldrel-osx-x86_64 0.44 OK

Check Details

Version: 0.44
Check: package dependencies
Result: NOTE
    Package suggested but not available for checking: ‘meteoForecast’
Flavor: r-release-osx-x86_64