CRAN Package Check Results for Package solitude

Last updated on 2019-10-14 00:47:52 CEST.

Flavor Version Tinstall Tcheck Ttotal Status Flags
r-devel-linux-x86_64-debian-clang 0.2.0 2.98 34.29 37.27 OK
r-devel-linux-x86_64-debian-gcc 0.2.0 2.48 35.38 37.86 OK
r-devel-linux-x86_64-fedora-clang 0.2.0 45.75 NOTE
r-devel-linux-x86_64-fedora-gcc 0.2.0 40.96 NOTE
r-devel-windows-ix86+x86_64 0.2.0 7.00 53.00 60.00 OK
r-patched-linux-x86_64 0.2.0 2.38 33.35 35.73 OK
r-patched-solaris-x86 0.2.0 82.00 NOTE
r-release-linux-x86_64 0.2.0 2.79 34.87 37.66 OK
r-release-windows-ix86+x86_64 0.2.0 8.00 37.00 45.00 OK
r-release-osx-x86_64 0.2.0 NOTE
r-oldrel-windows-ix86+x86_64 0.2.0 4.00 37.00 41.00 OK
r-oldrel-osx-x86_64 0.2.0 NOTE

Check Details

Version: 0.2.0
Check: dependencies in R code
Result: NOTE
    Namespace in Imports field not imported from: ‘R6’
     All declared Imports should be used.
Flavors: r-devel-linux-x86_64-fedora-clang, r-devel-linux-x86_64-fedora-gcc, r-patched-solaris-x86, r-release-osx-x86_64, r-oldrel-osx-x86_64