CRAN Package Check Results for Package solr

Last updated on 2015-09-02 03:48:44.

Flavor Version Tinstall Tcheck Ttotal Status Flags
r-devel-linux-x86_64-debian-clang 0.1.4 1.28 18.27 19.56 NOTE
r-devel-linux-x86_64-debian-gcc 0.1.4 1.13 18.16 19.30 NOTE
r-devel-linux-x86_64-fedora-clang 0.1.4 39.41 NOTE
r-devel-linux-x86_64-fedora-gcc 0.1.4 37.00 NOTE
r-devel-osx-x86_64-clang 0.1.4 32.53 OK
r-devel-windows-ix86+x86_64 0.1.4 6.00 59.00 65.00 NOTE
r-patched-linux-x86_64 0.1.4 1.50 19.00 20.49 OK
r-patched-solaris-sparc 0.1.4 256.60 OK
r-patched-solaris-x86 0.1.4 61.90 OK
r-release-linux-x86_64 0.1.4 1.24 19.45 20.68 OK
r-release-osx-x86_64-mavericks 0.1.4 OK
r-release-windows-ix86+x86_64 0.1.4 7.00 61.00 68.00 OK
r-oldrel-windows-ix86+x86_64 0.1.4 11.00 51.00 62.00 OK

Check Details

Version: 0.1.4
Check: R code for possible problems
Result: NOTE
    solr_all: no visible global function definition for ‘URLdecode’
    solr_facet: no visible global function definition for ‘URLdecode’
    solr_group: no visible global function definition for ‘URLdecode’
    solr_highlight: no visible global function definition for ‘URLdecode’
    solr_mlt: no visible global function definition for ‘URLdecode’
    solr_parse.sr_facet: no visible global function definition for ‘is’
    solr_parse.sr_group: no visible global function definition for ‘is’
    solr_parse.sr_high: no visible global function definition for ‘is’
    solr_parse.sr_mlt: no visible global function definition for ‘is’
    solr_parse.sr_search: no visible global function definition for ‘is’
    solr_parse.sr_stats: no visible global function definition for ‘is’
    solr_search: no visible global function definition for ‘URLdecode’
    solr_stats: no visible global function definition for ‘URLdecode’
    Undefined global functions or variables:
     URLdecode is
    Consider adding
     importFrom("methods", "is")
     importFrom("utils", "URLdecode")
    to your NAMESPACE (and ensure that your DESCRIPTION Imports field
    contains 'methods').
Flavors: r-devel-linux-x86_64-debian-clang, r-devel-linux-x86_64-debian-gcc, r-devel-linux-x86_64-fedora-clang, r-devel-linux-x86_64-fedora-gcc, r-devel-windows-ix86+x86_64