CRAN Package Check Results for Package solr

Last updated on 2015-07-31 20:47:16.

Flavor Version Tinstall Tcheck Ttotal Status Flags
r-devel-linux-x86_64-debian-clang 0.1.4 1.24 19.16 20.40 NOTE
r-devel-linux-x86_64-debian-gcc 0.1.4 1.23 18.59 19.82 NOTE
r-devel-linux-x86_64-fedora-clang 0.1.4 40.31 NOTE
r-devel-linux-x86_64-fedora-gcc 0.1.4 37.91 NOTE
r-devel-osx-x86_64-clang 0.1.4 34.90 OK
r-devel-windows-ix86+x86_64 0.1.4 7.00 32.00 39.00 NOTE
r-patched-linux-x86_64 0.1.4 1.31 19.14 20.44 OK
r-patched-solaris-sparc 0.1.4 256.60 OK
r-patched-solaris-x86 0.1.4 60.60 OK
r-release-linux-x86_64 0.1.4 1.73 18.96 20.69 OK
r-release-osx-x86_64-mavericks 0.1.4 OK
r-release-windows-ix86+x86_64 0.1.4 7.00 35.00 42.00 OK
r-oldrel-windows-ix86+x86_64 0.1.4 6.00 50.00 56.00 OK

Check Details

Version: 0.1.4
Check: R code for possible problems
Result: NOTE
    solr_all: no visible global function definition for ‘URLdecode’
    solr_facet: no visible global function definition for ‘URLdecode’
    solr_group: no visible global function definition for ‘URLdecode’
    solr_highlight: no visible global function definition for ‘URLdecode’
    solr_mlt: no visible global function definition for ‘URLdecode’
    solr_parse.sr_facet: no visible global function definition for ‘is’
    solr_parse.sr_group: no visible global function definition for ‘is’
    solr_parse.sr_high: no visible global function definition for ‘is’
    solr_parse.sr_mlt: no visible global function definition for ‘is’
    solr_parse.sr_search: no visible global function definition for ‘is’
    solr_parse.sr_stats: no visible global function definition for ‘is’
    solr_search: no visible global function definition for ‘URLdecode’
    solr_stats: no visible global function definition for ‘URLdecode’
    Undefined global functions or variables:
     URLdecode is
    Consider adding
     importFrom("methods", "is")
     importFrom("utils", "URLdecode")
    to your NAMESPACE.
Flavors: r-devel-linux-x86_64-debian-clang, r-devel-linux-x86_64-debian-gcc, r-devel-linux-x86_64-fedora-clang, r-devel-linux-x86_64-fedora-gcc, r-devel-windows-ix86+x86_64