CRAN Package Check Results for Package solr

Last updated on 2017-06-29 01:47:07.

Flavor Version Tinstall Tcheck Ttotal Status Flags
r-devel-linux-x86_64-debian-clang 0.1.6 1.28 23.52 24.79 OK
r-devel-linux-x86_64-debian-gcc 0.1.6 1.14 22.94 24.08 OK
r-devel-linux-x86_64-fedora-clang 0.1.6 47.84 OK
r-devel-linux-x86_64-fedora-gcc 0.1.6 43.28 OK
r-devel-windows-ix86+x86_64 0.1.6 4.00 48.00 52.00 OK
r-patched-linux-x86_64 0.1.6 1.38 22.60 23.98 OK
r-patched-solaris-sparc 0.1.6 242.90 OK
r-patched-solaris-x86 0.1.6 58.20 OK
r-release-linux-x86_64 0.1.6 1.28 22.28 23.55 OK
r-release-windows-ix86+x86_64 0.1.6 8.00 42.00 50.00 WARN
r-release-osx-x86_64 0.1.6 OK
r-oldrel-windows-ix86+x86_64 0.1.6 5.00 62.00 67.00 OK
r-oldrel-osx-x86_64 0.1.6 OK

Check Details

Version: 0.1.6
Check: Rd cross-references
Result: WARN
    Warning in gzfile(file, "rb") :
     cannot open compressed file 'd:/RCompile/CRANpkg/lib/3.4/MASS/Meta/Rd.rds', probable reason 'Permission denied'
    Error in gzfile(file, "rb") : cannot open the connection
    Calls: <Anonymous> -> lapply -> FUN -> readRDS -> gzfile
    Execution halted
Flavor: r-release-windows-ix86+x86_64