CRAN Package Check Results for Package solr

Last updated on 2015-05-04 22:46:58.

Flavor Version Tinstall Tcheck Ttotal Status Flags
r-devel-linux-x86_64-debian-clang 0.1.4 1.24 19.68 20.92 OK
r-devel-linux-x86_64-debian-gcc 0.1.4 1.36 19.33 20.68 OK
r-devel-linux-x86_64-fedora-clang 0.1.4 40.00 OK
r-devel-linux-x86_64-fedora-gcc 0.1.4 36.61 OK
r-devel-osx-x86_64-clang 0.1.4 36.80 OK
r-devel-windows-ix86+x86_64 0.1.4 4.00 31.00 35.00 OK
r-patched-linux-x86_64 0.1.4 1.21 18.76 19.98 OK
r-patched-solaris-sparc 0.1.4 252.00 OK
r-patched-solaris-x86 0.1.4 54.70 OK
r-release-linux-x86_64 0.1.4 1.24 19.05 20.28 OK
r-release-osx-x86_64-mavericks 0.1.4 OK
r-release-osx-x86_64-snowleopard 0.1.4 ERROR
r-release-windows-ix86+x86_64 0.1.4 6.00 31.00 37.00 OK
r-oldrel-windows-ix86+x86_64 0.1.4 6.00 38.00 44.00 OK

Check Details

Version: 0.1.4
Check: package dependencies
Result: ERROR
    Package required but not available: ‘XML’
    
    Package suggested but not available for checking: ‘knitr’
    
    VignetteBuilder package required for checking but not installed: ‘knitr’
    
    See section ‘The DESCRIPTION file’ in the ‘Writing R Extensions’
    manual.
Flavor: r-release-osx-x86_64-snowleopard