CRAN Package Check Results for Package som

Last updated on 2015-03-29 11:51:28.

Flavor Version Tinstall Tcheck Ttotal Status Flags
r-devel-linux-x86_64-debian-clang 0.3-5 1.49 10.85 12.34 NOTE
r-devel-linux-x86_64-debian-gcc 0.3-5 1.63 10.75 12.38 NOTE
r-devel-linux-x86_64-fedora-clang 0.3-5 24.49 NOTE
r-devel-linux-x86_64-fedora-gcc 0.3-5 21.92 NOTE
r-devel-osx-x86_64-clang 0.3-5 29.06 NOTE
r-prerel-windows-ix86+x86_64 0.3-5 13.00 30.00 43.00 NOTE
r-prerel-linux-x86_64 0.3-5 1.49 10.81 12.30 NOTE
r-prerel-solaris-sparc 0.3-5 168.70 NOTE
r-prerel-solaris-x86 0.3-5 36.90 NOTE
r-release-linux-x86_64 0.3-5 1.58 11.74 13.32 OK
r-release-osx-x86_64-mavericks 0.3-5 OK
r-release-windows-ix86+x86_64 0.3-5 13.00 30.00 43.00 OK
r-oldrel-windows-ix86+x86_64 0.3-5 7.00 31.00 38.00 OK

Check Details

Version: 0.3-5
Check: DESCRIPTION meta-information
Result: NOTE
    Malformed Description field: should contain one or more complete sentences.
Flavors: r-devel-linux-x86_64-debian-clang, r-devel-linux-x86_64-debian-gcc, r-devel-linux-x86_64-fedora-clang, r-devel-linux-x86_64-fedora-gcc, r-devel-osx-x86_64-clang, r-prerel-windows-ix86+x86_64, r-prerel-linux-x86_64, r-prerel-solaris-sparc, r-prerel-solaris-x86