CRAN Package Check Results for Package som

Last updated on 2015-04-28 03:47:34.

Flavor Version Tinstall Tcheck Ttotal Status Flags
r-devel-linux-x86_64-debian-clang 0.3-5 1.52 10.84 12.36 NOTE
r-devel-linux-x86_64-debian-gcc 0.3-5 1.71 10.76 12.47 NOTE
r-devel-linux-x86_64-fedora-clang 0.3-5 24.07 NOTE
r-devel-linux-x86_64-fedora-gcc 0.3-5 21.59 NOTE
r-devel-osx-x86_64-clang 0.3-5 26.44 NOTE
r-devel-windows-ix86+x86_64 0.3-5 10.00 32.00 42.00 NOTE
r-patched-linux-x86_64 0.3-5 1.51 10.88 12.39 NOTE
r-patched-solaris-sparc 0.3-5 168.70 NOTE
r-patched-solaris-x86 0.3-5 37.10 NOTE
r-release-linux-x86_64 0.3-5 1.60 10.64 12.24 NOTE
r-release-osx-x86_64-mavericks 0.3-5 NOTE
r-release-osx-x86_64-snowleopard 0.3-5 NOTE
r-release-windows-ix86+x86_64 0.3-5 7.00 37.00 44.00 NOTE
r-oldrel-windows-ix86+x86_64 0.3-5 13.00 30.00 43.00 OK

Check Details

Version: 0.3-5
Check: DESCRIPTION meta-information
Result: NOTE
    Malformed Description field: should contain one or more complete sentences.
Flavors: r-devel-linux-x86_64-debian-clang, r-devel-linux-x86_64-debian-gcc, r-devel-linux-x86_64-fedora-clang, r-devel-linux-x86_64-fedora-gcc, r-devel-osx-x86_64-clang, r-devel-windows-ix86+x86_64, r-patched-solaris-sparc, r-patched-solaris-x86, r-release-linux-x86_64, r-release-osx-x86_64-mavericks, r-release-osx-x86_64-snowleopard, r-release-windows-ix86+x86_64