CRAN Package Check Results for Package som

Last updated on 2017-02-25 23:48:09.

Flavor Version Tinstall Tcheck Ttotal Status Flags
r-devel-linux-x86_64-debian-clang 0.3-5.1 2.08 14.22 16.30 NOTE
r-devel-linux-x86_64-debian-gcc 0.3-5.1 1.85 13.64 15.49 NOTE
r-devel-linux-x86_64-fedora-clang 0.3-5.1 28.66 NOTE --no-stop-on-test-error
r-devel-linux-x86_64-fedora-gcc 0.3-5.1 27.33 NOTE --no-stop-on-test-error
r-devel-macos-x86_64-clang 0.3-5.1 24.44 NOTE --no-stop-on-test-error
r-devel-windows-ix86+x86_64 0.3-5.1 10.00 44.00 54.00 OK
r-patched-linux-x86_64 0.3-5.1 1.70 11.92 13.62 OK
r-patched-solaris-sparc 0.3-5.1 141.00 OK
r-patched-solaris-x86 0.3-5.1 35.00 OK
r-release-linux-x86_64 0.3-5.1 1.72 11.75 13.46 OK
r-release-osx-x86_64-mavericks 0.3-5.1 OK
r-release-windows-ix86+x86_64 0.3-5.1 9.00 33.00 42.00 OK
r-oldrel-windows-ix86+x86_64 0.3-5.1 9.00 37.00 46.00 OK

Check Details

Version: 0.3-5.1
Check: compiled code
Result: NOTE
    File ‘som/libs/som.so’:
     Found no calls to: ‘R_registerRoutines’, ‘R_useDynamicSymbols’
    
    It is good practice to register native routines and to disable symbol
    search.
    
    See ‘Writing portable packages’ in the ‘Writing R Extensions’ manual.
Flavors: r-devel-linux-x86_64-debian-clang, r-devel-linux-x86_64-debian-gcc

Version: 0.3-5.1
Flags: --no-stop-on-test-error
Check: compiled code
Result: NOTE
    File ‘som/libs/som.so’:
     Found no calls to: ‘R_registerRoutines’, ‘R_useDynamicSymbols’
    
    It is good practice to register native routines and to disable symbol
    search.
    
    See ‘Writing portable packages’ in the ‘Writing R Extensions’ manual.
Flavors: r-devel-linux-x86_64-fedora-clang, r-devel-linux-x86_64-fedora-gcc, r-devel-macos-x86_64-clang