CRAN Package Check Results for Package som

Last updated on 2017-06-22 13:47:16.

Flavor Version Tinstall Tcheck Ttotal Status Flags
r-devel-linux-x86_64-debian-clang 0.3-5.1 2.18 14.42 16.61 NOTE
r-devel-linux-x86_64-debian-gcc 0.3-5.1 1.76 14.84 16.60 NOTE
r-devel-linux-x86_64-fedora-clang 0.3-5.1 28.51 NOTE
r-devel-linux-x86_64-fedora-gcc 0.3-5.1 25.07 NOTE
r-devel-windows-ix86+x86_64 0.3-5.1 9.00 51.00 60.00 OK
r-patched-linux-x86_64 0.3-5.1 1.83 14.38 16.21 NOTE
r-patched-solaris-sparc 0.3-5.1 169.50 OK
r-patched-solaris-x86 0.3-5.1 40.50 OK
r-release-linux-x86_64 0.3-5.1 1.73 15.01 16.73 NOTE
r-release-windows-ix86+x86_64 0.3-5.1 9.00 44.00 53.00 OK
r-release-osx-x86_64 0.3-5.1 OK
r-oldrel-windows-ix86+x86_64 0.3-5.1 9.00 33.00 42.00 OK
r-oldrel-osx-x86_64 0.3-5.1 OK

Check Details

Version: 0.3-5.1
Check: compiled code
Result: NOTE
    File ‘som/libs/som.so’:
     Found no calls to: ‘R_registerRoutines’, ‘R_useDynamicSymbols’
    
    It is good practice to register native routines and to disable symbol
    search.
    
    See ‘Writing portable packages’ in the ‘Writing R Extensions’ manual.
Flavors: r-devel-linux-x86_64-debian-clang, r-devel-linux-x86_64-debian-gcc, r-devel-linux-x86_64-fedora-clang, r-devel-linux-x86_64-fedora-gcc, r-patched-linux-x86_64, r-release-linux-x86_64