CRAN Package Check Results for Package som

Last updated on 2015-02-28 12:51:27.

Flavor Version Tinstall Tcheck Ttotal Status Flags
r-devel-linux-x86_64-debian-clang 0.3-5 1.50 10.79 12.29 NOTE
r-devel-linux-x86_64-debian-gcc 0.3-5 1.90 10.64 12.54 NOTE
r-devel-linux-x86_64-fedora-clang 0.3-5 24.52 NOTE
r-devel-linux-x86_64-fedora-gcc 0.3-5 22.05 NOTE
r-devel-osx-x86_64-clang 0.3-5 25.94 NOTE
r-devel-windows-ix86+x86_64 0.3-5 13.00 31.00 44.00 NOTE
r-patched-linux-x86_64 0.3-5 1.67 11.89 13.56 OK
r-patched-solaris-sparc 0.3-5 158.00 OK
r-patched-solaris-x86 0.3-5 40.40 OK
r-release-linux-ix86 0.3-5 2.20 18.28 20.48 OK
r-release-linux-x86_64 0.3-5 1.59 11.62 13.21 OK
r-release-osx-x86_64-mavericks 0.3-5 OK
r-release-windows-ix86+x86_64 0.3-5 9.00 40.00 49.00 OK
r-oldrel-windows-ix86+x86_64 0.3-5 7.00 31.00 38.00 OK

Check Details

Version: 0.3-5
Check: DESCRIPTION meta-information
Result: NOTE
    Malformed Description field: should contain one or more complete sentences.
Flavors: r-devel-linux-x86_64-debian-clang, r-devel-linux-x86_64-debian-gcc, r-devel-linux-x86_64-fedora-clang, r-devel-linux-x86_64-fedora-gcc, r-devel-osx-x86_64-clang, r-devel-windows-ix86+x86_64