CRAN Package Check Results for Package som

Last updated on 2015-07-27 23:48:16.

Flavor Version Tinstall Tcheck Ttotal Status Flags
r-devel-linux-x86_64-debian-clang 0.3-5 1.62 10.39 12.01 NOTE
r-devel-linux-x86_64-debian-gcc 0.3-5 1.48 10.36 11.85 NOTE
r-devel-linux-x86_64-fedora-clang 0.3-5 22.75 NOTE
r-devel-linux-x86_64-fedora-gcc 0.3-5 21.54 NOTE
r-devel-osx-x86_64-clang 0.3-5 20.76 NOTE
r-devel-windows-ix86+x86_64 0.3-5 10.00 34.00 44.00 NOTE
r-patched-linux-x86_64 0.3-5 1.55 10.44 12.00 NOTE
r-patched-solaris-sparc 0.3-5 162.20 NOTE
r-patched-solaris-x86 0.3-5 38.30 NOTE
r-release-linux-x86_64 0.3-5 1.52 11.09 12.61 NOTE
r-release-osx-x86_64-mavericks 0.3-5 NOTE
r-release-windows-ix86+x86_64 0.3-5 8.00 34.00 42.00 NOTE
r-oldrel-windows-ix86+x86_64 0.3-5 13.00 30.00 43.00 OK

Check Details

Version: 0.3-5
Check: DESCRIPTION meta-information
Result: NOTE
    Malformed Description field: should contain one or more complete sentences.
Flavors: r-devel-linux-x86_64-debian-clang, r-devel-linux-x86_64-debian-gcc, r-devel-linux-x86_64-fedora-clang, r-devel-linux-x86_64-fedora-gcc, r-devel-osx-x86_64-clang, r-devel-windows-ix86+x86_64, r-patched-linux-x86_64, r-patched-solaris-sparc, r-patched-solaris-x86, r-release-linux-x86_64, r-release-osx-x86_64-mavericks, r-release-windows-ix86+x86_64

Version: 0.3-5
Check: R code for possible problems
Result: NOTE
    ciplot: no visible global function definition for ‘segments’
    plot.som: no visible global function definition for ‘plot’
    plot.som: no visible global function definition for ‘axis’
    plotcell: no visible global function definition for ‘text’
    plotcell: no visible binding for global variable ‘sd’
    plotcell: no visible global function definition for ‘lines’
    som.init : RandomInit: no visible global function definition for
     ‘runif’
    som.update: no visible binding for global variable ‘data’
    somgrids: no visible global function definition for ‘rainbow’
    somgrids: no visible global function definition for ‘lines’
    somgrids: no visible global function definition for ‘segments’
    somgrids: no visible global function definition for ‘rect’
    somgrids: no visible global function definition for ‘axis’
    Undefined global functions or variables:
     axis data lines plot rainbow rect runif sd segments text
    Consider adding
     importFrom("grDevices", "rainbow")
     importFrom("graphics", "axis", "lines", "plot", "rect", "segments",
     "text")
     importFrom("stats", "runif", "sd")
     importFrom("utils", "data")
    to your NAMESPACE.
Flavors: r-devel-linux-x86_64-debian-clang, r-devel-linux-x86_64-debian-gcc, r-devel-linux-x86_64-fedora-clang, r-devel-linux-x86_64-fedora-gcc, r-devel-windows-ix86+x86_64