CRAN Package Check Results for Package som

Last updated on 2017-03-23 03:48:18.

Flavor Version Tinstall Tcheck Ttotal Status Flags
r-devel-linux-x86_64-debian-clang 0.3-5.1 2.30 13.64 15.94 NOTE
r-devel-linux-x86_64-debian-gcc 0.3-5.1 1.96 13.97 15.93 NOTE
r-devel-linux-x86_64-fedora-clang 0.3-5.1 30.29 NOTE --no-stop-on-test-error
r-devel-linux-x86_64-fedora-gcc 0.3-5.1 26.67 NOTE --no-stop-on-test-error
r-devel-macos-x86_64-clang 0.3-5.1 24.02 NOTE --no-stop-on-test-error
r-devel-windows-ix86+x86_64 0.3-5.1 10.00 42.00 52.00 OK
r-patched-linux-x86_64 0.3-5.1 1.59 11.48 13.07 OK
r-patched-solaris-sparc 0.3-5.1 169.50 OK
r-patched-solaris-x86 0.3-5.1 41.20 OK
r-release-linux-x86_64 0.3-5.1 1.71 12.11 13.82 OK
r-release-osx-x86_64-mavericks 0.3-5.1 OK
r-release-windows-ix86+x86_64 0.3-5.1 9.00 33.00 42.00 OK
r-oldrel-windows-ix86+x86_64 0.3-5.1 9.00 37.00 46.00 OK

Check Details

Version: 0.3-5.1
Check: compiled code
Result: NOTE
    File ‘som/libs/som.so’:
     Found no calls to: ‘R_registerRoutines’, ‘R_useDynamicSymbols’
    
    It is good practice to register native routines and to disable symbol
    search.
    
    See ‘Writing portable packages’ in the ‘Writing R Extensions’ manual.
Flavors: r-devel-linux-x86_64-debian-clang, r-devel-linux-x86_64-debian-gcc

Version: 0.3-5.1
Flags: --no-stop-on-test-error
Check: compiled code
Result: NOTE
    File ‘som/libs/som.so’:
     Found no calls to: ‘R_registerRoutines’, ‘R_useDynamicSymbols’
    
    It is good practice to register native routines and to disable symbol
    search.
    
    See ‘Writing portable packages’ in the ‘Writing R Extensions’ manual.
Flavors: r-devel-linux-x86_64-fedora-clang, r-devel-linux-x86_64-fedora-gcc, r-devel-macos-x86_64-clang