CRAN Package Check Results for Package som

Last updated on 2015-05-27 19:47:22.

Flavor Version Tinstall Tcheck Ttotal Status Flags
r-devel-linux-x86_64-debian-clang 0.3-5 1.52 11.06 12.58 NOTE
r-devel-linux-x86_64-debian-gcc 0.3-5 1.55 10.78 12.33 NOTE
r-devel-linux-x86_64-fedora-clang 0.3-5 23.71 NOTE
r-devel-linux-x86_64-fedora-gcc 0.3-5 21.83 NOTE
r-devel-osx-x86_64-clang 0.3-5 26.40 NOTE
r-devel-windows-ix86+x86_64 0.3-5 10.00 32.00 42.00 NOTE
r-patched-linux-x86_64 0.3-5 1.52 10.37 11.89 NOTE
r-patched-solaris-sparc 0.3-5 166.40 NOTE
r-patched-solaris-x86 0.3-5 36.50 NOTE
r-release-linux-x86_64 0.3-5 1.50 10.78 12.28 NOTE
r-release-osx-x86_64-mavericks 0.3-5 NOTE
r-release-osx-x86_64-snowleopard 0.3-5 NOTE
r-release-windows-ix86+x86_64 0.3-5 7.00 37.00 44.00 NOTE
r-oldrel-windows-ix86+x86_64 0.3-5 13.00 30.00 43.00 OK

Check Details

Version: 0.3-5
Check: DESCRIPTION meta-information
Result: NOTE
    Malformed Description field: should contain one or more complete sentences.
Flavors: r-devel-linux-x86_64-debian-clang, r-devel-linux-x86_64-debian-gcc, r-devel-linux-x86_64-fedora-clang, r-devel-linux-x86_64-fedora-gcc, r-devel-osx-x86_64-clang, r-devel-windows-ix86+x86_64, r-patched-linux-x86_64, r-patched-solaris-sparc, r-patched-solaris-x86, r-release-linux-x86_64, r-release-osx-x86_64-mavericks, r-release-osx-x86_64-snowleopard, r-release-windows-ix86+x86_64