CRAN Package Check Results for Package som.nn

Last updated on 2022-05-17 09:52:45 CEST.

Flavor Version Tinstall Tcheck Ttotal Status Flags
r-devel-linux-x86_64-debian-clang 1.1.0 5.09 72.37 77.46 NOTE
r-devel-linux-x86_64-debian-gcc 1.1.0 4.33 50.74 55.07 NOTE
r-devel-linux-x86_64-fedora-clang 1.1.0 86.96 NOTE
r-devel-linux-x86_64-fedora-gcc 1.1.0 86.67 NOTE
r-devel-windows-x86_64 1.1.0 28.00 84.00 112.00 NOTE
r-patched-linux-x86_64 1.1.0 6.13 66.59 72.72 NOTE
r-release-linux-x86_64 1.1.0 4.23 67.49 71.72 NOTE
r-release-macos-arm64 1.1.0 24.00 NOTE
r-release-macos-x86_64 1.1.0 42.00 NOTE
r-release-windows-x86_64 1.1.0 28.00 86.00 114.00 NOTE
r-oldrel-macos-arm64 1.1.0 26.00 NOTE
r-oldrel-macos-x86_64 1.1.0 52.00 NOTE
r-oldrel-windows-ix86+x86_64 1.1.0 11.00 80.00 91.00 NOTE

Check Details

Version: 1.1.0
Check: LazyData
Result: NOTE
     'LazyData' is specified without a 'data' directory
Flavors: r-devel-linux-x86_64-debian-clang, r-devel-linux-x86_64-debian-gcc, r-devel-linux-x86_64-fedora-clang, r-devel-linux-x86_64-fedora-gcc, r-devel-windows-x86_64, r-patched-linux-x86_64, r-release-linux-x86_64, r-release-macos-arm64, r-release-macos-x86_64, r-release-windows-x86_64, r-oldrel-macos-arm64, r-oldrel-macos-x86_64, r-oldrel-windows-ix86+x86_64