CRAN Package Check Results for Package soma

Last updated on 2018-04-25 01:47:15 CEST.

Flavor Version Tinstall Tcheck Ttotal Status Flags
r-devel-linux-x86_64-debian-clang 1.1.1 0.94 16.04 16.98 NOTE
r-devel-linux-x86_64-debian-gcc 1.1.1 0.63 13.06 13.69 NOTE
r-devel-linux-x86_64-fedora-clang 1.1.1 20.83 NOTE
r-devel-linux-x86_64-fedora-gcc 1.1.1 19.26 NOTE
r-devel-windows-ix86+x86_64 1.1.1 4.00 27.00 31.00 NOTE
r-patched-linux-x86_64 1.1.1 0.79 15.65 16.44 NOTE
r-patched-solaris-x86 1.1.1 34.20 NOTE
r-release-linux-x86_64 1.1.1 0.73 15.68 16.41 NOTE
r-release-windows-ix86+x86_64 1.1.1 4.00 27.00 31.00 NOTE
r-release-osx-x86_64 1.1.1 NOTE
r-oldrel-windows-ix86+x86_64 1.1.1 2.00 39.00 41.00 NOTE
r-oldrel-osx-x86_64 1.1.1 NOTE

Check Details

Version: 1.1.1
Check: R code for possible problems
Result: NOTE
    plot.soma: no visible global function definition for ‘plot’
    soma: no visible global function definition for ‘runif’
    Undefined global functions or variables:
     plot runif
    Consider adding
     importFrom("graphics", "plot")
     importFrom("stats", "runif")
    to your NAMESPACE file.
Flavors: r-devel-linux-x86_64-debian-clang, r-devel-linux-x86_64-debian-gcc, r-devel-linux-x86_64-fedora-clang, r-devel-linux-x86_64-fedora-gcc, r-devel-windows-ix86+x86_64, r-patched-linux-x86_64, r-patched-solaris-x86, r-release-linux-x86_64, r-release-windows-ix86+x86_64, r-release-osx-x86_64, r-oldrel-windows-ix86+x86_64, r-oldrel-osx-x86_64