CRAN Package Check Results for Package soma

Last updated on 2014-04-25 05:47:26.

Flavor Version Tinstall Tcheck Ttotal Status Flags
r-devel-linux-x86_64-debian-clang 1.1.0 0.56 8.50 9.06 NOTE
r-devel-linux-x86_64-debian-gcc 1.1.0 0.53 8.53 9.06 NOTE
r-devel-linux-x86_64-fedora-clang 1.1.0 18.01 NOTE
r-devel-linux-x86_64-fedora-gcc 1.1.0 17.29 NOTE
r-devel-osx-x86_64-clang 1.1.0 23.48 NOTE
r-devel-osx-x86_64-gcc 1.1.0 NOTE
r-devel-windows-ix86+x86_64 1.1.0 3.00 17.00 20.00 NOTE
r-patched-linux-x86_64 1.1.0 0.53 8.48 9.01 NOTE
r-patched-solaris-sparc 1.1.0 102.30 NOTE
r-patched-solaris-x86 1.1.0 27.10 NOTE
r-release-linux-ix86 1.1.0 1.00 20.00 21.00 NOTE
r-release-linux-x86_64 1.1.0 0.54 8.54 9.08 NOTE
r-release-osx-x86_64-mavericks 1.1.0 WARN
r-release-osx-x86_64-snowleopard 1.1.0 NOTE
r-release-windows-ix86+x86_64 1.1.0 5.00 15.00 20.00 NOTE
r-oldrel-windows-ix86+x86_64 1.1.0 2.00 17.00 19.00 NOTE

Check Details

Version: 1.1.0
Check: top-level files
Result: NOTE
    File
     LICENCE
    is not mentioned in the DESCRIPTION file.
Flavors: r-devel-linux-x86_64-debian-clang, r-devel-linux-x86_64-debian-gcc, r-devel-linux-x86_64-fedora-clang, r-devel-linux-x86_64-fedora-gcc, r-devel-osx-x86_64-clang, r-devel-osx-x86_64-gcc, r-devel-windows-ix86+x86_64, r-patched-linux-x86_64, r-patched-solaris-sparc, r-patched-solaris-x86, r-release-linux-ix86, r-release-linux-x86_64, r-release-osx-x86_64-mavericks, r-release-osx-x86_64-snowleopard, r-release-windows-ix86+x86_64, r-oldrel-windows-ix86+x86_64

Version: 1.1.0
Check: PDF version of manual
Result: WARNING
    LaTeX errors when creating PDF version.
    This typically indicates Rd problems.
    LaTeX errors found:
    ! LaTeX Error: File `upquote.sty' not found.
    
    Type X to quit or <RETURN> to proceed,
    or enter new name. (Default extension: sty)
    
    0c3e21/Rd2.tex:8: ==> Fatal error occurred, no output PDF file produced!
Flavor: r-release-osx-x86_64-mavericks