CRAN Package Check Results for Package soma

Last updated on 2017-10-19 17:48:46.

Flavor Version Tinstall Tcheck Ttotal Status Flags
r-devel-linux-x86_64-debian-clang 1.1.1 0.56 10.56 11.11 NOTE
r-devel-linux-x86_64-debian-gcc 1.1.1 0.75 11.17 11.92 NOTE
r-devel-linux-x86_64-fedora-clang 1.1.1 19.77 NOTE
r-devel-linux-x86_64-fedora-gcc 1.1.1 19.21 NOTE
r-devel-windows-ix86+x86_64 1.1.1 2.00 26.00 28.00 NOTE
r-patched-linux-x86_64 1.1.1 0.59 11.07 11.65 NOTE
r-patched-solaris-x86 1.1.1 27.80 NOTE
r-release-linux-x86_64 1.1.1 0.58 10.96 11.54 NOTE
r-release-windows-ix86+x86_64 1.1.1 3.00 25.00 28.00 NOTE
r-release-osx-x86_64 1.1.1 NOTE
r-oldrel-windows-ix86+x86_64 1.1.1 3.00 33.00 36.00 NOTE
r-oldrel-osx-x86_64 1.1.1 NOTE

Check Details

Version: 1.1.1
Check: R code for possible problems
Result: NOTE
    plot.soma: no visible global function definition for ‘plot’
    soma: no visible global function definition for ‘runif’
    Undefined global functions or variables:
     plot runif
    Consider adding
     importFrom("graphics", "plot")
     importFrom("stats", "runif")
    to your NAMESPACE file.
Flavors: r-devel-linux-x86_64-debian-clang, r-devel-linux-x86_64-debian-gcc, r-devel-linux-x86_64-fedora-clang, r-devel-linux-x86_64-fedora-gcc, r-devel-windows-ix86+x86_64, r-patched-linux-x86_64, r-patched-solaris-x86, r-release-linux-x86_64, r-release-windows-ix86+x86_64, r-release-osx-x86_64, r-oldrel-windows-ix86+x86_64, r-oldrel-osx-x86_64