CRAN Package Check Results for Package soma

Last updated on 2015-07-28 03:48:34.

Flavor Version Tinstall Tcheck Ttotal Status Flags
r-devel-linux-x86_64-debian-clang 1.1.1 0.44 8.04 8.48 NOTE
r-devel-linux-x86_64-debian-gcc 1.1.1 0.45 7.70 8.15 NOTE
r-devel-linux-x86_64-fedora-clang 1.1.1 15.71 NOTE
r-devel-linux-x86_64-fedora-gcc 1.1.1 14.94 NOTE
r-devel-osx-x86_64-clang 1.1.1 14.96 OK
r-devel-windows-ix86+x86_64 1.1.1 3.00 16.00 19.00 NOTE
r-patched-linux-x86_64 1.1.1 0.47 7.78 8.25 OK
r-patched-solaris-sparc 1.1.1 105.20 OK
r-patched-solaris-x86 1.1.1 25.50 OK
r-release-linux-x86_64 1.1.1 0.46 7.94 8.40 OK
r-release-osx-x86_64-mavericks 1.1.1 OK
r-release-windows-ix86+x86_64 1.1.1 2.00 15.00 17.00 OK
r-oldrel-windows-ix86+x86_64 1.1.1 4.00 16.00 20.00 OK

Check Details

Version: 1.1.1
Check: R code for possible problems
Result: NOTE
    plot.soma: no visible global function definition for ‘plot’
    soma: no visible global function definition for ‘runif’
    Undefined global functions or variables:
     plot runif
    Consider adding
     importFrom("graphics", "plot")
     importFrom("stats", "runif")
    to your NAMESPACE.
Flavors: r-devel-linux-x86_64-debian-clang, r-devel-linux-x86_64-debian-gcc, r-devel-linux-x86_64-fedora-clang, r-devel-linux-x86_64-fedora-gcc, r-devel-windows-ix86+x86_64