CRAN Package Check Results for Package soma

Last updated on 2014-08-21 07:49:24.

Flavor Version Tinstall Tcheck Ttotal Status Flags
r-devel-linux-x86_64-debian-clang 1.1.0 0.49 8.02 8.51 NOTE
r-devel-linux-x86_64-debian-gcc 1.1.0 0.49 8.27 8.76 NOTE
r-devel-linux-x86_64-fedora-clang 1.1.0 17.90 NOTE
r-devel-linux-x86_64-fedora-gcc 1.1.0 16.84 NOTE
r-devel-osx-x86_64-clang 1.1.0 21.02 NOTE
r-devel-windows-ix86+x86_64 1.1.0 2.00 15.00 17.00 NOTE
r-patched-linux-x86_64 1.1.0 0.51 8.11 8.62 NOTE
r-patched-solaris-sparc 1.1.0 101.70 NOTE
r-patched-solaris-x86 1.1.0 26.10 NOTE
r-release-linux-ix86 1.1.0 0.83 14.08 14.91 NOTE
r-release-linux-x86_64 1.1.0 0.52 8.92 9.44 NOTE
r-release-osx-x86_64-mavericks 1.1.0 NOTE
r-release-osx-x86_64-snowleopard 1.1.0 NOTE
r-release-windows-ix86+x86_64 1.1.0 3.00 20.00 23.00 NOTE
r-oldrel-windows-ix86+x86_64 1.1.0 2.00 17.00 19.00 NOTE

Check Details

Version: 1.1.0
Check: top-level files
Result: NOTE
    File
     LICENCE
    is not mentioned in the DESCRIPTION file.
Flavors: r-devel-linux-x86_64-debian-clang, r-devel-linux-x86_64-debian-gcc, r-devel-linux-x86_64-fedora-clang, r-devel-linux-x86_64-fedora-gcc, r-devel-osx-x86_64-clang, r-devel-windows-ix86+x86_64, r-patched-linux-x86_64, r-patched-solaris-sparc, r-patched-solaris-x86, r-release-linux-ix86, r-release-linux-x86_64, r-release-osx-x86_64-mavericks, r-release-osx-x86_64-snowleopard, r-release-windows-ix86+x86_64, r-oldrel-windows-ix86+x86_64