CRAN Package Check Results for Package soma

Last updated on 2017-08-19 12:52:06.

Flavor Version Tinstall Tcheck Ttotal Status Flags
r-devel-linux-x86_64-debian-clang 1.1.1 0.55 11.63 12.18 NOTE
r-devel-linux-x86_64-debian-gcc 1.1.1 0.58 10.44 11.02 NOTE
r-devel-linux-x86_64-fedora-clang 1.1.1 19.17 NOTE
r-devel-linux-x86_64-fedora-gcc 1.1.1 18.19 NOTE
r-devel-windows-ix86+x86_64 1.1.1 5.00 24.00 29.00 NOTE
r-patched-linux-x86_64 1.1.1 0.64 11.33 11.98 NOTE
r-patched-solaris-x86 1.1.1 30.70 NOTE
r-release-linux-x86_64 1.1.1 0.55 11.22 11.77 NOTE
r-release-windows-ix86+x86_64 1.1.1 3.00 40.00 43.00 NOTE
r-release-osx-x86_64 1.1.1 NOTE
r-oldrel-windows-ix86+x86_64 1.1.1 2.00 32.00 34.00 NOTE
r-oldrel-osx-x86_64 1.1.1 NOTE

Check Details

Version: 1.1.1
Check: R code for possible problems
Result: NOTE
    plot.soma: no visible global function definition for ‘plot’
    soma: no visible global function definition for ‘runif’
    Undefined global functions or variables:
     plot runif
    Consider adding
     importFrom("graphics", "plot")
     importFrom("stats", "runif")
    to your NAMESPACE file.
Flavors: r-devel-linux-x86_64-debian-clang, r-devel-linux-x86_64-debian-gcc, r-devel-linux-x86_64-fedora-clang, r-devel-linux-x86_64-fedora-gcc, r-devel-windows-ix86+x86_64, r-patched-linux-x86_64, r-patched-solaris-x86, r-release-linux-x86_64, r-release-windows-ix86+x86_64, r-release-osx-x86_64, r-oldrel-windows-ix86+x86_64, r-oldrel-osx-x86_64