CRAN Package Check Results for Package soma

Last updated on 2014-11-24 19:50:34.

Flavor Version Tinstall Tcheck Ttotal Status Flags
r-devel-linux-x86_64-debian-clang 1.1.0 0.55 9.00 9.54 NOTE
r-devel-linux-x86_64-debian-gcc 1.1.0 0.60 8.65 9.25 NOTE
r-devel-linux-x86_64-fedora-clang 1.1.0 19.27 NOTE
r-devel-linux-x86_64-fedora-gcc 1.1.0 18.34 NOTE
r-devel-osx-x86_64-clang 1.1.0 21.39 NOTE
r-devel-windows-ix86+x86_64 1.1.0 2.00 15.00 17.00 NOTE
r-patched-linux-x86_64 1.1.0 0.58 8.64 9.22 NOTE
r-patched-solaris-sparc 1.1.0 101.70 NOTE
r-patched-solaris-x86 1.1.0 28.10 NOTE
r-release-linux-ix86 1.1.0 0.85 14.15 15.00 NOTE
r-release-linux-x86_64 1.1.0 0.58 8.69 9.27 NOTE
r-release-osx-x86_64-mavericks 1.1.0 NOTE
r-release-osx-x86_64-snowleopard 1.1.0 NOTE
r-release-windows-ix86+x86_64 1.1.0 2.00 20.00 22.00 NOTE
r-oldrel-windows-ix86+x86_64 1.1.0 2.00 17.00 19.00 NOTE

Check Details

Version: 1.1.0
Check: top-level files
Result: NOTE
    File
     LICENCE
    is not mentioned in the DESCRIPTION file.
Flavors: r-devel-linux-x86_64-debian-clang, r-devel-linux-x86_64-debian-gcc, r-devel-linux-x86_64-fedora-clang, r-devel-linux-x86_64-fedora-gcc, r-devel-osx-x86_64-clang, r-devel-windows-ix86+x86_64, r-patched-linux-x86_64, r-patched-solaris-sparc, r-patched-solaris-x86, r-release-linux-ix86, r-release-linux-x86_64, r-release-osx-x86_64-mavericks, r-release-osx-x86_64-snowleopard, r-release-windows-ix86+x86_64, r-oldrel-windows-ix86+x86_64