CRAN Package Check Results for Package soma

Last updated on 2014-07-26 05:50:46.

Flavor Version Tinstall Tcheck Ttotal Status Flags
r-devel-linux-x86_64-debian-clang 1.1.0 0.51 8.16 8.67 NOTE
r-devel-linux-x86_64-debian-gcc 1.1.0 0.48 8.65 9.13 NOTE
r-devel-linux-x86_64-fedora-clang 1.1.0 18.67 NOTE
r-devel-linux-x86_64-fedora-gcc 1.1.0 17.14 NOTE
r-devel-osx-x86_64-clang 1.1.0 20.34 NOTE
r-devel-windows-ix86+x86_64 1.1.0 2.00 16.00 18.00 NOTE
r-patched-linux-x86_64 1.1.0 0.52 8.26 8.78 NOTE
r-patched-solaris-sparc 1.1.0 102.30 NOTE
r-patched-solaris-x86 1.1.0 27.10 NOTE
r-release-linux-ix86 1.1.0 0.82 13.81 14.63 NOTE
r-release-linux-x86_64 1.1.0 0.52 8.61 9.13 NOTE
r-release-osx-x86_64-mavericks 1.1.0 NOTE
r-release-osx-x86_64-snowleopard 1.1.0 NOTE
r-release-windows-ix86+x86_64 1.1.0 3.00 20.00 23.00 NOTE
r-oldrel-windows-ix86+x86_64 1.1.0 2.00 17.00 19.00 NOTE

Check Details

Version: 1.1.0
Check: top-level files
Result: NOTE
    File
     LICENCE
    is not mentioned in the DESCRIPTION file.
Flavors: r-devel-linux-x86_64-debian-clang, r-devel-linux-x86_64-debian-gcc, r-devel-linux-x86_64-fedora-clang, r-devel-linux-x86_64-fedora-gcc, r-devel-osx-x86_64-clang, r-devel-windows-ix86+x86_64, r-patched-linux-x86_64, r-patched-solaris-sparc, r-patched-solaris-x86, r-release-linux-ix86, r-release-linux-x86_64, r-release-osx-x86_64-mavericks, r-release-osx-x86_64-snowleopard, r-release-windows-ix86+x86_64, r-oldrel-windows-ix86+x86_64