CRAN Package Check Results for Package soma

Last updated on 2016-07-28 23:47:27.

Flavor Version Tinstall Tcheck Ttotal Status Flags
r-devel-linux-x86_64-debian-clang 1.1.1 0.56 10.04 10.60 NOTE
r-devel-linux-x86_64-debian-gcc 1.1.1 0.65 8.57 9.22 NOTE
r-devel-linux-x86_64-fedora-clang 1.1.1 15.43 NOTE
r-devel-linux-x86_64-fedora-gcc 1.1.1 13.42 NOTE
r-devel-osx-x86_64-clang 1.1.1 13.64 NOTE
r-devel-windows-ix86+x86_64 1.1.1 2.00 32.00 34.00 NOTE
r-patched-linux-x86_64 1.1.1 0.54 10.16 10.69 NOTE
r-patched-solaris-sparc 1.1.1 86.60 NOTE
r-patched-solaris-x86 1.1.1 20.50 NOTE
r-release-linux-x86_64 1.1.1 0.74 10.17 10.91 NOTE
r-release-osx-x86_64-mavericks 1.1.1 NOTE
r-release-windows-ix86+x86_64 1.1.1 3.00 30.00 33.00 NOTE
r-oldrel-windows-ix86+x86_64 1.1.1 3.00 42.00 45.00 OK

Check Details

Version: 1.1.1
Check: R code for possible problems
Result: NOTE
    plot.soma: no visible global function definition for ‘plot’
    soma: no visible global function definition for ‘runif’
    Undefined global functions or variables:
     plot runif
    Consider adding
     importFrom("graphics", "plot")
     importFrom("stats", "runif")
    to your NAMESPACE file.
Flavors: r-devel-linux-x86_64-debian-clang, r-devel-linux-x86_64-debian-gcc, r-devel-linux-x86_64-fedora-clang, r-devel-linux-x86_64-fedora-gcc, r-devel-osx-x86_64-clang, r-devel-windows-ix86+x86_64, r-patched-linux-x86_64, r-patched-solaris-sparc, r-patched-solaris-x86, r-release-linux-x86_64, r-release-osx-x86_64-mavericks, r-release-windows-ix86+x86_64