CRAN Package Check Results for Package soma

Last updated on 2016-12-07 10:48:49.

Flavor Version Tinstall Tcheck Ttotal Status Flags
r-devel-linux-x86_64-debian-clang 1.1.1 0.57 10.09 10.66 NOTE
r-devel-linux-x86_64-debian-gcc 1.1.1 0.57 10.01 10.58 NOTE
r-devel-linux-x86_64-fedora-clang 1.1.1 19.40 NOTE --no-stop-on-test-error
r-devel-linux-x86_64-fedora-gcc 1.1.1 17.92 NOTE --no-stop-on-test-error
r-devel-macos-x86_64-clang 1.1.1 16.41 NOTE
r-devel-windows-ix86+x86_64 1.1.1 4.00 32.00 36.00 NOTE
r-patched-linux-x86_64 1.1.1 0.49 8.55 9.04 NOTE
r-patched-solaris-sparc 1.1.1 86.60 NOTE
r-patched-solaris-x86 1.1.1 20.90 NOTE
r-release-linux-x86_64 1.1.1 0.53 8.65 9.17 NOTE
r-release-osx-x86_64-mavericks 1.1.1 NOTE
r-release-windows-ix86+x86_64 1.1.1 2.00 32.00 34.00 NOTE
r-oldrel-windows-ix86+x86_64 1.1.1 4.00 22.00 26.00 OK

Check Details

Version: 1.1.1
Check: R code for possible problems
Result: NOTE
    plot.soma: no visible global function definition for ‘plot’
    soma: no visible global function definition for ‘runif’
    Undefined global functions or variables:
     plot runif
    Consider adding
     importFrom("graphics", "plot")
     importFrom("stats", "runif")
    to your NAMESPACE file.
Flavors: r-devel-linux-x86_64-debian-clang, r-devel-linux-x86_64-debian-gcc, r-devel-macos-x86_64-clang, r-devel-windows-ix86+x86_64, r-patched-linux-x86_64, r-patched-solaris-sparc, r-patched-solaris-x86, r-release-linux-x86_64, r-release-osx-x86_64-mavericks, r-release-windows-ix86+x86_64

Version: 1.1.1
Flags: --no-stop-on-test-error
Check: R code for possible problems
Result: NOTE
    plot.soma: no visible global function definition for ‘plot’
    soma: no visible global function definition for ‘runif’
    Undefined global functions or variables:
     plot runif
    Consider adding
     importFrom("graphics", "plot")
     importFrom("stats", "runif")
    to your NAMESPACE file.
Flavors: r-devel-linux-x86_64-fedora-clang, r-devel-linux-x86_64-fedora-gcc