CRAN Package Check Results for Package soma

Last updated on 2017-03-28 23:50:52.

Flavor Version Tinstall Tcheck Ttotal Status Flags
r-devel-linux-x86_64-debian-clang 1.1.1 0.52 10.40 10.92 NOTE
r-devel-linux-x86_64-debian-gcc 1.1.1 0.58 10.35 10.93 NOTE
r-devel-linux-x86_64-fedora-clang 1.1.1 20.49 NOTE --no-stop-on-test-error
r-devel-linux-x86_64-fedora-gcc 1.1.1 17.84 NOTE --no-stop-on-test-error
r-devel-macos-x86_64-clang 1.1.1 16.30 NOTE --no-stop-on-test-error
r-devel-windows-ix86+x86_64 1.1.1 2.00 32.00 34.00 NOTE
r-patched-linux-x86_64 1.1.1 0.58 10.33 10.91 NOTE
r-patched-solaris-sparc 1.1.1 106.10 NOTE
r-patched-solaris-x86 1.1.1 27.90 NOTE
r-release-linux-x86_64 1.1.1 0.58 8.71 9.29 NOTE
r-release-osx-x86_64-mavericks 1.1.1 NOTE
r-release-windows-ix86+x86_64 1.1.1 2.00 26.00 28.00 NOTE
r-oldrel-windows-ix86+x86_64 1.1.1 2.00 30.00 32.00 OK

Check Details

Version: 1.1.1
Check: R code for possible problems
Result: NOTE
    plot.soma: no visible global function definition for ‘plot’
    soma: no visible global function definition for ‘runif’
    Undefined global functions or variables:
     plot runif
    Consider adding
     importFrom("graphics", "plot")
     importFrom("stats", "runif")
    to your NAMESPACE file.
Flavors: r-devel-linux-x86_64-debian-clang, r-devel-linux-x86_64-debian-gcc, r-devel-windows-ix86+x86_64, r-patched-linux-x86_64, r-patched-solaris-sparc, r-patched-solaris-x86, r-release-linux-x86_64, r-release-osx-x86_64-mavericks, r-release-windows-ix86+x86_64

Version: 1.1.1
Flags: --no-stop-on-test-error
Check: R code for possible problems
Result: NOTE
    plot.soma: no visible global function definition for ‘plot’
    soma: no visible global function definition for ‘runif’
    Undefined global functions or variables:
     plot runif
    Consider adding
     importFrom("graphics", "plot")
     importFrom("stats", "runif")
    to your NAMESPACE file.
Flavors: r-devel-linux-x86_64-fedora-clang, r-devel-linux-x86_64-fedora-gcc, r-devel-macos-x86_64-clang