CRAN Package Check Results for Package soma

Last updated on 2017-05-25 06:48:16.

Flavor Version Tinstall Tcheck Ttotal Status Flags
r-devel-linux-x86_64-debian-clang 1.1.1 0.57 10.71 11.28 NOTE
r-devel-linux-x86_64-debian-gcc 1.1.1 0.60 10.49 11.09 NOTE
r-devel-linux-x86_64-fedora-clang 1.1.1 23.56 NOTE --no-stop-on-test-error
r-devel-linux-x86_64-fedora-gcc 1.1.1 18.33 NOTE --no-stop-on-test-error
r-devel-windows-ix86+x86_64 1.1.1 2.00 46.00 48.00 NOTE
r-patched-linux-x86_64 1.1.1 0.56 10.44 11.00 NOTE
r-patched-solaris-sparc 1.1.1 106.10 NOTE
r-patched-solaris-x86 1.1.1 27.70 NOTE
r-release-linux-x86_64 1.1.1 0.59 10.27 10.86 NOTE
r-release-windows-ix86+x86_64 1.1.1 5.00 173.00 178.00 NOTE
r-release-osx-x86_64 1.1.1 NOTE
r-oldrel-windows-ix86+x86_64 1.1.1 2.00 32.00 34.00 NOTE
r-oldrel-osx-x86_64 1.1.1 NOTE

Check Details

Version: 1.1.1
Check: R code for possible problems
Result: NOTE
    plot.soma: no visible global function definition for ‘plot’
    soma: no visible global function definition for ‘runif’
    Undefined global functions or variables:
     plot runif
    Consider adding
     importFrom("graphics", "plot")
     importFrom("stats", "runif")
    to your NAMESPACE file.
Flavors: r-devel-linux-x86_64-debian-clang, r-devel-linux-x86_64-debian-gcc, r-devel-windows-ix86+x86_64, r-patched-linux-x86_64, r-patched-solaris-sparc, r-patched-solaris-x86, r-release-linux-x86_64, r-release-windows-ix86+x86_64, r-release-osx-x86_64, r-oldrel-windows-ix86+x86_64, r-oldrel-osx-x86_64

Version: 1.1.1
Flags: --no-stop-on-test-error
Check: R code for possible problems
Result: NOTE
    plot.soma: no visible global function definition for ‘plot’
    soma: no visible global function definition for ‘runif’
    Undefined global functions or variables:
     plot runif
    Consider adding
     importFrom("graphics", "plot")
     importFrom("stats", "runif")
    to your NAMESPACE file.
Flavors: r-devel-linux-x86_64-fedora-clang, r-devel-linux-x86_64-fedora-gcc