CRAN Package Check Results for Package soma

Last updated on 2018-02-24 12:48:21 CET.

Flavor Version Tinstall Tcheck Ttotal Status Flags
r-devel-linux-x86_64-debian-clang 1.1.1 0.81 16.14 16.95 NOTE
r-devel-linux-x86_64-debian-gcc 1.1.1 0.64 12.88 13.52 NOTE
r-devel-linux-x86_64-fedora-clang 1.1.1 20.31 NOTE
r-devel-linux-x86_64-fedora-gcc 1.1.1 19.54 NOTE
r-devel-windows-ix86+x86_64 1.1.1 3.00 27.00 30.00 NOTE
r-patched-linux-x86_64 1.1.1 0.80 15.22 16.02 NOTE
r-patched-solaris-x86 1.1.1 27.10 NOTE
r-release-linux-x86_64 1.1.1 0.79 15.04 15.83 NOTE
r-release-windows-ix86+x86_64 1.1.1 3.00 33.00 36.00 NOTE
r-release-osx-x86_64 1.1.1 NOTE
r-oldrel-windows-ix86+x86_64 1.1.1 2.00 36.00 38.00 NOTE
r-oldrel-osx-x86_64 1.1.1 NOTE

Check Details

Version: 1.1.1
Check: R code for possible problems
Result: NOTE
    plot.soma: no visible global function definition for ‘plot’
    soma: no visible global function definition for ‘runif’
    Undefined global functions or variables:
     plot runif
    Consider adding
     importFrom("graphics", "plot")
     importFrom("stats", "runif")
    to your NAMESPACE file.
Flavors: r-devel-linux-x86_64-debian-clang, r-devel-linux-x86_64-debian-gcc, r-devel-linux-x86_64-fedora-clang, r-devel-linux-x86_64-fedora-gcc, r-devel-windows-ix86+x86_64, r-patched-linux-x86_64, r-patched-solaris-x86, r-release-linux-x86_64, r-release-windows-ix86+x86_64, r-release-osx-x86_64, r-oldrel-windows-ix86+x86_64, r-oldrel-osx-x86_64