CRAN Package Check Results for Package soma

Last updated on 2016-02-08 08:47:52.

Flavor Version Tinstall Tcheck Ttotal Status Flags
r-devel-linux-x86_64-debian-gcc 1.1.1 0.53 7.52 8.05 NOTE
r-devel-linux-x86_64-fedora-clang 1.1.1 14.19 NOTE
r-devel-linux-x86_64-fedora-gcc 1.1.1 13.12 NOTE
r-devel-osx-x86_64-clang 1.1.1 18.12 NOTE
r-devel-windows-ix86+x86_64 1.1.1 4.00 20.00 24.00 NOTE
r-patched-linux-x86_64 1.1.1 0.51 8.01 8.52 OK
r-patched-solaris-sparc 1.1.1 94.20 OK
r-patched-solaris-x86 1.1.1 21.70 OK
r-release-linux-x86_64 1.1.1 0.61 8.08 8.69 OK
r-release-osx-x86_64-mavericks 1.1.1 OK
r-release-windows-ix86+x86_64 1.1.1 3.00 17.00 20.00 OK
r-oldrel-windows-ix86+x86_64 1.1.1 4.00 20.00 24.00 OK

Check Details

Version: 1.1.1
Check: R code for possible problems
Result: NOTE
    plot.soma: no visible global function definition for ‘plot’
    soma: no visible global function definition for ‘runif’
    Undefined global functions or variables:
     plot runif
    Consider adding
     importFrom("graphics", "plot")
     importFrom("stats", "runif")
    to your NAMESPACE file.
Flavors: r-devel-linux-x86_64-debian-gcc, r-devel-linux-x86_64-fedora-clang, r-devel-linux-x86_64-fedora-gcc, r-devel-osx-x86_64-clang, r-devel-windows-ix86+x86_64