CRAN Package Check Results for Package soma

Last updated on 2015-09-05 11:47:32.

Flavor Version Tinstall Tcheck Ttotal Status Flags
r-devel-linux-x86_64-debian-clang 1.1.1 0.41 7.76 8.17 NOTE
r-devel-linux-x86_64-debian-gcc 1.1.1 0.48 7.60 8.08 NOTE
r-devel-linux-x86_64-fedora-clang 1.1.1 15.79 NOTE
r-devel-linux-x86_64-fedora-gcc 1.1.1 14.76 NOTE
r-devel-osx-x86_64-clang 1.1.1 14.96 OK
r-devel-windows-ix86+x86_64 1.1.1 2.00 18.00 20.00 NOTE
r-patched-linux-x86_64 1.1.1 0.47 8.23 8.70 OK
r-patched-solaris-sparc 1.1.1 105.20 OK
r-patched-solaris-x86 1.1.1 25.60 OK
r-release-linux-x86_64 1.1.1 0.53 8.18 8.71 OK
r-release-osx-x86_64-mavericks 1.1.1 OK
r-release-windows-ix86+x86_64 1.1.1 2.00 15.00 17.00 OK
r-oldrel-windows-ix86+x86_64 1.1.1 4.00 16.00 20.00 OK

Check Details

Version: 1.1.1
Check: R code for possible problems
Result: NOTE
    plot.soma: no visible global function definition for ‘plot’
    soma: no visible global function definition for ‘runif’
    Undefined global functions or variables:
     plot runif
    Consider adding
     importFrom("graphics", "plot")
     importFrom("stats", "runif")
    to your NAMESPACE.
Flavors: r-devel-linux-x86_64-debian-clang, r-devel-linux-x86_64-debian-gcc, r-devel-linux-x86_64-fedora-clang, r-devel-linux-x86_64-fedora-gcc, r-devel-windows-ix86+x86_64