CRAN Package Check Results for Package soma

Last updated on 2017-12-12 02:50:01 CET.

Flavor Version Tinstall Tcheck Ttotal Status Flags
r-devel-linux-x86_64-debian-clang 1.1.1 0.70 12.80 13.50 NOTE
r-devel-linux-x86_64-debian-gcc 1.1.1 0.53 11.97 12.50 NOTE
r-devel-linux-x86_64-fedora-clang 1.1.1 17.81 NOTE
r-devel-linux-x86_64-fedora-gcc 1.1.1 17.13 NOTE
r-devel-windows-ix86+x86_64 1.1.1 3.00 41.00 44.00 NOTE
r-patched-linux-x86_64 1.1.1 0.75 14.35 15.10 NOTE
r-patched-solaris-x86 1.1.1 27.90 NOTE
r-release-linux-x86_64 1.1.1 0.79 14.69 15.48 NOTE
r-release-windows-ix86+x86_64 1.1.1 2.00 34.00 36.00 NOTE
r-release-osx-x86_64 1.1.1 NOTE
r-oldrel-windows-ix86+x86_64 1.1.1 3.00 32.00 35.00 NOTE
r-oldrel-osx-x86_64 1.1.1 NOTE

Check Details

Version: 1.1.1
Check: R code for possible problems
Result: NOTE
    plot.soma: no visible global function definition for ‘plot’
    soma: no visible global function definition for ‘runif’
    Undefined global functions or variables:
     plot runif
    Consider adding
     importFrom("graphics", "plot")
     importFrom("stats", "runif")
    to your NAMESPACE file.
Flavors: r-devel-linux-x86_64-debian-clang, r-devel-linux-x86_64-debian-gcc, r-devel-linux-x86_64-fedora-clang, r-devel-linux-x86_64-fedora-gcc, r-devel-windows-ix86+x86_64, r-patched-linux-x86_64, r-patched-solaris-x86, r-release-linux-x86_64, r-release-windows-ix86+x86_64, r-release-osx-x86_64, r-oldrel-windows-ix86+x86_64, r-oldrel-osx-x86_64