CRAN Package Check Results for Package soma

Last updated on 2017-02-22 23:54:23.

Flavor Version Tinstall Tcheck Ttotal Status Flags
r-devel-linux-x86_64-debian-clang 1.1.1 0.59 10.33 10.92 NOTE
r-devel-linux-x86_64-debian-gcc 1.1.1 0.63 10.40 11.03 NOTE
r-devel-linux-x86_64-fedora-clang 1.1.1 18.74 NOTE --no-stop-on-test-error
r-devel-linux-x86_64-fedora-gcc 1.1.1 18.15 NOTE --no-stop-on-test-error
r-devel-macos-x86_64-clang 1.1.1 16.77 NOTE --no-stop-on-test-error
r-devel-windows-ix86+x86_64 1.1.1 3.00 58.00 61.00 NOTE
r-patched-linux-x86_64 1.1.1 0.48 8.66 9.13 NOTE
r-patched-solaris-sparc 1.1.1 87.30 NOTE
r-patched-solaris-x86 1.1.1 23.40 NOTE
r-release-linux-x86_64 1.1.1 0.48 8.82 9.30 NOTE
r-release-osx-x86_64-mavericks 1.1.1 NOTE
r-release-windows-ix86+x86_64 1.1.1 3.00 57.00 60.00 NOTE
r-oldrel-windows-ix86+x86_64 1.1.1 3.00 29.00 32.00 OK

Check Details

Version: 1.1.1
Check: R code for possible problems
Result: NOTE
    plot.soma: no visible global function definition for ‘plot’
    soma: no visible global function definition for ‘runif’
    Undefined global functions or variables:
     plot runif
    Consider adding
     importFrom("graphics", "plot")
     importFrom("stats", "runif")
    to your NAMESPACE file.
Flavors: r-devel-linux-x86_64-debian-clang, r-devel-linux-x86_64-debian-gcc, r-devel-windows-ix86+x86_64, r-patched-linux-x86_64, r-patched-solaris-sparc, r-patched-solaris-x86, r-release-linux-x86_64, r-release-osx-x86_64-mavericks, r-release-windows-ix86+x86_64

Version: 1.1.1
Flags: --no-stop-on-test-error
Check: R code for possible problems
Result: NOTE
    plot.soma: no visible global function definition for ‘plot’
    soma: no visible global function definition for ‘runif’
    Undefined global functions or variables:
     plot runif
    Consider adding
     importFrom("graphics", "plot")
     importFrom("stats", "runif")
    to your NAMESPACE file.
Flavors: r-devel-linux-x86_64-fedora-clang, r-devel-linux-x86_64-fedora-gcc, r-devel-macos-x86_64-clang