CRAN Package Check Results for Package soma

Last updated on 2016-08-26 11:47:37.

Flavor Version Tinstall Tcheck Ttotal Status Flags
r-devel-linux-x86_64-debian-clang 1.1.1 0.48 8.59 9.07 NOTE
r-devel-linux-x86_64-debian-gcc 1.1.1 0.80 11.29 12.08 NOTE
r-devel-linux-x86_64-fedora-clang 1.1.1 15.28 NOTE
r-devel-linux-x86_64-fedora-gcc 1.1.1 14.19 NOTE
r-devel-osx-x86_64-clang 1.1.1 13.71 NOTE
r-devel-windows-ix86+x86_64 1.1.1 3.00 23.00 26.00 NOTE
r-patched-linux-x86_64 1.1.1 0.52 8.62 9.14 NOTE
r-patched-solaris-sparc 1.1.1 86.60 NOTE
r-patched-solaris-x86 1.1.1 21.40 NOTE
r-release-linux-x86_64 1.1.1 0.50 8.47 8.97 NOTE
r-release-osx-x86_64-mavericks 1.1.1 NOTE
r-release-windows-ix86+x86_64 1.1.1 2.00 24.00 26.00 NOTE
r-oldrel-windows-ix86+x86_64 1.1.1 2.00 31.00 33.00 OK

Check Details

Version: 1.1.1
Check: R code for possible problems
Result: NOTE
    plot.soma: no visible global function definition for ‘plot’
    soma: no visible global function definition for ‘runif’
    Undefined global functions or variables:
     plot runif
    Consider adding
     importFrom("graphics", "plot")
     importFrom("stats", "runif")
    to your NAMESPACE file.
Flavors: r-devel-linux-x86_64-debian-clang, r-devel-linux-x86_64-debian-gcc, r-devel-linux-x86_64-fedora-clang, r-devel-linux-x86_64-fedora-gcc, r-devel-osx-x86_64-clang, r-devel-windows-ix86+x86_64, r-patched-linux-x86_64, r-patched-solaris-sparc, r-patched-solaris-x86, r-release-linux-x86_64, r-release-osx-x86_64-mavericks, r-release-windows-ix86+x86_64