CRAN Package Check Results for Package soma

Last updated on 2016-09-29 00:47:27.

Flavor Version Tinstall Tcheck Ttotal Status Flags
r-devel-linux-x86_64-debian-clang 1.1.1 0.54 8.45 8.99 NOTE
r-devel-linux-x86_64-debian-gcc 1.1.1 0.62 11.35 11.97 NOTE
r-devel-linux-x86_64-fedora-clang 1.1.1 15.39 NOTE
r-devel-linux-x86_64-fedora-gcc 1.1.1 14.47 NOTE
r-devel-macos-x86_64-clang 1.1.1 14.08 NOTE
r-devel-windows-ix86+x86_64 1.1.1 2.00 29.00 31.00 NOTE
r-patched-linux-x86_64 1.1.1 0.49 9.42 9.91 NOTE
r-patched-solaris-sparc 1.1.1 86.60 NOTE
r-patched-solaris-x86 1.1.1 20.80 NOTE
r-release-linux-x86_64 1.1.1 0.52 8.42 8.95 NOTE
r-release-osx-x86_64-mavericks 1.1.1 NOTE
r-release-windows-ix86+x86_64 1.1.1 4.00 23.00 27.00 NOTE
r-oldrel-windows-ix86+x86_64 1.1.1 4.00 20.00 24.00 OK

Check Details

Version: 1.1.1
Check: R code for possible problems
Result: NOTE
    plot.soma: no visible global function definition for ‘plot’
    soma: no visible global function definition for ‘runif’
    Undefined global functions or variables:
     plot runif
    Consider adding
     importFrom("graphics", "plot")
     importFrom("stats", "runif")
    to your NAMESPACE file.
Flavors: r-devel-linux-x86_64-debian-clang, r-devel-linux-x86_64-debian-gcc, r-devel-linux-x86_64-fedora-clang, r-devel-linux-x86_64-fedora-gcc, r-devel-macos-x86_64-clang, r-devel-windows-ix86+x86_64, r-patched-linux-x86_64, r-patched-solaris-sparc, r-patched-solaris-x86, r-release-linux-x86_64, r-release-osx-x86_64-mavericks, r-release-windows-ix86+x86_64