CRAN Package Check Results for Package soma

Last updated on 2017-06-24 09:56:02.

Flavor Version Tinstall Tcheck Ttotal Status Flags
r-devel-linux-x86_64-debian-clang 1.1.1 0.56 11.48 12.04 NOTE
r-devel-linux-x86_64-debian-gcc 1.1.1 0.61 11.30 11.91 NOTE
r-devel-linux-x86_64-fedora-clang 1.1.1 19.37 NOTE
r-devel-linux-x86_64-fedora-gcc 1.1.1 17.96 NOTE
r-devel-windows-ix86+x86_64 1.1.1 6.00 34.00 40.00 NOTE
r-patched-linux-x86_64 1.1.1 0.60 10.41 11.01 NOTE
r-patched-solaris-sparc 1.1.1 106.10 NOTE
r-patched-solaris-x86 1.1.1 27.00 NOTE
r-release-linux-x86_64 1.1.1 0.63 11.87 12.49 NOTE
r-release-windows-ix86+x86_64 1.1.1 5.00 34.00 39.00 NOTE
r-release-osx-x86_64 1.1.1 NOTE
r-oldrel-windows-ix86+x86_64 1.1.1 3.00 33.00 36.00 NOTE
r-oldrel-osx-x86_64 1.1.1 NOTE

Check Details

Version: 1.1.1
Check: R code for possible problems
Result: NOTE
    plot.soma: no visible global function definition for ‘plot’
    soma: no visible global function definition for ‘runif’
    Undefined global functions or variables:
     plot runif
    Consider adding
     importFrom("graphics", "plot")
     importFrom("stats", "runif")
    to your NAMESPACE file.
Flavors: r-devel-linux-x86_64-debian-clang, r-devel-linux-x86_64-debian-gcc, r-devel-linux-x86_64-fedora-clang, r-devel-linux-x86_64-fedora-gcc, r-devel-windows-ix86+x86_64, r-patched-linux-x86_64, r-patched-solaris-sparc, r-patched-solaris-x86, r-release-linux-x86_64, r-release-windows-ix86+x86_64, r-release-osx-x86_64, r-oldrel-windows-ix86+x86_64, r-oldrel-osx-x86_64