CRAN Package Check Results for Package soobench

Last updated on 2014-07-23 23:48:32.

Flavor Version Tinstall Tcheck Ttotal Status Flags
r-devel-linux-x86_64-debian-clang 1.0-73 2.40 11.14 13.54 NOTE
r-devel-linux-x86_64-debian-gcc 1.0-73 3.67 10.81 14.48 NOTE
r-devel-linux-x86_64-fedora-clang 1.0-73 26.82 NOTE
r-devel-linux-x86_64-fedora-gcc 1.0-73 27.16 NOTE
r-devel-osx-x86_64-clang 1.0-73 27.93 NOTE
r-devel-windows-ix86+x86_64 1.0-73 24.00 25.00 49.00 OK
r-patched-linux-x86_64 1.0-73 3.68 11.34 15.01 NOTE
r-patched-solaris-sparc 1.0-73 165.60 NOTE
r-patched-solaris-x86 1.0-73 41.80 NOTE
r-release-linux-ix86 1.0-73 4.92 23.17 28.09 NOTE
r-release-linux-x86_64 1.0-73 3.61 11.27 14.88 NOTE
r-release-osx-x86_64-mavericks 1.0-73 NOTE
r-release-windows-ix86+x86_64 1.0-73 24.00 24.00 48.00 OK
r-oldrel-windows-ix86+x86_64 1.0-73 23.00 27.00 50.00 OK

Check Details

Version: 1.0-73
Check: DESCRIPTION meta-information
Result: NOTE
    Deprecated license: BSD
Flavors: r-devel-linux-x86_64-debian-clang, r-devel-linux-x86_64-debian-gcc, r-devel-linux-x86_64-fedora-clang, r-devel-linux-x86_64-fedora-gcc, r-devel-osx-x86_64-clang, r-patched-linux-x86_64, r-patched-solaris-sparc, r-patched-solaris-x86, r-release-linux-ix86, r-release-linux-x86_64, r-release-osx-x86_64-mavericks