CRAN Package Check Results for Package soobench

Last updated on 2015-05-27 09:48:05.

Flavor Version Tinstall Tcheck Ttotal Status Flags
r-devel-linux-x86_64-debian-clang 1.0-73 2.99 10.93 13.92 NOTE
r-devel-linux-x86_64-debian-gcc 1.0-73 3.85 10.76 14.62 NOTE
r-devel-linux-x86_64-fedora-clang 1.0-73 25.55 NOTE
r-devel-linux-x86_64-fedora-gcc 1.0-73 26.23 NOTE
r-devel-osx-x86_64-clang 1.0-73 28.48 NOTE
r-devel-windows-ix86+x86_64 1.0-73 27.00 24.00 51.00 NOTE
r-patched-linux-x86_64 1.0-73 3.71 10.91 14.62 NOTE
r-patched-solaris-sparc 1.0-73 174.10 NOTE
r-patched-solaris-x86 1.0-73 39.50 NOTE
r-release-linux-x86_64 1.0-73 3.62 10.74 14.35 NOTE
r-release-osx-x86_64-mavericks 1.0-73 NOTE
r-release-osx-x86_64-snowleopard 1.0-73 NOTE
r-release-windows-ix86+x86_64 1.0-73 24.00 26.00 50.00 NOTE
r-oldrel-windows-ix86+x86_64 1.0-73 23.00 26.00 49.00 NOTE

Check Details

Version: 1.0-73
Check: DESCRIPTION meta-information
Result: NOTE
    Deprecated license: BSD
Flavors: r-devel-linux-x86_64-debian-clang, r-devel-linux-x86_64-debian-gcc, r-devel-linux-x86_64-fedora-clang, r-devel-linux-x86_64-fedora-gcc, r-devel-osx-x86_64-clang, r-patched-linux-x86_64, r-patched-solaris-sparc, r-patched-solaris-x86, r-release-linux-x86_64, r-release-osx-x86_64-mavericks, r-release-osx-x86_64-snowleopard

Version: 1.0-73
Check: dependencies in R code
Result: NOTE
    'library' or 'require' call to ‘rgl’ in package code.
     Please use :: or requireNamespace() instead.
     See section 'Suggested packages' in the 'Writing R Extensions' manual.
Flavors: r-devel-linux-x86_64-debian-clang, r-devel-linux-x86_64-debian-gcc, r-devel-linux-x86_64-fedora-clang, r-devel-linux-x86_64-fedora-gcc, r-devel-osx-x86_64-clang, r-devel-windows-ix86+x86_64, r-patched-linux-x86_64, r-patched-solaris-sparc, r-patched-solaris-x86, r-release-linux-x86_64, r-release-osx-x86_64-mavericks, r-release-osx-x86_64-snowleopard, r-release-windows-ix86+x86_64, r-oldrel-windows-ix86+x86_64

Version: 1.0-73
Check: R code for possible problems
Result: NOTE
    plot3d: no visible global function definition for ‘persp3d’
Flavors: r-devel-linux-x86_64-debian-clang, r-devel-linux-x86_64-debian-gcc, r-devel-linux-x86_64-fedora-clang, r-devel-linux-x86_64-fedora-gcc, r-devel-osx-x86_64-clang, r-devel-windows-ix86+x86_64, r-patched-linux-x86_64, r-patched-solaris-sparc, r-patched-solaris-x86, r-release-linux-x86_64, r-release-osx-x86_64-mavericks, r-release-osx-x86_64-snowleopard, r-release-windows-ix86+x86_64, r-oldrel-windows-ix86+x86_64