CRAN Package Check Results for Package soobench

Last updated on 2016-06-26 16:46:59.

Flavor Version Tinstall Tcheck Ttotal Status Flags
r-devel-linux-x86_64-debian-gcc 1.0-73 4.25 11.44 15.69 NOTE
r-devel-linux-x86_64-fedora-clang 1.0-73 25.20 NOTE
r-devel-linux-x86_64-fedora-gcc 1.0-73 23.41 NOTE
r-devel-osx-x86_64-clang 1.0-73 14.24 NOTE
r-devel-windows-ix86+x86_64 1.0-73 29.00 46.00 75.00 NOTE
r-patched-linux-x86_64 1.0-73 4.48 11.49 15.97 NOTE
r-patched-solaris-sparc 1.0-73 156.60 NOTE
r-patched-solaris-x86 1.0-73 37.00 NOTE
r-release-linux-x86_64 1.0-73 4.02 11.37 15.39 NOTE
r-release-osx-x86_64-mavericks 1.0-73 NOTE
r-release-windows-ix86+x86_64 1.0-73 16.00 31.00 47.00 NOTE
r-oldrel-windows-ix86+x86_64 1.0-73 37.00 45.00 82.00 NOTE

Check Details

Version: 1.0-73
Check: DESCRIPTION meta-information
Result: NOTE
    Deprecated license: BSD
Flavors: r-devel-linux-x86_64-debian-gcc, r-devel-linux-x86_64-fedora-clang, r-devel-linux-x86_64-fedora-gcc, r-devel-osx-x86_64-clang, r-patched-linux-x86_64, r-patched-solaris-sparc, r-patched-solaris-x86, r-release-linux-x86_64, r-release-osx-x86_64-mavericks

Version: 1.0-73
Check: dependencies in R code
Result: NOTE
    'library' or 'require' call to ‘rgl’ in package code.
     Please use :: or requireNamespace() instead.
     See section 'Suggested packages' in the 'Writing R Extensions' manual.
Flavors: r-devel-linux-x86_64-debian-gcc, r-devel-linux-x86_64-fedora-clang, r-devel-linux-x86_64-fedora-gcc, r-devel-osx-x86_64-clang, r-devel-windows-ix86+x86_64, r-patched-linux-x86_64, r-patched-solaris-sparc, r-patched-solaris-x86, r-release-linux-x86_64, r-release-osx-x86_64-mavericks, r-release-windows-ix86+x86_64, r-oldrel-windows-ix86+x86_64

Version: 1.0-73
Check: R code for possible problems
Result: NOTE
    plot.soo_function: no visible global function definition for
     ‘terrain.colors’
    plot.soo_function: no visible binding for global variable ‘image’
    plot.soo_function: no visible binding for global variable ‘contour’
    plot3d: no visible global function definition for ‘persp3d’
    plot3d: no visible global function definition for ‘terrain.colors’
    random_parameters.soo_function: no visible global function definition
     for ‘runif’
    random_rotation_matrix: no visible global function definition for
     ‘runif’
    Undefined global functions or variables:
     contour image persp3d runif terrain.colors
    Consider adding
     importFrom("grDevices", "terrain.colors")
     importFrom("graphics", "contour", "image")
     importFrom("stats", "runif")
    to your NAMESPACE file.
Flavors: r-devel-linux-x86_64-debian-gcc, r-devel-linux-x86_64-fedora-clang, r-devel-linux-x86_64-fedora-gcc, r-devel-osx-x86_64-clang, r-devel-windows-ix86+x86_64, r-patched-linux-x86_64, r-patched-solaris-sparc, r-patched-solaris-x86, r-release-linux-x86_64, r-release-osx-x86_64-mavericks, r-release-windows-ix86+x86_64

Version: 1.0-73
Check: R code for possible problems
Result: NOTE
    plot3d: no visible global function definition for 'persp3d'
Flavor: r-oldrel-windows-ix86+x86_64