CRAN Package Check Results for Package soobench

Last updated on 2017-02-20 03:49:19.

Flavor Version Tinstall Tcheck Ttotal Status Flags
r-devel-linux-x86_64-debian-clang 1.0-73 4.11 13.45 17.56 NOTE
r-devel-linux-x86_64-debian-gcc 1.0-73 4.01 13.97 17.98 NOTE
r-devel-linux-x86_64-fedora-clang 1.0-73 29.69 NOTE --no-stop-on-test-error
r-devel-linux-x86_64-fedora-gcc 1.0-73 29.88 NOTE --no-stop-on-test-error
r-devel-macos-x86_64-clang 1.0-73 26.40 NOTE --no-stop-on-test-error
r-devel-windows-ix86+x86_64 1.0-73 18.00 36.00 54.00 NOTE
r-patched-linux-x86_64 1.0-73 3.70 11.51 15.22 NOTE
r-patched-solaris-sparc 1.0-73 155.50 NOTE
r-patched-solaris-x86 1.0-73 36.00 NOTE
r-release-linux-x86_64 1.0-73 3.94 11.60 15.54 NOTE
r-release-osx-x86_64-mavericks 1.0-73 NOTE
r-release-windows-ix86+x86_64 1.0-73 17.00 31.00 48.00 NOTE
r-oldrel-windows-ix86+x86_64 1.0-73 42.00 43.00 85.00 NOTE

Check Details

Version: 1.0-73
Check: DESCRIPTION meta-information
Result: NOTE
    Deprecated license: BSD
Flavors: r-devel-linux-x86_64-debian-clang, r-devel-linux-x86_64-debian-gcc, r-patched-linux-x86_64, r-patched-solaris-sparc, r-patched-solaris-x86, r-release-linux-x86_64, r-release-osx-x86_64-mavericks

Version: 1.0-73
Check: dependencies in R code
Result: NOTE
    'library' or 'require' call to ‘rgl’ in package code.
     Please use :: or requireNamespace() instead.
     See section 'Suggested packages' in the 'Writing R Extensions' manual.
Flavors: r-devel-linux-x86_64-debian-clang, r-devel-linux-x86_64-debian-gcc, r-devel-windows-ix86+x86_64, r-patched-linux-x86_64, r-patched-solaris-sparc, r-patched-solaris-x86, r-release-linux-x86_64, r-release-osx-x86_64-mavericks, r-release-windows-ix86+x86_64, r-oldrel-windows-ix86+x86_64

Version: 1.0-73
Check: R code for possible problems
Result: NOTE
    plot.soo_function: no visible global function definition for
     ‘terrain.colors’
    plot.soo_function: no visible binding for global variable ‘image’
    plot.soo_function: no visible binding for global variable ‘contour’
    plot3d: no visible global function definition for ‘persp3d’
    plot3d: no visible global function definition for ‘terrain.colors’
    random_parameters.soo_function: no visible global function definition
     for ‘runif’
    random_rotation_matrix: no visible global function definition for
     ‘runif’
    Undefined global functions or variables:
     contour image persp3d runif terrain.colors
    Consider adding
     importFrom("grDevices", "terrain.colors")
     importFrom("graphics", "contour", "image")
     importFrom("stats", "runif")
    to your NAMESPACE file.
Flavors: r-devel-linux-x86_64-debian-clang, r-devel-linux-x86_64-debian-gcc, r-devel-windows-ix86+x86_64, r-patched-linux-x86_64, r-patched-solaris-sparc, r-patched-solaris-x86, r-release-linux-x86_64, r-release-osx-x86_64-mavericks, r-release-windows-ix86+x86_64

Version: 1.0-73
Check: compiled code
Result: NOTE
    File ‘soobench/libs/soobench.so’:
     Found no calls to: ‘R_registerRoutines’, ‘R_useDynamicSymbols’
    
    It is good practice to register native routines and to disable symbol
    search.
    
    See ‘Writing portable packages’ in the ‘Writing R Extensions’ manual.
Flavors: r-devel-linux-x86_64-debian-clang, r-devel-linux-x86_64-debian-gcc

Version: 1.0-73
Flags: --no-stop-on-test-error
Check: DESCRIPTION meta-information
Result: NOTE
    Deprecated license: BSD
Flavors: r-devel-linux-x86_64-fedora-clang, r-devel-linux-x86_64-fedora-gcc, r-devel-macos-x86_64-clang

Version: 1.0-73
Flags: --no-stop-on-test-error
Check: dependencies in R code
Result: NOTE
    'library' or 'require' call to ‘rgl’ in package code.
     Please use :: or requireNamespace() instead.
     See section 'Suggested packages' in the 'Writing R Extensions' manual.
Flavors: r-devel-linux-x86_64-fedora-clang, r-devel-linux-x86_64-fedora-gcc, r-devel-macos-x86_64-clang

Version: 1.0-73
Flags: --no-stop-on-test-error
Check: R code for possible problems
Result: NOTE
    plot.soo_function: no visible global function definition for
     ‘terrain.colors’
    plot.soo_function: no visible binding for global variable ‘image’
    plot.soo_function: no visible binding for global variable ‘contour’
    plot3d: no visible global function definition for ‘persp3d’
    plot3d: no visible global function definition for ‘terrain.colors’
    random_parameters.soo_function: no visible global function definition
     for ‘runif’
    random_rotation_matrix: no visible global function definition for
     ‘runif’
    Undefined global functions or variables:
     contour image persp3d runif terrain.colors
    Consider adding
     importFrom("grDevices", "terrain.colors")
     importFrom("graphics", "contour", "image")
     importFrom("stats", "runif")
    to your NAMESPACE file.
Flavors: r-devel-linux-x86_64-fedora-clang, r-devel-linux-x86_64-fedora-gcc, r-devel-macos-x86_64-clang

Version: 1.0-73
Flags: --no-stop-on-test-error
Check: compiled code
Result: NOTE
    File ‘soobench/libs/soobench.so’:
     Found no calls to: ‘R_registerRoutines’, ‘R_useDynamicSymbols’
    
    It is good practice to register native routines and to disable symbol
    search.
    
    See ‘Writing portable packages’ in the ‘Writing R Extensions’ manual.
Flavors: r-devel-linux-x86_64-fedora-clang, r-devel-linux-x86_64-fedora-gcc, r-devel-macos-x86_64-clang

Version: 1.0-73
Check: R code for possible problems
Result: NOTE
    plot3d: no visible global function definition for 'persp3d'
Flavor: r-oldrel-windows-ix86+x86_64