CRAN Package Check Results for Package soobench

Last updated on 2014-04-24 11:48:56.

Flavor Version Tinstall Tcheck Ttotal Status Flags
r-devel-linux-x86_64-debian-clang 1.0-73 2.58 11.99 14.57 NOTE
r-devel-linux-x86_64-debian-gcc 1.0-73 3.68 11.86 15.54 NOTE
r-devel-linux-x86_64-fedora-clang 1.0-73 27.78 NOTE
r-devel-linux-x86_64-fedora-gcc 1.0-73 28.08 NOTE
r-devel-osx-x86_64-clang 1.0-73 28.71 NOTE
r-devel-osx-x86_64-gcc 1.0-73 NOTE
r-devel-windows-ix86+x86_64 1.0-73 24.00 24.00 48.00 OK
r-patched-linux-x86_64 1.0-73 3.58 11.58 15.15 NOTE
r-patched-solaris-sparc 1.0-73 165.60 NOTE
r-patched-solaris-x86 1.0-73 43.20 NOTE
r-release-linux-ix86 1.0-73 6.00 26.00 32.00 NOTE
r-release-linux-x86_64 1.0-73 3.60 11.78 15.38 NOTE
r-release-osx-x86_64-mavericks 1.0-73 WARN
r-release-windows-ix86+x86_64 1.0-73 23.00 24.00 47.00 OK
r-oldrel-windows-ix86+x86_64 1.0-73 23.00 25.00 48.00 OK

Check Details

Version: 1.0-73
Check: DESCRIPTION meta-information
Result: NOTE
    Deprecated license: BSD
Flavors: r-devel-linux-x86_64-debian-clang, r-devel-linux-x86_64-debian-gcc, r-devel-linux-x86_64-fedora-clang, r-devel-linux-x86_64-fedora-gcc, r-devel-osx-x86_64-clang, r-devel-osx-x86_64-gcc, r-patched-linux-x86_64, r-patched-solaris-sparc, r-patched-solaris-x86, r-release-linux-ix86, r-release-linux-x86_64, r-release-osx-x86_64-mavericks

Version: 1.0-73
Check: PDF version of manual
Result: WARNING
    LaTeX errors when creating PDF version.
    This typically indicates Rd problems.
    LaTeX errors found:
    ! LaTeX Error: File `upquote.sty' not found.
    
    Type X to quit or <RETURN> to proceed,
    or enter new name. (Default extension: sty)
    
    7a201dd/Rd2.tex:8: ==> Fatal error occurred, no output PDF file produced!
Flavor: r-release-osx-x86_64-mavericks