CRAN Package Check Results for Package soobench

Last updated on 2015-03-04 12:47:32.

Flavor Version Tinstall Tcheck Ttotal Status Flags
r-devel-linux-x86_64-debian-clang 1.0-73 2.66 11.25 13.92 NOTE
r-devel-linux-x86_64-debian-gcc 1.0-73 3.58 10.74 14.32 NOTE
r-devel-linux-x86_64-fedora-clang 1.0-73 26.55 NOTE
r-devel-linux-x86_64-fedora-gcc 1.0-73 26.09 NOTE
r-devel-osx-x86_64-clang 1.0-73 28.14 NOTE
r-devel-windows-ix86+x86_64 1.0-73 27.00 26.00 53.00 NOTE
r-patched-linux-x86_64 1.0-73 3.72 11.57 15.28 NOTE
r-patched-solaris-sparc 1.0-73 186.10 NOTE
r-patched-solaris-x86 1.0-73 44.30 NOTE
r-release-linux-ix86 1.0-73 5.12 18.35 23.47 NOTE
r-release-linux-x86_64 1.0-73 3.76 11.89 15.65 NOTE
r-release-osx-x86_64-mavericks 1.0-73 NOTE
r-release-windows-ix86+x86_64 1.0-73 23.00 27.00 50.00 NOTE
r-oldrel-windows-ix86+x86_64 1.0-73 22.00 28.00 50.00 OK

Check Details

Version: 1.0-73
Check: DESCRIPTION meta-information
Result: NOTE
    Deprecated license: BSD
Flavors: r-devel-linux-x86_64-debian-clang, r-devel-linux-x86_64-debian-gcc, r-devel-linux-x86_64-fedora-clang, r-devel-linux-x86_64-fedora-gcc, r-devel-osx-x86_64-clang, r-patched-linux-x86_64, r-patched-solaris-sparc, r-patched-solaris-x86, r-release-linux-ix86, r-release-linux-x86_64, r-release-osx-x86_64-mavericks

Version: 1.0-73
Check: dependencies in R code
Result: NOTE
    'library' or 'require' call to ‘rgl’ in package code.
     Please use :: or requireNamespace() instead.
     See section 'Suggested packages' in the 'Writing R Extensions' manual.
Flavors: r-devel-linux-x86_64-debian-clang, r-devel-linux-x86_64-debian-gcc, r-devel-linux-x86_64-fedora-clang, r-devel-linux-x86_64-fedora-gcc, r-devel-osx-x86_64-clang, r-devel-windows-ix86+x86_64, r-patched-linux-x86_64, r-patched-solaris-sparc, r-patched-solaris-x86

Version: 1.0-73
Check: R code for possible problems
Result: NOTE
    plot3d: no visible global function definition for ‘persp3d’
Flavors: r-devel-linux-x86_64-debian-clang, r-devel-linux-x86_64-debian-gcc, r-devel-linux-x86_64-fedora-clang, r-devel-linux-x86_64-fedora-gcc, r-devel-osx-x86_64-clang, r-devel-windows-ix86+x86_64, r-patched-linux-x86_64, r-patched-solaris-sparc, r-patched-solaris-x86, r-release-linux-ix86, r-release-linux-x86_64, r-release-osx-x86_64-mavericks, r-release-windows-ix86+x86_64