CRAN Package Check Results for Package soobench

Last updated on 2014-10-23 13:48:00.

Flavor Version Tinstall Tcheck Ttotal Status Flags
r-devel-linux-x86_64-debian-clang 1.0-73 2.78 12.09 14.88 NOTE
r-devel-linux-x86_64-debian-gcc 1.0-73 3.75 11.64 15.39 NOTE
r-devel-linux-x86_64-fedora-clang 1.0-73 27.50 NOTE
r-devel-linux-x86_64-fedora-gcc 1.0-73 27.54 NOTE
r-devel-osx-x86_64-clang 1.0-73 30.02 NOTE
r-devel-windows-ix86+x86_64 1.0-73 23.00 24.00 47.00 NOTE
r-patched-linux-x86_64 1.0-73 3.71 11.66 15.37 NOTE
r-patched-solaris-sparc 1.0-73 167.60 NOTE
r-patched-solaris-x86 1.0-73 42.40 NOTE
r-release-linux-ix86 1.0-73 4.98 18.06 23.04 NOTE
r-release-linux-x86_64 1.0-73 4.88 11.81 16.70 NOTE
r-release-osx-x86_64-mavericks 1.0-73 NOTE
r-release-windows-ix86+x86_64 1.0-73 23.00 26.00 49.00 OK
r-oldrel-windows-ix86+x86_64 1.0-73 23.00 27.00 50.00 OK

Check Details

Version: 1.0-73
Check: DESCRIPTION meta-information
Result: NOTE
    Deprecated license: BSD
Flavors: r-devel-linux-x86_64-debian-clang, r-devel-linux-x86_64-debian-gcc, r-devel-linux-x86_64-fedora-clang, r-devel-linux-x86_64-fedora-gcc, r-devel-osx-x86_64-clang, r-patched-linux-x86_64, r-patched-solaris-sparc, r-patched-solaris-x86, r-release-linux-ix86, r-release-linux-x86_64, r-release-osx-x86_64-mavericks

Version: 1.0-73
Check: R code for possible problems
Result: NOTE
    plot3d: no visible global function definition for ‘persp3d’
Flavors: r-devel-linux-x86_64-debian-clang, r-devel-linux-x86_64-debian-gcc, r-devel-linux-x86_64-fedora-clang, r-devel-linux-x86_64-fedora-gcc, r-devel-osx-x86_64-clang, r-devel-windows-ix86+x86_64, r-patched-linux-x86_64, r-patched-solaris-sparc, r-patched-solaris-x86