CRAN Package Check Results for Package soobench

Last updated on 2017-08-18 02:49:27.

Flavor Version Tinstall Tcheck Ttotal Status Flags
r-devel-linux-x86_64-debian-clang 1.0-73 4.21 14.64 18.85 NOTE
r-devel-linux-x86_64-debian-gcc 1.0-73 4.09 13.93 18.02 NOTE
r-devel-linux-x86_64-fedora-clang 1.0-73 30.01 NOTE
r-devel-linux-x86_64-fedora-gcc 1.0-73 29.03 NOTE
r-devel-windows-ix86+x86_64 1.0-73 26.00 36.00 62.00 NOTE
r-patched-linux-x86_64 1.0-73 3.96 15.20 19.16 NOTE
r-patched-solaris-x86 1.0-73 45.90 NOTE
r-release-linux-x86_64 1.0-73 3.97 13.91 17.89 NOTE
r-release-windows-ix86+x86_64 1.0-73 23.00 37.00 60.00 NOTE
r-release-osx-x86_64 1.0-73 NOTE
r-oldrel-windows-ix86+x86_64 1.0-73 25.00 53.00 78.00 NOTE
r-oldrel-osx-x86_64 1.0-73 NOTE

Check Details

Version: 1.0-73
Check: DESCRIPTION meta-information
Result: NOTE
    Deprecated license: BSD
Flavors: r-devel-linux-x86_64-debian-clang, r-devel-linux-x86_64-debian-gcc, r-devel-linux-x86_64-fedora-clang, r-devel-linux-x86_64-fedora-gcc, r-patched-linux-x86_64, r-patched-solaris-x86, r-release-linux-x86_64, r-release-osx-x86_64, r-oldrel-osx-x86_64

Version: 1.0-73
Check: dependencies in R code
Result: NOTE
    'library' or 'require' call to ‘rgl’ in package code.
     Please use :: or requireNamespace() instead.
     See section 'Suggested packages' in the 'Writing R Extensions' manual.
Flavors: r-devel-linux-x86_64-debian-clang, r-devel-linux-x86_64-debian-gcc, r-devel-linux-x86_64-fedora-clang, r-devel-linux-x86_64-fedora-gcc, r-devel-windows-ix86+x86_64, r-patched-linux-x86_64, r-patched-solaris-x86, r-release-linux-x86_64, r-release-windows-ix86+x86_64, r-release-osx-x86_64, r-oldrel-windows-ix86+x86_64, r-oldrel-osx-x86_64

Version: 1.0-73
Check: R code for possible problems
Result: NOTE
    plot.soo_function: no visible global function definition for
     ‘terrain.colors’
    plot.soo_function: no visible binding for global variable ‘image’
    plot.soo_function: no visible binding for global variable ‘contour’
    plot3d: no visible global function definition for ‘persp3d’
    plot3d: no visible global function definition for ‘terrain.colors’
    random_parameters.soo_function: no visible global function definition
     for ‘runif’
    random_rotation_matrix: no visible global function definition for
     ‘runif’
    Undefined global functions or variables:
     contour image persp3d runif terrain.colors
    Consider adding
     importFrom("grDevices", "terrain.colors")
     importFrom("graphics", "contour", "image")
     importFrom("stats", "runif")
    to your NAMESPACE file.
Flavors: r-devel-linux-x86_64-debian-clang, r-devel-linux-x86_64-debian-gcc, r-devel-linux-x86_64-fedora-clang, r-devel-linux-x86_64-fedora-gcc, r-devel-windows-ix86+x86_64, r-patched-linux-x86_64, r-patched-solaris-x86, r-release-linux-x86_64, r-release-windows-ix86+x86_64, r-release-osx-x86_64, r-oldrel-windows-ix86+x86_64, r-oldrel-osx-x86_64

Version: 1.0-73
Check: compiled code
Result: NOTE
    File ‘soobench/libs/soobench.so’:
     Found no calls to: ‘R_registerRoutines’, ‘R_useDynamicSymbols’
    
    It is good practice to register native routines and to disable symbol
    search.
    
    See ‘Writing portable packages’ in the ‘Writing R Extensions’ manual.
Flavors: r-devel-linux-x86_64-debian-clang, r-devel-linux-x86_64-debian-gcc, r-devel-linux-x86_64-fedora-clang, r-devel-linux-x86_64-fedora-gcc, r-patched-linux-x86_64, r-release-linux-x86_64