CRAN Package Check Results for Package soobench

Last updated on 2015-04-19 19:52:03.

Flavor Version Tinstall Tcheck Ttotal Status Flags
r-devel-linux-x86_64-debian-clang 1.0-73 2.70 10.96 13.66 NOTE
r-devel-linux-x86_64-debian-gcc 1.0-73 3.63 10.94 14.57 NOTE
r-devel-linux-x86_64-fedora-clang 1.0-73 26.44 NOTE
r-devel-linux-x86_64-fedora-gcc 1.0-73 26.13 NOTE
r-devel-osx-x86_64-clang 1.0-73 29.06 NOTE
r-devel-windows-ix86+x86_64 1.0-73 30.00 26.00 56.00 NOTE
r-patched-linux-x86_64 1.0-73 3.64 11.48 15.12 NOTE
r-patched-solaris-sparc 1.0-73 180.70 NOTE
r-patched-solaris-x86 1.0-73 38.60 NOTE
r-release-linux-x86_64 1.0-73 3.52 10.20 13.73 NOTE
r-release-osx-x86_64-mavericks 1.0-73 NOTE
r-release-osx-x86_64-snowleopard 1.0-73 NOTE
r-release-windows-ix86+x86_64 1.0-73 18.00 25.00 43.00 NOTE
r-oldrel-windows-ix86+x86_64 1.0-73 18.00 27.00 45.00 NOTE

Check Details

Version: 1.0-73
Check: DESCRIPTION meta-information
Result: NOTE
    Deprecated license: BSD
Flavors: r-devel-linux-x86_64-debian-clang, r-devel-linux-x86_64-debian-gcc, r-devel-linux-x86_64-fedora-clang, r-devel-linux-x86_64-fedora-gcc, r-devel-osx-x86_64-clang, r-patched-linux-x86_64, r-patched-solaris-sparc, r-patched-solaris-x86, r-release-linux-x86_64, r-release-osx-x86_64-mavericks, r-release-osx-x86_64-snowleopard

Version: 1.0-73
Check: dependencies in R code
Result: NOTE
    'library' or 'require' call to ‘rgl’ in package code.
     Please use :: or requireNamespace() instead.
     See section 'Suggested packages' in the 'Writing R Extensions' manual.
Flavors: r-devel-linux-x86_64-debian-clang, r-devel-linux-x86_64-debian-gcc, r-devel-linux-x86_64-fedora-clang, r-devel-linux-x86_64-fedora-gcc, r-devel-osx-x86_64-clang, r-devel-windows-ix86+x86_64, r-patched-linux-x86_64, r-patched-solaris-sparc, r-patched-solaris-x86, r-release-linux-x86_64, r-release-osx-x86_64-mavericks, r-release-osx-x86_64-snowleopard, r-release-windows-ix86+x86_64, r-oldrel-windows-ix86+x86_64

Version: 1.0-73
Check: R code for possible problems
Result: NOTE
    plot3d: no visible global function definition for ‘persp3d’
Flavors: r-devel-linux-x86_64-debian-clang, r-devel-linux-x86_64-debian-gcc, r-devel-linux-x86_64-fedora-clang, r-devel-linux-x86_64-fedora-gcc, r-devel-osx-x86_64-clang, r-devel-windows-ix86+x86_64, r-patched-linux-x86_64, r-patched-solaris-sparc, r-patched-solaris-x86, r-release-linux-x86_64, r-release-osx-x86_64-mavericks, r-release-osx-x86_64-snowleopard, r-release-windows-ix86+x86_64, r-oldrel-windows-ix86+x86_64