CRAN Package Check Results for Package soobench

Last updated on 2014-12-20 09:53:55.

Flavor Version Tinstall Tcheck Ttotal Status Flags
r-devel-linux-x86_64-debian-clang 1.0-73 2.69 12.08 14.78 NOTE
r-devel-linux-x86_64-debian-gcc 1.0-73 3.66 11.53 15.19 NOTE
r-devel-linux-x86_64-fedora-clang 1.0-73 29.76 NOTE
r-devel-linux-x86_64-fedora-gcc 1.0-73 28.24 NOTE
r-devel-osx-x86_64-clang 1.0-73 28.95 NOTE
r-devel-windows-ix86+x86_64 1.0-73 26.00 27.00 53.00 NOTE
r-patched-linux-x86_64 1.0-73 3.71 11.64 15.34 NOTE
r-patched-solaris-sparc 1.0-73 167.60 NOTE
r-patched-solaris-x86 1.0-73 42.70 NOTE
r-release-linux-ix86 1.0-73 4.76 17.60 22.37 NOTE
r-release-linux-x86_64 1.0-73 3.83 11.62 15.45 NOTE
r-release-osx-x86_64-mavericks 1.0-73 NOTE
r-release-windows-ix86+x86_64 1.0-73 25.00 28.00 53.00 NOTE
r-oldrel-windows-ix86+x86_64 1.0-73 24.00 27.00 51.00 OK

Check Details

Version: 1.0-73
Check: DESCRIPTION meta-information
Result: NOTE
    Deprecated license: BSD
Flavors: r-devel-linux-x86_64-debian-clang, r-devel-linux-x86_64-debian-gcc, r-devel-linux-x86_64-fedora-clang, r-devel-linux-x86_64-fedora-gcc, r-devel-osx-x86_64-clang, r-patched-linux-x86_64, r-patched-solaris-sparc, r-patched-solaris-x86, r-release-linux-ix86, r-release-linux-x86_64, r-release-osx-x86_64-mavericks

Version: 1.0-73
Check: R code for possible problems
Result: NOTE
    plot3d: no visible global function definition for ‘persp3d’
Flavors: r-devel-linux-x86_64-debian-clang, r-devel-linux-x86_64-debian-gcc, r-devel-linux-x86_64-fedora-clang, r-devel-linux-x86_64-fedora-gcc, r-devel-osx-x86_64-clang, r-devel-windows-ix86+x86_64, r-patched-linux-x86_64, r-patched-solaris-sparc, r-patched-solaris-x86, r-release-linux-ix86, r-release-linux-x86_64, r-release-windows-ix86+x86_64