CRAN Package Check Results for Package soobench

Last updated on 2014-11-28 19:51:30.

Flavor Version Tinstall Tcheck Ttotal Status Flags
r-devel-linux-x86_64-debian-clang 1.0-73 2.71 11.78 14.49 NOTE
r-devel-linux-x86_64-debian-gcc 1.0-73 3.70 11.28 14.98 NOTE
r-devel-linux-x86_64-fedora-clang 1.0-73 29.81 NOTE
r-devel-linux-x86_64-fedora-gcc 1.0-73 29.16 NOTE
r-devel-osx-x86_64-clang 1.0-73 30.52 NOTE
r-devel-windows-ix86+x86_64 1.0-73 26.00 23.00 49.00 NOTE
r-patched-linux-x86_64 1.0-73 3.76 11.35 15.10 NOTE
r-patched-solaris-sparc 1.0-73 167.60 NOTE
r-patched-solaris-x86 1.0-73 43.80 NOTE
r-release-linux-ix86 1.0-73 4.77 17.59 22.36 NOTE
r-release-linux-x86_64 1.0-73 3.76 11.78 15.54 NOTE
r-release-osx-x86_64-mavericks 1.0-73 NOTE
r-release-windows-ix86+x86_64 1.0-73 27.00 25.00 52.00 NOTE
r-oldrel-windows-ix86+x86_64 1.0-73 24.00 25.00 49.00 OK

Check Details

Version: 1.0-73
Check: DESCRIPTION meta-information
Result: NOTE
    Deprecated license: BSD
Flavors: r-devel-linux-x86_64-debian-clang, r-devel-linux-x86_64-debian-gcc, r-devel-linux-x86_64-fedora-clang, r-devel-linux-x86_64-fedora-gcc, r-devel-osx-x86_64-clang, r-patched-linux-x86_64, r-patched-solaris-sparc, r-patched-solaris-x86, r-release-linux-ix86, r-release-linux-x86_64, r-release-osx-x86_64-mavericks

Version: 1.0-73
Check: R code for possible problems
Result: NOTE
    plot3d: no visible global function definition for ‘persp3d’
Flavors: r-devel-linux-x86_64-debian-clang, r-devel-linux-x86_64-debian-gcc, r-devel-linux-x86_64-fedora-clang, r-devel-linux-x86_64-fedora-gcc, r-devel-osx-x86_64-clang, r-devel-windows-ix86+x86_64, r-patched-linux-x86_64, r-patched-solaris-sparc, r-patched-solaris-x86, r-release-linux-ix86, r-release-linux-x86_64, r-release-windows-ix86+x86_64