CRAN Package Check Results for Package soobench

Last updated on 2014-09-23 09:53:24.

Flavor Version Tinstall Tcheck Ttotal Status Flags
r-devel-linux-x86_64-debian-clang 1.0-73 2.68 11.31 13.99 NOTE
r-devel-linux-x86_64-debian-gcc 1.0-73 3.72 11.44 15.17 NOTE
r-devel-linux-x86_64-fedora-clang 1.0-73 27.96 NOTE
r-devel-linux-x86_64-fedora-gcc 1.0-73 26.74 NOTE
r-devel-osx-x86_64-clang 1.0-73 29.74 NOTE
r-devel-windows-ix86+x86_64 1.0-73 22.00 26.00 48.00 NOTE
r-patched-linux-x86_64 1.0-73 3.74 11.31 15.05 NOTE
r-patched-solaris-sparc 1.0-73 172.10 NOTE
r-patched-solaris-x86 1.0-73 42.90 NOTE
r-release-linux-ix86 1.0-73 5.00 17.70 22.69 NOTE
r-release-linux-x86_64 1.0-73 3.82 11.62 15.44 NOTE
r-release-osx-x86_64-mavericks 1.0-73 NOTE
r-release-windows-ix86+x86_64 1.0-73 24.00 25.00 49.00 OK
r-oldrel-windows-ix86+x86_64 1.0-73 24.00 28.00 52.00 OK

Check Details

Version: 1.0-73
Check: DESCRIPTION meta-information
Result: NOTE
    Deprecated license: BSD
Flavors: r-devel-linux-x86_64-debian-clang, r-devel-linux-x86_64-debian-gcc, r-devel-linux-x86_64-fedora-clang, r-devel-linux-x86_64-fedora-gcc, r-devel-osx-x86_64-clang, r-patched-linux-x86_64, r-patched-solaris-sparc, r-patched-solaris-x86, r-release-linux-ix86, r-release-linux-x86_64, r-release-osx-x86_64-mavericks

Version: 1.0-73
Check: R code for possible problems
Result: NOTE
    plot3d: no visible global function definition for ‘persp3d’
Flavors: r-devel-linux-x86_64-debian-clang, r-devel-linux-x86_64-debian-gcc, r-devel-linux-x86_64-fedora-clang, r-devel-linux-x86_64-fedora-gcc, r-devel-osx-x86_64-clang, r-devel-windows-ix86+x86_64