CRAN Package Check Results for Package soobench

Last updated on 2015-07-01 06:48:56.

Flavor Version Tinstall Tcheck Ttotal Status Flags
r-devel-linux-x86_64-debian-clang 1.0-73 2.75 10.70 13.45 NOTE
r-devel-linux-x86_64-debian-gcc 1.0-73 3.62 10.58 14.20 NOTE
r-devel-linux-x86_64-fedora-clang 1.0-73 25.49 NOTE
r-devel-linux-x86_64-fedora-gcc 1.0-73 25.70 NOTE
r-devel-osx-x86_64-clang 1.0-73 24.26 NOTE
r-devel-windows-ix86+x86_64 1.0-73 35.00 27.00 62.00 NOTE
r-patched-linux-x86_64 1.0-73 3.64 11.17 14.81 NOTE
r-patched-solaris-sparc 1.0-73 174.10 NOTE
r-patched-solaris-x86 1.0-73 40.20 NOTE
r-release-linux-x86_64 1.0-73 3.79 11.44 15.23 NOTE
r-release-osx-x86_64-mavericks 1.0-73 NOTE
r-release-windows-ix86+x86_64 1.0-73 25.00 27.00 52.00 NOTE
r-oldrel-windows-ix86+x86_64 1.0-73 33.00 40.00 73.00 NOTE

Check Details

Version: 1.0-73
Check: DESCRIPTION meta-information
Result: NOTE
    Deprecated license: BSD
Flavors: r-devel-linux-x86_64-debian-clang, r-devel-linux-x86_64-debian-gcc, r-devel-linux-x86_64-fedora-clang, r-devel-linux-x86_64-fedora-gcc, r-devel-osx-x86_64-clang, r-patched-linux-x86_64, r-patched-solaris-sparc, r-patched-solaris-x86, r-release-linux-x86_64, r-release-osx-x86_64-mavericks

Version: 1.0-73
Check: dependencies in R code
Result: NOTE
    'library' or 'require' call to ‘rgl’ in package code.
     Please use :: or requireNamespace() instead.
     See section 'Suggested packages' in the 'Writing R Extensions' manual.
Flavors: r-devel-linux-x86_64-debian-clang, r-devel-linux-x86_64-debian-gcc, r-devel-linux-x86_64-fedora-clang, r-devel-linux-x86_64-fedora-gcc, r-devel-osx-x86_64-clang, r-devel-windows-ix86+x86_64, r-patched-linux-x86_64, r-patched-solaris-sparc, r-patched-solaris-x86, r-release-linux-x86_64, r-release-osx-x86_64-mavericks, r-release-windows-ix86+x86_64, r-oldrel-windows-ix86+x86_64

Version: 1.0-73
Check: R code for possible problems
Result: NOTE
    plot.soo_function: no visible global function definition for
     ‘terrain.colors’
    plot.soo_function: no visible binding for global variable ‘image’
    plot.soo_function: no visible binding for global variable ‘contour’
    plot3d: no visible global function definition for ‘persp3d’
    plot3d: no visible global function definition for ‘terrain.colors’
    random_parameters.soo_function: no visible global function definition
     for ‘runif’
    random_rotation_matrix: no visible global function definition for
     ‘runif’
Flavors: r-devel-linux-x86_64-debian-clang, r-devel-linux-x86_64-debian-gcc, r-devel-linux-x86_64-fedora-clang, r-devel-linux-x86_64-fedora-gcc, r-devel-windows-ix86+x86_64

Version: 1.0-73
Check: R code for possible problems
Result: NOTE
    plot3d: no visible global function definition for ‘persp3d’
Flavors: r-devel-osx-x86_64-clang, r-patched-linux-x86_64, r-patched-solaris-sparc, r-patched-solaris-x86, r-release-linux-x86_64, r-release-osx-x86_64-mavericks, r-release-windows-ix86+x86_64, r-oldrel-windows-ix86+x86_64