CRAN Package Check Results for Package soobench

Last updated on 2015-01-27 05:47:46.

Flavor Version Tinstall Tcheck Ttotal Status Flags
r-devel-linux-x86_64-debian-clang 1.0-73 2.69 11.30 13.99 NOTE
r-devel-linux-x86_64-debian-gcc 1.0-73 3.62 11.26 14.89 NOTE
r-devel-linux-x86_64-fedora-clang 1.0-73 30.70 NOTE
r-devel-linux-x86_64-fedora-gcc 1.0-73 29.36 NOTE
r-devel-osx-x86_64-clang 1.0-73 29.95 NOTE
r-devel-windows-ix86+x86_64 1.0-73 26.00 23.00 49.00 NOTE
r-patched-linux-x86_64 1.0-73 3.76 11.73 15.49 NOTE
r-patched-solaris-sparc 1.0-73 167.30 NOTE
r-patched-solaris-x86 1.0-73 42.40 NOTE
r-release-linux-ix86 1.0-73 4.76 17.67 22.43 NOTE
r-release-linux-x86_64 1.0-73 3.74 11.56 15.30 NOTE
r-release-osx-x86_64-mavericks 1.0-73 NOTE
r-release-windows-ix86+x86_64 1.0-73 32.00 26.00 58.00 NOTE
r-oldrel-windows-ix86+x86_64 1.0-73 35.00 29.00 64.00 OK

Check Details

Version: 1.0-73
Check: DESCRIPTION meta-information
Result: NOTE
    Deprecated license: BSD
Flavors: r-devel-linux-x86_64-debian-clang, r-devel-linux-x86_64-debian-gcc, r-devel-linux-x86_64-fedora-clang, r-devel-linux-x86_64-fedora-gcc, r-devel-osx-x86_64-clang, r-patched-linux-x86_64, r-patched-solaris-sparc, r-patched-solaris-x86, r-release-linux-ix86, r-release-linux-x86_64, r-release-osx-x86_64-mavericks

Version: 1.0-73
Check: dependencies in R code
Result: NOTE
    'library' or 'require' call to ‘rgl’ in package code.
     Please use :: or requireNamespace() instead.
     See section 'Suggested packages' in the 'Writing R Extensions' manual.
Flavors: r-devel-linux-x86_64-debian-clang, r-devel-linux-x86_64-debian-gcc, r-devel-linux-x86_64-fedora-clang, r-devel-linux-x86_64-fedora-gcc, r-devel-osx-x86_64-clang, r-devel-windows-ix86+x86_64

Version: 1.0-73
Check: R code for possible problems
Result: NOTE
    plot3d: no visible global function definition for ‘persp3d’
Flavors: r-devel-linux-x86_64-debian-clang, r-devel-linux-x86_64-debian-gcc, r-devel-linux-x86_64-fedora-clang, r-devel-linux-x86_64-fedora-gcc, r-devel-osx-x86_64-clang, r-devel-windows-ix86+x86_64, r-patched-linux-x86_64, r-patched-solaris-sparc, r-patched-solaris-x86, r-release-linux-ix86, r-release-linux-x86_64, r-release-osx-x86_64-mavericks, r-release-windows-ix86+x86_64