CRAN Package Check Results for Package soptdmaeA

Last updated on 2020-09-18 18:47:38 CEST.

Flavor Version Tinstall Tcheck Ttotal Status Flags
r-devel-linux-x86_64-debian-clang 1.0.0 10.06 65.84 75.90 OK
r-devel-linux-x86_64-debian-gcc 1.0.0 7.63 51.86 59.49 OK
r-devel-linux-x86_64-fedora-clang 1.0.0 111.57 OK
r-devel-linux-x86_64-fedora-gcc 1.0.0 97.13 OK
r-devel-windows-ix86+x86_64 1.0.0 18.00 88.00 106.00 OK
r-patched-linux-x86_64 1.0.0 9.01 66.47 75.48 OK
r-patched-solaris-x86 1.0.0 141.70 OK
r-release-linux-x86_64 1.0.0 10.10 67.06 77.16 OK
r-release-macos-x86_64 1.0.0 OK
r-release-windows-ix86+x86_64 1.0.0 20.00 66.00 86.00 OK
r-oldrel-macos-x86_64 1.0.0 FAIL
r-oldrel-windows-ix86+x86_64 1.0.0 11.00 79.00 90.00 OK

Check Details

Version: 1.0.0
Check: whether package can be installed
Result: FAIL
Flavor: r-oldrel-macos-x86_64