CRAN Package Check Results for Package sorvi

Last updated on 2015-04-25 10:48:26.

Flavor Version Tinstall Tcheck Ttotal Status Flags
r-devel-linux-x86_64-debian-clang 0.7.20 1.51 26.44 27.95 NOTE
r-devel-linux-x86_64-debian-gcc 0.7.20 1.74 27.40 29.14 NOTE
r-devel-linux-x86_64-fedora-clang 0.7.20 55.77 NOTE
r-devel-linux-x86_64-fedora-gcc 0.7.20 52.58 NOTE
r-devel-osx-x86_64-clang 0.7.20 52.92 NOTE
r-devel-windows-ix86+x86_64 0.7.20 6.00 49.00 55.00 NOTE
r-patched-linux-x86_64 0.7.20 1.48 33.92 35.40 NOTE
r-patched-solaris-sparc 0.7.20 367.80 NOTE
r-patched-solaris-x86 0.7.20 82.10 NOTE
r-release-linux-x86_64 0.7.20 1.56 26.31 27.87 OK
r-release-osx-x86_64-mavericks 0.7.20 OK
r-release-osx-x86_64-snowleopard 0.7.20 ERROR
r-release-windows-ix86+x86_64 0.7.20 6.00 54.00 60.00 OK
r-oldrel-windows-ix86+x86_64 0.7.20 9.00 74.00 83.00 OK

Check Details

Version: 0.7.20
Check: files in 'vignettes'
Result: NOTE
    The following directory looks like a leftover from 'knitr':
     'figure'
    Please remove from your package.
Flavors: r-devel-windows-ix86+x86_64, r-patched-linux-x86_64