CRAN Package Check Results for Package sorvi

Last updated on 2019-08-24 06:47:31 CEST.

Flavor Version Tinstall Tcheck Ttotal Status Flags
r-devel-linux-x86_64-debian-clang 0.7.26 5.07 51.37 56.44 NOTE
r-devel-linux-x86_64-debian-gcc 0.7.26 4.11 39.53 43.64 NOTE
r-devel-linux-x86_64-fedora-clang 0.7.26 69.46 NOTE
r-devel-linux-x86_64-fedora-gcc 0.7.26 71.60 NOTE
r-devel-windows-ix86+x86_64 0.7.26 16.00 89.00 105.00 NOTE
r-patched-linux-x86_64 0.7.26 4.13 49.54 53.67 NOTE
r-patched-solaris-x86 0.7.26 113.60 NOTE
r-release-linux-x86_64 0.7.26 4.35 49.89 54.24 NOTE
r-release-windows-ix86+x86_64 0.7.26 20.00 68.00 88.00 NOTE
r-release-osx-x86_64 0.7.26 NOTE
r-oldrel-windows-ix86+x86_64 0.7.26 12.00 105.00 117.00 NOTE
r-oldrel-osx-x86_64 0.7.26 NOTE

Check Details

Version: 0.7.26
Check: R code for possible problems
Result: NOTE
    convert_municipality_names: no visible global function definition for
     'read.csv'
    regression_plot: no visible binding for global variable 'loess'
    regression_plot: no visible global function definition for
     'colorRampPalette'
    regression_plot: no visible global function definition for
     'loess.control'
    regression_plot: no visible global function definition for 'predict'
    regression_plot : <anonymous>: no visible global function definition
     for 'quantile'
    regression_plot : <anonymous>: no visible global function definition
     for 'pnorm'
    regression_plot: no visible global function definition for
     'flush.console'
    regression_plot: no visible global function definition for 'density'
    Undefined global functions or variables:
     colorRampPalette density flush.console loess loess.control pnorm
     predict quantile read.csv
    Consider adding
     importFrom("grDevices", "colorRampPalette")
     importFrom("stats", "density", "loess", "loess.control", "pnorm",
     "predict", "quantile")
     importFrom("utils", "flush.console", "read.csv")
    to your NAMESPACE file.
Flavors: r-devel-linux-x86_64-debian-clang, r-devel-linux-x86_64-debian-gcc, r-devel-linux-x86_64-fedora-clang, r-devel-linux-x86_64-fedora-gcc, r-devel-windows-ix86+x86_64, r-patched-linux-x86_64, r-patched-solaris-x86, r-release-linux-x86_64, r-release-windows-ix86+x86_64, r-release-osx-x86_64, r-oldrel-windows-ix86+x86_64, r-oldrel-osx-x86_64