CRAN Package Check Results for Package sorvi

Last updated on 2015-01-30 18:51:40.

Flavor Version Tinstall Tcheck Ttotal Status Flags
r-devel-linux-x86_64-debian-clang 0.6.23 1.61 21.10 22.72 NOTE
r-devel-linux-x86_64-debian-gcc 0.6.23 1.78 22.68 24.46 NOTE
r-devel-linux-x86_64-fedora-clang 0.6.23 55.57 NOTE
r-devel-linux-x86_64-fedora-gcc 0.6.23 56.83 NOTE
r-devel-osx-x86_64-clang 0.6.23 62.17 NOTE
r-devel-windows-ix86+x86_64 0.6.23 8.00 37.00 45.00 NOTE
r-patched-linux-x86_64 0.6.23 2.42 31.34 33.76 NOTE
r-patched-solaris-sparc 0.6.23 380.20 NOTE
r-patched-solaris-x86 0.6.23 93.30 NOTE
r-release-linux-ix86 0.6.23 2.94 38.69 41.63 NOTE
r-release-linux-x86_64 0.6.23 2.34 31.55 33.89 NOTE
r-release-osx-x86_64-mavericks 0.6.23 NOTE
r-release-osx-x86_64-snowleopard 0.6.23 OK
r-release-windows-ix86+x86_64 0.6.23 9.00 56.00 65.00 NOTE
r-oldrel-windows-ix86+x86_64 0.6.23 10.00 58.00 68.00 OK

Check Details

Version: 0.6.23
Check: R code for possible problems
Result: NOTE
    get_municipality_info_statfi: no visible global function definition for
     ‘cast’
Flavors: r-devel-linux-x86_64-debian-clang, r-devel-linux-x86_64-debian-gcc, r-devel-linux-x86_64-fedora-clang, r-devel-linux-x86_64-fedora-gcc, r-devel-osx-x86_64-clang, r-devel-windows-ix86+x86_64, r-patched-linux-x86_64, r-patched-solaris-sparc, r-patched-solaris-x86, r-release-linux-ix86, r-release-linux-x86_64, r-release-osx-x86_64-mavericks, r-release-windows-ix86+x86_64