CRAN Package Check Results for Package sorvi

Last updated on 2014-09-23 01:48:39.

Flavor Version Tinstall Tcheck Ttotal Status Flags
r-devel-linux-x86_64-debian-clang 0.6.23 2.42 30.52 32.95 NOTE
r-devel-linux-x86_64-debian-gcc 0.6.23 2.16 29.78 31.94 NOTE
r-devel-linux-x86_64-fedora-clang 0.6.23 71.52 NOTE
r-devel-linux-x86_64-fedora-gcc 0.6.23 64.87 NOTE
r-devel-osx-x86_64-clang 0.6.23 61.09 NOTE
r-devel-windows-ix86+x86_64 0.6.23 9.00 55.00 64.00 NOTE
r-patched-linux-x86_64 0.6.23 2.43 32.60 35.03 OK
r-patched-solaris-sparc 0.6.23 417.40 OK
r-patched-solaris-x86 0.6.23 94.70 OK
r-release-linux-ix86 0.6.23 3.01 42.40 45.41 OK
r-release-linux-x86_64 0.6.23 2.45 33.66 36.10 OK
r-release-osx-x86_64-mavericks 0.6.23 OK
r-release-osx-x86_64-snowleopard 0.6.23 OK
r-release-windows-ix86+x86_64 0.6.23 8.00 59.00 67.00 OK
r-oldrel-windows-ix86+x86_64 0.6.23 9.00 59.00 68.00 OK

Check Details

Version: 0.6.23
Check: R code for possible problems
Result: NOTE
    get_municipality_info_statfi: no visible global function definition for
     ‘cast’
Flavors: r-devel-linux-x86_64-debian-clang, r-devel-linux-x86_64-debian-gcc, r-devel-linux-x86_64-fedora-clang, r-devel-linux-x86_64-fedora-gcc, r-devel-osx-x86_64-clang, r-devel-windows-ix86+x86_64