CRAN Package Check Results for Package sorvi

Last updated on 2017-01-23 14:48:31.

Flavor Version Tinstall Tcheck Ttotal Status Flags
r-devel-linux-x86_64-debian-clang 0.7.26 1.57 31.15 32.72 NOTE
r-devel-linux-x86_64-debian-gcc 0.7.26 1.66 30.68 32.34 NOTE
r-devel-linux-x86_64-fedora-clang 0.7.26 61.93 NOTE --no-stop-on-test-error
r-devel-linux-x86_64-fedora-gcc 0.7.26 60.82 NOTE --no-stop-on-test-error
r-devel-macos-x86_64-clang 0.7.26 50.53 NOTE --no-stop-on-test-error
r-devel-windows-ix86+x86_64 0.7.26 7.00 78.00 85.00 NOTE
r-patched-linux-x86_64 0.7.26 1.76 26.21 27.97 NOTE
r-patched-solaris-sparc 0.7.26 318.70 NOTE
r-patched-solaris-x86 0.7.26 72.50 NOTE
r-release-linux-x86_64 0.7.26 1.57 26.26 27.83 NOTE
r-release-osx-x86_64-mavericks 0.7.26 NOTE
r-release-windows-ix86+x86_64 0.7.26 18.00 66.00 84.00 NOTE
r-oldrel-windows-ix86+x86_64 0.7.26 18.00 87.00 105.00 OK

Check Details

Version: 0.7.26
Check: R code for possible problems
Result: NOTE
    convert_municipality_names: no visible global function definition for
     ‘read.csv’
    regression_plot: no visible binding for global variable ‘loess’
    regression_plot: no visible global function definition for
     ‘colorRampPalette’
    regression_plot: no visible global function definition for
     ‘loess.control’
    regression_plot: no visible global function definition for ‘predict’
    regression_plot : <anonymous>: no visible global function definition
     for ‘quantile’
    regression_plot : <anonymous>: no visible global function definition
     for ‘pnorm’
    regression_plot: no visible global function definition for
     ‘flush.console’
    regression_plot: no visible global function definition for ‘density’
    Undefined global functions or variables:
     colorRampPalette density flush.console loess loess.control pnorm
     predict quantile read.csv
    Consider adding
     importFrom("grDevices", "colorRampPalette")
     importFrom("stats", "density", "loess", "loess.control", "pnorm",
     "predict", "quantile")
     importFrom("utils", "flush.console", "read.csv")
    to your NAMESPACE file.
Flavors: r-devel-linux-x86_64-debian-clang, r-devel-linux-x86_64-debian-gcc, r-devel-windows-ix86+x86_64, r-patched-linux-x86_64, r-patched-solaris-sparc, r-patched-solaris-x86, r-release-linux-x86_64, r-release-osx-x86_64-mavericks, r-release-windows-ix86+x86_64

Version: 0.7.26
Flags: --no-stop-on-test-error
Check: R code for possible problems
Result: NOTE
    convert_municipality_names: no visible global function definition for
     ‘read.csv’
    regression_plot: no visible binding for global variable ‘loess’
    regression_plot: no visible global function definition for
     ‘colorRampPalette’
    regression_plot: no visible global function definition for
     ‘loess.control’
    regression_plot: no visible global function definition for ‘predict’
    regression_plot : <anonymous>: no visible global function definition
     for ‘quantile’
    regression_plot : <anonymous>: no visible global function definition
     for ‘pnorm’
    regression_plot: no visible global function definition for
     ‘flush.console’
    regression_plot: no visible global function definition for ‘density’
    Undefined global functions or variables:
     colorRampPalette density flush.console loess loess.control pnorm
     predict quantile read.csv
    Consider adding
     importFrom("grDevices", "colorRampPalette")
     importFrom("stats", "density", "loess", "loess.control", "pnorm",
     "predict", "quantile")
     importFrom("utils", "flush.console", "read.csv")
    to your NAMESPACE file.
Flavors: r-devel-linux-x86_64-fedora-clang, r-devel-linux-x86_64-fedora-gcc, r-devel-macos-x86_64-clang