CRAN Package Check Results for Package sorvi

Last updated on 2017-09-22 11:51:42.

Flavor Version Tinstall Tcheck Ttotal Status Flags
r-devel-linux-x86_64-debian-clang 0.7.26 1.47 30.31 31.78 NOTE
r-devel-linux-x86_64-debian-gcc 0.7.26 1.48 29.84 31.32 NOTE
r-devel-linux-x86_64-fedora-clang 0.7.26 64.13 NOTE
r-devel-linux-x86_64-fedora-gcc 0.7.26 60.31 NOTE
r-devel-windows-ix86+x86_64 0.7.26 6.00 67.00 73.00 NOTE
r-patched-linux-x86_64 0.7.26 1.60 30.55 32.15 NOTE
r-patched-solaris-x86 0.7.26 86.90 NOTE
r-release-linux-x86_64 0.7.26 1.62 30.75 32.38 NOTE
r-release-windows-ix86+x86_64 0.7.26 6.00 69.00 75.00 NOTE
r-release-osx-x86_64 0.7.26 NOTE
r-oldrel-windows-ix86+x86_64 0.7.26 5.00 58.00 63.00 NOTE
r-oldrel-osx-x86_64 0.7.26 NOTE

Check Details

Version: 0.7.26
Check: R code for possible problems
Result: NOTE
    convert_municipality_names: no visible global function definition for
     ‘read.csv’
    regression_plot: no visible binding for global variable ‘loess’
    regression_plot: no visible global function definition for
     ‘colorRampPalette’
    regression_plot: no visible global function definition for
     ‘loess.control’
    regression_plot: no visible global function definition for ‘predict’
    regression_plot : <anonymous>: no visible global function definition
     for ‘quantile’
    regression_plot : <anonymous>: no visible global function definition
     for ‘pnorm’
    regression_plot: no visible global function definition for
     ‘flush.console’
    regression_plot: no visible global function definition for ‘density’
    Undefined global functions or variables:
     colorRampPalette density flush.console loess loess.control pnorm
     predict quantile read.csv
    Consider adding
     importFrom("grDevices", "colorRampPalette")
     importFrom("stats", "density", "loess", "loess.control", "pnorm",
     "predict", "quantile")
     importFrom("utils", "flush.console", "read.csv")
    to your NAMESPACE file.
Flavors: r-devel-linux-x86_64-debian-clang, r-devel-linux-x86_64-debian-gcc, r-devel-linux-x86_64-fedora-clang, r-devel-linux-x86_64-fedora-gcc, r-devel-windows-ix86+x86_64, r-patched-linux-x86_64, r-patched-solaris-x86, r-release-linux-x86_64, r-release-windows-ix86+x86_64, r-release-osx-x86_64, r-oldrel-windows-ix86+x86_64, r-oldrel-osx-x86_64