CRAN Package Check Results for Package sorvi

Last updated on 2014-12-22 14:48:52.

Flavor Version Tinstall Tcheck Ttotal Status Flags
r-devel-linux-x86_64-debian-clang 0.6.23 2.32 31.64 33.96 NOTE
r-devel-linux-x86_64-debian-gcc 0.6.23 2.38 30.28 32.67 NOTE
r-devel-linux-x86_64-fedora-clang 0.6.23 72.98 NOTE
r-devel-linux-x86_64-fedora-gcc 0.6.23 67.99 NOTE
r-devel-osx-x86_64-clang 0.6.23 61.57 NOTE
r-devel-windows-ix86+x86_64 0.6.23 10.00 53.00 63.00 NOTE
r-patched-linux-x86_64 0.6.23 2.36 31.30 33.66 NOTE
r-patched-solaris-sparc 0.6.23 380.50 NOTE
r-patched-solaris-x86 0.6.23 91.90 NOTE
r-release-linux-ix86 0.6.23 2.91 38.74 41.65 NOTE
r-release-linux-x86_64 0.6.23 2.37 32.15 34.52 NOTE
r-release-osx-x86_64-mavericks 0.6.23 OK
r-release-osx-x86_64-snowleopard 0.6.23 OK
r-release-windows-ix86+x86_64 0.6.23 9.00 55.00 64.00 NOTE
r-oldrel-windows-ix86+x86_64 0.6.23 10.00 59.00 69.00 OK

Check Details

Version: 0.6.23
Check: R code for possible problems
Result: NOTE
    get_municipality_info_statfi: no visible global function definition for
     ‘cast’
Flavors: r-devel-linux-x86_64-debian-clang, r-devel-linux-x86_64-debian-gcc, r-devel-linux-x86_64-fedora-clang, r-devel-linux-x86_64-fedora-gcc, r-devel-osx-x86_64-clang, r-devel-windows-ix86+x86_64, r-patched-linux-x86_64, r-patched-solaris-sparc, r-patched-solaris-x86, r-release-linux-ix86, r-release-linux-x86_64, r-release-windows-ix86+x86_64