CRAN Package Check Results for Package sorvi

Last updated on 2017-07-26 02:48:16.

Flavor Version Tinstall Tcheck Ttotal Status Flags
r-devel-linux-x86_64-debian-clang 0.7.26 1.48 43.45 44.92 NOTE
r-devel-linux-x86_64-debian-gcc 0.7.26 1.60 43.97 45.57 NOTE
r-devel-linux-x86_64-fedora-clang 0.7.26 62.97 NOTE
r-devel-linux-x86_64-fedora-gcc 0.7.26 76.40 NOTE
r-devel-windows-ix86+x86_64 0.7.26 11.00 90.00 101.00 NOTE
r-patched-linux-x86_64 0.7.26 1.62 42.80 44.42 NOTE
r-patched-solaris-x86 0.7.26 86.40 NOTE
r-release-linux-x86_64 0.7.26 1.60 43.55 45.16 NOTE
r-release-windows-ix86+x86_64 0.7.26 6.00 92.00 98.00 NOTE
r-release-osx-x86_64 0.7.26 NOTE
r-oldrel-windows-ix86+x86_64 0.7.26 6.00 64.00 70.00 NOTE
r-oldrel-osx-x86_64 0.7.26 NOTE

Check Details

Version: 0.7.26
Check: R code for possible problems
Result: NOTE
    convert_municipality_names: no visible global function definition for
     ‘read.csv’
    regression_plot: no visible binding for global variable ‘loess’
    regression_plot: no visible global function definition for
     ‘colorRampPalette’
    regression_plot: no visible global function definition for
     ‘loess.control’
    regression_plot: no visible global function definition for ‘predict’
    regression_plot : <anonymous>: no visible global function definition
     for ‘quantile’
    regression_plot : <anonymous>: no visible global function definition
     for ‘pnorm’
    regression_plot: no visible global function definition for
     ‘flush.console’
    regression_plot: no visible global function definition for ‘density’
    Undefined global functions or variables:
     colorRampPalette density flush.console loess loess.control pnorm
     predict quantile read.csv
    Consider adding
     importFrom("grDevices", "colorRampPalette")
     importFrom("stats", "density", "loess", "loess.control", "pnorm",
     "predict", "quantile")
     importFrom("utils", "flush.console", "read.csv")
    to your NAMESPACE file.
Flavors: r-devel-linux-x86_64-debian-clang, r-devel-linux-x86_64-debian-gcc, r-devel-linux-x86_64-fedora-clang, r-devel-linux-x86_64-fedora-gcc, r-devel-windows-ix86+x86_64, r-patched-linux-x86_64, r-patched-solaris-x86, r-release-linux-x86_64, r-release-windows-ix86+x86_64, r-release-osx-x86_64, r-oldrel-windows-ix86+x86_64, r-oldrel-osx-x86_64