CRAN Package Check Results for Package sorvi

Last updated on 2014-08-29 23:48:59.

Flavor Version Tinstall Tcheck Ttotal Status Flags
r-devel-linux-x86_64-debian-clang 0.6.23 2.28 30.08 32.36 NOTE
r-devel-linux-x86_64-debian-gcc 0.6.23 2.20 29.68 31.89 NOTE
r-devel-linux-x86_64-fedora-clang 0.6.23 70.35 NOTE
r-devel-linux-x86_64-fedora-gcc 0.6.23 65.09 NOTE
r-devel-osx-x86_64-clang 0.6.23 60.14 NOTE
r-devel-windows-ix86+x86_64 0.6.23 9.00 53.00 62.00 NOTE
r-patched-linux-x86_64 0.6.23 2.48 31.24 33.72 OK
r-patched-solaris-sparc 0.6.23 417.40 OK
r-patched-solaris-x86 0.6.23 93.80 OK
r-release-linux-ix86 0.6.23 3.02 41.94 44.96 OK
r-release-linux-x86_64 0.6.23 2.42 32.65 35.06 OK
r-release-osx-x86_64-mavericks 0.6.23 OK
r-release-osx-x86_64-snowleopard 0.6.23 OK
r-release-windows-ix86+x86_64 0.6.23 10.00 56.00 66.00 OK
r-oldrel-windows-ix86+x86_64 0.6.23 8.00 55.00 63.00 OK

Check Details

Version: 0.6.23
Check: R code for possible problems
Result: NOTE
    get_municipality_info_statfi: no visible global function definition for
     ‘cast’
Flavors: r-devel-linux-x86_64-debian-clang, r-devel-linux-x86_64-debian-gcc, r-devel-linux-x86_64-fedora-clang, r-devel-linux-x86_64-fedora-gcc, r-devel-osx-x86_64-clang, r-devel-windows-ix86+x86_64