CRAN Package Check Results for Package sorvi

Last updated on 2016-02-11 21:46:59.

Flavor Version Tinstall Tcheck Ttotal Status Flags
r-devel-linux-x86_64-debian-gcc 0.7.26 1.39 23.42 24.82 NOTE
r-devel-linux-x86_64-fedora-clang 0.7.26 48.45 NOTE
r-devel-linux-x86_64-fedora-gcc 0.7.26 46.19 NOTE
r-devel-osx-x86_64-clang 0.7.26 56.06 NOTE
r-devel-windows-ix86+x86_64 0.7.26 8.00 49.00 57.00 NOTE
r-patched-linux-x86_64 0.7.26 1.72 25.83 27.54 OK
r-patched-solaris-sparc 0.7.26 328.10 OK
r-patched-solaris-x86 0.7.26 74.10 OK
r-release-linux-x86_64 0.7.26 1.56 25.58 27.14 OK
r-release-osx-x86_64-mavericks 0.7.26 OK
r-release-windows-ix86+x86_64 0.7.26 10.00 47.00 57.00 OK
r-oldrel-windows-ix86+x86_64 0.7.26 15.00 77.00 92.00 OK

Check Details

Version: 0.7.26
Check: R code for possible problems
Result: NOTE
    convert_municipality_names: no visible global function definition for
     ‘read.csv’
    regression_plot: no visible binding for global variable ‘loess’
    regression_plot: no visible global function definition for
     ‘colorRampPalette’
    regression_plot: no visible global function definition for
     ‘loess.control’
    regression_plot: no visible global function definition for ‘predict’
    regression_plot : <anonymous>: no visible global function definition
     for ‘quantile’
    regression_plot : <anonymous>: no visible global function definition
     for ‘pnorm’
    regression_plot: no visible global function definition for
     ‘flush.console’
    regression_plot: no visible global function definition for ‘density’
    Undefined global functions or variables:
     colorRampPalette density flush.console loess loess.control pnorm
     predict quantile read.csv
    Consider adding
     importFrom("grDevices", "colorRampPalette")
     importFrom("stats", "density", "loess", "loess.control", "pnorm",
     "predict", "quantile")
     importFrom("utils", "flush.console", "read.csv")
    to your NAMESPACE file.
Flavors: r-devel-linux-x86_64-debian-gcc, r-devel-linux-x86_64-fedora-clang, r-devel-linux-x86_64-fedora-gcc, r-devel-osx-x86_64-clang, r-devel-windows-ix86+x86_64