CRAN Package Check Results for Package sorvi

Last updated on 2014-04-24 07:52:38.

Flavor Version Tinstall Tcheck Ttotal Status Flags
r-devel-linux-x86_64-debian-clang 0.4.05 5.74 59.51 65.25 NOTE
r-devel-linux-x86_64-debian-gcc 0.4.05 5.62 59.46 65.08 NOTE
r-devel-linux-x86_64-fedora-clang 0.4.05 152.33 NOTE
r-devel-linux-x86_64-fedora-gcc 0.4.05 148.30 NOTE
r-devel-osx-x86_64-clang 0.4.05 114.47 NOTE
r-devel-osx-x86_64-gcc 0.4.05 ERROR
r-devel-windows-ix86+x86_64 0.4.05 14.00 87.00 101.00 NOTE
r-patched-linux-x86_64 0.4.05 5.61 59.14 64.75 NOTE
r-patched-solaris-sparc 0.4.05 768.40 NOTE
r-patched-solaris-x86 0.4.05 183.90 NOTE
r-release-linux-ix86 0.4.05 9.00 94.00 103.00 NOTE
r-release-linux-x86_64 0.4.05 5.76 60.14 65.90 NOTE
r-release-osx-x86_64-mavericks 0.4.05 ERROR
r-release-osx-x86_64-snowleopard 0.4.05 OK
r-release-windows-ix86+x86_64 0.4.05 15.00 85.00 100.00 NOTE
r-oldrel-windows-ix86+x86_64 0.4.05 16.00 81.00 97.00 NOTE

Check Details

Version: 0.4.05
Check: dependencies in R code
Result: NOTE
    Packages in Depends field not imported from:
     ‘RCurl’ ‘methods’ ‘pxR’ ‘rjson’ ‘sp’ ‘spdep’
     These packages need to be imported from (in the NAMESPACE file)
     for when this namespace is loaded but not attached.
    See the information on DESCRIPTION files in the chapter ‘Creating R
    packages’ of the ‘Writing R Extensions’ manual.
Flavors: r-devel-linux-x86_64-debian-clang, r-devel-linux-x86_64-debian-gcc, r-devel-linux-x86_64-fedora-clang, r-devel-linux-x86_64-fedora-gcc, r-devel-osx-x86_64-clang, r-devel-windows-ix86+x86_64, r-patched-linux-x86_64, r-patched-solaris-sparc, r-patched-solaris-x86, r-release-linux-ix86, r-release-linux-x86_64, r-release-windows-ix86+x86_64, r-oldrel-windows-ix86+x86_64

Version: 0.4.05
Check: package dependencies
Result: ERROR
    Packages required but not available: ‘spdep’ ‘XML’ ‘ggplot2’ ‘maptools’
    
    See the information on DESCRIPTION files in the chapter ‘Creating R
    packages’ of the ‘Writing R Extensions’ manual.
Flavor: r-devel-osx-x86_64-gcc

Version: 0.4.05
Check: package dependencies
Result: ERROR
    Packages required but not available: ‘spdep’ ‘maptools’ ‘rgdal’
    
    See the information on DESCRIPTION files in the chapter ‘Creating R
    packages’ of the ‘Writing R Extensions’ manual.
Flavor: r-release-osx-x86_64-mavericks