CRAN Package Check Results for Package sorvi

Last updated on 2015-08-29 03:49:05.

Flavor Version Tinstall Tcheck Ttotal Status Flags
r-devel-linux-x86_64-debian-clang 0.7.26 1.51 25.66 27.17 NOTE
r-devel-linux-x86_64-debian-gcc 0.7.26 1.50 24.66 26.17 NOTE
r-devel-linux-x86_64-fedora-clang 0.7.26 54.12 NOTE
r-devel-linux-x86_64-fedora-gcc 0.7.26 51.44 NOTE
r-devel-osx-x86_64-clang 0.7.26 53.50 OK
r-devel-windows-ix86+x86_64 0.7.26 10.00 58.00 68.00 NOTE
r-patched-linux-x86_64 0.7.26 1.52 27.00 28.51 OK
r-patched-solaris-sparc 0.7.26 350.70 OK
r-patched-solaris-x86 0.7.26 83.90 OK
r-release-linux-x86_64 0.7.26 2.14 26.36 28.50 OK
r-release-osx-x86_64-mavericks 0.7.26 OK
r-release-windows-ix86+x86_64 0.7.26 9.00 54.00 63.00 OK
r-oldrel-windows-ix86+x86_64 0.7.26 17.00 90.00 107.00 OK

Check Details

Version: 0.7.26
Check: R code for possible problems
Result: NOTE
    convert_municipality_names: no visible global function definition for
     ‘read.csv’
    regression_plot: no visible binding for global variable ‘loess’
    regression_plot: no visible global function definition for
     ‘colorRampPalette’
    regression_plot: no visible global function definition for
     ‘loess.control’
    regression_plot: no visible global function definition for ‘predict’
    regression_plot : <anonymous>: no visible global function definition
     for ‘quantile’
    regression_plot : <anonymous>: no visible global function definition
     for ‘pnorm’
    regression_plot: no visible global function definition for
     ‘flush.console’
    regression_plot: no visible global function definition for ‘density’
    Undefined global functions or variables:
     colorRampPalette density flush.console loess loess.control pnorm
     predict quantile read.csv
    Consider adding
     importFrom("grDevices", "colorRampPalette")
     importFrom("stats", "density", "loess", "loess.control", "pnorm",
     "predict", "quantile")
     importFrom("utils", "flush.console", "read.csv")
    to your NAMESPACE.
Flavors: r-devel-linux-x86_64-debian-clang, r-devel-linux-x86_64-debian-gcc, r-devel-linux-x86_64-fedora-clang, r-devel-linux-x86_64-fedora-gcc, r-devel-windows-ix86+x86_64