CRAN Package Check Results for Package sorvi

Last updated on 2016-05-27 19:49:24.

Flavor Version Tinstall Tcheck Ttotal Status Flags
r-devel-linux-x86_64-debian-gcc 0.7.26 1.45 24.96 26.41 NOTE
r-devel-linux-x86_64-fedora-clang 0.7.26 49.70 NOTE
r-devel-linux-x86_64-fedora-gcc 0.7.26 47.76 NOTE
r-devel-osx-x86_64-clang 0.7.26 53.41 NOTE
r-devel-windows-ix86+x86_64 0.7.26 5.00 65.00 70.00 NOTE
r-patched-linux-x86_64 0.7.26 1.41 24.46 25.86 NOTE
r-patched-solaris-sparc 0.7.26 305.70 NOTE
r-patched-solaris-x86 0.7.26 70.50 NOTE
r-release-linux-x86_64 0.7.26 1.60 24.40 26.00 NOTE
r-release-osx-x86_64-mavericks 0.7.26 NOTE
r-release-windows-ix86+x86_64 0.7.26 8.00 66.00 74.00 NOTE

Check Details

Version: 0.7.26
Check: R code for possible problems
Result: NOTE
    convert_municipality_names: no visible global function definition for
     ‘read.csv’
    regression_plot: no visible binding for global variable ‘loess’
    regression_plot: no visible global function definition for
     ‘colorRampPalette’
    regression_plot: no visible global function definition for
     ‘loess.control’
    regression_plot: no visible global function definition for ‘predict’
    regression_plot : <anonymous>: no visible global function definition
     for ‘quantile’
    regression_plot : <anonymous>: no visible global function definition
     for ‘pnorm’
    regression_plot: no visible global function definition for
     ‘flush.console’
    regression_plot: no visible global function definition for ‘density’
    Undefined global functions or variables:
     colorRampPalette density flush.console loess loess.control pnorm
     predict quantile read.csv
    Consider adding
     importFrom("grDevices", "colorRampPalette")
     importFrom("stats", "density", "loess", "loess.control", "pnorm",
     "predict", "quantile")
     importFrom("utils", "flush.console", "read.csv")
    to your NAMESPACE file.
Flavors: r-devel-linux-x86_64-debian-gcc, r-devel-linux-x86_64-fedora-clang, r-devel-linux-x86_64-fedora-gcc, r-devel-osx-x86_64-clang, r-devel-windows-ix86+x86_64, r-patched-linux-x86_64, r-patched-solaris-sparc, r-patched-solaris-x86, r-release-linux-x86_64, r-release-osx-x86_64-mavericks, r-release-windows-ix86+x86_64