CRAN Package Check Results for Package sorvi

Last updated on 2018-02-20 15:48:58 CET.

Flavor Version Tinstall Tcheck Ttotal Status Flags
r-devel-linux-x86_64-debian-clang 0.7.26 2.96 44.77 47.73 NOTE
r-devel-linux-x86_64-debian-gcc 0.7.26 2.28 34.40 36.68 NOTE
r-devel-linux-x86_64-fedora-clang 0.7.26 59.67 NOTE
r-devel-linux-x86_64-fedora-gcc 0.7.26 55.08 NOTE
r-devel-windows-ix86+x86_64 0.7.26 6.00 67.00 73.00 NOTE
r-patched-linux-x86_64 0.7.26 2.12 47.97 50.09 NOTE
r-patched-solaris-x86 0.7.26 84.80 NOTE
r-release-linux-x86_64 0.7.26 2.43 48.47 50.90 NOTE
r-release-windows-ix86+x86_64 0.7.26 12.00 94.00 106.00 NOTE
r-release-osx-x86_64 0.7.26 NOTE
r-oldrel-windows-ix86+x86_64 0.7.26 11.00 86.00 97.00 NOTE
r-oldrel-osx-x86_64 0.7.26 NOTE

Check Details

Version: 0.7.26
Check: R code for possible problems
Result: NOTE
    convert_municipality_names: no visible global function definition for
     ‘read.csv’
    regression_plot: no visible binding for global variable ‘loess’
    regression_plot: no visible global function definition for
     ‘colorRampPalette’
    regression_plot: no visible global function definition for
     ‘loess.control’
    regression_plot: no visible global function definition for ‘predict’
    regression_plot : <anonymous>: no visible global function definition
     for ‘quantile’
    regression_plot : <anonymous>: no visible global function definition
     for ‘pnorm’
    regression_plot: no visible global function definition for
     ‘flush.console’
    regression_plot: no visible global function definition for ‘density’
    Undefined global functions or variables:
     colorRampPalette density flush.console loess loess.control pnorm
     predict quantile read.csv
    Consider adding
     importFrom("grDevices", "colorRampPalette")
     importFrom("stats", "density", "loess", "loess.control", "pnorm",
     "predict", "quantile")
     importFrom("utils", "flush.console", "read.csv")
    to your NAMESPACE file.
Flavors: r-devel-linux-x86_64-debian-clang, r-devel-linux-x86_64-debian-gcc, r-devel-linux-x86_64-fedora-clang, r-devel-linux-x86_64-fedora-gcc, r-devel-windows-ix86+x86_64, r-patched-linux-x86_64, r-patched-solaris-x86, r-release-linux-x86_64, r-release-windows-ix86+x86_64, r-release-osx-x86_64, r-oldrel-windows-ix86+x86_64, r-oldrel-osx-x86_64