CRAN Package Check Results for Package sorvi

Last updated on 2015-05-24 10:47:11.

Flavor Version Tinstall Tcheck Ttotal Status Flags
r-devel-linux-x86_64-debian-clang 0.7.20 1.61 81.52 83.13 NOTE
r-devel-linux-x86_64-debian-gcc 0.7.20 1.48 26.85 28.34 NOTE
r-devel-linux-x86_64-fedora-clang 0.7.20 55.58 NOTE
r-devel-linux-x86_64-fedora-gcc 0.7.20 54.66 NOTE
r-devel-osx-x86_64-clang 0.7.20 54.02 NOTE
r-devel-windows-ix86+x86_64 0.7.20 7.00 52.00 59.00 NOTE
r-patched-linux-x86_64 0.7.20 1.62 26.62 28.24 NOTE
r-patched-solaris-sparc 0.7.20 335.80 NOTE
r-patched-solaris-x86 0.7.20 78.30 NOTE
r-release-linux-x86_64 0.7.20 1.46 27.58 29.04 OK
r-release-osx-x86_64-mavericks 0.7.20 OK
r-release-osx-x86_64-snowleopard 0.7.20 ERROR
r-release-windows-ix86+x86_64 0.7.20 6.00 56.00 62.00 OK
r-oldrel-windows-ix86+x86_64 0.7.20 13.00 79.00 92.00 OK

Check Details

Version: 0.7.20
Check: files in ‘vignettes’
Result: NOTE
    The following directory looks like a leftover from 'knitr':
     ‘figure’
    Please remove from your package.
Flavors: r-devel-linux-x86_64-debian-clang, r-devel-linux-x86_64-debian-gcc, r-devel-linux-x86_64-fedora-clang, r-devel-linux-x86_64-fedora-gcc, r-devel-osx-x86_64-clang, r-devel-windows-ix86+x86_64, r-patched-linux-x86_64, r-patched-solaris-sparc, r-patched-solaris-x86

Version: 0.7.20
Check: re-building of vignette outputs
Result: NOTE
    Error in re-building vignettes:
     ...
    Warning in buildVignettes(dir = "/home/hornik/tmp/R.check/r-devel-clang/Work/PKGS/sorvi.Rcheck/vign_test/sorvi") :
     Files named as vignettes but with no recognized vignette engine:
     ‘vignettes/TODO.Rmd’
    (Is a VignetteBuilder field missing?)
    Loading required package: reshape
    sorvi - Tools for Finnish Open Data.
    Copyright (C) 2010-2015 Leo Lahti, Juuso Parkkinen, Juuso Haapanen, Einari Happonen, Jussi Paananen, Joona Lehtomaki ym.
    
    http://github.com/ropengov/sorvi
    
     Hard sciences are successful because they deal with soft problems;
     soft sciences are struggling because they deal with hard problems.
    - Von Foerster
    
    Downloading data from http://fi.wikipedia.org/wiki/V%C3%A4est%C3%B6tiheys
    Loading http://data.okf.fi/ropengov/avoindata//louhos/translations.rda
    Quitting from lines 113-115 (sorvi_tutorial.Rmd)
    Error: processing vignette ‘sorvi_tutorial.Rmd’ failed with diagnostics:
    cannot open the connection
    Execution halted
Flavor: r-devel-linux-x86_64-debian-clang

Version: 0.7.20
Check: package dependencies
Result: ERROR
    Packages required but not available: ‘ggplot2’ ‘XML’
    
    Packages suggested but not available for checking: ‘knitr’ ‘rmarkdown’
    
    VignetteBuilder package required for checking but not installed: ‘knitr’
    
    See section ‘The DESCRIPTION file’ in the ‘Writing R Extensions’
    manual.
Flavor: r-release-osx-x86_64-snowleopard