CRAN Package Check Results for Package sorvi

Last updated on 2016-09-24 23:48:26.

Flavor Version Tinstall Tcheck Ttotal Status Flags
r-devel-linux-x86_64-debian-clang 0.7.26 1.40 25.08 26.47 NOTE
r-devel-linux-x86_64-debian-gcc 0.7.26 1.45 25.18 26.64 NOTE
r-devel-linux-x86_64-fedora-clang 0.7.26 50.90 NOTE
r-devel-linux-x86_64-fedora-gcc 0.7.26 48.33 NOTE
r-devel-macos-x86_64-clang 0.7.26 43.05 NOTE
r-devel-windows-ix86+x86_64 0.7.26 7.00 64.00 71.00 NOTE
r-patched-linux-x86_64 0.7.26 1.61 26.16 27.77 NOTE
r-patched-solaris-sparc 0.7.26 309.80 NOTE
r-patched-solaris-x86 0.7.26 70.70 NOTE
r-release-linux-x86_64 0.7.26 1.72 25.88 27.60 NOTE
r-release-osx-x86_64-mavericks 0.7.26 NOTE
r-release-windows-ix86+x86_64 0.7.26 6.00 61.00 67.00 NOTE
r-oldrel-windows-ix86+x86_64 0.7.26 7.00 99.00 106.00 OK

Check Details

Version: 0.7.26
Check: R code for possible problems
Result: NOTE
    convert_municipality_names: no visible global function definition for
     ‘read.csv’
    regression_plot: no visible binding for global variable ‘loess’
    regression_plot: no visible global function definition for
     ‘colorRampPalette’
    regression_plot: no visible global function definition for
     ‘loess.control’
    regression_plot: no visible global function definition for ‘predict’
    regression_plot : <anonymous>: no visible global function definition
     for ‘quantile’
    regression_plot : <anonymous>: no visible global function definition
     for ‘pnorm’
    regression_plot: no visible global function definition for
     ‘flush.console’
    regression_plot: no visible global function definition for ‘density’
    Undefined global functions or variables:
     colorRampPalette density flush.console loess loess.control pnorm
     predict quantile read.csv
    Consider adding
     importFrom("grDevices", "colorRampPalette")
     importFrom("stats", "density", "loess", "loess.control", "pnorm",
     "predict", "quantile")
     importFrom("utils", "flush.console", "read.csv")
    to your NAMESPACE file.
Flavors: r-devel-linux-x86_64-debian-clang, r-devel-linux-x86_64-debian-gcc, r-devel-linux-x86_64-fedora-clang, r-devel-linux-x86_64-fedora-gcc, r-devel-macos-x86_64-clang, r-devel-windows-ix86+x86_64, r-patched-linux-x86_64, r-patched-solaris-sparc, r-patched-solaris-x86, r-release-linux-x86_64, r-release-osx-x86_64-mavericks, r-release-windows-ix86+x86_64