CRAN Package Check Results for Package sorvi

Last updated on 2016-12-03 17:48:44.

Flavor Version Tinstall Tcheck Ttotal Status Flags
r-devel-linux-x86_64-debian-clang 0.7.26 1.76 31.39 33.16 NOTE
r-devel-linux-x86_64-debian-gcc 0.7.26 1.65 30.97 32.62 NOTE
r-devel-linux-x86_64-fedora-clang 0.7.26 64.00 NOTE
r-devel-linux-x86_64-fedora-gcc 0.7.26 64.61 NOTE
r-devel-macos-x86_64-clang 0.7.26 52.44 NOTE
r-devel-windows-ix86+x86_64 0.7.26 7.00 90.00 97.00 NOTE
r-patched-linux-x86_64 0.7.26 1.54 25.91 27.45 NOTE
r-patched-solaris-sparc 0.7.26 326.50 NOTE
r-patched-solaris-x86 0.7.26 73.10 NOTE
r-release-linux-x86_64 0.7.26 1.65 26.60 28.24 NOTE
r-release-osx-x86_64-mavericks 0.7.26 NOTE
r-release-windows-ix86+x86_64 0.7.26 8.00 92.00 100.00 NOTE
r-oldrel-windows-ix86+x86_64 0.7.26 8.00 64.00 72.00 OK

Check Details

Version: 0.7.26
Check: R code for possible problems
Result: NOTE
    convert_municipality_names: no visible global function definition for
     ‘read.csv’
    regression_plot: no visible binding for global variable ‘loess’
    regression_plot: no visible global function definition for
     ‘colorRampPalette’
    regression_plot: no visible global function definition for
     ‘loess.control’
    regression_plot: no visible global function definition for ‘predict’
    regression_plot : <anonymous>: no visible global function definition
     for ‘quantile’
    regression_plot : <anonymous>: no visible global function definition
     for ‘pnorm’
    regression_plot: no visible global function definition for
     ‘flush.console’
    regression_plot: no visible global function definition for ‘density’
    Undefined global functions or variables:
     colorRampPalette density flush.console loess loess.control pnorm
     predict quantile read.csv
    Consider adding
     importFrom("grDevices", "colorRampPalette")
     importFrom("stats", "density", "loess", "loess.control", "pnorm",
     "predict", "quantile")
     importFrom("utils", "flush.console", "read.csv")
    to your NAMESPACE file.
Flavors: r-devel-linux-x86_64-debian-clang, r-devel-linux-x86_64-debian-gcc, r-devel-linux-x86_64-fedora-clang, r-devel-linux-x86_64-fedora-gcc, r-devel-macos-x86_64-clang, r-devel-windows-ix86+x86_64, r-patched-linux-x86_64, r-patched-solaris-sparc, r-patched-solaris-x86, r-release-linux-x86_64, r-release-osx-x86_64-mavericks, r-release-windows-ix86+x86_64