CRAN Package Check Results for Package sorvi

Last updated on 2014-11-29 03:52:05.

Flavor Version Tinstall Tcheck Ttotal Status Flags
r-devel-linux-x86_64-debian-clang 0.6.23 2.27 31.16 33.43 NOTE
r-devel-linux-x86_64-debian-gcc 0.6.23 2.20 29.72 31.92 NOTE
r-devel-linux-x86_64-fedora-clang 0.6.23 73.99 NOTE
r-devel-linux-x86_64-fedora-gcc 0.6.23 69.36 NOTE
r-devel-osx-x86_64-clang 0.6.23 61.73 NOTE
r-devel-windows-ix86+x86_64 0.6.23 11.00 52.00 63.00 NOTE
r-patched-linux-x86_64 0.6.23 2.32 30.91 33.24 NOTE
r-patched-solaris-sparc 0.6.23 383.80 NOTE
r-patched-solaris-x86 0.6.23 91.80 NOTE
r-release-linux-ix86 0.6.23 2.90 38.71 41.61 NOTE
r-release-linux-x86_64 0.6.23 2.38 30.69 33.08 NOTE
r-release-osx-x86_64-mavericks 0.6.23 OK
r-release-osx-x86_64-snowleopard 0.6.23 OK
r-release-windows-ix86+x86_64 0.6.23 10.00 56.00 66.00 NOTE
r-oldrel-windows-ix86+x86_64 0.6.23 11.00 63.00 74.00 OK

Check Details

Version: 0.6.23
Check: R code for possible problems
Result: NOTE
    get_municipality_info_statfi: no visible global function definition for
     ‘cast’
Flavors: r-devel-linux-x86_64-debian-clang, r-devel-linux-x86_64-debian-gcc, r-devel-linux-x86_64-fedora-clang, r-devel-linux-x86_64-fedora-gcc, r-devel-osx-x86_64-clang, r-devel-windows-ix86+x86_64, r-patched-linux-x86_64, r-patched-solaris-sparc, r-patched-solaris-x86, r-release-linux-ix86, r-release-linux-x86_64, r-release-windows-ix86+x86_64