CRAN Package Check Results for Package sorvi

Last updated on 2017-03-22 23:53:42.

Flavor Version Tinstall Tcheck Ttotal Status Flags
r-devel-linux-x86_64-debian-clang 0.7.26 1.62 32.53 34.16 NOTE
r-devel-linux-x86_64-debian-gcc 0.7.26 1.50 31.59 33.09 NOTE
r-devel-linux-x86_64-fedora-clang 0.7.26 73.45 NOTE --no-stop-on-test-error
r-devel-linux-x86_64-fedora-gcc 0.7.26 62.63 NOTE --no-stop-on-test-error
r-devel-macos-x86_64-clang 0.7.26 52.95 NOTE --no-stop-on-test-error
r-devel-windows-ix86+x86_64 0.7.26 6.00 74.00 80.00 NOTE
r-patched-linux-x86_64 0.7.26 1.68 26.71 28.39 NOTE
r-patched-solaris-sparc 0.7.26 351.40 NOTE
r-patched-solaris-x86 0.7.26 84.90 NOTE
r-release-linux-x86_64 0.7.26 1.56 28.40 29.96 NOTE
r-release-osx-x86_64-mavericks 0.7.26 NOTE
r-release-windows-ix86+x86_64 0.7.26 8.00 70.00 78.00 NOTE
r-oldrel-windows-ix86+x86_64 0.7.26 8.00 108.00 116.00 OK

Check Details

Version: 0.7.26
Check: R code for possible problems
Result: NOTE
    convert_municipality_names: no visible global function definition for
     ‘read.csv’
    regression_plot: no visible binding for global variable ‘loess’
    regression_plot: no visible global function definition for
     ‘colorRampPalette’
    regression_plot: no visible global function definition for
     ‘loess.control’
    regression_plot: no visible global function definition for ‘predict’
    regression_plot : <anonymous>: no visible global function definition
     for ‘quantile’
    regression_plot : <anonymous>: no visible global function definition
     for ‘pnorm’
    regression_plot: no visible global function definition for
     ‘flush.console’
    regression_plot: no visible global function definition for ‘density’
    Undefined global functions or variables:
     colorRampPalette density flush.console loess loess.control pnorm
     predict quantile read.csv
    Consider adding
     importFrom("grDevices", "colorRampPalette")
     importFrom("stats", "density", "loess", "loess.control", "pnorm",
     "predict", "quantile")
     importFrom("utils", "flush.console", "read.csv")
    to your NAMESPACE file.
Flavors: r-devel-linux-x86_64-debian-clang, r-devel-linux-x86_64-debian-gcc, r-devel-windows-ix86+x86_64, r-patched-linux-x86_64, r-patched-solaris-sparc, r-patched-solaris-x86, r-release-linux-x86_64, r-release-osx-x86_64-mavericks, r-release-windows-ix86+x86_64

Version: 0.7.26
Flags: --no-stop-on-test-error
Check: R code for possible problems
Result: NOTE
    convert_municipality_names: no visible global function definition for
     ‘read.csv’
    regression_plot: no visible binding for global variable ‘loess’
    regression_plot: no visible global function definition for
     ‘colorRampPalette’
    regression_plot: no visible global function definition for
     ‘loess.control’
    regression_plot: no visible global function definition for ‘predict’
    regression_plot : <anonymous>: no visible global function definition
     for ‘quantile’
    regression_plot : <anonymous>: no visible global function definition
     for ‘pnorm’
    regression_plot: no visible global function definition for
     ‘flush.console’
    regression_plot: no visible global function definition for ‘density’
    Undefined global functions or variables:
     colorRampPalette density flush.console loess loess.control pnorm
     predict quantile read.csv
    Consider adding
     importFrom("grDevices", "colorRampPalette")
     importFrom("stats", "density", "loess", "loess.control", "pnorm",
     "predict", "quantile")
     importFrom("utils", "flush.console", "read.csv")
    to your NAMESPACE file.
Flavors: r-devel-linux-x86_64-fedora-clang, r-devel-linux-x86_64-fedora-gcc, r-devel-macos-x86_64-clang