CRAN Package Check Results for Package sorvi

Last updated on 2015-07-31 14:49:04.

Flavor Version Tinstall Tcheck Ttotal Status Flags
r-devel-linux-x86_64-debian-clang 0.7.26 1.64 36.95 38.59 NOTE
r-devel-linux-x86_64-debian-gcc 0.7.26 1.60 25.63 27.23 NOTE
r-devel-linux-x86_64-fedora-clang 0.7.26 57.08 NOTE
r-devel-linux-x86_64-fedora-gcc 0.7.26 53.24 NOTE
r-devel-osx-x86_64-clang 0.7.26 52.81 OK
r-devel-windows-ix86+x86_64 0.7.26 7.00 51.00 58.00 NOTE
r-patched-linux-x86_64 0.7.26 1.56 26.38 27.94 OK
r-patched-solaris-sparc 0.7.26 350.70 OK
r-patched-solaris-x86 0.7.26 81.60 OK
r-release-linux-x86_64 0.7.26 1.54 26.04 27.58 OK
r-release-osx-x86_64-mavericks 0.7.26 OK
r-release-windows-ix86+x86_64 0.7.26 9.00 51.00 60.00 OK
r-oldrel-windows-ix86+x86_64 0.7.26 13.00 87.00 100.00 OK

Check Details

Version: 0.7.26
Check: R code for possible problems
Result: NOTE
    convert_municipality_names: no visible global function definition for
     ‘read.csv’
    regression_plot: no visible binding for global variable ‘loess’
    regression_plot: no visible global function definition for
     ‘colorRampPalette’
    regression_plot: no visible global function definition for
     ‘loess.control’
    regression_plot: no visible global function definition for ‘predict’
    regression_plot : <anonymous>: no visible global function definition
     for ‘quantile’
    regression_plot : <anonymous>: no visible global function definition
     for ‘pnorm’
    regression_plot: no visible global function definition for
     ‘flush.console’
    regression_plot: no visible global function definition for ‘density’
    Undefined global functions or variables:
     colorRampPalette density flush.console loess loess.control pnorm
     predict quantile read.csv
    Consider adding
     importFrom("grDevices", "colorRampPalette")
     importFrom("stats", "density", "loess", "loess.control", "pnorm",
     "predict", "quantile")
     importFrom("utils", "flush.console", "read.csv")
    to your NAMESPACE.
Flavors: r-devel-linux-x86_64-debian-clang, r-devel-linux-x86_64-debian-gcc, r-devel-linux-x86_64-fedora-clang, r-devel-linux-x86_64-fedora-gcc, r-devel-windows-ix86+x86_64