Last updated on 2023-10-03 16:05:55 CEST.
Flavor | Version | Tinstall | Tcheck | Ttotal | Status | Flags |
---|---|---|---|---|---|---|
r-devel-linux-x86_64-debian-clang | 0.8.21 | 11.53 | 104.93 | 116.46 | OK | |
r-devel-linux-x86_64-debian-gcc | 0.8.21 | 8.24 | 78.40 | 86.64 | OK | |
r-devel-linux-x86_64-fedora-clang | 0.8.21 | 136.10 | NOTE | |||
r-devel-linux-x86_64-fedora-gcc | 0.8.21 | 147.89 | NOTE | |||
r-devel-windows-x86_64 | 0.8.21 | 9.00 | 90.00 | 99.00 | OK | |
r-patched-linux-x86_64 | 0.8.21 | 6.88 | 100.02 | 106.90 | OK | |
r-release-linux-x86_64 | 0.8.21 | 6.73 | 99.79 | 106.52 | OK | |
r-release-macos-arm64 | 0.8.21 | 50.00 | OK | |||
r-release-macos-x86_64 | 0.8.21 | 111.00 | OK | |||
r-release-windows-x86_64 | 0.8.21 | 13.00 | 106.00 | 119.00 | OK | |
r-oldrel-macos-arm64 | 0.8.21 | 47.00 | OK | |||
r-oldrel-macos-x86_64 | 0.8.21 | 63.00 | OK | |||
r-oldrel-windows-x86_64 | 0.8.21 | 14.00 | 111.00 | 125.00 | OK |
Version: 0.8.21
Check: data for non-ASCII characters
Result: NOTE
Note: found 1245 marked UTF-8 strings
Flavors: r-devel-linux-x86_64-fedora-clang, r-devel-linux-x86_64-fedora-gcc