CRAN Package Check Results for Package sorvi

Last updated on 2018-04-21 08:49:50 CEST.

Flavor Version Tinstall Tcheck Ttotal Status Flags
r-devel-linux-x86_64-debian-clang 0.7.26 2.11 43.97 46.08 NOTE
r-devel-linux-x86_64-debian-gcc 0.7.26 1.81 34.72 36.53 NOTE
r-devel-linux-x86_64-fedora-clang 0.7.26 57.75 NOTE
r-devel-linux-x86_64-fedora-gcc 0.7.26 55.65 NOTE
r-devel-windows-ix86+x86_64 0.7.26 10.00 71.00 81.00 NOTE
r-devel-osx-x86_64 0.7.26 NOTE
r-patched-linux-x86_64 0.7.26 2.67 43.75 46.42 NOTE
r-patched-solaris-x86 0.7.26 91.90 NOTE
r-release-linux-x86_64 0.7.26 2.54 47.40 49.94 NOTE
r-release-windows-ix86+x86_64 0.7.26 9.00 99.00 108.00 NOTE
r-release-osx-x86_64 0.7.26 NOTE
r-oldrel-windows-ix86+x86_64 0.7.26 9.00 66.00 75.00 NOTE

Check Details

Version: 0.7.26
Check: R code for possible problems
Result: NOTE
    convert_municipality_names: no visible global function definition for
     ‘read.csv’
    regression_plot: no visible binding for global variable ‘loess’
    regression_plot: no visible global function definition for
     ‘colorRampPalette’
    regression_plot: no visible global function definition for
     ‘loess.control’
    regression_plot: no visible global function definition for ‘predict’
    regression_plot : <anonymous>: no visible global function definition
     for ‘quantile’
    regression_plot : <anonymous>: no visible global function definition
     for ‘pnorm’
    regression_plot: no visible global function definition for
     ‘flush.console’
    regression_plot: no visible global function definition for ‘density’
    Undefined global functions or variables:
     colorRampPalette density flush.console loess loess.control pnorm
     predict quantile read.csv
    Consider adding
     importFrom("grDevices", "colorRampPalette")
     importFrom("stats", "density", "loess", "loess.control", "pnorm",
     "predict", "quantile")
     importFrom("utils", "flush.console", "read.csv")
    to your NAMESPACE file.
Flavors: r-devel-linux-x86_64-debian-clang, r-devel-linux-x86_64-debian-gcc, r-devel-linux-x86_64-fedora-clang, r-devel-linux-x86_64-fedora-gcc, r-devel-windows-ix86+x86_64, r-devel-osx-x86_64, r-patched-linux-x86_64, r-patched-solaris-x86, r-release-linux-x86_64, r-release-windows-ix86+x86_64, r-release-osx-x86_64, r-oldrel-windows-ix86+x86_64