CRAN Package Check Results for Package sorvi

Last updated on 2017-04-23 23:51:28.

Flavor Version Tinstall Tcheck Ttotal Status Flags
r-devel-linux-x86_64-debian-clang 0.7.26 1.78 32.22 34.00 NOTE
r-devel-linux-x86_64-debian-gcc 0.7.26 1.71 32.07 33.78 NOTE
r-devel-linux-x86_64-fedora-clang 0.7.26 75.06 NOTE --no-stop-on-test-error
r-devel-linux-x86_64-fedora-gcc 0.7.26 61.67 NOTE --no-stop-on-test-error
r-devel-windows-ix86+x86_64 0.7.26 8.00 94.00 102.00 NOTE
r-patched-linux-x86_64 0.7.26 1.62 33.38 35.00 NOTE
r-patched-solaris-sparc 0.7.26 351.40 NOTE
r-patched-solaris-x86 0.7.26 84.50 NOTE
r-release-linux-x86_64 0.7.26 1.50 31.69 33.19 NOTE
r-release-windows-ix86+x86_64 0.7.26 6.00 74.00 80.00 NOTE
r-release-osx-x86_64 0.7.26 NOTE
r-oldrel-windows-ix86+x86_64 0.7.26 5.00 63.00 68.00 NOTE
r-oldrel-osx-x86_64 0.7.26 NOTE

Check Details

Version: 0.7.26
Check: R code for possible problems
Result: NOTE
    convert_municipality_names: no visible global function definition for
     ‘read.csv’
    regression_plot: no visible binding for global variable ‘loess’
    regression_plot: no visible global function definition for
     ‘colorRampPalette’
    regression_plot: no visible global function definition for
     ‘loess.control’
    regression_plot: no visible global function definition for ‘predict’
    regression_plot : <anonymous>: no visible global function definition
     for ‘quantile’
    regression_plot : <anonymous>: no visible global function definition
     for ‘pnorm’
    regression_plot: no visible global function definition for
     ‘flush.console’
    regression_plot: no visible global function definition for ‘density’
    Undefined global functions or variables:
     colorRampPalette density flush.console loess loess.control pnorm
     predict quantile read.csv
    Consider adding
     importFrom("grDevices", "colorRampPalette")
     importFrom("stats", "density", "loess", "loess.control", "pnorm",
     "predict", "quantile")
     importFrom("utils", "flush.console", "read.csv")
    to your NAMESPACE file.
Flavors: r-devel-linux-x86_64-debian-clang, r-devel-linux-x86_64-debian-gcc, r-devel-windows-ix86+x86_64, r-patched-linux-x86_64, r-patched-solaris-sparc, r-patched-solaris-x86, r-release-linux-x86_64, r-release-windows-ix86+x86_64, r-release-osx-x86_64, r-oldrel-windows-ix86+x86_64, r-oldrel-osx-x86_64

Version: 0.7.26
Flags: --no-stop-on-test-error
Check: R code for possible problems
Result: NOTE
    convert_municipality_names: no visible global function definition for
     ‘read.csv’
    regression_plot: no visible binding for global variable ‘loess’
    regression_plot: no visible global function definition for
     ‘colorRampPalette’
    regression_plot: no visible global function definition for
     ‘loess.control’
    regression_plot: no visible global function definition for ‘predict’
    regression_plot : <anonymous>: no visible global function definition
     for ‘quantile’
    regression_plot : <anonymous>: no visible global function definition
     for ‘pnorm’
    regression_plot: no visible global function definition for
     ‘flush.console’
    regression_plot: no visible global function definition for ‘density’
    Undefined global functions or variables:
     colorRampPalette density flush.console loess loess.control pnorm
     predict quantile read.csv
    Consider adding
     importFrom("grDevices", "colorRampPalette")
     importFrom("stats", "density", "loess", "loess.control", "pnorm",
     "predict", "quantile")
     importFrom("utils", "flush.console", "read.csv")
    to your NAMESPACE file.
Flavors: r-devel-linux-x86_64-fedora-clang, r-devel-linux-x86_64-fedora-gcc