CRAN Package Check Results for Package sorvi

Last updated on 2017-11-23 00:47:52 CET.

Flavor Version Tinstall Tcheck Ttotal Status Flags
r-devel-linux-x86_64-debian-clang 0.7.26 1.41 47.18 48.59 NOTE
r-devel-linux-x86_64-debian-gcc 0.7.26 1.98 68.21 70.18 NOTE
r-devel-linux-x86_64-fedora-clang 0.7.26 57.15 NOTE
r-devel-linux-x86_64-fedora-gcc 0.7.26 101.02 NOTE
r-devel-windows-ix86+x86_64 0.7.26 7.00 70.00 77.00 NOTE
r-patched-linux-x86_64 0.7.26 1.52 30.50 32.02 NOTE
r-patched-solaris-x86 0.7.26 84.10 NOTE
r-release-linux-x86_64 0.7.26 1.68 30.50 32.18 NOTE
r-release-windows-ix86+x86_64 0.7.26 6.00 110.00 116.00 NOTE
r-release-osx-x86_64 0.7.26 NOTE
r-oldrel-windows-ix86+x86_64 0.7.26 6.00 66.00 72.00 NOTE
r-oldrel-osx-x86_64 0.7.26 NOTE

Check Details

Version: 0.7.26
Check: R code for possible problems
Result: NOTE
    convert_municipality_names: no visible global function definition for
     ‘read.csv’
    regression_plot: no visible binding for global variable ‘loess’
    regression_plot: no visible global function definition for
     ‘colorRampPalette’
    regression_plot: no visible global function definition for
     ‘loess.control’
    regression_plot: no visible global function definition for ‘predict’
    regression_plot : <anonymous>: no visible global function definition
     for ‘quantile’
    regression_plot : <anonymous>: no visible global function definition
     for ‘pnorm’
    regression_plot: no visible global function definition for
     ‘flush.console’
    regression_plot: no visible global function definition for ‘density’
    Undefined global functions or variables:
     colorRampPalette density flush.console loess loess.control pnorm
     predict quantile read.csv
    Consider adding
     importFrom("grDevices", "colorRampPalette")
     importFrom("stats", "density", "loess", "loess.control", "pnorm",
     "predict", "quantile")
     importFrom("utils", "flush.console", "read.csv")
    to your NAMESPACE file.
Flavors: r-devel-linux-x86_64-debian-clang, r-devel-linux-x86_64-debian-gcc, r-devel-linux-x86_64-fedora-clang, r-devel-linux-x86_64-fedora-gcc, r-devel-windows-ix86+x86_64, r-patched-linux-x86_64, r-patched-solaris-x86, r-release-linux-x86_64, r-release-windows-ix86+x86_64, r-release-osx-x86_64, r-oldrel-windows-ix86+x86_64, r-oldrel-osx-x86_64