CRAN Package Check Results for Package sos

Last updated on 2019-07-18 15:47:36 CEST.

Flavor Version Tinstall Tcheck Ttotal Status Flags
r-devel-linux-x86_64-debian-clang 2.0-0 2.74 111.77 114.51 NOTE
r-devel-linux-x86_64-debian-gcc 2.0-0 2.23 86.04 88.27 NOTE
r-devel-linux-x86_64-fedora-clang 2.0-0 147.91 NOTE
r-devel-linux-x86_64-fedora-gcc 2.0-0 145.97 NOTE
r-devel-windows-ix86+x86_64 2.0-0 9.00 277.00 286.00 OK
r-patched-linux-x86_64 2.0-0 2.26 107.36 109.62 OK
r-patched-solaris-x86 2.0-0 106.60 OK
r-release-linux-x86_64 2.0-0 2.45 109.78 112.23 OK
r-release-windows-ix86+x86_64 2.0-0 13.00 306.00 319.00 OK
r-release-osx-x86_64 2.0-0 OK
r-oldrel-windows-ix86+x86_64 2.0-0 3.00 303.00 306.00 OK
r-oldrel-osx-x86_64 2.0-0 OK

Check Details

Version: 2.0-0
Check: for non-standard things in the check directory
Result: NOTE
    Found the following files/directories:
     'splineSearch.xls'
Flavors: r-devel-linux-x86_64-debian-clang, r-devel-linux-x86_64-debian-gcc, r-devel-linux-x86_64-fedora-clang, r-devel-linux-x86_64-fedora-gcc