CRAN Package Check Results for Package sos

Last updated on 2017-12-12 12:46:57 CET.

Flavor Version Tinstall Tcheck Ttotal Status Flags
r-devel-linux-x86_64-debian-clang 2.0-0 0.97 84.48 85.45 OK
r-devel-linux-x86_64-debian-gcc 2.0-0 0.75 65.55 66.30 OK
r-devel-linux-x86_64-fedora-clang 2.0-0 103.59 OK
r-devel-linux-x86_64-fedora-gcc 2.0-0 104.07 OK
r-devel-windows-ix86+x86_64 2.0-0 4.00 246.00 250.00 OK
r-patched-linux-x86_64 2.0-0 1.04 87.01 88.05 OK
r-patched-solaris-x86 2.0-0 191.80 OK
r-release-linux-x86_64 2.0-0 0.84 89.66 90.50 OK
r-release-windows-ix86+x86_64 2.0-0 3.00 384.00 387.00 OK
r-release-osx-x86_64 2.0-0 OK
r-oldrel-windows-ix86+x86_64 2.0-0 4.00 300.00 304.00 OK
r-oldrel-osx-x86_64 2.0-0 NOTE

Check Details

Version: 2.0-0
Check: package dependencies
Result: NOTE
    Package suggested but not available for checking: ‘RODBC’
Flavor: r-oldrel-osx-x86_64

Version: 2.0-0
Check: Rd cross-references
Result: NOTE
    Package unavailable to check Rd xrefs: ‘RODBC’
Flavor: r-oldrel-osx-x86_64