CRAN Package Check Results for Package sos

Last updated on 2017-10-20 08:48:51.

Flavor Version Tinstall Tcheck Ttotal Status Flags
r-devel-linux-x86_64-debian-clang 2.0-0 0.71 234.74 235.46 OK
r-devel-linux-x86_64-debian-gcc 2.0-0 0.97 229.96 230.93 OK
r-devel-linux-x86_64-fedora-clang 2.0-0 117.85 OK
r-devel-linux-x86_64-fedora-gcc 2.0-0 110.96 OK
r-devel-windows-ix86+x86_64 2.0-0 5.00 235.00 240.00 OK
r-patched-linux-x86_64 2.0-0 0.77 232.44 233.21 OK
r-patched-solaris-x86 2.0-0 180.50 OK
r-release-linux-x86_64 2.0-0 0.76 234.36 235.11 OK
r-release-windows-ix86+x86_64 2.0-0 5.00 244.00 249.00 OK
r-release-osx-x86_64 2.0-0 OK
r-oldrel-windows-ix86+x86_64 2.0-0 3.00 275.00 278.00 WARN
r-oldrel-osx-x86_64 2.0-0 NOTE

Check Details

Version: 2.0-0
Check: re-building of vignette outputs
Result: WARN
    Error in re-building vignettes:
     ...
    utf8 "\xED" does not map to Unicode at d:/RCompile/CRANpkg/lib/3.3/WriteXLS/Perl/WriteXLS.pl line 274, <CSVFILE> line 314.
    utf8 "\xF8" does not map to Unicode at d:/RCompile/CRANpkg/lib/3.3/WriteXLS/Perl/WriteXLS.pl line 274, <CSVFILE> line 342.
    utf8 "\xF8" does not map to Unicode at d:/RCompile/CRANpkg/lib/3.3/WriteXLS/Perl/WriteXLS.pl line 274, <CSVFILE> line 342.
    utf8 "\xF6" does not map to Unicode at d:/RCompile/CRANpkg/lib/3.3/WriteXLS/Perl/WriteXLS.pl line 274, <CSVFILE> line 439.
    utf8 "\xE9" does not map to Unicode at d:/RCompile/CRANpkg/lib/3.3/WriteXLS/Perl/WriteXLS.pl line 274, <CSVFILE> line 439.
    utf8 "\xF3" does not map to Unicode at d:/RCompile/CRANpkg/lib/3.3/WriteXLS/Perl/WriteXLS.pl line 274, <CSVFILE> line 439.
    utf8 "\xF1" does not map to Unicode at d:/RCompile/CRANpkg/lib/3.3/WriteXLS/Perl/WriteXLS.pl line 274, <CSVFILE> line 439.
    utf8 "\xE1" does not map to Unicode at d:/RCompile/CRANpkg/lib/3.3/WriteXLS/Perl/WriteXLS.pl line 274, <CSVFILE> line 439.
    utf8 "\xE9" does not map to Unicode at d:/RCompile/CRANpkg/lib/3.3/WriteXLS/Perl/WriteXLS.pl line 274, <CSVFILE> line 453.
    utf8 "\xE9" does not map to Unicode at d:/RCompile/CRANpkg/lib/3.3/WriteXLS/Perl/WriteXLS.pl line 274, <CSVFILE> line 453.
    utf8 "\xE9" does not map to Unicode at d:/RCompile/CRANpkg/lib/3.3/WriteXLS/Perl/WriteXLS.pl line 274, <CSVFILE> line 453.
    utf8 "\xFC" does not map to Unicode at d:/RCompile/CRANpkg/lib/3.3/WriteXLS/Perl/WriteXLS.pl line 274, <CSVFILE> line 546.
    utf8 "\xFC" does not map to Unicode at d:/RCompile/CRANpkg/lib/3.3/WriteXLS/Perl/WriteXLS.pl line 274, <CSVFILE> line 546.
    utf8 "\xE7" does not map to Unicode at d:/RCompile/CRANpkg/lib/3.3/WriteXLS/Perl/WriteXLS.pl line 274, <CSVFILE> line 570.
    utf8 "\xE3" does not map to Unicode at d:/RCompile/CRANpkg/lib/3.3/WriteXLS/Perl/WriteXLS.pl line 274, <CSVFILE> line 570.
    utf8 "\xE9" does not map to Unicode at d:/RCompile/CRANpkg/lib/3.3/WriteXLS/Perl/WriteXLS.pl line 274, <CSVFILE> line 570.
    utf8 "\xF3" does not map to Unicode at d:/RCompile/CRANpkg/lib/3.3/WriteXLS/Perl/WriteXLS.pl line 274, <CSVFILE> line 570.
    utf8 "\xE8" does not map to Unicode at d:/RCompile/CRANpkg/lib/3.3/WriteXLS/Perl/WriteXLS.pl line 274, <CSVFILE> line 574.
    utf8 "\xE9" does not map to Unicode at d:/RCompile/CRANpkg/lib/3.3/WriteXLS/Perl/WriteXLS.pl line 274, <CSVFILE> line 614.
    utf8 "\xE1" does not map to Unicode at d:/RCompile/CRANpkg/lib/3.3/WriteXLS/Perl/WriteXLS.pl line 274, <CSVFILE> line 649.
    Warning: running command '"D:\compiler\texmf\miktex\bin\texify.exe" --quiet --pdf "sos.tex" --max-iterations=20 -I "D:/RCompile/recent/R-3.3.3/share/texmf/tex/latex" -I "D:/RCompile/recent/R-3.3.3/share/texmf/bibtex/bst"' had status 1
    Error in find_vignette_product(name, by = "texi2pdf", engine = engine) :
     Failed to locate the 'texi2pdf' output file (by engine 'utils::Sweave') for vignette with name 'sos'. The following files exist in directory '.': 'RJournal.sty', 'sos.Rnw', 'sos.tex', 'splineAll.xls'
    Calls: buildVignettes -> find_vignette_product
    Execution halted
Flavor: r-oldrel-windows-ix86+x86_64

Version: 2.0-0
Check: package dependencies
Result: NOTE
    Package suggested but not available for checking: ‘RODBC’
Flavor: r-oldrel-osx-x86_64

Version: 2.0-0
Check: Rd cross-references
Result: NOTE
    Package unavailable to check Rd xrefs: ‘RODBC’
Flavor: r-oldrel-osx-x86_64