CRAN Package Check Results for Package sos

Last updated on 2020-05-28 17:50:19 CEST.

Flavor Version Tinstall Tcheck Ttotal Status Flags
r-devel-linux-x86_64-debian-clang 2.0-0 3.13 46.28 49.41 NOTE
r-devel-linux-x86_64-debian-gcc 2.0-0 2.68 35.75 38.43 NOTE
r-devel-linux-x86_64-fedora-clang 2.0-0 63.62 NOTE
r-devel-linux-x86_64-fedora-gcc 2.0-0 138.52 NOTE
r-devel-windows-ix86+x86_64 2.0-0 9.00 198.00 207.00 OK
r-patched-linux-x86_64 2.0-0 3.51 46.60 50.11 NOTE
r-patched-solaris-x86 2.0-0 89.70 NOTE
r-release-linux-x86_64 2.0-0 2.98 46.31 49.29 NOTE
r-release-osx-x86_64 2.0-0 OK
r-release-windows-ix86+x86_64 2.0-0 8.00 263.00 271.00 OK
r-oldrel-osx-x86_64 2.0-0 OK
r-oldrel-windows-ix86+x86_64 2.0-0 10.00 183.00 193.00 OK

Check Details

Version: 2.0-0
Check: for non-standard things in the check directory
Result: NOTE
    Found the following files/directories:
     'splineSearch.xls'
Flavors: r-devel-linux-x86_64-debian-clang, r-devel-linux-x86_64-debian-gcc, r-devel-linux-x86_64-fedora-clang, r-devel-linux-x86_64-fedora-gcc, r-patched-linux-x86_64, r-patched-solaris-x86, r-release-linux-x86_64