CRAN Package Check Results for Package sos

Last updated on 2021-12-07 12:54:18 CET.

Flavor Version Tinstall Tcheck Ttotal Status Flags
r-devel-linux-x86_64-debian-clang 2.1-0 3.49 189.18 192.67 OK
r-devel-linux-x86_64-debian-gcc 2.1-0 2.75 146.04 148.79 OK
r-devel-linux-x86_64-fedora-clang 2.1-0 178.01 NOTE
r-devel-linux-x86_64-fedora-gcc 2.1-0 168.14 OK
r-devel-windows-x86_64-new-UL 2.1-0 9.00 429.00 438.00 OK
r-devel-windows-x86_64-new-TK 2.1-0 OK
r-devel-windows-x86_64-old 2.1-0 7.00 383.00 390.00 OK
r-patched-linux-x86_64 2.1-0 4.16 101.27 105.43 OK
r-release-linux-x86_64 2.1-0 3.23 100.94 104.17 OK
r-release-macos-arm64 2.1-0 FAIL
r-release-macos-x86_64 2.1-0 OK
r-release-windows-ix86+x86_64 2.1-0 7.00 137.00 144.00 OK
r-oldrel-macos-x86_64 2.1-0 OK
r-oldrel-windows-ix86+x86_64 2.1-0 18.00 147.00 165.00 OK

Check Details

Version: 2.1-0
Check: Rd cross-references
Result: NOTE
    Undeclared package ‘testthat’ in Rd xrefs
Flavor: r-devel-linux-x86_64-fedora-clang

Version: 2.1-0
Check: re-building of vignette outputs
Result: NOTE
    Error(s) in re-building vignettes:
     ...
    --- re-building ‘sos.Rnw’ using Sweave
    Loading required package: brew
    
    Attaching package: 'sos'
    
    The following object is masked from 'package:utils':
    
     ?
    
    Warning in readLines(f) :
     incomplete final line found on '/Volumes/Builds/packages/big-sur-arm64/Rlib/4.1/mdsOpt/INDEX'
    Warning in readLines(f) :
     incomplete final line found on '/Volumes/Builds/packages/big-sur-arm64/Rlib/4.1/cosso/INDEX'
    
    Execution halted
Flavor: r-release-macos-arm64

Version: 2.1-0
Check: PDF version of manual
Result: FAIL
Flavor: r-release-macos-arm64