CRAN Package Check Results for Package sos

Last updated on 2018-02-21 13:51:04 CET.

Flavor Version Tinstall Tcheck Ttotal Status Flags
r-devel-linux-x86_64-debian-clang 2.0-0 1.97 38.89 40.86 OK
r-devel-linux-x86_64-debian-gcc 2.0-0 1.47 29.73 31.20 OK
r-devel-linux-x86_64-fedora-clang 2.0-0 53.01 OK
r-devel-linux-x86_64-fedora-gcc 2.0-0 47.89 OK
r-devel-windows-ix86+x86_64 2.0-0 4.00 155.00 159.00 OK
r-patched-linux-x86_64 2.0-0 1.01 83.64 84.65 OK
r-patched-solaris-x86 2.0-0 189.00 OK
r-release-linux-x86_64 2.0-0 1.02 84.06 85.08 OK
r-release-windows-ix86+x86_64 2.0-0 3.00 301.00 304.00 OK
r-release-osx-x86_64 2.0-0 OK
r-oldrel-windows-ix86+x86_64 2.0-0 3.00 308.00 311.00 OK
r-oldrel-osx-x86_64 2.0-0 NOTE

Check Details

Version: 2.0-0
Check: package dependencies
Result: NOTE
    Package suggested but not available for checking: ‘RODBC’
Flavor: r-oldrel-osx-x86_64

Version: 2.0-0
Check: Rd cross-references
Result: NOTE
    Package unavailable to check Rd xrefs: ‘RODBC’
Flavor: r-oldrel-osx-x86_64