CRAN Package Check Results for Package sos4R

Last updated on 2015-05-27 03:48:24.

Flavor Version Tinstall Tcheck Ttotal Status Flags
r-devel-linux-x86_64-debian-clang 0.2-11 9.69 46.74 56.43 NOTE
r-devel-linux-x86_64-debian-gcc 0.2-11 9.42 45.69 55.11 NOTE
r-devel-linux-x86_64-fedora-clang 0.2-11 114.55 NOTE
r-devel-linux-x86_64-fedora-gcc 0.2-11 108.49 NOTE
r-devel-osx-x86_64-clang 0.2-11 94.14 NOTE
r-devel-windows-ix86+x86_64 0.2-11 21.00 69.00 90.00 NOTE
r-patched-linux-x86_64 0.2-11 9.23 45.49 54.72 NOTE
r-patched-solaris-sparc 0.2-11 670.10 NOTE
r-patched-solaris-x86 0.2-11 142.30 NOTE
r-release-linux-x86_64 0.2-11 9.45 47.30 56.76 NOTE
r-release-osx-x86_64-mavericks 0.2-11 NOTE
r-release-osx-x86_64-snowleopard 0.2-11 ERROR
r-release-windows-ix86+x86_64 0.2-11 20.00 70.00 90.00 NOTE
r-oldrel-windows-ix86+x86_64 0.2-11 22.00 82.00 104.00 NOTE

Check Details

Version: 0.2-11
Check: top-level files
Result: NOTE
    Non-standard files/directories found at top level:
     ‘sandbox’ ‘sos4R-Ex.R’
Flavors: r-devel-linux-x86_64-debian-clang, r-devel-linux-x86_64-debian-gcc, r-devel-linux-x86_64-fedora-clang, r-devel-linux-x86_64-fedora-gcc, r-patched-linux-x86_64, r-release-linux-x86_64

Version: 0.2-11
Check: dependencies in R code
Result: NOTE
    'library' or 'require' call to ‘rgdal’ in package code.
     Please use :: or requireNamespace() instead.
     See section 'Suggested packages' in the 'Writing R Extensions' manual.
    Package in Depends field not imported from: ‘methods’
     These packages need to be imported from (in the NAMESPACE file)
     for when this namespace is loaded but not attached.
Flavors: r-devel-linux-x86_64-debian-clang, r-devel-linux-x86_64-debian-gcc, r-devel-linux-x86_64-fedora-clang, r-devel-linux-x86_64-fedora-gcc, r-devel-osx-x86_64-clang, r-devel-windows-ix86+x86_64, r-patched-linux-x86_64, r-patched-solaris-sparc, r-patched-solaris-x86, r-release-linux-x86_64, r-release-osx-x86_64-mavericks, r-release-windows-ix86+x86_64, r-oldrel-windows-ix86+x86_64

Version: 0.2-11
Check: S3 generic/method consistency
Result: NOTE
    Found the following apparent S3 methods exported but not registered:
     as.data.frame.OmMeasurement as.data.frame.OmObservation
     as.list.OmObservationCollection length.OmObservationCollection
     names.OmMeasurement names.OmObservation names.OmObservationCollection
     plot.SOS plot.SensorML plot.SosObservationOffering
     print.summary.GmlTimePeriod print.summary.OmObservation
     print.summary.OmObservationCollection print.summary.OwsRange
     print.summary.SOS print.summary.SosObservationOffering
     summary.GmlTimePeriod summary.OmObservation
     summary.OmObservationCollection summary.OwsRange summary.SOS
     summary.SosObservationOffering
    See section ‘Registering S3 methods’ in the ‘Writing R Extensions’
    manual.
Flavors: r-devel-linux-x86_64-debian-clang, r-devel-linux-x86_64-debian-gcc, r-devel-linux-x86_64-fedora-clang, r-devel-linux-x86_64-fedora-gcc, r-devel-osx-x86_64-clang, r-patched-linux-x86_64, r-patched-solaris-sparc, r-patched-solaris-x86, r-release-linux-x86_64

Version: 0.2-11
Check: R code for possible problems
Result: NOTE
    SOS: no visible global function definition for ‘getCurlHandle’
Flavors: r-devel-linux-x86_64-debian-clang, r-devel-linux-x86_64-debian-gcc, r-devel-linux-x86_64-fedora-clang, r-devel-linux-x86_64-fedora-gcc, r-devel-osx-x86_64-clang, r-devel-windows-ix86+x86_64, r-patched-linux-x86_64, r-patched-solaris-sparc, r-patched-solaris-x86, r-release-linux-x86_64, r-release-osx-x86_64-mavericks, r-release-windows-ix86+x86_64, r-oldrel-windows-ix86+x86_64

Version: 0.2-11
Check: package dependencies
Result: NOTE
    Package suggested but not available for checking: ‘rgdal’
Flavor: r-release-osx-x86_64-mavericks

Version: 0.2-11
Check: package dependencies
Result: ERROR
    Package required but not available: ‘XML’
    
    Packages suggested but not available for checking:
     ‘spacetime’ ‘gstat’ ‘xts’
    
    See section ‘The DESCRIPTION file’ in the ‘Writing R Extensions’
    manual.
Flavor: r-release-osx-x86_64-snowleopard