CRAN Package Check Results for Package sos4R

Last updated on 2014-04-16 15:49:36.

Flavor Version Tinstall Tcheck Ttotal Status Flags
r-devel-linux-x86_64-debian-clang 0.2-11 11.85 54.76 66.62 NOTE
r-devel-linux-x86_64-debian-gcc 0.2-11 11.98 55.06 67.04 NOTE
r-devel-linux-x86_64-fedora-clang 0.2-11 149.69 NOTE
r-devel-linux-x86_64-fedora-gcc 0.2-11 147.36 NOTE
r-devel-macosx-x86_64-clang 0.2-11 115.56 NOTE
r-devel-macosx-x86_64-gcc 0.2-11 ERROR
r-devel-windows-ix86+x86_64 0.2-11 22.00 80.00 102.00 NOTE
r-patched-linux-x86_64 0.2-11 12.19 54.39 66.58 NOTE
r-patched-solaris-sparc 0.2-11 766.50 NOTE
r-patched-solaris-x86 0.2-11 175.60 NOTE
r-release-linux-ix86 0.2-11 22.00 86.00 108.00 NOTE
r-release-linux-x86_64 0.2-11 11.87 54.82 66.69 NOTE
r-release-macosx-x86_64 0.2-11 WARN
r-release-windows-ix86+x86_64 0.2-11 23.00 83.00 106.00 NOTE
r-oldrel-windows-ix86+x86_64 0.2-11 23.00 82.00 105.00 NOTE

Check Details

Version: 0.2-11
Check: dependencies in R code
Result: NOTE
    Package in Depends field not imported from: ‘methods’
     These packages need to be imported from (in the NAMESPACE file)
     for when this namespace is loaded but not attached.
    See the information on DESCRIPTION files in the chapter ‘Creating R
    packages’ of the ‘Writing R Extensions’ manual.
Flavors: r-devel-linux-x86_64-debian-clang, r-devel-linux-x86_64-debian-gcc, r-devel-linux-x86_64-fedora-clang, r-devel-linux-x86_64-fedora-gcc, r-devel-macosx-x86_64-clang, r-devel-windows-ix86+x86_64, r-patched-linux-x86_64, r-patched-solaris-sparc, r-patched-solaris-x86, r-release-linux-ix86, r-release-linux-x86_64, r-release-windows-ix86+x86_64, r-oldrel-windows-ix86+x86_64

Version: 0.2-11
Check: top-level files
Result: NOTE
    Non-standard files/directories found at top level:
     ‘sandbox’ ‘sos4R-Ex.R’
Flavors: r-devel-linux-x86_64-fedora-clang, r-devel-linux-x86_64-fedora-gcc

Version: 0.2-11
Check: package dependencies
Result: ERROR
    Package required but not available: ‘XML’
    
    Packages suggested but not available for checking:
     ‘spacetime’ ‘gstat’ ‘maptools’ ‘cshapes’ ‘xts’
    
    See the information on DESCRIPTION files in the chapter ‘Creating R
    packages’ of the ‘Writing R Extensions’ manual.
Flavor: r-devel-macosx-x86_64-gcc

Version: 0.2-11
Check: package dependencies
Result: NOTE
    Package suggested but not available for checking: 'gstat'
Flavor: r-release-macosx-x86_64

Version: 0.2-11
Check: dependencies in R code
Result: NOTE
    Package in Depends field not imported from: 'methods'
     These packages need to be imported from for the case when
     this namespace is loaded but not attached.
    See the information on DESCRIPTION files in the chapter 'Creating R
    packages' of the 'Writing R Extensions' manual.
Flavor: r-release-macosx-x86_64

Version: 0.2-11
Check: examples
Result: WARNING
    checking a package with encoding 'UTF-8' in an ASCII locale
    
     OK
Flavor: r-release-macosx-x86_64

Version: 0.2-11
Check: re-building of vignette outputs
Result: NOTE
    Error in re-building vignettes:
     ...
     No converter found! Skipping field Salinity
    No converter found! Skipping field http://mmisw.org/ont/cf/parameter/sea_water_salinity
    No converter found! Skipping field NA
    
    Warning in FUN(X[[7L]], ...) :
     swe:Quantity given without unit of measurement: Salinity
    
    Attaching package: 'xtable'
    
    The following object is masked from 'package:maptools':
    
     label
    
    Error in texi2dvi(file = file, pdf = TRUE, clean = clean, quiet = quiet, :
     Running 'texi2dvi' on 'sos4R.tex' failed.
    LaTeX errors:
    ! LaTeX Error: File `csquotes.sty' not found.
    
    Type X to quit or <RETURN> to proceed,
    or enter new name. (Default extension: sty)
    
    sos4R.Rcheck/vign_test/sos4R/vignettes/sos4R.tex:19: ==> Fatal error occurred,
     no output PDF file produced!
    Calls: buildVignettes -> texi2pdf -> texi2dvi
    Execution halted
Flavor: r-release-macosx-x86_64