CRAN Package Check Results for Package sos4R

Last updated on 2015-03-30 17:49:16.

Flavor Version Tinstall Tcheck Ttotal Status Flags
r-devel-linux-x86_64-debian-clang 0.2-11 10.49 46.76 57.25 NOTE
r-devel-linux-x86_64-debian-gcc 0.2-11 9.26 45.69 54.95 NOTE
r-devel-linux-x86_64-fedora-clang 0.2-11 114.32 NOTE
r-devel-linux-x86_64-fedora-gcc 0.2-11 110.56 NOTE
r-devel-osx-x86_64-clang 0.2-11 104.84 NOTE
r-prerel-windows-ix86+x86_64 0.2-11 20.00 71.00 91.00 NOTE
r-prerel-linux-x86_64 0.2-11 9.37 47.01 56.38 NOTE
r-prerel-solaris-sparc 0.2-11 689.70 NOTE
r-prerel-solaris-x86 0.2-11 141.30 NOTE
r-release-linux-x86_64 0.2-11 11.24 52.45 63.69 NOTE
r-release-osx-x86_64-mavericks 0.2-11 NOTE
r-release-osx-x86_64-snowleopard 0.2-11 WARN
r-release-windows-ix86+x86_64 0.2-11 26.00 81.00 107.00 NOTE
r-oldrel-windows-ix86+x86_64 0.2-11 22.00 83.00 105.00 NOTE

Check Details

Version: 0.2-11
Check: top-level files
Result: NOTE
    Non-standard files/directories found at top level:
     ‘sandbox’ ‘sos4R-Ex.R’
Flavors: r-devel-linux-x86_64-debian-clang, r-devel-linux-x86_64-debian-gcc, r-devel-linux-x86_64-fedora-clang, r-devel-linux-x86_64-fedora-gcc, r-prerel-linux-x86_64, r-release-linux-x86_64

Version: 0.2-11
Check: dependencies in R code
Result: NOTE
    'library' or 'require' call to ‘rgdal’ in package code.
     Please use :: or requireNamespace() instead.
     See section 'Suggested packages' in the 'Writing R Extensions' manual.
    Package in Depends field not imported from: ‘methods’
     These packages need to be imported from (in the NAMESPACE file)
     for when this namespace is loaded but not attached.
Flavors: r-devel-linux-x86_64-debian-clang, r-devel-linux-x86_64-debian-gcc, r-devel-linux-x86_64-fedora-clang, r-devel-linux-x86_64-fedora-gcc, r-devel-osx-x86_64-clang, r-prerel-windows-ix86+x86_64, r-prerel-linux-x86_64, r-prerel-solaris-sparc, r-prerel-solaris-x86, r-release-linux-x86_64, r-release-windows-ix86+x86_64

Version: 0.2-11
Check: S3 generic/method consistency
Result: NOTE
    Found the following apparent S3 methods exported but not registered:
     as.data.frame.OmMeasurement as.data.frame.OmObservation
     as.list.OmObservationCollection length.OmObservationCollection
     names.OmMeasurement names.OmObservation names.OmObservationCollection
     plot.SOS plot.SensorML plot.SosObservationOffering
     print.summary.GmlTimePeriod print.summary.OmObservation
     print.summary.OmObservationCollection print.summary.OwsRange
     print.summary.SOS print.summary.SosObservationOffering
     summary.GmlTimePeriod summary.OmObservation
     summary.OmObservationCollection summary.OwsRange summary.SOS
     summary.SosObservationOffering
    See section ‘Registering S3 methods’ in the ‘Writing R Extensions’
    manual.
Flavors: r-devel-linux-x86_64-debian-clang, r-devel-linux-x86_64-debian-gcc, r-devel-linux-x86_64-fedora-clang, r-devel-linux-x86_64-fedora-gcc, r-devel-osx-x86_64-clang, r-prerel-linux-x86_64

Version: 0.2-11
Check: R code for possible problems
Result: NOTE
    SOS: no visible global function definition for ‘getCurlHandle’
Flavors: r-devel-linux-x86_64-debian-clang, r-devel-linux-x86_64-debian-gcc, r-devel-linux-x86_64-fedora-clang, r-devel-linux-x86_64-fedora-gcc, r-devel-osx-x86_64-clang, r-prerel-windows-ix86+x86_64, r-prerel-linux-x86_64, r-prerel-solaris-sparc, r-prerel-solaris-x86, r-release-linux-x86_64, r-release-osx-x86_64-mavericks, r-release-windows-ix86+x86_64

Version: 0.2-11
Check: package dependencies
Result: NOTE
    Packages suggested but not available for checking:
     ‘spacetime’ ‘gstat’ ‘rgdal’
Flavor: r-release-osx-x86_64-mavericks

Version: 0.2-11
Check: dependencies in R code
Result: NOTE
    Package in Depends field not imported from: ‘methods’
     These packages need to be imported from (in the NAMESPACE file)
     for when this namespace is loaded but not attached.
    See the information on DESCRIPTION files in the chapter ‘Creating R
    packages’ of the ‘Writing R Extensions’ manual.
Flavors: r-release-osx-x86_64-mavericks, r-oldrel-windows-ix86+x86_64

Version: 0.2-11
Check: package dependencies
Result: NOTE
    Package suggested but not available for checking: 'gstat'
Flavor: r-release-osx-x86_64-snowleopard

Version: 0.2-11
Check: dependencies in R code
Result: NOTE
    Package in Depends field not imported from: 'methods'
     These packages need to be imported from for the case when
     this namespace is loaded but not attached.
    See the information on DESCRIPTION files in the chapter 'Creating R
    packages' of the 'Writing R Extensions' manual.
Flavor: r-release-osx-x86_64-snowleopard

Version: 0.2-11
Check: examples
Result: WARN
    checking a package with encoding 'UTF-8' in an ASCII locale
    
     OK
Flavor: r-release-osx-x86_64-snowleopard

Version: 0.2-11
Check: re-building of vignette outputs
Result: NOTE
    Error in re-building vignettes:
     ...
     No converter found! Skipping field Salinity
    No converter found! Skipping field http://mmisw.org/ont/cf/parameter/sea_water_salinity
    No converter found! Skipping field NA
    
    Warning in FUN(X[[7L]], ...) :
     swe:Quantity given without unit of measurement: Salinity
    
    Attaching package: 'xtable'
    
    The following object is masked from 'package:maptools':
    
     label
    
    Error in texi2dvi(file = file, pdf = TRUE, clean = clean, quiet = quiet, :
     Running 'texi2dvi' on 'sos4R.tex' failed.
    LaTeX errors:
    ! LaTeX Error: File `csquotes.sty' not found.
    
    Type X to quit or <RETURN> to proceed,
    or enter new name. (Default extension: sty)
    
    sos4R.Rcheck/vign_test/sos4R/vignettes/sos4R.tex:19: ==> Fatal error occurred,
     no output PDF file produced!
    Calls: buildVignettes -> texi2pdf -> texi2dvi
    Execution halted
Flavor: r-release-osx-x86_64-snowleopard