CRAN Package Check Results for Package sos4R

Last updated on 2014-08-01 14:47:32.

Flavor Version Tinstall Tcheck Ttotal Status Flags
r-devel-linux-x86_64-debian-clang 0.2-11 11.41 52.51 63.92 NOTE
r-devel-linux-x86_64-debian-gcc 0.2-11 11.09 51.38 62.46 NOTE
r-devel-linux-x86_64-fedora-clang 0.2-11 149.40 NOTE
r-devel-linux-x86_64-fedora-gcc 0.2-11 140.57 NOTE
r-devel-osx-x86_64-clang 0.2-11 110.84 NOTE
r-devel-windows-ix86+x86_64 0.2-11 22.00 87.00 109.00 NOTE
r-patched-linux-x86_64 0.2-11 11.69 52.65 64.34 NOTE
r-patched-solaris-sparc 0.2-11 795.00 NOTE
r-patched-solaris-x86 0.2-11 181.70 NOTE
r-release-linux-ix86 0.2-11 13.37 64.23 77.60 NOTE
r-release-linux-x86_64 0.2-11 11.37 52.16 63.52 NOTE
r-release-osx-x86_64-mavericks 0.2-11 WARN
r-release-osx-x86_64-snowleopard 0.2-11 WARN
r-release-windows-ix86+x86_64 0.2-11 31.00 114.00 145.00 NOTE
r-oldrel-windows-ix86+x86_64 0.2-11 28.00 116.00 144.00 NOTE

Check Details

Version: 0.2-11
Check: dependencies in R code
Result: NOTE
    Package in Depends field not imported from: methods
     These packages need to be imported from (in the NAMESPACE file)
     for when this namespace is loaded but not attached.
    See the information on DESCRIPTION files in the chapter Creating R
    packages of the Writing R Extensions manual.
Flavors: r-devel-linux-x86_64-debian-clang, r-devel-linux-x86_64-debian-gcc, r-devel-linux-x86_64-fedora-clang, r-devel-linux-x86_64-fedora-gcc, r-devel-osx-x86_64-clang, r-devel-windows-ix86+x86_64, r-patched-linux-x86_64, r-patched-solaris-sparc, r-patched-solaris-x86, r-release-linux-ix86, r-release-linux-x86_64, r-release-osx-x86_64-mavericks, r-release-windows-ix86+x86_64, r-oldrel-windows-ix86+x86_64

Version: 0.2-11
Check: top-level files
Result: NOTE
    Non-standard files/directories found at top level:
     sandbox sos4R-Ex.R
Flavors: r-devel-linux-x86_64-fedora-clang, r-devel-linux-x86_64-fedora-gcc

Version: 0.2-11
Check: package dependencies
Result: NOTE
    Packages suggested but not available for checking:
     spacetime gstat maptools cshapes rgdal
Flavor: r-release-osx-x86_64-mavericks

Version: 0.2-11
Check: running R code from vignettes
Result: WARNING
    Errors in running code in vignettes:
    when running code in sos4R.Rnw
     ...
    
    > library(maps)
    
    > library(mapdata)
    
    > library(maptools)
    
     When sourcing sos4R.R :
    Error: there is no package called maptools
    Execution halted
Flavor: r-release-osx-x86_64-mavericks

Version: 0.2-11
Check: re-building of vignette outputs
Result: NOTE
    Error in re-building vignettes:
     ...
    Warning in library(package, lib.loc = lib.loc, character.only = TRUE, logical.return = TRUE, :
     there is no package called rgdal
    Warning in sosGetCRS(.srsName, verbose = verbose) :
     [sosGetCRS] rgdal not present: CRS values will not be validated.
    Warning in library(package, lib.loc = lib.loc, character.only = TRUE, logical.return = TRUE, :
     there is no package called rgdal
    Warning in sosGetCRS(.srsName, verbose = verbose) :
     [sosGetCRS] rgdal not present: CRS values will not be validated.
    Warning in library(package, lib.loc = lib.loc, character.only = TRUE, logical.return = TRUE, :
     there is no package called rgdal
    Warning in sosGetCRS(.srsName, verbose = verbose) :
     [sosGetCRS] rgdal not present: CRS values will not be validated.
    Warning in library(package, lib.loc = lib.loc, character.only = TRUE, logical.return = TRUE, :
     there is no package called rgdal
    Warning in sosGetCRS(.srsName, verbose = verbose) :
     [sosGetCRS] rgdal not present: CRS values will not be validated.
    Warning in library(package, lib.loc = lib.loc, character.only = TRUE, logical.return = TRUE, :
     there is no package called rgdal
    Warning in sosGetCRS(.srsName, verbose = verbose) :
     [sosGetCRS] rgdal not present: CRS values will not be validated.
    
    Error: processing vignette 'sos4R.Rnw' failed with diagnostics:
     chunk 33 (label = sosPlot)
    Error in library(maptools) : there is no package called maptools
    Execution halted
Flavor: r-release-osx-x86_64-mavericks

Version: 0.2-11
Check: package dependencies
Result: NOTE
    Package suggested but not available for checking: 'gstat'
Flavor: r-release-osx-x86_64-snowleopard

Version: 0.2-11
Check: dependencies in R code
Result: NOTE
    Package in Depends field not imported from: 'methods'
     These packages need to be imported from for the case when
     this namespace is loaded but not attached.
    See the information on DESCRIPTION files in the chapter 'Creating R
    packages' of the 'Writing R Extensions' manual.
Flavor: r-release-osx-x86_64-snowleopard

Version: 0.2-11
Check: examples
Result: WARNING
    checking a package with encoding 'UTF-8' in an ASCII locale
    
     OK
Flavor: r-release-osx-x86_64-snowleopard

Version: 0.2-11
Check: re-building of vignette outputs
Result: NOTE
    Error in re-building vignettes:
     ...
     No converter found! Skipping field Salinity
    No converter found! Skipping field http://mmisw.org/ont/cf/parameter/sea_water_salinity
    No converter found! Skipping field NA
    
    Warning in FUN(X[[7L]], ...) :
     swe:Quantity given without unit of measurement: Salinity
    
    Attaching package: 'xtable'
    
    The following object is masked from 'package:maptools':
    
     label
    
    Error in texi2dvi(file = file, pdf = TRUE, clean = clean, quiet = quiet, :
     Running 'texi2dvi' on 'sos4R.tex' failed.
    LaTeX errors:
    ! LaTeX Error: File `csquotes.sty' not found.
    
    Type X to quit or <RETURN> to proceed,
    or enter new name. (Default extension: sty)
    
    sos4R.Rcheck/vign_test/sos4R/vignettes/sos4R.tex:19: ==> Fatal error occurred,
     no output PDF file produced!
    Calls: buildVignettes -> texi2pdf -> texi2dvi
    Execution halted
Flavor: r-release-osx-x86_64-snowleopard