CRAN Package Check Results for Package source.gist

Last updated on 2018-06-22 03:49:48 CEST.

Flavor Version Tinstall Tcheck Ttotal Status Flags
r-devel-linux-x86_64-debian-clang 1.0.0 1.38 19.81 21.19 NOTE
r-devel-linux-x86_64-debian-gcc 1.0.0 0.92 18.01 18.93 NOTE
r-devel-linux-x86_64-fedora-clang 1.0.0 28.37 NOTE
r-devel-linux-x86_64-fedora-gcc 1.0.0 27.27 NOTE
r-devel-windows-ix86+x86_64 1.0.0 4.00 35.00 39.00 OK
r-patched-linux-x86_64 1.0.0 1.16 20.10 21.26 NOTE
r-patched-solaris-x86 1.0.0 43.00 NOTE
r-release-linux-x86_64 1.0.0 1.10 19.98 21.08 NOTE
r-release-windows-ix86+x86_64 1.0.0 3.00 32.00 35.00 OK
r-release-osx-x86_64 1.0.0 NOTE
r-oldrel-windows-ix86+x86_64 1.0.0 4.00 41.00 45.00 OK
r-oldrel-osx-x86_64 1.0.0 NOTE

Check Details

Version: 1.0.0
Check: DESCRIPTION meta-information
Result: NOTE
    License components which are templates and need '+ file LICENSE':
     MIT
Flavors: r-devel-linux-x86_64-debian-clang, r-devel-linux-x86_64-debian-gcc, r-devel-linux-x86_64-fedora-clang, r-devel-linux-x86_64-fedora-gcc, r-patched-linux-x86_64, r-patched-solaris-x86, r-release-linux-x86_64, r-release-osx-x86_64, r-oldrel-osx-x86_64