CRAN Package Check Results for Package source.gist

Last updated on 2017-07-22 07:48:12.

Flavor Version Tinstall Tcheck Ttotal Status Flags
r-devel-linux-x86_64-debian-clang 1.0.0 0.84 21.45 22.29 NOTE
r-devel-linux-x86_64-debian-gcc 1.0.0 0.83 19.23 20.06 NOTE
r-devel-linux-x86_64-fedora-clang 1.0.0 24.86 NOTE
r-devel-linux-x86_64-fedora-gcc 1.0.0 24.38 NOTE
r-devel-windows-ix86+x86_64 1.0.0 3.00 30.00 33.00 OK
r-patched-linux-x86_64 1.0.0 0.82 20.71 21.53 NOTE
r-patched-solaris-x86 1.0.0 37.80 NOTE
r-release-linux-x86_64 1.0.0 0.82 20.89 21.71 NOTE
r-release-windows-ix86+x86_64 1.0.0 3.00 45.00 48.00 OK
r-release-osx-x86_64 1.0.0 NOTE
r-oldrel-windows-ix86+x86_64 1.0.0 4.00 40.00 44.00 OK
r-oldrel-osx-x86_64 1.0.0 NOTE

Check Details

Version: 1.0.0
Check: DESCRIPTION meta-information
Result: NOTE
    License components which are templates and need '+ file LICENSE':
     MIT
Flavors: r-devel-linux-x86_64-debian-clang, r-devel-linux-x86_64-debian-gcc, r-devel-linux-x86_64-fedora-clang, r-devel-linux-x86_64-fedora-gcc, r-patched-linux-x86_64, r-patched-solaris-x86, r-release-linux-x86_64, r-release-osx-x86_64, r-oldrel-osx-x86_64