CRAN Package Check Results for Package source.gist

Last updated on 2017-01-16 15:51:18.

Flavor Version Tinstall Tcheck Ttotal Status Flags
r-devel-linux-x86_64-debian-clang 1.0.0 0.80 13.23 14.02 NOTE
r-devel-linux-x86_64-debian-gcc 1.0.0 1.01 12.36 13.37 NOTE
r-devel-linux-x86_64-fedora-clang 1.0.0 23.54 NOTE --no-stop-on-test-error
r-devel-linux-x86_64-fedora-gcc 1.0.0 23.48 NOTE --no-stop-on-test-error
r-devel-macos-x86_64-clang 1.0.0 20.03 NOTE --no-stop-on-test-error
r-devel-windows-ix86+x86_64 1.0.0 5.00 47.00 52.00 OK
r-patched-linux-x86_64 1.0.0 0.80 10.90 11.71 NOTE
r-patched-solaris-sparc 1.0.0 122.50 NOTE
r-patched-solaris-x86 1.0.0 30.00 NOTE
r-release-linux-x86_64 1.0.0 0.83 11.02 11.85 NOTE
r-release-osx-x86_64-mavericks 1.0.0 NOTE
r-release-windows-ix86+x86_64 1.0.0 7.00 27.00 34.00 OK
r-oldrel-windows-ix86+x86_64 1.0.0 5.00 58.00 63.00 OK

Check Details

Version: 1.0.0
Check: DESCRIPTION meta-information
Result: NOTE
    License components which are templates and need '+ file LICENSE':
     MIT
Flavors: r-devel-linux-x86_64-debian-clang, r-devel-linux-x86_64-debian-gcc, r-patched-linux-x86_64, r-patched-solaris-sparc, r-patched-solaris-x86, r-release-linux-x86_64, r-release-osx-x86_64-mavericks

Version: 1.0.0
Flags: --no-stop-on-test-error
Check: DESCRIPTION meta-information
Result: NOTE
    License components which are templates and need '+ file LICENSE':
     MIT
Flavors: r-devel-linux-x86_64-fedora-clang, r-devel-linux-x86_64-fedora-gcc, r-devel-macos-x86_64-clang