CRAN Package Check Results for Package source.gist

Last updated on 2015-04-01 23:49:26.

Flavor Version Tinstall Tcheck Ttotal Status Flags
r-devel-linux-x86_64-debian-clang 1.0.0 0.78 11.70 12.48 NOTE
r-devel-linux-x86_64-debian-gcc 1.0.0 0.77 11.10 11.88 NOTE
r-devel-linux-x86_64-fedora-clang 1.0.0 25.08 NOTE
r-devel-linux-x86_64-fedora-gcc 1.0.0 23.55 NOTE
r-devel-osx-x86_64-clang 1.0.0 27.03 NOTE
r-prerel-windows-ix86+x86_64 1.0.0 4.00 19.00 23.00 OK
r-prerel-linux-x86_64 1.0.0 0.78 11.48 12.26 NOTE
r-prerel-solaris-sparc 1.0.0 142.90 NOTE
r-prerel-solaris-x86 1.0.0 35.40 NOTE
r-release-linux-x86_64 1.0.0 1.01 14.57 15.58 NOTE
r-release-osx-x86_64-mavericks 1.0.0 NOTE
r-release-osx-x86_64-snowleopard 1.0.0 NOTE
r-release-windows-ix86+x86_64 1.0.0 4.00 23.00 27.00 OK
r-oldrel-windows-ix86+x86_64 1.0.0 5.00 25.00 30.00 OK

Check Details

Version: 1.0.0
Check: DESCRIPTION meta-information
Result: NOTE
    License components which are templates and need '+ file LICENSE':
     MIT
Flavors: r-devel-linux-x86_64-debian-clang, r-devel-linux-x86_64-debian-gcc, r-devel-linux-x86_64-fedora-clang, r-devel-linux-x86_64-fedora-gcc, r-devel-osx-x86_64-clang, r-prerel-linux-x86_64, r-prerel-solaris-sparc, r-prerel-solaris-x86, r-release-linux-x86_64, r-release-osx-x86_64-mavericks

Version: 1.0.0
Check: DESCRIPTION meta-information
Result: NOTE
    Licenses which are templates and need '+ file LICENSE':
     MIT
Flavor: r-release-osx-x86_64-snowleopard