CRAN Package Check Results for Package source.gist

Last updated on 2017-09-25 02:47:44.

Flavor Version Tinstall Tcheck Ttotal Status Flags
r-devel-linux-x86_64-debian-clang 1.0.0 0.88 13.46 14.34 NOTE
r-devel-linux-x86_64-debian-gcc 1.0.0 0.85 13.22 14.07 NOTE
r-devel-linux-x86_64-fedora-clang 1.0.0 25.54 NOTE
r-devel-linux-x86_64-fedora-gcc 1.0.0 24.32 NOTE
r-devel-windows-ix86+x86_64 1.0.0 3.00 32.00 35.00 OK
r-patched-linux-x86_64 1.0.0 0.82 13.24 14.07 NOTE
r-patched-solaris-x86 1.0.0 38.50 NOTE
r-release-linux-x86_64 1.0.0 0.82 13.44 14.27 NOTE
r-release-windows-ix86+x86_64 1.0.0 3.00 30.00 33.00 OK
r-release-osx-x86_64 1.0.0 NOTE
r-oldrel-windows-ix86+x86_64 1.0.0 4.00 40.00 44.00 OK
r-oldrel-osx-x86_64 1.0.0 NOTE

Check Details

Version: 1.0.0
Check: DESCRIPTION meta-information
Result: NOTE
    License components which are templates and need '+ file LICENSE':
     MIT
Flavors: r-devel-linux-x86_64-debian-clang, r-devel-linux-x86_64-debian-gcc, r-devel-linux-x86_64-fedora-clang, r-devel-linux-x86_64-fedora-gcc, r-patched-linux-x86_64, r-patched-solaris-x86, r-release-linux-x86_64, r-release-osx-x86_64, r-oldrel-osx-x86_64