CRAN Package Check Results for Package source.gist

Last updated on 2014-12-18 21:47:20.

Flavor Version Tinstall Tcheck Ttotal Status Flags
r-devel-linux-x86_64-debian-clang 1.0.0 0.97 14.27 15.24 NOTE
r-devel-linux-x86_64-debian-gcc 1.0.0 1.00 14.06 15.06 NOTE
r-devel-linux-x86_64-fedora-clang 1.0.0 32.64 NOTE
r-devel-linux-x86_64-fedora-gcc 1.0.0 30.09 NOTE
r-devel-osx-x86_64-clang 1.0.0 29.24 NOTE
r-devel-windows-ix86+x86_64 1.0.0 4.00 31.00 35.00 OK
r-patched-linux-x86_64 1.0.0 0.97 14.48 15.45 NOTE
r-patched-solaris-sparc 1.0.0 195.20 NOTE
r-patched-solaris-x86 1.0.0 42.70 NOTE
r-release-linux-ix86 1.0.0 1.25 18.72 19.97 NOTE
r-release-linux-x86_64 1.0.0 0.96 13.42 14.39 NOTE
r-release-osx-x86_64-mavericks 1.0.0 NOTE
r-release-osx-x86_64-snowleopard 1.0.0 NOTE
r-release-windows-ix86+x86_64 1.0.0 4.00 24.00 28.00 OK
r-oldrel-windows-ix86+x86_64 1.0.0 4.00 24.00 28.00 OK

Check Details

Version: 1.0.0
Check: DESCRIPTION meta-information
Result: NOTE
    License components which are templates and need '+ file LICENSE':
     MIT
Flavors: r-devel-linux-x86_64-debian-clang, r-devel-linux-x86_64-debian-gcc, r-devel-linux-x86_64-fedora-clang, r-devel-linux-x86_64-fedora-gcc, r-devel-osx-x86_64-clang, r-patched-linux-x86_64, r-patched-solaris-sparc, r-patched-solaris-x86, r-release-linux-ix86, r-release-linux-x86_64, r-release-osx-x86_64-mavericks

Version: 1.0.0
Check: DESCRIPTION meta-information
Result: NOTE
    Licenses which are templates and need '+ file LICENSE':
     MIT
Flavor: r-release-osx-x86_64-snowleopard