CRAN Package Check Results for Package source.gist

Last updated on 2015-09-01 09:48:07.

Flavor Version Tinstall Tcheck Ttotal Status Flags
r-devel-linux-x86_64-debian-clang 1.0.0 0.72 11.10 11.82 NOTE
r-devel-linux-x86_64-debian-gcc 1.0.0 0.69 10.83 11.52 NOTE
r-devel-linux-x86_64-fedora-clang 1.0.0 23.53 NOTE
r-devel-linux-x86_64-fedora-gcc 1.0.0 21.71 NOTE
r-devel-osx-x86_64-clang 1.0.0 18.74 NOTE
r-devel-windows-ix86+x86_64 1.0.0 3.00 22.00 25.00 OK
r-patched-linux-x86_64 1.0.0 0.78 11.58 12.36 NOTE
r-patched-solaris-sparc 1.0.0 150.70 NOTE
r-patched-solaris-x86 1.0.0 38.90 NOTE
r-release-linux-x86_64 1.0.0 0.78 12.52 13.30 NOTE
r-release-osx-x86_64-mavericks 1.0.0 NOTE
r-release-windows-ix86+x86_64 1.0.0 6.00 21.00 27.00 OK
r-oldrel-windows-ix86+x86_64 1.0.0 5.00 27.00 32.00 OK

Check Details

Version: 1.0.0
Check: DESCRIPTION meta-information
Result: NOTE
    License components which are templates and need '+ file LICENSE':
     MIT
Flavors: r-devel-linux-x86_64-debian-clang, r-devel-linux-x86_64-debian-gcc, r-devel-linux-x86_64-fedora-clang, r-devel-linux-x86_64-fedora-gcc, r-devel-osx-x86_64-clang, r-patched-linux-x86_64, r-patched-solaris-sparc, r-patched-solaris-x86, r-release-linux-x86_64, r-release-osx-x86_64-mavericks