CRAN Package Check Results for Package source.gist

Last updated on 2015-07-02 03:47:10.

Flavor Version Tinstall Tcheck Ttotal Status Flags
r-devel-linux-x86_64-debian-clang 1.0.0 0.77 12.64 13.41 NOTE
r-devel-linux-x86_64-debian-gcc 1.0.0 0.74 11.30 12.05 NOTE
r-devel-linux-x86_64-fedora-clang 1.0.0 24.28 NOTE
r-devel-linux-x86_64-fedora-gcc 1.0.0 22.90 NOTE
r-devel-osx-x86_64-clang 1.0.0 21.86 NOTE
r-devel-windows-ix86+x86_64 1.0.0 3.00 21.00 24.00 OK
r-patched-linux-x86_64 1.0.0 0.85 11.39 12.24 NOTE
r-patched-solaris-sparc 1.0.0 147.40 NOTE
r-patched-solaris-x86 1.0.0 35.80 NOTE
r-release-linux-x86_64 1.0.0 0.77 11.86 12.63 NOTE
r-release-osx-x86_64-mavericks 1.0.0 NOTE
r-release-windows-ix86+x86_64 1.0.0 3.00 21.00 24.00 OK
r-oldrel-windows-ix86+x86_64 1.0.0 4.00 37.00 41.00 OK

Check Details

Version: 1.0.0
Check: DESCRIPTION meta-information
Result: NOTE
    License components which are templates and need '+ file LICENSE':
     MIT
Flavors: r-devel-linux-x86_64-debian-clang, r-devel-linux-x86_64-debian-gcc, r-devel-linux-x86_64-fedora-clang, r-devel-linux-x86_64-fedora-gcc, r-devel-osx-x86_64-clang, r-patched-linux-x86_64, r-patched-solaris-sparc, r-patched-solaris-x86, r-release-linux-x86_64, r-release-osx-x86_64-mavericks