CRAN Package Check Results for Package source.gist

Last updated on 2016-05-27 21:46:52.

Flavor Version Tinstall Tcheck Ttotal Status Flags
r-devel-linux-x86_64-debian-gcc 1.0.0 0.74 10.94 11.69 NOTE
r-devel-linux-x86_64-fedora-clang 1.0.0 20.14 NOTE
r-devel-linux-x86_64-fedora-gcc 1.0.0 19.46 NOTE
r-devel-osx-x86_64-clang 1.0.0 21.23 NOTE
r-devel-windows-ix86+x86_64 1.0.0 3.00 28.00 31.00 OK
r-patched-linux-x86_64 1.0.0 0.78 10.83 11.61 NOTE
r-patched-solaris-sparc 1.0.0 121.60 NOTE
r-patched-solaris-x86 1.0.0 29.40 NOTE
r-release-linux-x86_64 1.0.0 0.79 10.81 11.61 NOTE
r-release-osx-x86_64-mavericks 1.0.0 NOTE
r-release-windows-ix86+x86_64 1.0.0 3.00 38.00 41.00 OK

Check Details

Version: 1.0.0
Check: DESCRIPTION meta-information
Result: NOTE
    License components which are templates and need '+ file LICENSE':
     MIT
Flavors: r-devel-linux-x86_64-debian-gcc, r-devel-linux-x86_64-fedora-clang, r-devel-linux-x86_64-fedora-gcc, r-devel-osx-x86_64-clang, r-patched-linux-x86_64, r-patched-solaris-sparc, r-patched-solaris-x86, r-release-linux-x86_64, r-release-osx-x86_64-mavericks