CRAN Package Check Results for Package source.gist

Last updated on 2015-03-05 12:48:13.

Flavor Version Tinstall Tcheck Ttotal Status Flags
r-devel-linux-x86_64-debian-clang 1.0.0 0.95 11.62 12.58 NOTE
r-devel-linux-x86_64-debian-gcc 1.0.0 0.80 11.40 12.20 NOTE
r-devel-linux-x86_64-fedora-clang 1.0.0 24.52 NOTE
r-devel-linux-x86_64-fedora-gcc 1.0.0 22.60 NOTE
r-devel-osx-x86_64-clang 1.0.0 27.14 NOTE
r-devel-windows-ix86+x86_64 1.0.0 3.00 20.00 23.00 OK
r-patched-linux-x86_64 1.0.0 1.00 14.39 15.40 NOTE
r-patched-solaris-sparc 1.0.0 188.40 NOTE
r-patched-solaris-x86 1.0.0 43.80 NOTE
r-release-linux-ix86 1.0.0 1.42 19.11 20.53 NOTE
r-release-linux-x86_64 1.0.0 1.07 14.49 15.56 NOTE
r-release-osx-x86_64-mavericks 1.0.0 NOTE
r-release-osx-x86_64-snowleopard 1.0.0 NOTE
r-release-windows-ix86+x86_64 1.0.0 4.00 24.00 28.00 OK
r-oldrel-windows-ix86+x86_64 1.0.0 4.00 24.00 28.00 OK

Check Details

Version: 1.0.0
Check: DESCRIPTION meta-information
Result: NOTE
    License components which are templates and need '+ file LICENSE':
     MIT
Flavors: r-devel-linux-x86_64-debian-clang, r-devel-linux-x86_64-debian-gcc, r-devel-linux-x86_64-fedora-clang, r-devel-linux-x86_64-fedora-gcc, r-devel-osx-x86_64-clang, r-patched-linux-x86_64, r-patched-solaris-sparc, r-patched-solaris-x86, r-release-linux-ix86, r-release-linux-x86_64, r-release-osx-x86_64-mavericks

Version: 1.0.0
Check: DESCRIPTION meta-information
Result: NOTE
    Licenses which are templates and need '+ file LICENSE':
     MIT
Flavor: r-release-osx-x86_64-snowleopard