CRAN Package Check Results for Package source.gist

Last updated on 2014-09-20 03:48:53.

Flavor Version Tinstall Tcheck Ttotal Status Flags
r-devel-linux-x86_64-debian-clang 1.0.0 0.94 13.70 14.64 NOTE
r-devel-linux-x86_64-debian-gcc 1.0.0 0.94 13.30 14.25 NOTE
r-devel-linux-x86_64-fedora-clang 1.0.0 29.82 NOTE
r-devel-linux-x86_64-fedora-gcc 1.0.0 26.79 NOTE
r-devel-osx-x86_64-clang 1.0.0 29.10 NOTE
r-devel-windows-ix86+x86_64 1.0.0 4.00 22.00 26.00 OK
r-patched-linux-x86_64 1.0.0 0.98 13.40 14.37 NOTE
r-patched-solaris-sparc 1.0.0 195.20 NOTE
r-patched-solaris-x86 1.0.0 42.40 NOTE
r-release-linux-ix86 1.0.0 1.38 19.01 20.39 NOTE
r-release-linux-x86_64 1.0.0 1.03 13.81 14.84 NOTE
r-release-osx-x86_64-mavericks 1.0.0 NOTE
r-release-osx-x86_64-snowleopard 1.0.0 NOTE
r-release-windows-ix86+x86_64 1.0.0 4.00 32.00 36.00 OK
r-oldrel-windows-ix86+x86_64 1.0.0 6.00 33.00 39.00 OK

Check Details

Version: 1.0.0
Check: DESCRIPTION meta-information
Result: NOTE
    License components which are templates and need '+ file LICENSE':
     MIT
Flavors: r-devel-linux-x86_64-debian-clang, r-devel-linux-x86_64-debian-gcc, r-devel-linux-x86_64-fedora-clang, r-devel-linux-x86_64-fedora-gcc, r-devel-osx-x86_64-clang, r-patched-linux-x86_64, r-patched-solaris-sparc, r-patched-solaris-x86, r-release-linux-ix86, r-release-linux-x86_64, r-release-osx-x86_64-mavericks

Version: 1.0.0
Check: DESCRIPTION meta-information
Result: NOTE
    Licenses which are templates and need '+ file LICENSE':
     MIT
Flavor: r-release-osx-x86_64-snowleopard