CRAN Package Check Results for Package source.gist

Last updated on 2014-08-28 14:47:41.

Flavor Version Tinstall Tcheck Ttotal Status Flags
r-devel-linux-x86_64-debian-clang 1.0.0 1.00 13.14 14.14 NOTE
r-devel-linux-x86_64-debian-gcc 1.0.0 0.92 12.89 13.82 NOTE
r-devel-linux-x86_64-fedora-clang 1.0.0 29.37 NOTE
r-devel-linux-x86_64-fedora-gcc 1.0.0 26.83 NOTE
r-devel-osx-x86_64-clang 1.0.0 27.44 NOTE
r-devel-windows-ix86+x86_64 1.0.0 3.00 23.00 26.00 OK
r-patched-linux-x86_64 1.0.0 1.34 13.14 14.48 NOTE
r-patched-solaris-sparc 1.0.0 195.20 NOTE
r-patched-solaris-x86 1.0.0 42.00 NOTE
r-release-linux-ix86 1.0.0 1.39 19.38 20.77 NOTE
r-release-linux-x86_64 1.0.0 1.12 13.58 14.71 NOTE
r-release-osx-x86_64-mavericks 1.0.0 NOTE
r-release-osx-x86_64-snowleopard 1.0.0 NOTE
r-release-windows-ix86+x86_64 1.0.0 4.00 32.00 36.00 OK
r-oldrel-windows-ix86+x86_64 1.0.0 6.00 33.00 39.00 OK

Check Details

Version: 1.0.0
Check: DESCRIPTION meta-information
Result: NOTE
    License components which are templates and need '+ file LICENSE':
     MIT
Flavors: r-devel-linux-x86_64-debian-clang, r-devel-linux-x86_64-debian-gcc, r-devel-linux-x86_64-fedora-clang, r-devel-linux-x86_64-fedora-gcc, r-devel-osx-x86_64-clang, r-patched-linux-x86_64, r-patched-solaris-sparc, r-patched-solaris-x86, r-release-linux-ix86, r-release-linux-x86_64, r-release-osx-x86_64-mavericks

Version: 1.0.0
Check: DESCRIPTION meta-information
Result: NOTE
    Licenses which are templates and need '+ file LICENSE':
     MIT
Flavor: r-release-osx-x86_64-snowleopard