CRAN Package Check Results for Package source.gist

Last updated on 2017-03-28 06:48:18.

Flavor Version Tinstall Tcheck Ttotal Status Flags
r-devel-linux-x86_64-debian-clang 1.0.0 0.83 13.83 14.67 NOTE
r-devel-linux-x86_64-debian-gcc 1.0.0 0.82 13.22 14.05 NOTE
r-devel-linux-x86_64-fedora-clang 1.0.0 28.28 NOTE --no-stop-on-test-error
r-devel-linux-x86_64-fedora-gcc 1.0.0 24.12 NOTE --no-stop-on-test-error
r-devel-macos-x86_64-clang 1.0.0 20.87 NOTE --no-stop-on-test-error
r-devel-windows-ix86+x86_64 1.0.0 3.00 38.00 41.00 OK
r-patched-linux-x86_64 1.0.0 0.86 13.75 14.61 NOTE
r-patched-solaris-sparc 1.0.0 141.00 NOTE
r-patched-solaris-x86 1.0.0 38.20 NOTE
r-release-linux-x86_64 1.0.0 0.96 11.45 12.41 NOTE
r-release-osx-x86_64-mavericks 1.0.0 NOTE
r-release-windows-ix86+x86_64 1.0.0 7.00 27.00 34.00 OK
r-oldrel-windows-ix86+x86_64 1.0.0 5.00 58.00 63.00 OK

Check Details

Version: 1.0.0
Check: DESCRIPTION meta-information
Result: NOTE
    License components which are templates and need '+ file LICENSE':
     MIT
Flavors: r-devel-linux-x86_64-debian-clang, r-devel-linux-x86_64-debian-gcc, r-patched-linux-x86_64, r-patched-solaris-sparc, r-patched-solaris-x86, r-release-linux-x86_64, r-release-osx-x86_64-mavericks

Version: 1.0.0
Flags: --no-stop-on-test-error
Check: DESCRIPTION meta-information
Result: NOTE
    License components which are templates and need '+ file LICENSE':
     MIT
Flavors: r-devel-linux-x86_64-fedora-clang, r-devel-linux-x86_64-fedora-gcc, r-devel-macos-x86_64-clang