CRAN Package Check Results for Package source.gist

Last updated on 2015-05-23 15:47:29.

Flavor Version Tinstall Tcheck Ttotal Status Flags
r-devel-linux-x86_64-debian-clang 1.0.0 0.84 11.45 12.29 NOTE
r-devel-linux-x86_64-debian-gcc 1.0.0 0.78 12.35 13.13 NOTE
r-devel-linux-x86_64-fedora-clang 1.0.0 24.51 NOTE
r-devel-linux-x86_64-fedora-gcc 1.0.0 23.08 NOTE
r-devel-osx-x86_64-clang 1.0.0 24.50 NOTE
r-devel-windows-ix86+x86_64 1.0.0 4.00 19.00 23.00 OK
r-patched-linux-x86_64 1.0.0 0.82 11.97 12.79 NOTE
r-patched-solaris-sparc 1.0.0 147.40 NOTE
r-patched-solaris-x86 1.0.0 36.60 NOTE
r-release-linux-x86_64 1.0.0 0.99 12.06 13.05 NOTE
r-release-osx-x86_64-mavericks 1.0.0 NOTE
r-release-osx-x86_64-snowleopard 1.0.0 NOTE
r-release-windows-ix86+x86_64 1.0.0 3.00 20.00 23.00 OK
r-oldrel-windows-ix86+x86_64 1.0.0 4.00 23.00 27.00 OK

Check Details

Version: 1.0.0
Check: DESCRIPTION meta-information
Result: NOTE
    License components which are templates and need '+ file LICENSE':
     MIT
Flavors: r-devel-linux-x86_64-debian-clang, r-devel-linux-x86_64-debian-gcc, r-devel-linux-x86_64-fedora-clang, r-devel-linux-x86_64-fedora-gcc, r-devel-osx-x86_64-clang, r-patched-linux-x86_64, r-patched-solaris-sparc, r-patched-solaris-x86, r-release-linux-x86_64, r-release-osx-x86_64-mavericks, r-release-osx-x86_64-snowleopard