CRAN Package Check Results for Package source.gist

Last updated on 2014-04-24 03:47:55.

Flavor Version Tinstall Tcheck Ttotal Status Flags
r-devel-linux-x86_64-debian-clang 1.0.0 1.04 14.01 15.06 NOTE
r-devel-linux-x86_64-debian-gcc 1.0.0 1.04 13.83 14.87 NOTE
r-devel-linux-x86_64-fedora-clang 1.0.0 29.73 NOTE
r-devel-linux-x86_64-fedora-gcc 1.0.0 29.40 NOTE
r-devel-osx-x86_64-clang 1.0.0 30.57 NOTE
r-devel-osx-x86_64-gcc 1.0.0 NOTE
r-devel-windows-ix86+x86_64 1.0.0 4.00 22.00 26.00 OK
r-patched-linux-x86_64 1.0.0 1.12 13.67 14.79 NOTE
r-patched-solaris-sparc 1.0.0 169.60 NOTE
r-patched-solaris-x86 1.0.0 43.10 NOTE
r-release-linux-ix86 1.0.0 2.00 27.00 29.00 NOTE
r-release-linux-x86_64 1.0.0 1.06 13.98 15.04 NOTE
r-release-osx-x86_64-mavericks 1.0.0 WARN
r-release-osx-x86_64-snowleopard 1.0.0 NOTE
r-release-windows-ix86+x86_64 1.0.0 6.00 23.00 29.00 OK
r-oldrel-windows-ix86+x86_64 1.0.0 4.00 24.00 28.00 OK

Check Details

Version: 1.0.0
Check: DESCRIPTION meta-information
Result: NOTE
    License components which are templates and need '+ file LICENSE':
     MIT
Flavors: r-devel-linux-x86_64-debian-clang, r-devel-linux-x86_64-debian-gcc, r-devel-linux-x86_64-fedora-clang, r-devel-linux-x86_64-fedora-gcc, r-devel-osx-x86_64-clang, r-devel-osx-x86_64-gcc, r-patched-linux-x86_64, r-patched-solaris-sparc, r-patched-solaris-x86, r-release-linux-ix86, r-release-linux-x86_64, r-release-osx-x86_64-mavericks

Version: 1.0.0
Check: PDF version of manual
Result: WARNING
    LaTeX errors when creating PDF version.
    This typically indicates Rd problems.
    LaTeX errors found:
    ! LaTeX Error: File `upquote.sty' not found.
    
    Type X to quit or <RETURN> to proceed,
    or enter new name. (Default extension: sty)
    
    bc7db91/Rd2.tex:8: ==> Fatal error occurred, no output PDF file produced!
Flavor: r-release-osx-x86_64-mavericks

Version: 1.0.0
Check: DESCRIPTION meta-information
Result: NOTE
    Licenses which are templates and need '+ file LICENSE':
     MIT
Flavor: r-release-osx-x86_64-snowleopard