CRAN Package Check Results for Package source.gist

Last updated on 2015-08-05 08:48:48.

Flavor Version Tinstall Tcheck Ttotal Status Flags
r-devel-linux-x86_64-debian-clang 1.0.0 0.77 11.22 11.99 NOTE
r-devel-linux-x86_64-debian-gcc 1.0.0 0.72 11.06 11.79 NOTE
r-devel-linux-x86_64-fedora-clang 1.0.0 23.69 NOTE
r-devel-linux-x86_64-fedora-gcc 1.0.0 22.37 NOTE
r-devel-osx-x86_64-clang 1.0.0 22.59 NOTE
r-devel-windows-ix86+x86_64 1.0.0 3.00 22.00 25.00 OK
r-patched-linux-x86_64 1.0.0 0.80 11.33 12.12 NOTE
r-patched-solaris-sparc 1.0.0 150.70 NOTE
r-patched-solaris-x86 1.0.0 37.40 NOTE
r-release-linux-x86_64 1.0.0 0.80 11.88 12.68 NOTE
r-release-osx-x86_64-mavericks 1.0.0 NOTE
r-release-windows-ix86+x86_64 1.0.0 3.00 21.00 24.00 OK
r-oldrel-windows-ix86+x86_64 1.0.0 5.00 27.00 32.00 OK

Check Details

Version: 1.0.0
Check: DESCRIPTION meta-information
Result: NOTE
    License components which are templates and need '+ file LICENSE':
     MIT
Flavors: r-devel-linux-x86_64-debian-clang, r-devel-linux-x86_64-debian-gcc, r-devel-linux-x86_64-fedora-clang, r-devel-linux-x86_64-fedora-gcc, r-devel-osx-x86_64-clang, r-patched-linux-x86_64, r-patched-solaris-sparc, r-patched-solaris-x86, r-release-linux-x86_64, r-release-osx-x86_64-mavericks