CRAN Package Check Results for Package source.gist

Last updated on 2018-04-21 14:47:11 CEST.

Flavor Version Tinstall Tcheck Ttotal Status Flags
r-devel-linux-x86_64-debian-clang 1.0.0 0.79 20.31 21.10 NOTE
r-devel-linux-x86_64-debian-gcc 1.0.0 0.94 16.18 17.12 NOTE
r-devel-linux-x86_64-fedora-clang 1.0.0 25.49 NOTE
r-devel-linux-x86_64-fedora-gcc 1.0.0 24.68 NOTE
r-devel-windows-ix86+x86_64 1.0.0 4.00 33.00 37.00 OK
r-devel-osx-x86_64 1.0.0 NOTE
r-patched-linux-x86_64 1.0.0 0.95 19.88 20.83 NOTE
r-patched-solaris-x86 1.0.0 44.70 NOTE
r-release-linux-x86_64 1.0.0 1.25 19.03 20.28 NOTE
r-release-windows-ix86+x86_64 1.0.0 5.00 42.00 47.00 OK
r-release-osx-x86_64 1.0.0 NOTE
r-oldrel-windows-ix86+x86_64 1.0.0 5.00 39.00 44.00 OK

Check Details

Version: 1.0.0
Check: DESCRIPTION meta-information
Result: NOTE
    License components which are templates and need '+ file LICENSE':
     MIT
Flavors: r-devel-linux-x86_64-debian-clang, r-devel-linux-x86_64-debian-gcc, r-devel-linux-x86_64-fedora-clang, r-devel-linux-x86_64-fedora-gcc, r-devel-osx-x86_64, r-patched-linux-x86_64, r-patched-solaris-x86, r-release-linux-x86_64, r-release-osx-x86_64