CRAN Package Check Results for Package source.gist

Last updated on 2014-07-29 13:47:05.

Flavor Version Tinstall Tcheck Ttotal Status Flags
r-devel-linux-x86_64-debian-clang 1.0.0 1.01 13.56 14.56 NOTE
r-devel-linux-x86_64-debian-gcc 1.0.0 0.94 13.01 13.94 NOTE
r-devel-linux-x86_64-fedora-clang 1.0.0 30.55 NOTE
r-devel-linux-x86_64-fedora-gcc 1.0.0 28.86 NOTE
r-devel-osx-x86_64-clang 1.0.0 28.74 NOTE
r-devel-windows-ix86+x86_64 1.0.0 4.00 22.00 26.00 OK
r-patched-linux-x86_64 1.0.0 1.02 13.19 14.21 NOTE
r-patched-solaris-sparc 1.0.0 169.60 NOTE
r-patched-solaris-x86 1.0.0 40.90 NOTE
r-release-linux-ix86 1.0.0 1.35 18.68 20.03 NOTE
r-release-linux-x86_64 1.0.0 1.04 13.45 14.49 NOTE
r-release-osx-x86_64-mavericks 1.0.0 NOTE
r-release-osx-x86_64-snowleopard 1.0.0 NOTE
r-release-windows-ix86+x86_64 1.0.0 4.00 25.00 29.00 OK
r-oldrel-windows-ix86+x86_64 1.0.0 4.00 22.00 26.00 OK

Check Details

Version: 1.0.0
Check: DESCRIPTION meta-information
Result: NOTE
    License components which are templates and need '+ file LICENSE':
     MIT
Flavors: r-devel-linux-x86_64-debian-clang, r-devel-linux-x86_64-debian-gcc, r-devel-linux-x86_64-fedora-clang, r-devel-linux-x86_64-fedora-gcc, r-devel-osx-x86_64-clang, r-patched-linux-x86_64, r-patched-solaris-sparc, r-patched-solaris-x86, r-release-linux-ix86, r-release-linux-x86_64, r-release-osx-x86_64-mavericks

Version: 1.0.0
Check: DESCRIPTION meta-information
Result: NOTE
    Licenses which are templates and need '+ file LICENSE':
     MIT
Flavor: r-release-osx-x86_64-snowleopard