CRAN Package Check Results for Package source.gist

Last updated on 2014-10-21 01:47:26.

Flavor Version Tinstall Tcheck Ttotal Status Flags
r-devel-linux-x86_64-debian-clang 1.0.0 1.04 13.72 14.76 NOTE
r-devel-linux-x86_64-debian-gcc 1.0.0 0.93 13.47 14.40 NOTE
r-devel-linux-x86_64-fedora-clang 1.0.0 30.04 NOTE
r-devel-linux-x86_64-fedora-gcc 1.0.0 28.40 NOTE
r-devel-osx-x86_64-clang 1.0.0 30.02 NOTE
r-devel-windows-ix86+x86_64 1.0.0 3.00 22.00 25.00 OK
r-patched-linux-x86_64 1.0.0 0.96 13.52 14.48 NOTE
r-patched-solaris-sparc 1.0.0 195.20 NOTE
r-patched-solaris-x86 1.0.0 42.10 NOTE
r-release-linux-ix86 1.0.0 1.37 19.11 20.48 NOTE
r-release-linux-x86_64 1.0.0 1.02 13.76 14.78 NOTE
r-release-osx-x86_64-mavericks 1.0.0 NOTE
r-release-osx-x86_64-snowleopard 1.0.0 NOTE
r-release-windows-ix86+x86_64 1.0.0 4.00 32.00 36.00 OK
r-oldrel-windows-ix86+x86_64 1.0.0 6.00 33.00 39.00 OK

Check Details

Version: 1.0.0
Check: DESCRIPTION meta-information
Result: NOTE
    License components which are templates and need '+ file LICENSE':
     MIT
Flavors: r-devel-linux-x86_64-debian-clang, r-devel-linux-x86_64-debian-gcc, r-devel-linux-x86_64-fedora-clang, r-devel-linux-x86_64-fedora-gcc, r-devel-osx-x86_64-clang, r-patched-linux-x86_64, r-patched-solaris-sparc, r-patched-solaris-x86, r-release-linux-ix86, r-release-linux-x86_64, r-release-osx-x86_64-mavericks

Version: 1.0.0
Check: DESCRIPTION meta-information
Result: NOTE
    Licenses which are templates and need '+ file LICENSE':
     MIT
Flavor: r-release-osx-x86_64-snowleopard