CRAN Package Check Results for Package source.gist

Last updated on 2018-01-21 14:47:48 CET.

Flavor Version Tinstall Tcheck Ttotal Status Flags
r-devel-linux-x86_64-debian-clang 1.0.0 1.00 20.36 21.36 NOTE
r-devel-linux-x86_64-debian-gcc 1.0.0 0.88 16.03 16.91 NOTE
r-devel-linux-x86_64-fedora-clang 1.0.0 25.21 NOTE
r-devel-linux-x86_64-fedora-gcc 1.0.0 24.64 NOTE
r-devel-windows-ix86+x86_64 1.0.0 3.00 31.00 34.00 OK
r-patched-linux-x86_64 1.0.0 1.09 19.50 20.59 NOTE
r-patched-solaris-x86 1.0.0 42.00 NOTE
r-release-linux-x86_64 1.0.0 0.93 19.21 20.14 NOTE
r-release-windows-ix86+x86_64 1.0.0 3.00 39.00 42.00 OK
r-release-osx-x86_64 1.0.0 NOTE
r-oldrel-windows-ix86+x86_64 1.0.0 4.00 40.00 44.00 OK
r-oldrel-osx-x86_64 1.0.0 NOTE

Check Details

Version: 1.0.0
Check: DESCRIPTION meta-information
Result: NOTE
    License components which are templates and need '+ file LICENSE':
     MIT
Flavors: r-devel-linux-x86_64-debian-clang, r-devel-linux-x86_64-debian-gcc, r-devel-linux-x86_64-fedora-clang, r-devel-linux-x86_64-fedora-gcc, r-patched-linux-x86_64, r-patched-solaris-x86, r-release-linux-x86_64, r-release-osx-x86_64, r-oldrel-osx-x86_64