CRAN Package Check Results for Package source.gist

Last updated on 2014-11-28 08:48:39.

Flavor Version Tinstall Tcheck Ttotal Status Flags
r-devel-linux-x86_64-debian-clang 1.0.0 0.92 13.76 14.69 NOTE
r-devel-linux-x86_64-debian-gcc 1.0.0 0.90 13.85 14.75 NOTE
r-devel-linux-x86_64-fedora-clang 1.0.0 33.52 NOTE
r-devel-linux-x86_64-fedora-gcc 1.0.0 30.24 NOTE
r-devel-osx-x86_64-clang 1.0.0 28.70 NOTE
r-devel-windows-ix86+x86_64 1.0.0 4.00 22.00 26.00 OK
r-patched-linux-x86_64 1.0.0 0.99 13.57 14.56 NOTE
r-patched-solaris-sparc 1.0.0 195.20 NOTE
r-patched-solaris-x86 1.0.0 43.00 NOTE
r-release-linux-ix86 1.0.0 1.26 18.76 20.02 NOTE
r-release-linux-x86_64 1.0.0 1.00 13.58 14.59 NOTE
r-release-osx-x86_64-mavericks 1.0.0 NOTE
r-release-osx-x86_64-snowleopard 1.0.0 NOTE
r-release-windows-ix86+x86_64 1.0.0 4.00 22.00 26.00 OK
r-oldrel-windows-ix86+x86_64 1.0.0 6.00 33.00 39.00 OK

Check Details

Version: 1.0.0
Check: DESCRIPTION meta-information
Result: NOTE
    License components which are templates and need '+ file LICENSE':
     MIT
Flavors: r-devel-linux-x86_64-debian-clang, r-devel-linux-x86_64-debian-gcc, r-devel-linux-x86_64-fedora-clang, r-devel-linux-x86_64-fedora-gcc, r-devel-osx-x86_64-clang, r-patched-linux-x86_64, r-patched-solaris-sparc, r-patched-solaris-x86, r-release-linux-ix86, r-release-linux-x86_64, r-release-osx-x86_64-mavericks

Version: 1.0.0
Check: DESCRIPTION meta-information
Result: NOTE
    Licenses which are templates and need '+ file LICENSE':
     MIT
Flavor: r-release-osx-x86_64-snowleopard