CRAN Package Check Results for Package source.gist

Last updated on 2016-08-30 12:47:15.

Flavor Version Tinstall Tcheck Ttotal Status Flags
r-devel-linux-x86_64-debian-clang 1.0.0 0.76 11.45 12.21 NOTE
r-devel-linux-x86_64-debian-gcc 1.0.0 0.74 11.12 11.86 NOTE
r-devel-linux-x86_64-fedora-clang 1.0.0 21.67 NOTE
r-devel-linux-x86_64-fedora-gcc 1.0.0 19.95 NOTE
r-devel-osx-x86_64-clang 1.0.0 18.35 NOTE
r-devel-windows-ix86+x86_64 1.0.0 6.00 63.00 69.00 OK
r-patched-linux-x86_64 1.0.0 0.88 11.04 11.91 NOTE
r-patched-solaris-sparc 1.0.0 122.90 NOTE
r-patched-solaris-x86 1.0.0 29.70 NOTE
r-release-linux-x86_64 1.0.0 0.82 11.33 12.14 NOTE
r-release-osx-x86_64-mavericks 1.0.0 NOTE
r-release-windows-ix86+x86_64 1.0.0 3.00 38.00 41.00 OK
r-oldrel-windows-ix86+x86_64 1.0.0 3.00 26.00 29.00 OK

Check Details

Version: 1.0.0
Check: DESCRIPTION meta-information
Result: NOTE
    License components which are templates and need '+ file LICENSE':
     MIT
Flavors: r-devel-linux-x86_64-debian-clang, r-devel-linux-x86_64-debian-gcc, r-devel-linux-x86_64-fedora-clang, r-devel-linux-x86_64-fedora-gcc, r-devel-osx-x86_64-clang, r-patched-linux-x86_64, r-patched-solaris-sparc, r-patched-solaris-x86, r-release-linux-x86_64, r-release-osx-x86_64-mavericks