CRAN Package Check Results for Package source.gist

Last updated on 2017-05-27 01:47:08.

Flavor Version Tinstall Tcheck Ttotal Status Flags
r-devel-linux-x86_64-debian-clang 1.0.0 0.88 13.42 14.30 NOTE
r-devel-linux-x86_64-debian-gcc 1.0.0 1.02 13.55 14.57 NOTE
r-devel-linux-x86_64-fedora-clang 1.0.0 24.99 NOTE
r-devel-linux-x86_64-fedora-gcc 1.0.0 24.06 NOTE
r-devel-windows-ix86+x86_64 1.0.0 4.00 31.00 35.00 OK
r-patched-linux-x86_64 1.0.0 1.01 13.39 14.40 NOTE
r-patched-solaris-sparc 1.0.0 141.00 NOTE
r-patched-solaris-x86 1.0.0 37.60 NOTE
r-release-linux-x86_64 1.0.0 0.83 13.38 14.21 NOTE
r-release-windows-ix86+x86_64 1.0.0 5.00 36.00 41.00 OK
r-release-osx-x86_64 1.0.0 NOTE
r-oldrel-windows-ix86+x86_64 1.0.0 5.00 41.00 46.00 OK
r-oldrel-osx-x86_64 1.0.0 NOTE

Check Details

Version: 1.0.0
Check: DESCRIPTION meta-information
Result: NOTE
    License components which are templates and need '+ file LICENSE':
     MIT
Flavors: r-devel-linux-x86_64-debian-clang, r-devel-linux-x86_64-debian-gcc, r-devel-linux-x86_64-fedora-clang, r-devel-linux-x86_64-fedora-gcc, r-patched-linux-x86_64, r-patched-solaris-sparc, r-patched-solaris-x86, r-release-linux-x86_64, r-release-osx-x86_64, r-oldrel-osx-x86_64