CRAN Package Check Results for Package source.gist

Last updated on 2017-11-17 23:48:42.

Flavor Version Tinstall Tcheck Ttotal Status Flags
r-devel-linux-x86_64-debian-clang 1.0.0 0.76 12.93 13.69 NOTE
r-devel-linux-x86_64-debian-gcc 1.0.0 0.93 14.81 15.74 NOTE
r-devel-linux-x86_64-fedora-clang 1.0.0 23.51 NOTE
r-devel-linux-x86_64-fedora-gcc 1.0.0 40.38 NOTE
r-devel-windows-ix86+x86_64 1.0.0 4.00 32.00 36.00 OK
r-patched-linux-x86_64 1.0.0 0.84 12.94 13.79 NOTE
r-patched-solaris-x86 1.0.0 37.40 NOTE
r-release-linux-x86_64 1.0.0 0.87 13.25 14.12 NOTE
r-release-windows-ix86+x86_64 1.0.0 3.00 30.00 33.00 OK
r-release-osx-x86_64 1.0.0 NOTE
r-oldrel-windows-ix86+x86_64 1.0.0 4.00 40.00 44.00 OK
r-oldrel-osx-x86_64 1.0.0 NOTE

Check Details

Version: 1.0.0
Check: DESCRIPTION meta-information
Result: NOTE
    License components which are templates and need '+ file LICENSE':
     MIT
Flavors: r-devel-linux-x86_64-debian-clang, r-devel-linux-x86_64-debian-gcc, r-devel-linux-x86_64-fedora-clang, r-devel-linux-x86_64-fedora-gcc, r-patched-linux-x86_64, r-patched-solaris-x86, r-release-linux-x86_64, r-release-osx-x86_64, r-oldrel-osx-x86_64