CRAN Package Check Results for Package source.gist

Last updated on 2016-07-27 22:47:33.

Flavor Version Tinstall Tcheck Ttotal Status Flags
r-devel-linux-x86_64-debian-clang 1.0.0 1.05 12.71 13.76 NOTE
r-devel-linux-x86_64-debian-gcc 1.0.0 1.12 13.35 14.46 NOTE
r-devel-linux-x86_64-fedora-clang 1.0.0 22.98 NOTE
r-devel-linux-x86_64-fedora-gcc 1.0.0 20.61 NOTE
r-devel-osx-x86_64-clang 1.0.0 17.99 NOTE
r-devel-windows-ix86+x86_64 1.0.0 3.00 28.00 31.00 OK
r-patched-linux-x86_64 1.0.0 1.14 13.14 14.28 NOTE
r-patched-solaris-sparc 1.0.0 122.90 NOTE
r-patched-solaris-x86 1.0.0 29.50 NOTE
r-release-linux-x86_64 1.0.0 1.08 13.59 14.67 NOTE
r-release-osx-x86_64-mavericks 1.0.0 NOTE
r-release-windows-ix86+x86_64 1.0.0 3.00 38.00 41.00 OK
r-oldrel-windows-ix86+x86_64 1.0.0 3.00 26.00 29.00 OK

Check Details

Version: 1.0.0
Check: DESCRIPTION meta-information
Result: NOTE
    License components which are templates and need '+ file LICENSE':
     MIT
Flavors: r-devel-linux-x86_64-debian-clang, r-devel-linux-x86_64-debian-gcc, r-devel-linux-x86_64-fedora-clang, r-devel-linux-x86_64-fedora-gcc, r-devel-osx-x86_64-clang, r-patched-linux-x86_64, r-patched-solaris-sparc, r-patched-solaris-x86, r-release-linux-x86_64, r-release-osx-x86_64-mavericks