CRAN Package Check Results for Package sp

Last updated on 2014-07-31 03:48:41.

Flavor Version Tinstall Tcheck Ttotal Status Flags
r-devel-linux-x86_64-debian-clang 1.0-15 3.76 71.42 75.18 OK
r-devel-linux-x86_64-debian-gcc 1.0-15 3.87 71.37 75.24 OK
r-devel-linux-x86_64-fedora-clang 1.0-15 172.30 OK
r-devel-linux-x86_64-fedora-gcc 1.0-15 161.99 OK
r-devel-osx-x86_64-clang 1.0-15 130.98 OK
r-devel-windows-ix86+x86_64 1.0-15 18.00 128.00 146.00 OK
r-patched-linux-x86_64 1.0-15 3.84 72.90 76.73 OK
r-patched-solaris-sparc 1.0-15 974.30 OK
r-patched-solaris-x86 1.0-15 216.30 OK
r-release-linux-ix86 1.0-15 4.77 91.19 95.96 OK
r-release-linux-x86_64 1.0-15 3.80 72.34 76.14 OK
r-release-osx-x86_64-mavericks 1.0-15 WARN
r-release-osx-x86_64-snowleopard 1.0-15 OK
r-release-windows-ix86+x86_64 1.0-15 29.00 167.00 196.00 NOTE
r-oldrel-windows-ix86+x86_64 1.0-15 28.00 194.00 222.00 OK

Check Details

Version: 1.0-15
Check: package dependencies
Result: NOTE
    Packages suggested but not available for checking: rgdal rgeos gstat
Flavor: r-release-osx-x86_64-mavericks

Version: 1.0-15
Check: R code for possible problems
Result: NOTE
    CRS: no visible global function definition for checkCRSArgs
    explodePolygons: no visible global function definition for
     createPolygonsComment
Flavor: r-release-osx-x86_64-mavericks

Version: 1.0-15
Check: Rd cross-references
Result: NOTE
    Packages unavailable to check Rd xrefs: rgeos , rgdal , maptools
Flavor: r-release-osx-x86_64-mavericks

Version: 1.0-15
Check: running R code from vignettes
Result: WARNING
    Errors in running code in vignettes:
    when running code in csdacm.Rnw
     ...
    
    > .iheight <- 6
    
    > .ipointsize <- 12
    
    > library(gstat)
    
     When sourcing csdacm.R :
    Error: there is no package called gstat
    Execution halted
    when running code in over.Rnw
     ...
    
    > lines(L, col = "green")
    
    > text(c(0.52, 1.52), c(1.5, 1.5), c("L1", "L2"))
    
    > library(rgeos)
    
     When sourcing over.R :
    Error: there is no package called rgeos
    Execution halted
Flavor: r-release-osx-x86_64-mavericks

Version: 1.0-15
Check: re-building of vignette outputs
Result: NOTE
    Error in re-building vignettes:
     ...
    
    Error: processing vignette 'csdacm.Rnw' failed with diagnostics:
     chunk 70
    Error in library(gstat) : there is no package called gstat
    Execution halted
Flavor: r-release-osx-x86_64-mavericks

Version: 1.0-15
Check: re-building of vignette outputs
Result: NOTE
    Error in re-building vignettes:
     ...
    rgdal: version: 0.8-16, (SVN revision 498)
    Geospatial Data Abstraction Library extensions to R successfully loaded
    Loaded GDAL runtime: GDAL 1.11.0, released 2014/04/16
    Path to GDAL shared files: d:/RCompile/CRANpkg/lib/3.1/rgdal/gdal
    GDAL does not use iconv for recoding strings.
    Loaded PROJ.4 runtime: Rel. 4.8.0, 6 March 2012, [PJ_VERSION: 480]
    Path to PROJ.4 shared files: d:/RCompile/CRANpkg/lib/3.1/rgdal/proj
    Note: the specification for class "SpatialGDAL" in package '.GlobalEnv' seems equivalent to one from package 'rgdal': not turning on duplicate class definitions for this class.
    Note: the specification for class "SpatialGDAL" in package '.GlobalEnv' seems equivalent to one from package 'rgdal': not turning on duplicate class definitions for this class.
    Warning: running command '"D:\compiler\texmf\miktex\bin\texi2dvi.exe" --quiet --pdf "csdacm.tex" --max-iterations=20 -I "D:/RCompile/recent/R-3.1.1/share/texmf/tex/latex" -I "D:/RCompile/recent/R-3.1.1/share/texmf/bibtex/bst"' had status 1
    Error in find_vignette_product(name, by = "texi2pdf", engine = engine) :
     Failed to locate the 'texi2pdf' output file (by engine 'utils::Sweave') for vignette with name 'csdacm'. The following files exist in directory '.': 'Fig-bitmap-1.pdf', 'Fig-bitmap-2.pdf', 'Fig-bitmap-3.pdf', 'csdacm.Rnw', 'csdacm.tex', 'intro_sp.Rnw', 'over.Rnw'
    Calls: buildVignettes -> find_vignette_product
    Execution halted
Flavor: r-release-windows-ix86+x86_64