CRAN Package Check Results for Package sp

Last updated on 2016-04-30 06:47:43.

Flavor Version Tinstall Tcheck Ttotal Status Flags
r-devel-linux-x86_64-debian-gcc 1.2-3 3.74 71.52 75.26 OK
r-devel-linux-x86_64-fedora-clang 1.2-3 139.69 OK
r-devel-linux-x86_64-fedora-gcc 1.2-3 132.34 OK
r-devel-osx-x86_64-clang 1.2-3 142.57 OK
r-devel-windows-ix86+x86_64 1.2-3 19.00 180.00 199.00 OK
r-patched-linux-x86_64 1.2-3 3.63 69.05 72.68 OK
r-patched-solaris-sparc 1.2-3 782.80 OK
r-patched-solaris-x86 1.2-3 175.60 OK
r-release-linux-x86_64 1.2-3 4.00 80.98 84.98 OK
r-release-osx-x86_64-mavericks 1.2-3 ERROR
r-release-windows-ix86+x86_64 1.2-3 22.00 185.00 207.00 OK
r-oldrel-windows-ix86+x86_64 1.2-3 54.00 181.00 235.00 WARN

Check Details

Version: 1.2-3
Check: dependencies in R code
Result: NOTE
    Missing or unexported objects:
     ‘rgeos::overGeomGeom’ ‘rgeos::overGeomGeomDF’
Flavor: r-release-osx-x86_64-mavericks

Version: 1.2-3
Check: Rd cross-references
Result: WARN
    Missing link or links in documentation object 'CRS-class.Rd':
     ‘[rgdal]{GridsDatums}’ ‘[rgdal]{showEPSG}’
    
    See section 'Cross-references' in the 'Writing R Extensions' manual.
Flavor: r-release-osx-x86_64-mavericks

Version: 1.2-3
Check: tests
Result: ERROR
    Running the tests in ‘tests/over2.R’ failed.
    Last 13 lines of output:
     > pt = SpatialPoints(cbind(0.5,0.5)) # on border of x1
     > row.names(pt) = "pt1"
     > over(pt,sp)
     pt1
     2
     > over(pt,sp,returnList=TRUE)
     $pt1
     [1] 1 2
    
     >
     > rgeos::overGeomGeom(pt,sp)
     Error: 'overGeomGeom' is not an exported object from 'namespace:rgeos'
     Execution halted
Flavor: r-release-osx-x86_64-mavericks

Version: 1.2-3
Check: running R code from vignettes
Result: ERROR
    Errors in running code in vignettes:
    when running code in ‘over.Rnw’
     ...
    > over(pt, sp, returnList = TRUE)
    $pt1
    [1] 1 2
    
    
    > rgeos::overGeomGeom(pt, sp)
    
     When sourcing ‘over.R’:
    Error: 'overGeomGeom' is not an exported object from 'namespace:rgeos'
    Execution halted
Flavor: r-release-osx-x86_64-mavericks

Version: 1.2-3
Check: re-building of vignette outputs
Result: NOTE
    Error in re-building vignettes:
     ...
    Found more than one class "SpatialMultiPoints" in cache; using the first, from namespace 'sp'
    Found more than one class "SpatialMultiPointsDataFrame" in cache; using the first, from namespace 'sp'
    Found more than one class "SpatialMultiPointsDataFrame" in cache; using the first, from namespace 'sp'
    rgdal: version: 1.0-4, (SVN revision 548)
     Geospatial Data Abstraction Library extensions to R successfully loaded
     Loaded GDAL runtime: GDAL 1.11.2, released 2015/02/10
     Path to GDAL shared files: /Builds/CRAN-QA-Simon/packages/mavericks-x86_64/Rlib/3.2/rgdal/gdal
     Loaded PROJ.4 runtime: Rel. 4.9.1, 04 March 2015, [PJ_VERSION: 491]
     Path to PROJ.4 shared files: /Builds/CRAN-QA-Simon/packages/mavericks-x86_64/Rlib/3.2/rgdal/proj
     Linking to sp version: 1.1-1
    rgeos version: 0.3-11, (SVN revision 479)
     GEOS runtime version: 3.4.2-CAPI-1.8.2 r3921
     Linking to sp version: 1.1-0
     Polygon checking: TRUE
    
    
    Error: processing vignette 'over.Rnw' failed with diagnostics:
     chunk 26
    Error : 'overGeomGeom' is not an exported object from 'namespace:rgeos'
    Execution halted
Flavor: r-release-osx-x86_64-mavericks

Version: 1.2-3
Check: package subdirectories
Result: WARN
    Problems with news in 'inst/NEWS.Rd':
     inst/NEWS.Rd:55: unknown macro '\CRANpkg'
     inst/NEWS.Rd:63: unknown macro '\CRANpkg'
     inst/NEWS.Rd:64: unknown macro '\CRANpkg'
     inst/NEWS.Rd:66: unknown macro '\CRANpkg'
     inst/NEWS.Rd:74: unknown macro '\CRANpkg'
Flavor: r-oldrel-windows-ix86+x86_64