CRAN Package Check Results for Package sp

Last updated on 2017-04-28 15:47:47.

Flavor Version Tinstall Tcheck Ttotal Status Flags
r-devel-linux-x86_64-debian-clang 1.2-4 4.35 92.83 97.18 OK
r-devel-linux-x86_64-debian-gcc 1.2-4 4.08 92.71 96.79 OK
r-devel-linux-x86_64-fedora-clang 1.2-4 187.75 OK --no-stop-on-test-error
r-devel-linux-x86_64-fedora-gcc 1.2-4 165.02 OK --no-stop-on-test-error
r-devel-windows-ix86+x86_64 1.2-4 18.00 298.00 316.00 OK
r-patched-linux-x86_64 1.2-4 4.36 89.94 94.30 OK
r-patched-solaris-sparc 1.2-4 954.10 OK
r-patched-solaris-x86 1.2-4 202.70 OK
r-release-linux-x86_64 1.2-4 3.92 90.71 94.63 OK
r-release-windows-ix86+x86_64 1.2-4 35.00 282.00 317.00 OK
r-release-osx-x86_64 1.2-4 ERROR
r-oldrel-windows-ix86+x86_64 1.2-4 31.00 220.00 251.00 OK
r-oldrel-osx-x86_64 1.2-4 OK

Check Details

Version: 1.2-4
Check: package dependencies
Result: NOTE
    Package suggested but not available for checking: ‘rgdal’
Flavor: r-release-osx-x86_64

Version: 1.2-4
Check: Rd cross-references
Result: NOTE
    Package unavailable to check Rd xrefs: ‘rgdal’
Flavor: r-release-osx-x86_64

Version: 1.2-4
Check: examples
Result: ERROR
    Running examples in ‘sp-Ex.R’ failed
    The error most likely occurred in:
    
    > ### Name: gridlines
    > ### Title: Create N-S and E-W grid lines over a geographic region
    > ### Aliases: gridlines gridat text text.SpatialPointsDataFrame labels
    > ### labels.SpatialLines
    > ### Keywords: spatial
    >
    > ### ** Examples
    >
    > data(meuse)
    > coordinates(meuse) = ~x+y
    > plot(meuse)
    > plot(gridlines(meuse), add = TRUE)
    > text(labels(gridlines(meuse)))
    > title("default gridlines within Meuse bounding box")
    >
    > proj4string(meuse) <- CRS("+init=epsg:28992")
    > crs.longlat <- CRS("+init=epsg:4326")
    > meuse_ll <- spTransform(meuse, crs.longlat)
    Error in spTransform(meuse, crs.longlat) :
     package rgdal is required for spTransform methods
    Calls: spTransform -> spTransform
    Execution halted
Flavor: r-release-osx-x86_64

Version: 1.2-4
Check: running R code from vignettes
Result: WARN
    Errors in running code in vignettes:
    when running code in ‘csdacm.Rnw’
     ...
     2.5% 97.5%
    0.6383983 0.7388898
    
    > fn <- system.file("pictures/erdas_spnad83.tif", package = "rgdal")[1]
    
    > library(rgdal)
    
     When sourcing ‘csdacm.R’:
    Error: there is no package called ‘rgdal’
    Execution halted
Flavor: r-release-osx-x86_64

Version: 1.2-4
Check: re-building of vignette outputs
Result: NOTE
    Error in re-building vignettes:
     ...
    Found more than one class "SpatialMultiPoints" in cache; using the first, from namespace 'sp'
    Also defined by ‘.GlobalEnv’
    Found more than one class "SpatialMultiPointsDataFrame" in cache; using the first, from namespace 'sp'
    Also defined by ‘.GlobalEnv’
    Found more than one class "SpatialMultiPointsDataFrame" in cache; using the first, from namespace 'sp'
    Also defined by ‘.GlobalEnv’
    
    Error: processing vignette 'csdacm.Rnw' failed with diagnostics:
     chunk 81
    Error in library(rgdal) : there is no package called ‘rgdal’
    Execution halted
Flavor: r-release-osx-x86_64