CRAN Package Check Results for Package sp

Last updated on 2016-08-24 20:54:37.

Flavor Version Tinstall Tcheck Ttotal Status Flags
r-devel-linux-x86_64-debian-clang 1.2-3 3.98 72.39 76.37 OK
r-devel-linux-x86_64-debian-gcc 1.2-3 3.77 75.75 79.52 OK
r-devel-linux-x86_64-fedora-clang 1.2-3 145.89 OK
r-devel-linux-x86_64-fedora-gcc 1.2-3 137.42 OK
r-devel-osx-x86_64-clang 1.2-3 117.20 OK
r-devel-windows-ix86+x86_64 1.2-3 19.00 210.00 229.00 OK
r-patched-linux-x86_64 1.2-3 3.54 71.28 74.82 OK
r-patched-solaris-sparc 1.2-3 844.30 OK
r-patched-solaris-x86 1.2-3 173.30 OK
r-release-linux-x86_64 1.2-3 4.02 72.14 76.16 OK
r-release-osx-x86_64-mavericks 1.2-3 ERROR
r-release-windows-ix86+x86_64 1.2-3 21.00 212.00 233.00 OK
r-oldrel-windows-ix86+x86_64 1.2-3 19.00 182.00 201.00 OK

Check Details

Version: 1.2-3
Check: package dependencies
Result: NOTE
    Packages suggested but not available for checking: ‘rgdal’ ‘rgeos’
Flavor: r-release-osx-x86_64-mavericks

Version: 1.2-3
Check: Rd cross-references
Result: NOTE
    Packages unavailable to check Rd xrefs: ‘rgdal’, ‘rgeos’
Flavor: r-release-osx-x86_64-mavericks

Version: 1.2-3
Check: examples
Result: ERROR
    Running examples in ‘sp-Ex.R’ failed
    The error most likely occurred in:
    
    > ### Name: gridlines
    > ### Title: Create N-S and E-W grid lines over a geographic region
    > ### Aliases: gridlines gridat text text.SpatialPointsDataFrame labels
    > ### labels.SpatialLines
    > ### Keywords: spatial
    >
    > ### ** Examples
    >
    > data(meuse)
    > coordinates(meuse) = ~x+y
    > plot(meuse)
    > plot(gridlines(meuse), add = TRUE)
    > text(labels(gridlines(meuse)))
    > title("default gridlines within Meuse bounding box")
    >
    > proj4string(meuse) <- CRS("+init=epsg:28992")
    > crs.longlat <- CRS("+init=epsg:4326")
    > meuse_ll <- spTransform(meuse, crs.longlat)
    Error in spTransform(meuse, crs.longlat) :
     package rgdal is required for spTransform methods
    Calls: spTransform -> spTransform
    Execution halted
Flavor: r-release-osx-x86_64-mavericks

Version: 1.2-3
Check: tests
Result: ERROR
    Running the tests in ‘tests/agg.R’ failed.
    Last 13 lines of output:
     'help.start()' for an HTML browser interface to help.
     Type 'q()' to quit R.
    
     > library(sp)
     > g = SpatialGrid(GridTopology(c(5,5), c(10,10), c(3,3)))
     > p = as(g, "SpatialPolygons")
     > p$z = c(1,0,1,0,1,0,1,0,1)
     > cc = coordinates(g)
     > p$ag1 = aggregate(p, p, mean)[[1]]
     Error in over(by, x, fn = FUN, ...) :
     package rgeos is required for additional over methods
     Calls: aggregate -> aggregate.Spatial -> over -> over
     Execution halted
Flavor: r-release-osx-x86_64-mavericks

Version: 1.2-3
Check: running R code from vignettes
Result: WARN
    Errors in running code in vignettes:
    when running code in ‘csdacm.Rnw’
     ...
     2.5% 97.5%
    0.6383983 0.7388898
    
    > fn <- system.file("pictures/erdas_spnad83.tif", package = "rgdal")[1]
    
    > library(rgdal)
    
     When sourcing ‘csdacm.R’:
    Error: there is no package called ‘rgdal’
    Execution halted
    when running code in ‘over.Rnw’
     ...
    
    
    > row.names(pol[pts])
    [1] "x2" "x4" "x5"
    
    > over(pol, pol, returnList = TRUE)
    
     When sourcing ‘over.R’:
    Error: package rgeos is required for additional over methods
    Execution halted
Flavor: r-release-osx-x86_64-mavericks

Version: 1.2-3
Check: re-building of vignette outputs
Result: NOTE
    Error in re-building vignettes:
     ...
    Found more than one class "SpatialMultiPoints" in cache; using the first, from namespace 'sp'
    Found more than one class "SpatialMultiPointsDataFrame" in cache; using the first, from namespace 'sp'
    Found more than one class "SpatialMultiPointsDataFrame" in cache; using the first, from namespace 'sp'
    
    Error: processing vignette 'csdacm.Rnw' failed with diagnostics:
     chunk 81
    Error in library(rgdal) : there is no package called ‘rgdal’
    Execution halted
Flavor: r-release-osx-x86_64-mavericks