CRAN Package Check Results for Package sp

Last updated on 2015-07-07 21:46:54.

Flavor Version Tinstall Tcheck Ttotal Status Flags
r-devel-linux-x86_64-debian-clang 1.1-1 3.46 72.51 75.97 NOTE
r-devel-linux-x86_64-debian-gcc 1.1-1 3.60 73.00 76.60 NOTE
r-devel-linux-x86_64-fedora-clang 1.1-1 152.70 NOTE
r-devel-linux-x86_64-fedora-gcc 1.1-1 144.89 NOTE
r-devel-osx-x86_64-clang 1.1-1 111.82 OK
r-devel-windows-ix86+x86_64 1.1-1 29.00 171.00 200.00 NOTE
r-patched-linux-x86_64 1.1-1 3.52 73.02 76.54 OK
r-patched-solaris-sparc 1.1-1 881.10 OK
r-patched-solaris-x86 1.1-1 201.10 OK
r-release-linux-x86_64 1.1-1 3.58 71.71 75.28 OK
r-release-osx-x86_64-mavericks 1.1-1 OK
r-release-windows-ix86+x86_64 1.1-1 26.00 154.00 180.00 OK
r-oldrel-windows-ix86+x86_64 1.1-1 18.00 157.00 175.00 OK

Check Details

Version: 1.1-1
Check: R code for possible problems
Result: NOTE
    .NAmat2xyList: no visible global function definition for ‘na.omit’
    .polygon: no visible global function definition for ‘polygon’
    .polygonRingHoles: no visible global function definition for ‘par’
    .polygonRingHoles: no visible global function definition for ‘polypath’
    SpatialPolygonsRescale: no visible global function definition for
     ‘polygon’
    SpatialPolygonsRescale: no visible global function definition for
     ‘lines’
    aggregate.data.frame.SP: no visible global function definition for
     ‘aggregate.data.frame’
    aggregate.data.frame.SP: no visible global function definition for
     ‘complete.cases’
    bpy.colors: no visible global function definition for ‘rgb’
    bubble: no visible global function definition for ‘quantile’
    compassRose: no visible global function definition for ‘par’
    compassRose: no visible global function definition for ‘strheight’
    compassRose: no visible global function definition for ‘polygon’
    compassRose: no visible global function definition for ‘text’
    contour.SpatialGridDataFrame: no visible global function definition for
     ‘contour’
    contour.SpatialPixelsDataFrame: no visible global function definition
     for ‘contour’
    degAxis: no visible global function definition for ‘axTicks’
    degAxis: no visible global function definition for ‘axis’
    getFormulaLevelplot: no visible global function definition for
     ‘as.formula’
    getGridIndex: no visible global function definition for ‘na.omit’
    gridIndex2nb: no visible global function definition for ‘dist’
    image.SpatialGridDataFrame: no visible global function definition for
     ‘heat.colors’
    image.SpatialGridDataFrame: no visible global function definition for
     ‘rasterImage’
    image.SpatialGridDataFrame: no visible global function definition for
     ‘image’
    image.SpatialGridDataFrame: no visible global function definition for
     ‘rgb’
    image.SpatialPixels: no visible global function definition for ‘image’
    image.SpatialPixelsDataFrame: no visible global function definition for
     ‘image’
    imageScale: no visible global function definition for ‘heat.colors’
    imageScale: no visible global function definition for ‘polygon’
    imageScale: no visible global function definition for ‘box’
    imageScale: no visible global function definition for ‘axis’
    lines.Line: no visible global function definition for ‘lines’
    lines.Lines : <anonymous>: no visible global function definition for
     ‘lines’
    lines.SpatialLines : <anonymous>: no visible global function definition
     for ‘lines’
    lines.SpatialLinesDataFrame: no visible global function definition for
     ‘lines’
    plot.Spatial: no visible global function definition for ‘par’
    plot.Spatial: no visible global function definition for ‘plot.new’
    plot.Spatial: no visible binding for global variable ‘plot.window’
    plot.Spatial: no visible global function definition for ‘rect’
    plot.Spatial: no visible global function definition for ‘box’
    plot.Spatial: no visible global function definition for ‘axis’
    plot.Spatial : localTitle: no visible global function definition for
     ‘title’
    plot.SpatialGrid: no visible global function definition for ‘par’
    plot.SpatialGrid: no visible global function definition for ‘segments’
    plot.SpatialPixels: no visible global function definition for ‘par’
    plot.SpatialPixels: no visible global function definition for
     ‘segments’
    plot.SpatialPoints: no visible global function definition for ‘points’
    plot.SpatialPolygons: no visible global function definition for ‘par’
    plotSpatialLines: no visible global function definition for ‘lines’
    points.SpatialPoints: no visible global function definition for
     ‘points’
    points.SpatialPointsDataFrame: no visible global function definition
     for ‘points’
    read.asciigrid: no visible global function definition for ‘image’
    sample.Line: no visible global function definition for ‘runif’
    sample.Lines: no visible global function definition for ‘runif’
    sample.Polygon: no visible global function definition for ‘runif’
    sample.Polygons: no visible global function definition for ‘runif’
    sample.Sgrid: no visible global function definition for ‘runif’
    sample.Spatial: no visible global function definition for ‘runif’
    sample.Spatial : <anonymous>: no visible global function definition for
     ‘runif’
    sample.SpatialLines: no visible global function definition for ‘runif’
    sample.SpatialPolygons: no visible global function definition for
     ‘runif’
    sample.Spixels: no visible global function definition for ‘runif’
    select.spatial: no visible global function definition for ‘locator’
    select.spatial: no visible global function definition for ‘identify’
    spDists: no visible global function definition for ‘dist’
    spplot.points: no visible global function definition for ‘as.formula’
    text.SpatialPointsDataFrame: no visible binding for global variable
     ‘text’
    coordinates<-,data.frame: no visible global function definition for
     ‘model.frame’
    coordinates<-,data.frame: no visible binding for global variable
     ‘na.fail’
    spplot,SpatialPointsDataFrame: no visible global function definition
     for ‘as.formula’
    spsample,Line: no visible global function definition for ‘runif’
    spsample,Lines: no visible global function definition for ‘runif’
    spsample,Polygon: no visible global function definition for ‘runif’
    spsample,Polygons: no visible global function definition for ‘runif’
    spsample,Spatial: no visible global function definition for ‘runif’
    spsample,Spatial : <anonymous>: no visible global function definition
     for ‘runif’
    spsample,SpatialGrid: no visible global function definition for ‘runif’
    spsample,SpatialLines: no visible global function definition for
     ‘runif’
    spsample,SpatialPixels: no visible global function definition for
     ‘runif’
    spsample,SpatialPolygons: no visible global function definition for
     ‘runif’
    Undefined global functions or variables:
     aggregate.data.frame as.formula axTicks axis box complete.cases
     contour dist heat.colors identify image lines locator model.frame
     na.fail na.omit par plot.new plot.window points polygon polypath
     quantile rasterImage rect rgb runif segments strheight text title
Flavors: r-devel-linux-x86_64-debian-clang, r-devel-linux-x86_64-debian-gcc, r-devel-linux-x86_64-fedora-clang, r-devel-linux-x86_64-fedora-gcc, r-devel-windows-ix86+x86_64