CRAN Package Check Results for Package sp

Last updated on 2015-05-29 21:47:09.

Flavor Version Tinstall Tcheck Ttotal Status Flags
r-devel-linux-x86_64-debian-clang 1.1-0 3.40 71.46 74.86 OK
r-devel-linux-x86_64-debian-gcc 1.1-0 3.43 70.89 74.32 OK
r-devel-linux-x86_64-fedora-clang 1.1-0 154.39 OK
r-devel-linux-x86_64-fedora-gcc 1.1-0 143.36 OK
r-devel-osx-x86_64-clang 1.1-0 129.01 OK
r-devel-windows-ix86+x86_64 1.1-0 24.00 145.00 169.00 OK
r-patched-linux-x86_64 1.1-0 3.54 70.33 73.87 OK
r-patched-solaris-sparc 1.1-0 937.40 OK
r-patched-solaris-x86 1.1-0 197.20 OK
r-release-linux-x86_64 1.1-0 3.55 72.58 76.13 OK
r-release-osx-x86_64-mavericks 1.1-0 OK
r-release-osx-x86_64-snowleopard 1.1-0 WARN
r-release-windows-ix86+x86_64 1.1-0 18.00 155.00 173.00 OK
r-oldrel-windows-ix86+x86_64 1.1-0 20.00 150.00 170.00 OK

Check Details

Version: 1.1-0
Check: package dependencies
Result: NOTE
    Packages suggested but not available for checking: ‘rgeos’ ‘gstat’
Flavor: r-release-osx-x86_64-snowleopard

Version: 1.1-0
Check: Rd cross-references
Result: NOTE
    Packages unavailable to check Rd xrefs: ‘rgeos’, ‘fields’
Flavor: r-release-osx-x86_64-snowleopard

Version: 1.1-0
Check: running R code from vignettes
Result: WARN
    Errors in running code in vignettes:
    when running code in ‘csdacm.Rnw’
     ...
    
    > .iheight <- 6
    
    > .ipointsize <- 12
    
    > library(gstat)
    
     When sourcing ‘csdacm.R’:
    Error: there is no package called ‘gstat’
    Execution halted
    when running code in ‘over.Rnw’
     ...
    
    > lines(L, col = "green")
    
    > text(c(0.52, 1.52), c(1.5, 1.5), c("L1", "L2"))
    
    > library(rgeos)
    
     When sourcing ‘over.R’:
    Error: there is no package called ‘rgeos’
    Execution halted
Flavor: r-release-osx-x86_64-snowleopard

Version: 1.1-0
Check: re-building of vignette outputs
Result: NOTE
    Error in re-building vignettes:
     ...
    
    Error: processing vignette 'csdacm.Rnw' failed with diagnostics:
     chunk 70
    Error in library(gstat) : there is no package called ‘gstat’
    Execution halted
Flavor: r-release-osx-x86_64-snowleopard