CRAN Package Check Results for Package sp

Last updated on 2015-03-04 19:50:31.

Flavor Version Tinstall Tcheck Ttotal Status Flags
r-devel-linux-x86_64-debian-clang 1.0-17 3.57 71.60 75.17 OK
r-devel-linux-x86_64-debian-gcc 1.0-17 3.59 67.29 70.88 OK
r-devel-linux-x86_64-fedora-clang 1.0-17 149.55 OK
r-devel-linux-x86_64-fedora-gcc 1.0-17 143.17 OK
r-devel-osx-x86_64-clang 1.0-17 120.86 OK
r-devel-windows-ix86+x86_64 1.0-17 21.00 142.00 163.00 OK
r-patched-linux-x86_64 1.0-17 3.78 78.66 82.44 OK
r-patched-solaris-sparc 1.0-17 1038.70 OK
r-patched-solaris-x86 1.0-17 216.70 OK
r-release-linux-ix86 1.0-17 6.07 96.66 102.73 OK
r-release-linux-x86_64 1.0-17 3.99 77.99 81.98 OK
r-release-osx-x86_64-mavericks 1.0-17 WARN
r-release-osx-x86_64-snowleopard 1.0-17 OK
r-release-windows-ix86+x86_64 1.0-17 19.00 157.00 176.00 OK
r-oldrel-windows-ix86+x86_64 1.0-17 19.00 159.00 178.00 OK

Check Details

Version: 1.0-17
Check: package dependencies
Result: NOTE
    Packages suggested but not available for checking: ‘rgdal’ ‘rgeos’ ‘gstat’
Flavor: r-release-osx-x86_64-mavericks

Version: 1.0-17
Check: Rd cross-references
Result: NOTE
    Packages unavailable to check Rd xrefs: ‘rgeos’, ‘rgdal’
Flavor: r-release-osx-x86_64-mavericks

Version: 1.0-17
Check: running R code from vignettes
Result: WARN
    Errors in running code in vignettes:
    when running code in ‘csdacm.Rnw’
     ...
    
    > .iheight <- 6
    
    > .ipointsize <- 12
    
    > library(gstat)
    
     When sourcing ‘csdacm.R’:
    Error: there is no package called ‘gstat’
    Execution halted
    when running code in ‘over.Rnw’
     ...
    
    > lines(L, col = "green")
    
    > text(c(0.52, 1.52), c(1.5, 1.5), c("L1", "L2"))
    
    > library(rgeos)
    
     When sourcing ‘over.R’:
    Error: there is no package called ‘rgeos’
    Execution halted
Flavor: r-release-osx-x86_64-mavericks

Version: 1.0-17
Check: re-building of vignette outputs
Result: NOTE
    Error in re-building vignettes:
     ...
    
    Error: processing vignette 'csdacm.Rnw' failed with diagnostics:
     chunk 70
    Error in library(gstat) : there is no package called ‘gstat’
    Execution halted
Flavor: r-release-osx-x86_64-mavericks