CRAN Package Check Results for Package sp

Last updated on 2017-06-28 22:47:16.

Flavor Version Tinstall Tcheck Ttotal Status Flags
r-devel-linux-x86_64-debian-clang 1.2-4 4.13 91.18 95.31 NOTE
r-devel-linux-x86_64-debian-gcc 1.2-4 3.92 81.29 85.21 NOTE
r-devel-linux-x86_64-fedora-clang 1.2-4 173.08 NOTE
r-devel-linux-x86_64-fedora-gcc 1.2-4 167.62 NOTE
r-devel-windows-ix86+x86_64 1.2-4 19.00 224.00 243.00 OK
r-patched-linux-x86_64 1.2-4 3.77 94.74 98.51 NOTE
r-patched-solaris-sparc 1.2-4 941.40 NOTE
r-patched-solaris-x86 1.2-4 207.30 NOTE
r-release-linux-x86_64 1.2-4 4.10 91.46 95.56 OK
r-release-windows-ix86+x86_64 1.2-4 31.00 296.00 327.00 OK
r-release-osx-x86_64 1.2-4 ERROR
r-oldrel-windows-ix86+x86_64 1.2-4 25.00 224.00 249.00 OK
r-oldrel-osx-x86_64 1.2-4 OK

Additional issues

rchk

Check Details

Version: 1.2-4
Check: S3 generic/method consistency
Result: NOTE
    Found the following apparent S3 methods exported but not registered:
     cbind.Spatial rbind.SpatialLines rbind.SpatialLinesDataFrame
     rbind.SpatialMultiPoints rbind.SpatialMultiPointsDataFrame
     rbind.SpatialPixels rbind.SpatialPixelsDataFrame rbind.SpatialPoints
     rbind.SpatialPointsDataFrame rbind.SpatialPolygons
     rbind.SpatialPolygonsDataFrame
    See section ‘Registering S3 methods’ in the ‘Writing R Extensions’
    manual.
Flavors: r-devel-linux-x86_64-debian-clang, r-devel-linux-x86_64-debian-gcc, r-devel-linux-x86_64-fedora-clang, r-devel-linux-x86_64-fedora-gcc, r-patched-linux-x86_64, r-patched-solaris-sparc, r-patched-solaris-x86

Version: 1.2-4
Check: package dependencies
Result: NOTE
    Package suggested but not available for checking: ‘rgdal’
Flavor: r-release-osx-x86_64

Version: 1.2-4
Check: Rd cross-references
Result: NOTE
    Package unavailable to check Rd xrefs: ‘rgdal’
Flavor: r-release-osx-x86_64

Version: 1.2-4
Check: examples
Result: ERROR
    Running examples in ‘sp-Ex.R’ failed
    The error most likely occurred in:
    
    > ### Name: gridlines
    > ### Title: Create N-S and E-W grid lines over a geographic region
    > ### Aliases: gridlines gridat text text.SpatialPointsDataFrame labels
    > ### labels.SpatialLines
    > ### Keywords: spatial
    >
    > ### ** Examples
    >
    > data(meuse)
    > coordinates(meuse) = ~x+y
    > plot(meuse)
    > plot(gridlines(meuse), add = TRUE)
    > text(labels(gridlines(meuse)))
    > title("default gridlines within Meuse bounding box")
    >
    > proj4string(meuse) <- CRS("+init=epsg:28992")
    > crs.longlat <- CRS("+init=epsg:4326")
    > meuse_ll <- spTransform(meuse, crs.longlat)
    Error in spTransform(meuse, crs.longlat) :
     package rgdal is required for spTransform methods
    Calls: spTransform -> spTransform
    Execution halted
Flavor: r-release-osx-x86_64

Version: 1.2-4
Check: running R code from vignettes
Result: WARN
    Errors in running code in vignettes:
    when running code in ‘csdacm.Rnw’
     ...
     2.5% 97.5%
    0.6383983 0.7388898
    
    > fn <- system.file("pictures/erdas_spnad83.tif", package = "rgdal")[1]
    
    > library(rgdal)
    
     When sourcing ‘csdacm.R’:
    Error: there is no package called ‘rgdal’
    Execution halted
Flavor: r-release-osx-x86_64

Version: 1.2-4
Check: re-building of vignette outputs
Result: NOTE
    Error in re-building vignettes:
     ...
    Found more than one class "SpatialMultiPoints" in cache; using the first, from namespace 'sp'
    Also defined by ‘.GlobalEnv’
    Found more than one class "SpatialMultiPointsDataFrame" in cache; using the first, from namespace 'sp'
    Also defined by ‘.GlobalEnv’
    Found more than one class "SpatialMultiPointsDataFrame" in cache; using the first, from namespace 'sp'
    Also defined by ‘.GlobalEnv’
    
    Error: processing vignette 'csdacm.Rnw' failed with diagnostics:
     chunk 81
    Error in library(rgdal) : there is no package called ‘rgdal’
    Execution halted
Flavor: r-release-osx-x86_64