CRAN Package Check Results for Package sp

Last updated on 2020-08-04 09:48:41 CEST.

Flavor Version Tinstall Tcheck Ttotal Status Flags
r-devel-linux-x86_64-debian-clang 1.4-2 22.28 144.59 166.87 OK
r-devel-linux-x86_64-debian-gcc 1.4-2 15.15 108.85 124.00 OK
r-devel-linux-x86_64-fedora-clang 1.4-2 201.18 OK
r-devel-linux-x86_64-fedora-gcc 1.4-2 201.05 OK
r-devel-windows-ix86+x86_64 1.4-2 48.00 215.00 263.00 OK
r-patched-linux-x86_64 1.4-2 17.99 141.26 159.25 OK
r-patched-solaris-x86 1.4-2 254.80 OK
r-release-linux-x86_64 1.4-2 19.33 144.73 164.06 OK
r-release-macos-x86_64 1.4-2 OK
r-release-windows-ix86+x86_64 1.4-2 52.00 293.00 345.00 OK
r-oldrel-macos-x86_64 1.4-2 NOTE
r-oldrel-windows-ix86+x86_64 1.4-2 41.00 280.00 321.00 OK

Check Details

Version: 1.4-2
Check: dependencies in R code
Result: NOTE
    Missing or unexported objects:
     ‘rgdal::checkCRSArgs_ng’ ‘rgdal::new_proj_and_gdal’
Flavor: r-oldrel-macos-x86_64