CRAN Package Check Results for Package sp

Last updated on 2015-04-19 23:49:28.

Flavor Version Tinstall Tcheck Ttotal Status Flags
r-devel-linux-x86_64-debian-clang 1.0-17 3.55 71.33 74.88 OK
r-devel-linux-x86_64-debian-gcc 1.0-17 3.37 70.82 74.19 OK
r-devel-linux-x86_64-fedora-clang 1.0-17 153.21 OK
r-devel-linux-x86_64-fedora-gcc 1.0-17 145.35 OK
r-devel-osx-x86_64-clang 1.0-17 126.97 OK
r-devel-windows-ix86+x86_64 1.0-17 29.00 184.00 213.00 OK
r-patched-linux-x86_64 1.0-17 3.69 71.50 75.19 OK
r-patched-solaris-sparc 1.0-17 961.90 OK
r-patched-solaris-x86 1.0-17 190.40 OK
r-release-linux-x86_64 1.0-17 3.44 65.18 68.62 OK
r-release-osx-x86_64-mavericks 1.0-17 WARN
r-release-osx-x86_64-snowleopard 1.0-17 WARN
r-release-windows-ix86+x86_64 1.0-17 14.00 139.00 153.00 OK
r-oldrel-windows-ix86+x86_64 1.0-17 14.00 141.00 155.00 OK

Check Details

Version: 1.0-17
Check: package dependencies
Result: NOTE
    Packages suggested but not available for checking: ‘rgdal’ ‘rgeos’ ‘gstat’
Flavor: r-release-osx-x86_64-mavericks

Version: 1.0-17
Check: Rd cross-references
Result: NOTE
    Packages unavailable to check Rd xrefs: ‘rgeos’, ‘rgdal’, ‘fields’
Flavor: r-release-osx-x86_64-mavericks

Version: 1.0-17
Check: running R code from vignettes
Result: WARN
    Errors in running code in vignettes:
    when running code in ‘csdacm.Rnw’
     ...
    
    > .iheight <- 6
    
    > .ipointsize <- 12
    
    > library(gstat)
    
     When sourcing ‘csdacm.R’:
    Error: there is no package called ‘gstat’
    Execution halted
    when running code in ‘over.Rnw’
     ...
    
    > lines(L, col = "green")
    
    > text(c(0.52, 1.52), c(1.5, 1.5), c("L1", "L2"))
    
    > library(rgeos)
    
     When sourcing ‘over.R’:
    Error: there is no package called ‘rgeos’
    Execution halted
Flavors: r-release-osx-x86_64-mavericks, r-release-osx-x86_64-snowleopard

Version: 1.0-17
Check: re-building of vignette outputs
Result: NOTE
    Error in re-building vignettes:
     ...
    
    Error: processing vignette 'csdacm.Rnw' failed with diagnostics:
     chunk 70
    Error in library(gstat) : there is no package called ‘gstat’
    Execution halted
Flavors: r-release-osx-x86_64-mavericks, r-release-osx-x86_64-snowleopard

Version: 1.0-17
Check: package dependencies
Result: NOTE
    Packages suggested but not available for checking: ‘rgeos’ ‘gstat’
Flavor: r-release-osx-x86_64-snowleopard

Version: 1.0-17
Check: Rd cross-references
Result: NOTE
    Packages unavailable to check Rd xrefs: ‘rgeos’, ‘fields’
Flavor: r-release-osx-x86_64-snowleopard