CRAN Package Check Results for Package sp

Last updated on 2020-10-28 02:49:10 CET.

Flavor Version Tinstall Tcheck Ttotal Status Flags
r-devel-linux-x86_64-debian-clang 1.4-4 20.48 155.68 176.16 OK
r-devel-linux-x86_64-debian-gcc 1.4-4 16.13 112.97 129.10 OK
r-devel-linux-x86_64-fedora-clang 1.4-4 208.82 OK
r-devel-linux-x86_64-fedora-gcc 1.4-4 201.88 OK
r-devel-windows-ix86+x86_64 1.4-4 40.00 218.00 258.00 OK
r-patched-linux-x86_64 1.4-4 OK
r-patched-solaris-x86 1.4-4 270.60 OK
r-release-linux-x86_64 1.4-4 18.43 142.53 160.96 OK
r-release-macos-x86_64 1.4-4 NOTE
r-release-windows-ix86+x86_64 1.4-4 31.00 194.00 225.00 OK
r-oldrel-macos-x86_64 1.4-4 NOTE
r-oldrel-windows-ix86+x86_64 1.4-4 42.00 252.00 294.00 OK

Check Details

Version: 1.4-4
Check: dependencies in R code
Result: NOTE
    Missing or unexported object: ‘rgdal::OSRIsProjected’
Flavors: r-release-macos-x86_64, r-oldrel-macos-x86_64