CRAN Package Check Results for Package sp

Last updated on 2014-11-24 00:47:55.

Flavor Version Tinstall Tcheck Ttotal Status Flags
r-devel-linux-x86_64-debian-clang 1.0-16 3.70 74.47 78.17 OK
r-devel-linux-x86_64-debian-gcc 1.0-16 3.48 75.00 78.48 OK
r-devel-linux-x86_64-fedora-clang 1.0-16 162.86 OK
r-devel-linux-x86_64-fedora-gcc 1.0-16 161.68 OK
r-devel-osx-x86_64-clang 1.0-16 150.31 OK
r-devel-windows-ix86+x86_64 1.0-16 20.00 134.00 154.00 OK
r-patched-linux-x86_64 1.0-16 3.68 81.54 85.22 OK
r-patched-solaris-sparc 1.0-16 871.20 OK
r-patched-solaris-x86 1.0-16 216.40 OK
r-release-linux-ix86 1.0-16 4.58 91.37 95.95 OK
r-release-linux-x86_64 1.0-16 3.67 77.38 81.05 OK
r-release-osx-x86_64-mavericks 1.0-16 WARN
r-release-osx-x86_64-snowleopard 1.0-16 OK
r-release-windows-ix86+x86_64 1.0-16 18.00 148.00 166.00 OK
r-oldrel-windows-ix86+x86_64 1.0-16 15.00 145.00 160.00 OK

Check Details

Version: 1.0-16
Check: package dependencies
Result: NOTE
    Packages suggested but not available for checking: ‘rgdal’ ‘rgeos’ ‘gstat’
Flavor: r-release-osx-x86_64-mavericks

Version: 1.0-16
Check: Rd cross-references
Result: NOTE
    Packages unavailable to check Rd xrefs: ‘rgeos’, ‘rgdal’
Flavor: r-release-osx-x86_64-mavericks

Version: 1.0-16
Check: running R code from vignettes
Result: WARN
    Errors in running code in vignettes:
    when running code in ‘csdacm.Rnw’
     ...
    
    > .iheight <- 6
    
    > .ipointsize <- 12
    
    > library(gstat)
    
     When sourcing ‘csdacm.R’:
    Error: there is no package called ‘gstat’
    Execution halted
    when running code in ‘over.Rnw’
     ...
    
    > lines(L, col = "green")
    
    > text(c(0.52, 1.52), c(1.5, 1.5), c("L1", "L2"))
    
    > library(rgeos)
    
     When sourcing ‘over.R’:
    Error: there is no package called ‘rgeos’
    Execution halted
Flavor: r-release-osx-x86_64-mavericks

Version: 1.0-16
Check: re-building of vignette outputs
Result: NOTE
    Error in re-building vignettes:
     ...
    
    Error: processing vignette 'csdacm.Rnw' failed with diagnostics:
     chunk 70
    Error in library(gstat) : there is no package called ‘gstat’
    Execution halted
Flavor: r-release-osx-x86_64-mavericks