CRAN Package Check Results for Package sp

Last updated on 2014-09-18 14:47:05.

Flavor Version Tinstall Tcheck Ttotal Status Flags
r-devel-linux-x86_64-debian-clang 1.0-15 3.75 70.17 73.92 NOTE
r-devel-linux-x86_64-debian-gcc 1.0-15 3.60 69.59 73.20 NOTE
r-devel-linux-x86_64-fedora-clang 1.0-15 160.16 NOTE
r-devel-linux-x86_64-fedora-gcc 1.0-15 153.15 NOTE
r-devel-osx-x86_64-clang 1.0-15 123.09 NOTE
r-devel-windows-ix86+x86_64 1.0-15 18.00 128.00 146.00 NOTE
r-patched-linux-x86_64 1.0-15 3.90 74.77 78.67 OK
r-patched-solaris-sparc 1.0-15 974.30 OK
r-patched-solaris-x86 1.0-15 205.40 OK
r-release-linux-ix86 1.0-15 4.80 92.43 97.23 OK
r-release-linux-x86_64 1.0-15 4.02 76.05 80.08 OK
r-release-osx-x86_64-mavericks 1.0-15 WARN
r-release-osx-x86_64-snowleopard 1.0-15 OK
r-release-windows-ix86+x86_64 1.0-15 16.00 134.00 150.00 OK
r-oldrel-windows-ix86+x86_64 1.0-15 18.00 144.00 162.00 OK

Check Details

Version: 1.0-15
Check: R code for possible problems
Result: NOTE
    CRS: no visible global function definition for ‘checkCRSArgs’
    explodePolygons: no visible global function definition for
     ‘createPolygonsComment’
Flavors: r-devel-linux-x86_64-debian-clang, r-devel-linux-x86_64-debian-gcc, r-devel-linux-x86_64-fedora-clang, r-devel-linux-x86_64-fedora-gcc, r-devel-osx-x86_64-clang, r-devel-windows-ix86+x86_64, r-release-osx-x86_64-mavericks

Version: 1.0-15
Check: package dependencies
Result: NOTE
    Packages suggested but not available for checking: ‘rgdal’ ‘rgeos’ ‘gstat’
Flavor: r-release-osx-x86_64-mavericks

Version: 1.0-15
Check: Rd cross-references
Result: NOTE
    Packages unavailable to check Rd xrefs: ‘rgeos’, ‘rgdal’, ‘maptools’
Flavor: r-release-osx-x86_64-mavericks

Version: 1.0-15
Check: running R code from vignettes
Result: WARN
    Errors in running code in vignettes:
    when running code in ‘csdacm.Rnw’
     ...
    
    > .iheight <- 6
    
    > .ipointsize <- 12
    
    > library(gstat)
    
     When sourcing ‘csdacm.R’:
    Error: there is no package called ‘gstat’
    Execution halted
    when running code in ‘over.Rnw’
     ...
    
    > lines(L, col = "green")
    
    > text(c(0.52, 1.52), c(1.5, 1.5), c("L1", "L2"))
    
    > library(rgeos)
    
     When sourcing ‘over.R’:
    Error: there is no package called ‘rgeos’
    Execution halted
Flavor: r-release-osx-x86_64-mavericks

Version: 1.0-15
Check: re-building of vignette outputs
Result: NOTE
    Error in re-building vignettes:
     ...
    
    Error: processing vignette 'csdacm.Rnw' failed with diagnostics:
     chunk 70
    Error in library(gstat) : there is no package called ‘gstat’
    Execution halted
Flavor: r-release-osx-x86_64-mavericks