CRAN Package Check Results for Package spBayes

Last updated on 2014-07-25 21:48:00.

Flavor Version Tinstall Tcheck Ttotal Status Flags
r-devel-linux-x86_64-debian-clang 0.3-8 11.53 27.82 39.35 NOTE
r-devel-linux-x86_64-debian-gcc 0.3-8 16.78 27.27 44.05 NOTE
r-devel-linux-x86_64-fedora-clang 0.3-8 90.40 NOTE
r-devel-linux-x86_64-fedora-gcc 0.3-8 82.34 NOTE
r-devel-osx-x86_64-clang 0.3-8 66.34 NOTE
r-devel-windows-ix86+x86_64 0.3-8 70.00 50.00 120.00 NOTE
r-patched-linux-x86_64 0.3-8 16.57 27.40 43.97 NOTE
r-patched-solaris-sparc 0.3-8 502.70 NOTE
r-patched-solaris-x86 0.3-8 116.40 NOTE
r-release-linux-ix86 0.3-8 29.04 37.50 66.54 NOTE
r-release-linux-x86_64 0.3-8 16.58 29.01 45.60 NOTE
r-release-osx-x86_64-mavericks 0.3-8 NOTE
r-release-osx-x86_64-snowleopard 0.3-8 OK
r-release-windows-ix86+x86_64 0.3-8 77.00 49.00 126.00 NOTE
r-oldrel-windows-ix86+x86_64 0.3-8 79.00 53.00 132.00 NOTE

Check Details

Version: 0.3-8
Check: dependencies in R code
Result: NOTE
    Packages in Depends field not imported from:
     ‘Formula’ ‘abind’ ‘coda’ ‘magic’
     These packages need to be imported from (in the NAMESPACE file)
     for when this namespace is loaded but not attached.
    See the information on DESCRIPTION files in the chapter ‘Creating R
    packages’ of the ‘Writing R Extensions’ manual.
Flavors: r-devel-linux-x86_64-debian-clang, r-devel-linux-x86_64-debian-gcc, r-devel-linux-x86_64-fedora-clang, r-devel-linux-x86_64-fedora-gcc, r-devel-osx-x86_64-clang, r-devel-windows-ix86+x86_64, r-patched-linux-x86_64, r-patched-solaris-sparc, r-patched-solaris-x86, r-release-linux-ix86, r-release-linux-x86_64, r-release-osx-x86_64-mavericks, r-release-windows-ix86+x86_64, r-oldrel-windows-ix86+x86_64

Version: 0.3-8
Check: package dependencies
Result: NOTE
    Package suggested but not available for checking: ‘MBA’
Flavor: r-release-osx-x86_64-mavericks