CRAN Package Check Results for Package spBayes

Last updated on 2014-04-24 23:48:13.

Flavor Version Tinstall Tcheck Ttotal Status Flags
r-devel-linux-x86_64-debian-clang 0.3-8 11.27 29.44 40.71 NOTE
r-devel-linux-x86_64-debian-gcc 0.3-8 15.80 29.42 45.22 NOTE
r-devel-linux-x86_64-fedora-clang 0.3-8 90.90 NOTE
r-devel-linux-x86_64-fedora-gcc 0.3-8 85.67 NOTE
r-devel-osx-x86_64-clang 0.3-8 66.11 NOTE
r-devel-osx-x86_64-gcc 0.3-8 NOTE
r-devel-windows-ix86+x86_64 0.3-8 65.00 47.00 112.00 NOTE
r-patched-linux-x86_64 0.3-8 15.67 29.41 45.08 NOTE
r-patched-solaris-sparc 0.3-8 502.70 NOTE
r-patched-solaris-x86 0.3-8 116.90 NOTE
r-release-linux-ix86 0.3-8 29.00 51.00 80.00 NOTE
r-release-linux-x86_64 0.3-8 15.97 29.33 45.30 NOTE
r-release-osx-x86_64-mavericks 0.3-8 WARN
r-release-osx-x86_64-snowleopard 0.3-8 OK
r-release-windows-ix86+x86_64 0.3-8 68.00 54.00 122.00 NOTE
r-oldrel-windows-ix86+x86_64 0.3-8 69.00 53.00 122.00 NOTE

Check Details

Version: 0.3-8
Check: dependencies in R code
Result: NOTE
    Packages in Depends field not imported from:
     ‘Formula’ ‘abind’ ‘coda’ ‘magic’
     These packages need to be imported from (in the NAMESPACE file)
     for when this namespace is loaded but not attached.
    See the information on DESCRIPTION files in the chapter ‘Creating R
    packages’ of the ‘Writing R Extensions’ manual.
Flavors: r-devel-linux-x86_64-debian-clang, r-devel-linux-x86_64-debian-gcc, r-devel-linux-x86_64-fedora-clang, r-devel-linux-x86_64-fedora-gcc, r-devel-osx-x86_64-clang, r-devel-osx-x86_64-gcc, r-devel-windows-ix86+x86_64, r-patched-linux-x86_64, r-patched-solaris-sparc, r-patched-solaris-x86, r-release-linux-ix86, r-release-linux-x86_64, r-release-osx-x86_64-mavericks, r-release-windows-ix86+x86_64, r-oldrel-windows-ix86+x86_64

Version: 0.3-8
Check: package dependencies
Result: NOTE
    Package suggested but not available for checking: ‘geoR’
Flavor: r-devel-osx-x86_64-gcc

Version: 0.3-8
Check: package dependencies
Result: NOTE
    Packages suggested but not available for checking: ‘MBA’ ‘geoR’
Flavor: r-release-osx-x86_64-mavericks

Version: 0.3-8
Check: PDF version of manual
Result: WARNING
    LaTeX errors when creating PDF version.
    This typically indicates Rd problems.
    LaTeX errors found:
    ! LaTeX Error: File `upquote.sty' not found.
    
    Type X to quit or <RETURN> to proceed,
    or enter new name. (Default extension: sty)
    
    e15b4ea/Rd2.tex:8: ==> Fatal error occurred, no output PDF file produced!
Flavor: r-release-osx-x86_64-mavericks