CRAN Package Check Results for Package spBayes

Last updated on 2015-07-06 10:47:21.

Flavor Version Tinstall Tcheck Ttotal Status Flags
r-devel-linux-x86_64-debian-clang 0.3-9 12.61 24.79 37.40 NOTE
r-devel-linux-x86_64-debian-gcc 0.3-9 17.50 24.29 41.79 NOTE
r-devel-linux-x86_64-fedora-clang 0.3-9 80.31 NOTE
r-devel-linux-x86_64-fedora-gcc 0.3-9 76.21 NOTE
r-devel-osx-x86_64-clang 0.3-9 54.35 OK
r-devel-windows-ix86+x86_64 0.3-9 92.00 49.00 141.00 NOTE
r-patched-linux-x86_64 0.3-9 17.00 24.47 41.47 OK
r-patched-solaris-sparc 0.3-9 486.10 OK
r-patched-solaris-x86 0.3-9 110.20 OK
r-release-linux-x86_64 0.3-9 17.10 25.14 42.24 OK
r-release-osx-x86_64-mavericks 0.3-9 OK
r-release-windows-ix86+x86_64 0.3-9 84.00 49.00 133.00 OK
r-oldrel-windows-ix86+x86_64 0.3-9 99.00 80.00 179.00 OK

Check Details

Version: 0.3-9
Check: R code for possible problems
Result: NOTE
    bayesGeostatExact: no visible global function definition for ‘dist’
    bayesGeostatExact: no visible global function definition for ‘rnorm’
    bayesLMRef: no visible global function definition for ‘model.frame’
    bayesLMRef: no visible global function definition for ‘vcov’
    bayesLMRef: no visible global function definition for ‘coefficients’
    bayesLMRef: no visible global function definition for ‘rgamma’
    bayesLMRef: no visible global function definition for ‘model.matrix’
    bayesLMRef: no visible global function definition for ‘model.extract’
    bayesNormalReference: no visible global function definition for
     ‘rgamma’
    bayesNormalReference: no visible global function definition for ‘rnorm’
    normalIGammaSampler: no visible global function definition for ‘rgamma’
    parseFormula: no visible global function definition for ‘terms’
    parseFormula: no visible global function definition for
     ‘is.empty.model’
    parseFormula: no visible global function definition for ‘model.matrix’
    parseFormula: no visible binding for global variable ‘contrasts’
    parseFormula: no visible global function definition for
     ‘model.response’
    parseFormula2: no visible global function definition for
     ‘model.response’
    parseFormula2: no visible global function definition for ‘model.matrix’
    rmvn: no visible global function definition for ‘rnorm’
    spDiag : rmvn: no visible global function definition for ‘rnorm’
    spDiag : GP: no visible binding for global variable ‘var’
    spDiag : GR: no visible binding for global variable ‘var’
    spDiag: no visible global function definition for ‘rnorm’
    spGLM: no visible global function definition for ‘coefficients’
    spGLM: no visible global function definition for ‘glm’
    spLM: no visible global function definition for ‘lm’
    spLM: no visible global function definition for ‘coefficients’
    spMvGLM: no visible global function definition for ‘coefficients’
    spMvGLM: no visible global function definition for ‘glm’
    spMvLM: no visible global function definition for ‘coefficients’
    spMvLM: no visible global function definition for ‘lm’
    spPredict : <anonymous>: no visible global function definition for
     ‘rnorm’
    spPredict: no visible global function definition for ‘dist’
    spPredict: no visible global function definition for ‘rnorm’
    Undefined global functions or variables:
     coefficients contrasts dist glm is.empty.model lm model.extract
     model.frame model.matrix model.response rgamma rnorm terms var vcov
Flavors: r-devel-linux-x86_64-debian-clang, r-devel-linux-x86_64-debian-gcc, r-devel-linux-x86_64-fedora-clang, r-devel-linux-x86_64-fedora-gcc, r-devel-windows-ix86+x86_64