CRAN Package Check Results for Package spBayes

Last updated on 2015-01-29 22:48:53.

Flavor Version Tinstall Tcheck Ttotal Status Flags
r-devel-linux-x86_64-debian-clang 0.3-9 12.57 25.51 38.08 OK
r-devel-linux-x86_64-debian-gcc 0.3-9 17.14 24.86 42.00 OK
r-devel-linux-x86_64-fedora-clang 0.3-9 89.95 OK
r-devel-linux-x86_64-fedora-gcc 0.3-9 81.22 OK
r-devel-osx-x86_64-clang 0.3-9 56.38 OK
r-devel-windows-ix86+x86_64 0.3-9 94.00 42.00 136.00 OK
r-patched-linux-x86_64 0.3-9 16.98 28.98 45.96 OK
r-patched-solaris-sparc 0.3-9 461.60 OK
r-patched-solaris-x86 0.3-9 103.70 OK
r-release-linux-ix86 0.3-8 27.38 35.78 63.16 NOTE
r-release-linux-x86_64 0.3-9 16.92 28.68 45.60 OK
r-release-osx-x86_64-mavericks 0.3-9 OK
r-release-osx-x86_64-snowleopard 0.3-9 OK
r-release-windows-ix86+x86_64 0.3-9 71.00 55.00 126.00 OK
r-oldrel-windows-ix86+x86_64 0.3-9 71.00 54.00 125.00 OK

Check Details

Version: 0.3-8
Check: dependencies in R code
Result: NOTE
    Packages in Depends field not imported from:
     ‘Formula’ ‘abind’ ‘coda’ ‘magic’
     These packages need to be imported from (in the NAMESPACE file)
     for when this namespace is loaded but not attached.
    See the information on DESCRIPTION files in the chapter ‘Creating R
    packages’ of the ‘Writing R Extensions’ manual.
Flavor: r-release-linux-ix86

Version: 0.3-8
Check: R code for possible problems
Result: NOTE
    adaptMetropGibbs: no visible global function definition for ‘mcmc’
    bayesGeostatExact: no visible global function definition for ‘mcmc’
    bayesLMConjugate: no visible global function definition for ‘mcmc’
    bayesLMRef: no visible global function definition for ‘mcmc’
    mkMisalignYX: no visible binding for global variable ‘adiag’
    parseFormula2: no visible global function definition for ‘Formula’
    spDynLM: no visible global function definition for ‘mcmc’
    spGLM: no visible global function definition for ‘mcmc’
    spLM: no visible global function definition for ‘mcmc’
    spMisalignGLM: no visible global function definition for ‘mcmc’
    spMisalignLM: no visible global function definition for ‘mcmc’
    spMvGLM: no visible global function definition for ‘mcmc’
    spMvLM: no visible global function definition for ‘mcmc’
    spPredict: no visible binding for global variable ‘adiag’
    spPredict: no visible global function definition for ‘mcmc’
    spRecover: no visible global function definition for ‘mcmc’
Flavor: r-release-linux-ix86