Last updated on 2023-05-31 19:58:54 CEST.
Flavor | Version | Tinstall | Tcheck | Ttotal | Status | Flags |
---|---|---|---|---|---|---|
r-devel-linux-x86_64-debian-clang | 1.1.7 | 532.25 | 97.40 | 629.65 | OK | |
r-devel-linux-x86_64-debian-gcc | 1.1.7 | 422.60 | 73.98 | 496.58 | OK | |
r-devel-linux-x86_64-fedora-clang | 1.1.7 | 950.13 | OK | |||
r-devel-linux-x86_64-fedora-gcc | 1.1.7 | 968.08 | OK | |||
r-devel-windows-x86_64 | 1.1.7 | 365.00 | 133.00 | 498.00 | OK | |
r-patched-linux-x86_64 | 1.1.7 | OK | ||||
r-release-linux-x86_64 | 1.1.7 | 331.36 | 92.68 | 424.04 | OK | |
r-release-macos-arm64 | 1.1.7 | 219.00 | NOTE | |||
r-release-macos-x86_64 | 1.1.6 | 352.00 | NOTE | |||
r-release-windows-x86_64 | 1.1.7 | 493.00 | 149.00 | 642.00 | OK | |
r-oldrel-macos-arm64 | 1.1.7 | 193.00 | NOTE | |||
r-oldrel-macos-x86_64 | 1.1.7 | 228.00 | NOTE | |||
r-oldrel-windows-x86_64 | 1.1.7 | 463.00 | 146.00 | 609.00 | OK |
Version: 1.1.7
Check: installed package size
Result: NOTE
installed size is 23.4Mb
sub-directories of 1Mb or more:
libs 22.5Mb
Flavors: r-release-macos-arm64, r-oldrel-macos-arm64, r-oldrel-macos-x86_64
Version: 1.1.6
Check: installed package size
Result: NOTE
installed size is 23.1Mb
sub-directories of 1Mb or more:
libs 22.2Mb
Flavor: r-release-macos-x86_64