Last updated on 2022-07-05 03:53:44 CEST.
Flavor | Version | Tinstall | Tcheck | Ttotal | Status | Flags |
---|---|---|---|---|---|---|
r-devel-linux-x86_64-debian-clang | 1.1.6 | 510.53 | 99.75 | 610.28 | OK | |
r-devel-linux-x86_64-debian-gcc | 1.1.6 | 420.54 | 71.82 | 492.36 | OK | |
r-devel-linux-x86_64-fedora-clang | 1.1.6 | 930.56 | NOTE | |||
r-devel-linux-x86_64-fedora-gcc | 1.1.6 | 822.60 | OK | |||
r-devel-windows-x86_64 | 1.1.6 | 351.00 | 154.00 | 505.00 | OK | |
r-patched-linux-x86_64 | 1.1.6 | 451.83 | 94.61 | 546.44 | OK | |
r-release-linux-x86_64 | 1.1.6 | 356.70 | 92.51 | 449.21 | OK | |
r-release-macos-arm64 | 1.1.6 | 219.00 | NOTE | |||
r-release-macos-x86_64 | 1.1.6 | 242.00 | NOTE | |||
r-release-windows-x86_64 | 1.1.6 | 355.00 | 153.00 | 508.00 | OK | |
r-oldrel-macos-arm64 | 1.1.6 | 217.00 | NOTE | |||
r-oldrel-macos-x86_64 | 1.1.6 | 241.00 | NOTE | |||
r-oldrel-windows-ix86+x86_64 | 1.1.6 | 1138.00 | 186.00 | 1324.00 | NOTE |
Version: 1.1.6
Check: installed package size
Result: NOTE
installed size is 20.8Mb
sub-directories of 1Mb or more:
libs 20.0Mb
Flavors: r-devel-linux-x86_64-fedora-clang, r-release-macos-arm64, r-release-macos-x86_64, r-oldrel-macos-arm64, r-oldrel-macos-x86_64, r-oldrel-windows-ix86+x86_64